Report for MogileFS-Client-Async-0.030

Back
From: metabase:user:e83797c6-6da0-1014-84df-33ea7e0f01d3
Subject: FAIL MogileFS-Client-Async-0.030 v5.12.5 GNU/Linux
Date: 2013-09-08T03:32:04Z

This distribution has been tested as part of the CPAN Testers
project, supporting the Perl programming language.  See
http://wiki.cpantesters.org/ for more information or email
questions to cpan-testers-discuss@perl.org


--
Dear Dave Lambley,

This is a computer-generated report for MogileFS-Client-Async-0.030
on perl 5.12.5, created by CPAN-Reporter-1.2010.

Thank you for uploading your work to CPAN.  However, there was a problem
testing your distribution.

If you think this report is invalid, please consult the CPAN Testers Wiki
for suggestions on how to avoid getting FAIL reports for missing library
or binary dependencies, unsupported operating systems, and so on:

http://wiki.cpantesters.org/wiki/CPANAuthorNotes

Sections of this report:

    * Tester comments
    * Program output
    * Prerequisites
    * Environment and other context

------------------------------
TESTER COMMENTS
------------------------------

Additional comments from tester:

this report is from an automated smoke testing program
and was not reviewed by a human for accuracy

------------------------------
PROGRAM OUTPUT
------------------------------

Output from '/usr/bin/make test':

PERL_DL_NONLAZY=1 /root/perl5/perlbrew/perls/perl-5.12.5/bin/perl "-MExtUtils::Command::MM" "-e" "test_harness(0, 'inc', 'blib/lib', 'blib/arch')" t/*.t

#   Failed test 'use MogileFS::Client::Callback;'
#   at t/00_compile.t line 6.
#     Tried to use 'MogileFS::Client::Callback'.
#     Error:  Can't locate MogileFS/Client/Callback.pm in @INC (@INC contains: /root/.cpan/build/MogileFS-Client-Async-0.030-1aPTP4/inc /root/.cpan/build/MogileFS-Client-Async-0.030-1aPTP4/blib/lib /root/.cpan/build/MogileFS-Client-Async-0.030-1aPTP4/blib/arch /root/perl5/perlbrew/perls/perl-5.12.5/lib/site_perl/5.12.5/x86_64-linux /root/perl5/perlbrew/perls/perl-5.12.5/lib/site_perl/5.12.5 /root/perl5/perlbrew/perls/perl-5.12.5/lib/5.12.5/x86_64-linux /root/perl5/perlbrew/perls/perl-5.12.5/lib/5.12.5 .) at (eval 42) line 2.
# BEGIN failed--compilation aborted at (eval 42) line 2.
# Looks like you failed 1 test of 2.
t/00_compile.t .......... 
Dubious, test returned 1 (wstat 256, 0x100)
Failed 1/2 subtests 
Mogile backend failed: MogileFS::Backend: couldn't connect to mogilefsd backend at /root/.cpan/build/MogileFS-Client-Async-0.030-1aPTP4/blib/lib/MogileFS/Client/CallbackFile.pm line 95.
Mogile backend failed: MogileFS::Backend: couldn't connect to mogilefsd backend at /root/.cpan/build/MogileFS-Client-Async-0.030-1aPTP4/blib/lib/MogileFS/Client/CallbackFile.pm line 95.
Mogile backend failed: MogileFS::Backend: couldn't connect to mogilefsd backend at /root/.cpan/build/MogileFS-Client-Async-0.030-1aPTP4/blib/lib/MogileFS/Client/CallbackFile.pm line 95.
Mogile backend failed: MogileFS::Backend: couldn't connect to mogilefsd backend at /root/.cpan/build/MogileFS-Client-Async-0.030-1aPTP4/blib/lib/MogileFS/Client/CallbackFile.pm line 95.
Mogile backend failed: MogileFS::Backend: couldn't connect to mogilefsd backend at /root/.cpan/build/MogileFS-Client-Async-0.030-1aPTP4/blib/lib/MogileFS/Client/CallbackFile.pm line 95.
Fail to get a destination to write to. at /root/.cpan/build/MogileFS-Client-Async-0.030-1aPTP4/blib/lib/MogileFS/Client/CallbackFile.pm line 132.
Mogile backend failed: MogileFS::Backend: couldn't connect to mogilefsd backend at /root/.cpan/build/MogileFS-Client-Async-0.030-1aPTP4/blib/lib/MogileFS/Client/CallbackFile.pm line 95.
Mogile backend failed: MogileFS::Backend: couldn't connect to mogilefsd backend at /root/.cpan/build/MogileFS-Client-Async-0.030-1aPTP4/blib/lib/MogileFS/Client/CallbackFile.pm line 95.
Mogile backend failed: MogileFS::Backend: couldn't connect to mogilefsd backend at /root/.cpan/build/MogileFS-Client-Async-0.030-1aPTP4/blib/lib/MogileFS/Client/CallbackFile.pm line 95.
Mogile backend failed: MogileFS::Backend: couldn't connect to mogilefsd backend at /root/.cpan/build/MogileFS-Client-Async-0.030-1aPTP4/blib/lib/MogileFS/Client/CallbackFile.pm line 95.
Mogile backend failed: MogileFS::Backend: couldn't connect to mogilefsd backend at /root/.cpan/build/MogileFS-Client-Async-0.030-1aPTP4/blib/lib/MogileFS/Client/CallbackFile.pm line 95.
Fail to get a destination to write to. at /root/.cpan/build/MogileFS-Client-Async-0.030-1aPTP4/blib/lib/MogileFS/Client/CallbackFile.pm line 132.
Mogile backend failed: MogileFS::Backend: couldn't connect to mogilefsd backend at /root/.cpan/build/MogileFS-Client-Async-0.030-1aPTP4/blib/lib/MogileFS/Client/CallbackFile.pm line 95.
Mogile backend failed: MogileFS::Backend: couldn't connect to mogilefsd backend at /root/.cpan/build/MogileFS-Client-Async-0.030-1aPTP4/blib/lib/MogileFS/Client/CallbackFile.pm line 95.
Mogile backend failed: MogileFS::Backend: couldn't connect to mogilefsd backend at /root/.cpan/build/MogileFS-Client-Async-0.030-1aPTP4/blib/lib/MogileFS/Client/CallbackFile.pm line 95.
Mogile backend failed: MogileFS::Backend: couldn't connect to mogilefsd backend at /root/.cpan/build/MogileFS-Client-Async-0.030-1aPTP4/blib/lib/MogileFS/Client/CallbackFile.pm line 95.
Mogile backend failed: MogileFS::Backend: couldn't connect to mogilefsd backend at /root/.cpan/build/MogileFS-Client-Async-0.030-1aPTP4/blib/lib/MogileFS/Client/CallbackFile.pm line 95.
Fail to get a destination to write to. at /root/.cpan/build/MogileFS-Client-Async-0.030-1aPTP4/blib/lib/MogileFS/Client/CallbackFile.pm line 132.
Mogile backend failed: MogileFS::Backend: couldn't connect to mogilefsd backend at /root/.cpan/build/MogileFS-Client-Async-0.030-1aPTP4/blib/lib/MogileFS/Client/CallbackFile.pm line 95.
Mogile backend failed: MogileFS::Backend: couldn't connect to mogilefsd backend at /root/.cpan/build/MogileFS-Client-Async-0.030-1aPTP4/blib/lib/MogileFS/Client/CallbackFile.pm line 95.
Mogile backend failed: MogileFS::Backend: couldn't connect to mogilefsd backend at /root/.cpan/build/MogileFS-Client-Async-0.030-1aPTP4/blib/lib/MogileFS/Client/CallbackFile.pm line 95.
Mogile backend failed: MogileFS::Backend: couldn't connect to mogilefsd backend at /root/.cpan/build/MogileFS-Client-Async-0.030-1aPTP4/blib/lib/MogileFS/Client/CallbackFile.pm line 95.
Mogile backend failed: MogileFS::Backend: couldn't connect to mogilefsd backend at /root/.cpan/build/MogileFS-Client-Async-0.030-1aPTP4/blib/lib/MogileFS/Client/CallbackFile.pm line 95.
Fail to get a destination to write to. at /root/.cpan/build/MogileFS-Client-Async-0.030-1aPTP4/blib/lib/MogileFS/Client/CallbackFile.pm line 132.
Mogile backend failed: MogileFS::Backend: couldn't connect to mogilefsd backend at /root/.cpan/build/MogileFS-Client-Async-0.030-1aPTP4/blib/lib/MogileFS/Client/CallbackFile.pm line 95.
Mogile backend failed: MogileFS::Backend: couldn't connect to mogilefsd backend at /root/.cpan/build/MogileFS-Client-Async-0.030-1aPTP4/blib/lib/MogileFS/Client/CallbackFile.pm line 95.
Mogile backend failed: MogileFS::Backend: couldn't connect to mogilefsd backend at /root/.cpan/build/MogileFS-Client-Async-0.030-1aPTP4/blib/lib/MogileFS/Client/CallbackFile.pm line 95.
Mogile backend failed: MogileFS::Backend: couldn't connect to mogilefsd backend at /root/.cpan/build/MogileFS-Client-Async-0.030-1aPTP4/blib/lib/MogileFS/Client/CallbackFile.pm line 95.
Mogile backend failed: MogileFS::Backend: couldn't connect to mogilefsd backend at /root/.cpan/build/MogileFS-Client-Async-0.030-1aPTP4/blib/lib/MogileFS/Client/CallbackFile.pm line 95.
Fail to get a destination to write to. at /root/.cpan/build/MogileFS-Client-Async-0.030-1aPTP4/blib/lib/MogileFS/Client/CallbackFile.pm line 132.
Mogile backend failed: MogileFS::Backend: couldn't connect to mogilefsd backend at /root/.cpan/build/MogileFS-Client-Async-0.030-1aPTP4/blib/lib/MogileFS/Client/CallbackFile.pm line 95.
Mogile backend failed: MogileFS::Backend: couldn't connect to mogilefsd backend at /root/.cpan/build/MogileFS-Client-Async-0.030-1aPTP4/blib/lib/MogileFS/Client/CallbackFile.pm line 95.
Mogile backend failed: MogileFS::Backend: couldn't connect to mogilefsd backend at /root/.cpan/build/MogileFS-Client-Async-0.030-1aPTP4/blib/lib/MogileFS/Client/CallbackFile.pm line 95.
Mogile backend failed: MogileFS::Backend: couldn't connect to mogilefsd backend at /root/.cpan/build/MogileFS-Client-Async-0.030-1aPTP4/blib/lib/MogileFS/Client/CallbackFile.pm line 95.
Mogile backend failed: MogileFS::Backend: couldn't connect to mogilefsd backend at /root/.cpan/build/MogileFS-Client-Async-0.030-1aPTP4/blib/lib/MogileFS/Client/CallbackFile.pm line 95.
Fail to get a destination to write to. at /root/.cpan/build/MogileFS-Client-Async-0.030-1aPTP4/blib/lib/MogileFS/Client/CallbackFile.pm line 132.
Mogile write failed: Fail to get a destination to write to. at /root/.cpan/build/MogileFS-Client-Async-0.030-1aPTP4/blib/lib/MogileFS/Client/CallbackFile.pm line 132.
# Tests were run but no plan was declared and done_testing() was not seen.
t/callbackfile_works.t .. 
Dubious, test returned 115 (wstat 29440, 0x7300)
All 3 subtests passed 

#   Failed test at t/works.t line 35.
# died: MogileFS::Backend: couldn't connect to mogilefsd backend at /root/.cpan/build/MogileFS-Client-Async-0.030-1aPTP4/blib/lib/MogileFS/Client/Async.pm line 131.

#   Failed test at t/works.t line 44.
# died: MogileFS::Backend: couldn't connect to mogilefsd backend at /root/perl5/perlbrew/perls/perl-5.12.5/lib/site_perl/5.12.5/MogileFS/Client.pm line 581.
# Looks like you failed 2 tests of 3.
t/works.t ............... 
Dubious, test returned 2 (wstat 512, 0x200)
Failed 2/3 subtests 

Test Summary Report
-------------------
t/00_compile.t        (Wstat: 256 Tests: 2 Failed: 1)
  Failed test:  2
  Non-zero exit status: 1
t/callbackfile_works.t (Wstat: 29440 Tests: 3 Failed: 0)
  Non-zero exit status: 115
  Parse errors: No plan found in TAP output
t/works.t             (Wstat: 512 Tests: 3 Failed: 2)
  Failed tests:  2-3
  Non-zero exit status: 2
Files=3, Tests=8, 39 wallclock secs ( 0.07 usr  0.04 sys +  0.32 cusr  0.20 csys =  0.63 CPU)
Result: FAIL
Failed 3/3 test programs. 3/8 subtests failed.
make: *** [test_dynamic] Error 2

------------------------------
PREREQUISITES
------------------------------

Prerequisite modules loaded:

requires:

    Module              Need Have   
    ------------------- ---- -------
    AnyEvent            0    7.05   
    AnyEvent::HTTP      0    2.15   
    File::Slurp         0    9999.19
    IO::AIO             3.25 4.18   
    IO::Socket::INET    0    1.31   
    Linux::PipeMagic    0.03 0.03   
    LWP::Simple         0    6.00   
    MogileFS::Client    0    1.17   
    namespace::clean    0    0.24   
    Try::Tiny           0    0.18   

build_requires:

    Module              Need Have   
    ------------------- ---- -------
    Data::Dumper        0    2.145  
    Digest::MD5         0    2.53   
    Digest::SHA1        0    2.13   
    ExtUtils::MakeMaker 6.42 6.76   
    File::Temp          0    0.2301 
    Test::Exception     0.31 0.32   
    Test::More          0.88 0.98   

configure_requires:

    Module              Need Have   
    ------------------- ---- -------
    ExtUtils::MakeMaker 6.42 6.76   


------------------------------
ENVIRONMENT AND OTHER CONTEXT
------------------------------

Environment variables:

    AUTOMATED_TESTING = 1
    LANG = en_US.UTF-8
    PATH = /root/perl5/perlbrew/bin:/root/perl5/perlbrew/perls/perl-5.12.5/bin:/usr/lib64/qt-3.3/bin:/usr/local/sbin:/usr/local/bin:/sbin:/bin:/usr/sbin:/usr/bin:/root/bin
    PERL5LIB = 
    PERL5OPT = 
    PERL5_CPANPLUS_IS_RUNNING = 8078
    PERL5_CPAN_IS_RUNNING = 8078
    PERL5_CPAN_IS_RUNNING_IN_RECURSION = 14353,8078
    PERLBREW_BASHRC_VERSION = 0.66
    PERLBREW_HOME = /root/.perlbrew
    PERLBREW_MANPATH = /root/perl5/perlbrew/perls/perl-5.12.5/man
    PERLBREW_PATH = /root/perl5/perlbrew/bin:/root/perl5/perlbrew/perls/perl-5.12.5/bin
    PERLBREW_PERL = perl-5.12.5
    PERLBREW_ROOT = /root/perl5/perlbrew
    PERLBREW_VERSION = 0.66
    PERL_CR_SMOKER_CURRENT = MogileFS-Client-Async-0.030
    PERL_EXTUTILS_AUTOINSTALL = --defaultdeps
    PERL_MM_USE_DEFAULT = 1
    SHELL = /bin/bash
    TERM = linux

Perl special variables (and OS-specific diagnostics, for MSWin32):

    $^X = /root/perl5/perlbrew/perls/perl-5.12.5/bin/perl
    $UID/$EUID = 0 / 0
    $GID = 0 0
    $EGID = 0 0

Perl module toolchain versions installed:

    Module              Have    
    ------------------- --------
    CPAN                2.02    
    CPAN::Meta          2.132140
    Cwd                 3.40    
    ExtUtils::CBuilder  0.280210
    ExtUtils::Command   1.17    
    ExtUtils::Install   1.55    
    ExtUtils::MakeMaker 6.76    
    ExtUtils::Manifest  1.61    
    ExtUtils::ParseXS   3.22    
    File::Spec          3.40    
    JSON                2.59    
    JSON::PP            2.27202 
    Module::Build       0.4007  
    Module::Signature   n/a     
    Parse::CPAN::Meta   1.4405  
    Test::Harness       3.28    
    Test::More          0.98    
    YAML                0.84    
    YAML::Syck          1.27    
    version             0.9904  


--

Summary of my perl5 (revision 5 version 12 subversion 5) configuration:
   
  Platform:
    osname=linux, osvers=2.6.32-358.18.1.el6.x86_64, archname=x86_64-linux
    uname='linux centos64 2.6.32-358.18.1.el6.x86_64 #1 smp wed aug 28 17:19:38 utc 2013 x86_64 x86_64 x86_64 gnulinux '
    config_args='-de -Dprefix=/root/perl5/perlbrew/perls/perl-5.12.5 -Aeval:scriptdir=/root/perl5/perlbrew/perls/perl-5.12.5/bin'
    hint=recommended, useposix=true, d_sigaction=define
    useithreads=undef, usemultiplicity=undef
    useperlio=define, d_sfio=undef, uselargefiles=define, usesocks=undef
    use64bitint=define, use64bitall=define, uselongdouble=undef
    usemymalloc=n, bincompat5005=undef
  Compiler:
    cc='cc', ccflags ='-fno-strict-aliasing -pipe -fstack-protector -I/usr/local/include -D_LARGEFILE_SOURCE -D_FILE_OFFSET_BITS=64',
    optimize='-O2',
    cppflags='-fno-strict-aliasing -pipe -fstack-protector -I/usr/local/include'
    ccversion='', gccversion='4.4.7 20120313 (Red Hat 4.4.7-3)', gccosandvers=''
    intsize=4, longsize=8, ptrsize=8, doublesize=8, byteorder=12345678
    d_longlong=define, longlongsize=8, d_longdbl=define, longdblsize=16
    ivtype='long', ivsize=8, nvtype='double', nvsize=8, Off_t='off_t', lseeksize=8
    alignbytes=8, prototype=define
  Linker and Libraries:
    ld='cc', ldflags =' -fstack-protector -L/usr/local/lib'
    libpth=/usr/local/lib /lib/../lib64 /usr/lib/../lib64 /lib /usr/lib /lib64 /usr/lib64 /usr/local/lib64
    libs=-lnsl -ldl -lm -lcrypt -lutil -lc
    perllibs=-lnsl -ldl -lm -lcrypt -lutil -lc
    libc=, so=so, useshrplib=false, libperl=libperl.a
    gnulibc_version='2.12'
  Dynamic Linking:
    dlsrc=dl_dlopen.xs, dlext=so, d_dlsymun=undef, ccdlflags='-Wl,-E'
    cccdlflags='-fPIC', lddlflags='-shared -O2 -L/usr/local/lib -fstack-protector'


Characteristics of this binary (from libperl): 
  Compile-time options: PERL_DONT_CREATE_GVSV PERL_MALLOC_WRAP USE_64_BIT_ALL
                        USE_64_BIT_INT USE_LARGE_FILES USE_PERLIO
                        USE_PERL_ATOF
  Built under linux
  Compiled at Sep  2 2013 20:01:18
  %ENV:
    PERL5LIB=""
    PERL5OPT=""
    PERL5_CPANPLUS_IS_RUNNING="8078"
    PERL5_CPAN_IS_RUNNING="8078"
    PERL5_CPAN_IS_RUNNING_IN_RECURSION="14353,8078"
    PERLBREW_BASHRC_VERSION="0.66"
    PERLBREW_HOME="/root/.perlbrew"
    PERLBREW_MANPATH="/root/perl5/perlbrew/perls/perl-5.12.5/man"
    PERLBREW_PATH="/root/perl5/perlbrew/bin:/root/perl5/perlbrew/perls/perl-5.12.5/bin"
    PERLBREW_PERL="perl-5.12.5"
    PERLBREW_ROOT="/root/perl5/perlbrew"
    PERLBREW_VERSION="0.66"
    PERL_CR_SMOKER_CURRENT="MogileFS-Client-Async-0.030"
    PERL_EXTUTILS_AUTOINSTALL="--defaultdeps"
    PERL_MM_USE_DEFAULT="1"
  @INC:
    /root/perl5/perlbrew/perls/perl-5.12.5/lib/site_perl/5.12.5/x86_64-linux
    /root/perl5/perlbrew/perls/perl-5.12.5/lib/site_perl/5.12.5
    /root/perl5/perlbrew/perls/perl-5.12.5/lib/5.12.5/x86_64-linux
    /root/perl5/perlbrew/perls/perl-5.12.5/lib/5.12.5
    .