Report for Passwd-Keyring-PWSafe3-0.20

Back
From: metabase:user:31d414ea-2aae-11df-837a-5e0a49663a4f
Subject: FAIL Passwd-Keyring-PWSafe3-0.20 v5.8.9 GNU/Linux
Date: 2012-11-21T20:44:22Z

This distribution has been tested as part of the CPAN Testers
project, supporting the Perl programming language.  See
http://wiki.cpantesters.org/ for more information or email
questions to cpan-testers-discuss@perl.org


--
Dear Marcin Kasperski,

This is a computer-generated report for Passwd-Keyring-PWSafe3-0.20
on perl 5.8.9, created by CPAN-Reporter-1.1711.

Thank you for uploading your work to CPAN.  However, there was a problem
testing your distribution.

If you think this report is invalid, please consult the CPAN Testers Wiki
for suggestions on how to avoid getting FAIL reports for missing library
or binary dependencies, unsupported operating systems, and so on:

http://wiki.cpantesters.org/wiki/CPANAuthorNotes

Sections of this report:

    * Tester comments
    * Program output
    * Prerequisites
    * Environment and other context

------------------------------
TESTER COMMENTS
------------------------------

Additional comments from tester:

this report is from an automated smoke testing program
and was not reviewed by a human for accuracy

------------------------------
PROGRAM OUTPUT
------------------------------

Output from './Build test':

# Testing Passwd::Keyring::PWSafe3 0.20, Perl 5.008009, /home/david/cpantesting/perl-5.8.9/bin/perl
t/00-load.t .......................... ok
Invalid type 'W' in unpack at /home/david/cpantesting/perl-5.8.9/lib/site_perl/5.8.9/Crypt/PWSafe3/Field.pm line 79.
	(in cleanup) Can't call method "save" on an undefined value at /home/david/cpantesting/perl-5.8.9/.cpan/build/Passwd-Keyring-PWSafe3-0.20-rJeFyR/blib/lib/Passwd/Keyring/PWSafe3.pm line 277.
# Looks like your test exited with 255 before it could output anything.
t/01-set-and-get.t ................... 
Dubious, test returned 255 (wstat 65280, 0xff00)
Failed 8/8 subtests 
Invalid type 'W' in unpack at /home/david/cpantesting/perl-5.8.9/lib/site_perl/5.8.9/Crypt/PWSafe3/Field.pm line 79.
	(in cleanup) Can't call method "save" on an undefined value at /home/david/cpantesting/perl-5.8.9/.cpan/build/Passwd-Keyring-PWSafe3-0.20-rJeFyR/blib/lib/Passwd/Keyring/PWSafe3.pm line 277.
# Looks like your test exited with 255 before it could output anything.
t/02-is-persistent.t ................. 
Dubious, test returned 255 (wstat 65280, 0xff00)
Failed 2/2 subtests 
Invalid type 'W' in unpack at /home/david/cpantesting/perl-5.8.9/lib/site_perl/5.8.9/Crypt/PWSafe3/Field.pm line 79.
	(in cleanup) Can't call method "save" on an undefined value at /home/david/cpantesting/perl-5.8.9/.cpan/build/Passwd-Keyring-PWSafe3-0.20-rJeFyR/blib/lib/Passwd/Keyring/PWSafe3.pm line 277.
# Looks like your test exited with 255 before it could output anything.
t/03-many-sets-and-gets.t ............ 
Dubious, test returned 255 (wstat 65280, 0xff00)
Failed 11/11 subtests 
Invalid type 'W' in unpack at /home/david/cpantesting/perl-5.8.9/lib/site_perl/5.8.9/Crypt/PWSafe3/Field.pm line 79.
	(in cleanup) Can't call method "save" on an undefined value at /home/david/cpantesting/perl-5.8.9/.cpan/build/Passwd-Keyring-PWSafe3-0.20-rJeFyR/blib/lib/Passwd/Keyring/PWSafe3.pm line 277.
# Looks like your test exited with 255 before it could output anything.
t/04-recovering-in-sep-prog.t ........ 
Dubious, test returned 255 (wstat 65280, 0xff00)
Failed 14/14 subtests 
Invalid type 'W' in unpack at /home/david/cpantesting/perl-5.8.9/lib/site_perl/5.8.9/Crypt/PWSafe3/Field.pm line 79.
	(in cleanup) Can't call method "save" on an undefined value at /home/david/cpantesting/perl-5.8.9/.cpan/build/Passwd-Keyring-PWSafe3-0.20-rJeFyR/blib/lib/Passwd/Keyring/PWSafe3.pm line 277.
# Looks like your test exited with 255 before it could output anything.
t/05-many-sets-and-gets-with-name.t .. 
Dubious, test returned 255 (wstat 65280, 0xff00)
Failed 22/22 subtests 
Invalid type 'W' in unpack at /home/david/cpantesting/perl-5.8.9/lib/site_perl/5.8.9/Crypt/PWSafe3/Field.pm line 79.
	(in cleanup) Can't call method "save" on an undefined value at /home/david/cpantesting/perl-5.8.9/.cpan/build/Passwd-Keyring-PWSafe3-0.20-rJeFyR/blib/lib/Passwd/Keyring/PWSafe3.pm line 277.
# Looks like your test exited with 255 before it could output anything.
t/06-recovering-with-app-change.t .... 
Dubious, test returned 255 (wstat 65280, 0xff00)
Failed 16/16 subtests 
Invalid type 'W' in unpack at /home/david/cpantesting/perl-5.8.9/lib/site_perl/5.8.9/Crypt/PWSafe3/Field.pm line 79.
	(in cleanup) Can't call method "save" on an undefined value at /home/david/cpantesting/perl-5.8.9/.cpan/build/Passwd-Keyring-PWSafe3-0.20-rJeFyR/blib/lib/Passwd/Keyring/PWSafe3.pm line 277.
# Looks like your test exited with 255 before it could output anything.
t/07-ugly-chars.t .................... 
Dubious, test returned 255 (wstat 65280, 0xff00)
Failed 4/4 subtests 
Invalid type 'W' in unpack at /home/david/cpantesting/perl-5.8.9/lib/site_perl/5.8.9/Crypt/PWSafe3/Field.pm line 79.
	(in cleanup) Can't call method "save" on an undefined value at /home/david/cpantesting/perl-5.8.9/.cpan/build/Passwd-Keyring-PWSafe3-0.20-rJeFyR/blib/lib/Passwd/Keyring/PWSafe3.pm line 277.
# Looks like you planned 6 tests but ran 2.
# Looks like your test exited with 255 just after 2.
t/08-verylong-params.t ............... 
Dubious, test returned 255 (wstat 65280, 0xff00)
Failed 4/6 subtests 
t/09-using-fresh-file.t .............. ok
# Consider spawning  Password Safe GUI  to check how test.psafe3 looks like and whether it differs from sampledb/test.psafe3. Master password is 10101010
t/99-note.t .......................... ok
t/boilerplate.t ...................... ok
t/cpan-meta-json.t ................... skipped: Test::CPAN::Meta::JSON required for testing META.json
t/cpan-meta.t ........................ ok
t/manifest.t ......................... skipped: Author tests not required for installation
t/pod-coverage.t ..................... ok
t/pod.t .............................. ok

Test Summary Report
-------------------
t/01-set-and-get.t                 (Wstat: 65280 Tests: 0 Failed: 0)
  Non-zero exit status: 255
  Parse errors: Bad plan.  You planned 8 tests but ran 0.
t/02-is-persistent.t               (Wstat: 65280 Tests: 0 Failed: 0)
  Non-zero exit status: 255
  Parse errors: Bad plan.  You planned 2 tests but ran 0.
t/03-many-sets-and-gets.t          (Wstat: 65280 Tests: 0 Failed: 0)
  Non-zero exit status: 255
  Parse errors: Bad plan.  You planned 11 tests but ran 0.
t/04-recovering-in-sep-prog.t      (Wstat: 65280 Tests: 0 Failed: 0)
  Non-zero exit status: 255
  Parse errors: Bad plan.  You planned 14 tests but ran 0.
t/05-many-sets-and-gets-with-name.t (Wstat: 65280 Tests: 0 Failed: 0)
  Non-zero exit status: 255
  Parse errors: Bad plan.  You planned 22 tests but ran 0.
t/06-recovering-with-app-change.t  (Wstat: 65280 Tests: 0 Failed: 0)
  Non-zero exit status: 255
  Parse errors: Bad plan.  You planned 16 tests but ran 0.
t/07-ugly-chars.t                  (Wstat: 65280 Tests: 0 Failed: 0)
  Non-zero exit status: 255
  Parse errors: Bad plan.  You planned 4 tests but ran 0.
t/08-verylong-params.t             (Wstat: 65280 Tests: 2 Failed: 0)
  Non-zero exit status: 255
  Parse errors: Bad plan.  You planned 6 tests but ran 2.
t/boilerplate.t                    (Wstat: 0 Tests: 3 Failed: 0)
  TODO passed:   1-3
Files=17, Tests=18,  8 wallclock secs ( 0.04 usr  0.08 sys +  3.78 cusr  0.34 csys =  4.24 CPU)
Result: FAIL
Failed 8/17 test programs. 0/18 subtests failed.

------------------------------
PREREQUISITES
------------------------------

Prerequisite modules loaded:

requires:

    Module                Need  Have    
    --------------------- ----- --------
    Bytes::Random::Secure 0.09  0.09    
    Crypt::PWSafe3        1.07  1.07    
    perl                  5.006 5.008009

build_requires:

    Module                Need  Have    
    --------------------- ----- --------
    Module::Build         0.36  0.4003  
    Pod::Readme           0     0.11    
    Test::More            0     0.98    
    Test::Pod::Coverage   1.0   1.08    

configure_requires:

    Module                Need  Have    
    --------------------- ----- --------
    Module::Build         0.36  0.4003  


------------------------------
ENVIRONMENT AND OTHER CONTEXT
------------------------------

Environment variables:

    AUTOMATED_TESTING = 1
    PATH = /usr/local/bin:/usr/bin:/bin:/usr/games
    PERL = 5.8.9
    PERL5LIB = 
    PERL5OPT = 
    PERL5_CPANPLUS_IS_RUNNING = 17378
    PERL5_CPAN_IS_RUNNING = 17378
    PERLVER = 5.8.9
    PERL_INLINE_DIRECTORY = /home/david/.Inline-5.8.9
    SHELL = /bin/bash
    TERM = screen

Perl special variables (and OS-specific diagnostics, for MSWin32):

    $^X = /home/david/cpantesting/perl-5.8.9/bin/perl
    $UID/$EUID = 1000 / 1000
    $GID = 1000 1000
    $EGID = 1000 1000

Perl module toolchain versions installed:

    Module              Have    
    ------------------- --------
    CPAN                1.9402  
    Cwd                 3.31    
    ExtUtils::CBuilder  0.280205
    ExtUtils::Command   1.16    
    ExtUtils::Install   1.52    
    ExtUtils::MakeMaker 6.62    
    ExtUtils::Manifest  1.58    
    ExtUtils::ParseXS   2.2206  
    File::Spec          3.31    
    Module::Build       0.4003  
    Module::Signature   n/a     
    Test::Harness       3.21    
    Test::More          0.98    
    YAML                0.70    
    YAML::Syck          n/a     
    version             0.88    


--

Summary of my perl5 (revision 5 version 8 subversion 9) configuration:
  Platform:
    osname=linux, osvers=2.6.18-4-xen-amd64, archname=x86_64-linux-thread-multi
    uname='linux pigsty2 2.6.18-4-xen-amd64 #1 smp fri may 4 02:40:51 utc 2007 x86_64 gnulinux '
    config_args='-de -Duse64bitall -Dusethreads -Dprefix=/home/david/cpantesting/perl-5.8.9'
    hint=recommended, useposix=true, d_sigaction=define
    usethreads=define use5005threads=undef useithreads=define usemultiplicity=define
    useperlio=define d_sfio=undef uselargefiles=define usesocks=undef
    use64bitint=define use64bitall=define uselongdouble=undef
    usemymalloc=n, bincompat5005=undef
  Compiler:
    cc='cc', ccflags ='-D_REENTRANT -D_GNU_SOURCE -DTHREADS_HAVE_PIDS -fno-strict-aliasing -pipe -I/usr/local/include -D_LARGEFILE_SOURCE -D_FILE_OFFSET_BITS=64',
    optimize='-O2',
    cppflags='-D_REENTRANT -D_GNU_SOURCE -DTHREADS_HAVE_PIDS -fno-strict-aliasing -pipe -I/usr/local/include'
    ccversion='', gccversion='4.1.2 20061115 (prerelease) (Debian 4.1.1-21)', gccosandvers=''
    intsize=4, longsize=8, ptrsize=8, doublesize=8, byteorder=12345678
    d_longlong=define, longlongsize=8, d_longdbl=define, longdblsize=16
    ivtype='long', ivsize=8, nvtype='double', nvsize=8, Off_t='off_t', lseeksize=8
    alignbytes=8, prototype=define
  Linker and Libraries:
    ld='cc', ldflags =' -L/usr/local/lib'
    libpth=/usr/local/lib /lib /usr/lib /lib64 /usr/lib64
    libs=-lnsl -lgdbm -ldb -ldl -lm -lcrypt -lutil -lpthread -lc
    perllibs=-lnsl -ldl -lm -lcrypt -lutil -lpthread -lc
    libc=/lib/libc-2.3.6.so, so=so, useshrplib=false, libperl=libperl.a
    gnulibc_version='2.3.6'
  Dynamic Linking:
    dlsrc=dl_dlopen.xs, dlext=so, d_dlsymun=undef, ccdlflags='-Wl,-E'
    cccdlflags='-fPIC', lddlflags='-shared -O2 -L/usr/local/lib'


Characteristics of this binary (from libperl): 
  Compile-time options: MULTIPLICITY PERL_IMPLICIT_CONTEXT PERL_MALLOC_WRAP
                        THREADS_HAVE_PIDS USE_64_BIT_ALL USE_64_BIT_INT
                        USE_FAST_STDIO USE_ITHREADS USE_LARGE_FILES
                        USE_PERLIO USE_REENTRANT_API
  Built under linux
  Compiled at Jan 17 2009 20:41:01
  %ENV:
    PERL="5.8.9"
    PERL5LIB=""
    PERL5OPT=""
    PERL5_CPANPLUS_IS_RUNNING="17378"
    PERL5_CPAN_IS_RUNNING="17378"
    PERLVER="5.8.9"
    PERL_INLINE_DIRECTORY="/home/david/.Inline-5.8.9"
  @INC:
    /home/david/cpantesting/perl-5.8.9/lib/5.8.9/x86_64-linux-thread-multi
    /home/david/cpantesting/perl-5.8.9/lib/5.8.9
    /home/david/cpantesting/perl-5.8.9/lib/site_perl/5.8.9/x86_64-linux-thread-multi
    /home/david/cpantesting/perl-5.8.9/lib/site_perl/5.8.9
    .