SqlBatch v1.001 Perl 5 v5.12.5 x86_64-linux

Status
Na
From
Andreas J. K├Ânig (ANDK)
Dist
SqlBatch v1.001
Platform
Perl 5 v5.12.5 x86_64-linux
Date
2019-07-28T16:10:33
ID
3a7bd81e-b152-11e9-ad8b-0970480c945c
This distribution has been tested as part of the CPAN Testers
project, supporting the Perl programming language.  See
http://wiki.cpantesters.org/ for more information or email
questions to cpan-testers-discuss@perl.org


--
Dear Sascha Dibbern,

This is a computer-generated report for SqlBatch-1.001
on perl 5.12.5, created by CPAN-Reporter-1.2018.

Thank you for uploading your work to CPAN.  While attempting to build or test
this distribution, the distribution signaled that support is not available
either for this operating system or this version of Perl.  Nevertheless, any
diagnostic output produced is provided below for reference.  If this is not
what you expect, you may wish to consult the CPAN Testers Wiki:

http://wiki.cpantesters.org/wiki/CPANAuthorNotes

Sections of this report:

    * Tester comments
    * Program output
    * Prerequisites
    * Environment and other context

------------------------------
TESTER COMMENTS
------------------------------

Additional comments from tester:

this report is from an automated smoke testing program
and was not reviewed by a human for accuracy

------------------------------
PROGRAM OUTPUT
------------------------------

Output from '/usr/bin/make test':

PERL_DL_NONLAZY=1 "/home/sand/src/perl/repoperls/installed-perls/host/k93msid/v5.12.5/da1c/bin/perl" "-MExtUtils::Command::MM" "-MTest::Harness" "-e" "undef *Test::Harness::Switches; test_harness(0, 'blib/lib', 'blib/arch')" t/*.t
Perl v5.16.0 required--this is only v5.12.5, stopped at t/Configuration.t line 3.
BEGIN failed--compilation aborted at t/Configuration.t line 3.
t/Configuration.t .. 
Dubious, test returned 255 (wstat 65280, 0xff00)
No subtests run 
Perl v5.16.0 required--this is only v5.12.5, stopped at t/Engine.t line 3.
BEGIN failed--compilation aborted at t/Engine.t line 3.
t/Engine.t ......... 
Dubious, test returned 255 (wstat 65280, 0xff00)
No subtests run 
Perl v5.16.0 required--this is only v5.12.5, stopped at t/Plan.t line 3.
BEGIN failed--compilation aborted at t/Plan.t line 3.
t/Plan.t ........... 
Dubious, test returned 255 (wstat 65280, 0xff00)
No subtests run 
Perl v5.16.0 required--this is only v5.12.5, stopped at t/PlanReader.t line 3.
BEGIN failed--compilation aborted at t/PlanReader.t line 3.
t/PlanReader.t ..... 
Dubious, test returned 255 (wstat 65280, 0xff00)
No subtests run 
Perl v5.16.0 required--this is only v5.12.5, stopped at t/PlanTagFilter.t line 3.
BEGIN failed--compilation aborted at t/PlanTagFilter.t line 3.
t/PlanTagFilter.t .. 
Dubious, test returned 255 (wstat 65280, 0xff00)
No subtests run 
Perl v5.16.0 required--this is only v5.12.5, stopped at t/RunState.t line 3.
BEGIN failed--compilation aborted at t/RunState.t line 3.
t/RunState.t ....... 
Dubious, test returned 255 (wstat 65280, 0xff00)
No subtests run 

Test Summary Report
-------------------
t/Configuration.t (Wstat: 65280 Tests: 0 Failed: 0)
  Non-zero exit status: 255
  Parse errors: No plan found in TAP output
t/Engine.t       (Wstat: 65280 Tests: 0 Failed: 0)
  Non-zero exit status: 255
  Parse errors: No plan found in TAP output
t/Plan.t         (Wstat: 65280 Tests: 0 Failed: 0)
  Non-zero exit status: 255
  Parse errors: No plan found in TAP output
t/PlanReader.t   (Wstat: 65280 Tests: 0 Failed: 0)
  Non-zero exit status: 255
  Parse errors: No plan found in TAP output
t/PlanTagFilter.t (Wstat: 65280 Tests: 0 Failed: 0)
  Non-zero exit status: 255
  Parse errors: No plan found in TAP output
t/RunState.t     (Wstat: 65280 Tests: 0 Failed: 0)
  Non-zero exit status: 255
  Parse errors: No plan found in TAP output
Files=6, Tests=0,  0 wallclock secs ( 0.01 usr  0.03 sys +  0.01 cusr  0.01 csys =  0.06 CPU)
Result: FAIL
Failed 6/6 test programs. 0/0 subtests failed.
make: *** [Makefile:935: test_dynamic] Error 255

------------------------------
PREREQUISITES
------------------------------

Prerequisite modules loaded:

requires:

    Module              Need  Have 
    ------------------- ----- -----
    JSON::Parse         0.55  0.55 
    Text::CSV_XS        0     1.37 

build_requires:

    Module              Need  Have 
    ------------------- ----- -----
  ! DBD::RAM            0.072 n/a  
    DBI                 1.642 1.642
    ExtUtils::MakeMaker 0     7.36 
    SQL::Statement      1.412 1.412

configure_requires:

    Module              Need  Have 
    ------------------- ----- -----
    ExtUtils::MakeMaker 0     7.36 


------------------------------
ENVIRONMENT AND OTHER CONTEXT
------------------------------

Environment variables:

    AUTOMATED_TESTING = 1
    LANG = en_US.UTF-8
    PATH = /home/sand/bin:/usr/local/bin:/usr/bin:/bin:/usr/games:/usr/local/perl/bin:/usr/X11/bin:/sbin:/usr/sbin
    PERL5LIB = 
    PERL5OPT = 
    PERL5_CPANPLUS_IS_RUNNING = 5215
    PERL5_CPAN_IS_RUNNING = 5215
    PERL_CANARY_STABILITY_NOPROMPT = 1
    PERL_MM_USE_DEFAULT = 1
    PERL_USE_UNSAFE_INC = 1
    SHELL = /usr/bin/zsh
    TERM = screen

Perl special variables (and OS-specific diagnostics, for MSWin32):

    $^X = /home/sand/src/perl/repoperls/installed-perls/host/k93msid/v5.12.5/da1c/bin/perl
    $UID/$EUID = 1005 / 1005
    $GID = 1005 1005
    $EGID = 1005 1005

Perl module toolchain versions installed:

    Module              Have    
    ------------------- --------
    CPAN                2.21    
    CPAN::Meta          2.150010
    Cwd                 3.75    
    ExtUtils::CBuilder  0.280231
    ExtUtils::Command   7.36    
    ExtUtils::Install   2.06    
    ExtUtils::MakeMaker 7.36    
    ExtUtils::Manifest  1.72    
    ExtUtils::ParseXS   3.35    
    File::Spec          3.75    
    JSON                4.02    
    JSON::PP            4.03    
    Module::Build       0.4229  
    Module::Signature   0.83    
    Parse::CPAN::Meta   2.150010
    Test::Harness       3.42    
    Test::More          1.302164
    YAML                1.26    
    YAML::Syck          1.31    
    version             0.9924  


--

Summary of my perl5 (revision 5 version 12 subversion 5) configuration:
  Derived from: 9a9cbd715960a905dcbc9166349a73a64a007e4e
  Platform:
    osname=linux, osvers=4.18.0-2-amd64, archname=x86_64-linux
    uname='linux k93msid 4.18.0-2-amd64 #1 smp debian 4.18.10-2 (2018-10-07) x86_64 gnulinux '
    config_args='-Dprefix=/home/sand/src/perl/repoperls/installed-perls/host/k93msid/v5.12.5/da1c -Dmyhostname=k93msid -Dinstallusrbinperl=n -Uversiononly -Dusedevel -des -Ui_db -Dlibswanted=cl pthread socket inet nsl gdbm dbm malloc dl ld sun m crypt sec util c cposix posix ucb BSD gdbm_compat -Uuseithreads -Uuselongdouble -DEBUGGING=-g'
    hint=recommended, useposix=true, d_sigaction=define
    useithreads=undef, usemultiplicity=undef
    useperlio=define, d_sfio=undef, uselargefiles=define, usesocks=undef
    use64bitint=define, use64bitall=define, uselongdouble=undef
    usemymalloc=n, bincompat5005=undef
  Compiler:
    cc='cc', ccflags ='-fno-strict-aliasing -pipe -fstack-protector -I/usr/local/include -D_LARGEFILE_SOURCE -D_FILE_OFFSET_BITS=64',
    optimize='-O2 -g',
    cppflags='-fno-strict-aliasing -pipe -fstack-protector -I/usr/local/include'
    ccversion='', gccversion='8.2.0', gccosandvers=''
    intsize=4, longsize=8, ptrsize=8, doublesize=8, byteorder=12345678
    d_longlong=define, longlongsize=8, d_longdbl=define, longdblsize=16
    ivtype='long', ivsize=8, nvtype='double', nvsize=8, Off_t='off_t', lseeksize=8
    alignbytes=8, prototype=define
  Linker and Libraries:
    ld='cc', ldflags =' -fstack-protector -L/usr/local/lib'
    libpth=/usr/local/lib /lib/x86_64-linux-gnu /lib/../lib /usr/lib/x86_64-linux-gnu /usr/lib/../lib /lib /usr/lib
    libs=-lpthread -lnsl -ldl -lm -lcrypt -lutil -lc
    perllibs=-lpthread -lnsl -ldl -lm -lcrypt -lutil -lc
    libc=libc-2.27.so, so=so, useshrplib=false, libperl=libperl.a
    gnulibc_version='2.27'
  Dynamic Linking:
    dlsrc=dl_dlopen.xs, dlext=so, d_dlsymun=undef, ccdlflags='-Wl,-E'
    cccdlflags='-fPIC', lddlflags='-shared -O2 -g -L/usr/local/lib -fstack-protector'


Characteristics of this binary (from libperl): 
  Compile-time options: PERL_DONT_CREATE_GVSV PERL_MALLOC_WRAP PERL_USE_DEVEL
                        USE_64_BIT_ALL USE_64_BIT_INT USE_LARGE_FILES
                        USE_PERLIO USE_PERL_ATOF
  Locally applied patches:
	uncommitted-changes
  Built under linux
  Compiled at Oct 29 2018 01:41:03
  %ENV:
    PERL5LIB=""
    PERL5OPT=""
    PERL5_CPANPLUS_IS_RUNNING="5215"
    PERL5_CPAN_IS_RUNNING="5215"
    PERL_CANARY_STABILITY_NOPROMPT="1"
    PERL_MM_USE_DEFAULT="1"
    PERL_USE_UNSAFE_INC="1"
  @INC:
    /home/sand/src/perl/repoperls/installed-perls/host/k93msid/v5.12.5/da1c/lib/site_perl/5.12.5/x86_64-linux
    /home/sand/src/perl/repoperls/installed-perls/host/k93msid/v5.12.5/da1c/lib/site_perl/5.12.5
    /home/sand/src/perl/repoperls/installed-perls/host/k93msid/v5.12.5/da1c/lib/5.12.5/x86_64-linux
    /home/sand/src/perl/repoperls/installed-perls/host/k93msid/v5.12.5/da1c/lib/5.12.5
    .