Report for Config-DB-0.2

Back
From: metabase:user:314402c4-2aae-11df-837a-5e0a49663a4f
Subject: FAIL Config-DB-0.2 v5.22.0 GNU/Linux
Date: 2016-05-18T06:46:19Z

This distribution has been tested as part of the CPAN Testers
project, supporting the Perl programming language.  See
http://wiki.cpantesters.org/ for more information or email
questions to cpan-testers-discuss@perl.org


--
Dear Daniele Ricci,

This is a computer-generated report for Config-DB-0.2
on perl 5.22.0, created by CPAN-Reporter-1.2014.

Thank you for uploading your work to CPAN.  However, there was a problem
testing your distribution.

If you think this report is invalid, please consult the CPAN Testers Wiki
for suggestions on how to avoid getting FAIL reports for missing library
or binary dependencies, unsupported operating systems, and so on:

http://wiki.cpantesters.org/wiki/CPANAuthorNotes

Sections of this report:

    * Tester comments
    * Program output
    * Prerequisites
    * Environment and other context

------------------------------
TESTER COMMENTS
------------------------------

Additional comments from tester:

none provided

------------------------------
PROGRAM OUTPUT
------------------------------

Output from '/usr/bin/make test':

PERL_DL_NONLAZY=1 "/bbbike/perl-5.22.0t/bin/perl" "-MExtUtils::Command::MM" "-MTest::Harness" "-e" "undef *Test::Harness::Switches; test_harness(0, 'blib/lib', 'blib/arch')" t/*.t

#   Failed test 'wrong new call - no parameters'
#   at t/01_new.t line 9.
#                   'Config::DB::new: wrong call at t/01_new.t line 8.
# '
#     doesn't match '(?^:^Config::DB::new: wrong call at t/01_new.t line \d+\n$)'

#   Failed test 'wrong new call - hack try 1'
#   at t/01_new.t line 16.
#                   'Config::DB::new: wrong call at t/01_new.t line 15.
# '
#     doesn't match '(?^:^Config::DB::new: wrong call at t/01_new.t line \d+\n$)'

#   Failed test 'wrong new call - hack try 2'
#   at t/01_new.t line 23.
#                   'Config::DB::new: 'NoOk' does not hinerit 'Config::DB' at t/01_new.t line 22.
# '
#     doesn't match '(?^:^Config::DB::new: 'NoOk' does not hinerit 'Config::DB' at t/01_new.t line \d+\n$)'

#   Failed test 'wrong new call - wrong class'
#   at t/01_new.t line 30.
#                   'Config::DB::new: 'Wrong::Class' does not hinerit 'Config::DB' at t/01_new.t line 29.
# '
#     doesn't match '(?^:^Config::DB::new: 'Wrong::Class' does not hinerit 'Config::DB' at t/01_new.t line \d+\n$)'

#   Failed test 'wrong new call - missing connect paramenter'
#   at t/01_new.t line 37.
#                   'Config::DB::new: missing 'connect' paramenter at t/01_new.t line 36.
# '
#     doesn't match '(?^:^Config::DB::new: missing 'connect' paramenter at t/01_new.t line \d+\n$)'

#   Failed test 'wrong new call - connect paramenter not array ref'
#   at t/01_new.t line 44.
#                   'Config::DB::new: 'connect' paramenter is not a reference to ARRAY at t/01_new.t line 43.
# '
#     doesn't match '(?^:^Config::DB::new: 'connect' paramenter is not a reference to ARRAY at t/01_new.t line \d+\n$)'

#   Failed test 'wrong new call - missing tables paramenter'
#   at t/01_new.t line 51.
#                   'Config::DB::new: missing 'tables' paramenter at t/01_new.t line 50.
# '
#     doesn't match '(?^:^Config::DB::new: missing 'tables' paramenter at t/01_new.t line \d+\n$)'

#   Failed test 'wrong new call - tables paramenter not array ref'
#   at t/01_new.t line 58.
#                   'Config::DB::new: 'tables' paramenter is not a reference to HASH at t/01_new.t line 57.
# '
#     doesn't match '(?^:^Config::DB::new: 'tables' paramenter is not a reference to HASH at t/01_new.t line \d+\n$)'

#   Failed test 'wrong new call - missing tables'
#   at t/01_new.t line 65.
#                   'Config::DB::new: no tables defined at t/01_new.t line 64.
# '
#     doesn't match '(?^:^Config::DB::new: no tables defined at t/01_new.t line \d+\n$)'
# Looks like you failed 9 tests of 13.
t/01_new.t ..... 
Dubious, test returned 9 (wstat 2304, 0x900)
Failed 9/13 subtests 
DBD::DBM::db do failed: Cannot open /tmpfs/.cpan-build-cpansand/2016051806/Config-DB-0.2-j3kd0I/notable.lck: No such file or directory (2) at /home/cpansand/.cpan/build/2016051806/DBI-1.636-6MMtly/blib/lib/DBI/DBD/SqlEngine.pm line 1624. at /home/cpansand/.cpan/build/2016051806/DBI-1.636-6MMtly/blib/lib/DBI/DBD/SqlEngine.pm line 1271.
 at /home/cpansand/.cpan/build/2016051806/DBI-1.636-6MMtly/blib/lib/DBI/DBD/SqlEngine.pm line 1271.
 [for Statement "DROP TABLE notable"] at t/02_params.t line 5.

#   Failed test 'connection error'
#   at t/02_params.t line 18.
#                   'Can't connect to data source 'DBI:NotInstalled' because I can't work out what driver to use (it doesn't seem to contain a 'dbi:driver:' prefix and the DBI_DRIVER env var is not set) at /tmpfs/.cpan-build-cpansand/2016051806/Config-DB-0.2-j3kd0I/blib/lib/Config/DB.pm line 100.Config::DB::read: can't connect at t/02_params.t line 15.'
#     doesn't match '(?^:^Can't connect to data source 'DBI:NotInstalled'.*Config::DB::read: can't connect at t/02_params.t line \d+$)'

#   Failed test 'missing table'
#   at t/02_params.t line 32.
#                   'DBD::DBM::db selectall_hashref failed: Cannot open /tmpfs/.cpan-build-cpansand/2016051806/Config-DB-0.2-j3kd0I/notable.lck: No such file or directory (2) at /home/cpansand/.cpan/build/2016051806/DBI-1.636-6MMtly/blib/lib/DBI/DBD/SqlEngine.pm line 1624. at /home/cpansand/.cpan/build/2016051806/DBI-1.636-6MMtly/blib/lib/DBI/DBD/SqlEngine.pm line 1271. [for Statement "SELECT nofield AS dbcfg_key, notable.* FROM notable"] at /tmpfs/.cpan-build-cpansand/2016051806/Config-DB-0.2-j3kd0I/blib/lib/Config/DB.pm line 107.Config::DB::read: reading 'notable' table at t/02_params.t line 29.'
#     doesn't match '(?^:^DBD::DBM::db selectall_hashref failed.*Config::DB::read: reading 'notable' table at t/02_params.t line \d+$)'

#   Failed test 'missing field'
#   at t/02_params.t line 43.
#                   'DBD::DBM::db selectall_hashref failed: No such column 'nofield AS dbcfg_key' at /home/cpansand/.cpan/build/2016051806/DBI-1.636-6MMtly/blib/lib/DBI/DBD/SqlEngine.pm line 1271. [for Statement "SELECT nofield AS dbcfg_key, notable.* FROM notable"] at /tmpfs/.cpan-build-cpansand/2016051806/Config-DB-0.2-j3kd0I/blib/lib/Config/DB.pm line 107.Config::DB::read: reading 'notable' table at t/02_params.t line 40.'
#     doesn't match '(?^:^DBD::DBM::db selectall_hashref failed.*Config::DB::read: reading 'notable' table at t/02_params.t line \d+$)'

#   Failed test 'ok call'
#   at t/02_params.t line 53.
#          got: 'DBD::DBM::db selectall_hashref failed: No such column 'nofield AS dbcfg_key' at /home/cpansand/.cpan/build/2016051806/DBI-1.636-6MMtly/blib/lib/DBI/DBD/SqlEngine.pm line 1271.
#  [for Statement "SELECT nofield AS dbcfg_key, notable.* FROM notable"] at /tmpfs/.cpan-build-cpansand/2016051806/Config-DB-0.2-j3kd0I/blib/lib/Config/DB.pm line 107.
# 
# Config::DB::read: reading 'notable' table at t/02_params.t line 52.
# '
#     expected: ''
# Looks like you failed 4 tests of 6.
t/02_params.t .. 
Dubious, test returned 4 (wstat 1024, 0x400)
Failed 4/6 subtests 
DBD::DBM::db do failed: Cannot open /tmpfs/.cpan-build-cpansand/2016051806/Config-DB-0.2-j3kd0I/cfg.lck: No such file or directory (2) at /home/cpansand/.cpan/build/2016051806/DBI-1.636-6MMtly/blib/lib/DBI/DBD/SqlEngine.pm line 1624. at /home/cpansand/.cpan/build/2016051806/DBI-1.636-6MMtly/blib/lib/DBI/DBD/SqlEngine.pm line 1271.
 at /home/cpansand/.cpan/build/2016051806/DBI-1.636-6MMtly/blib/lib/DBI/DBD/SqlEngine.pm line 1271.
 [for Statement "DROP TABLE cfg"] at t/03_get.t line 5.

#   Failed test 'ok call'
#   at t/03_get.t line 20.
#          got: 'DBD::DBM::db selectall_hashref failed: No such column 'ckey AS dbcfg_key' at /home/cpansand/.cpan/build/2016051806/DBI-1.636-6MMtly/blib/lib/DBI/DBD/SqlEngine.pm line 1271.
#  [for Statement "SELECT ckey AS dbcfg_key, cfg.* FROM cfg"] at /tmpfs/.cpan-build-cpansand/2016051806/Config-DB-0.2-j3kd0I/blib/lib/Config/DB.pm line 107.
# 
# Config::DB::read: reading 'cfg' table at t/03_get.t line 19.
# '
#     expected: ''

#   Failed test 'missing table parameter'
#   at t/03_get.t line 23.
#                   'DBD::DBM::db selectall_hashref failed: No such column 'ckey AS dbcfg_key' at /home/cpansand/.cpan/build/2016051806/DBI-1.636-6MMtly/blib/lib/DBI/DBD/SqlEngine.pm line 1271.
#  [for Statement "SELECT ckey AS dbcfg_key, cfg.* FROM cfg"] at /tmpfs/.cpan-build-cpansand/2016051806/Config-DB-0.2-j3kd0I/blib/lib/Config/DB.pm line 107.
# 
# Config::DB::read: reading 'cfg' table at t/03_get.t line 22.
# '
#     doesn't match '(?^:^Config::DB::get: missing table parameter at t/03_get.t line \d+$)'
DBD::DBM::db selectall_hashref failed: No such column 'ckey AS dbcfg_key' at /home/cpansand/.cpan/build/2016051806/DBI-1.636-6MMtly/blib/lib/DBI/DBD/SqlEngine.pm line 1271.
 [for Statement "SELECT ckey AS dbcfg_key, cfg.* FROM cfg"] at /tmpfs/.cpan-build-cpansand/2016051806/Config-DB-0.2-j3kd0I/blib/lib/Config/DB.pm line 107.

Config::DB::read: reading 'cfg' table at t/03_get.t line 29.
# Looks like you planned 28 tests but ran 4.
# Looks like you failed 2 tests of 4 run.
# Looks like your test exited with 25 just after 4.
t/03_get.t ..... 
Dubious, test returned 25 (wstat 6400, 0x1900)
Failed 26/28 subtests 

Test Summary Report
-------------------
t/01_new.t   (Wstat: 2304 Tests: 13 Failed: 9)
  Failed tests:  3-11
  Non-zero exit status: 9
t/02_params.t (Wstat: 1024 Tests: 6 Failed: 4)
  Failed tests:  3-6
  Non-zero exit status: 4
t/03_get.t   (Wstat: 6400 Tests: 4 Failed: 2)
  Failed tests:  3-4
  Non-zero exit status: 25
  Parse errors: Bad plan.  You planned 28 tests but ran 4.
Files=3, Tests=23,  1 wallclock secs ( 0.02 usr  0.01 sys +  0.16 cusr  0.04 csys =  0.23 CPU)
Result: FAIL
Failed 3/3 test programs. 15/23 subtests failed.
make: *** [test_dynamic] Error 25

------------------------------
PREREQUISITES
------------------------------

Prerequisite modules loaded:

requires:

    Module              Need  Have   
    ------------------- ----- -------
    DBI                 1.616 1.636  

build_requires:

    Module              Need  Have   
    ------------------- ----- -------
    ExtUtils::MakeMaker 0     7.04_01

configure_requires:

    Module              Need  Have   
    ------------------- ----- -------
    ExtUtils::MakeMaker 0     7.04_01


------------------------------
ENVIRONMENT AND OTHER CONTEXT
------------------------------

Environment variables:

    LANG = C
    PATH = /usr/local/bin:/usr/bin:/bin:/usr/local/sbin:/usr/sbin:/sbin:/home/cpansand/bin/linux-gnu:/home/cpansand/bin/sh:/home/cpansand/bin:/usr/games:/home/cpansand/devel:/home/eserte/src/srezic-misc/scripts
    PERL5LIB = /home/cpansand/.cpan/build/2016051806/DBI-1.636-6MMtly/blib/arch:/home/cpansand/.cpan/build/2016051806/DBI-1.636-6MMtly/blib/lib
    PERL5OPT = 
    PERL5_CPANPLUS_IS_RUNNING = 21524
    PERL5_CPAN_IS_RUNNING = 21524
    PERL5_CPAN_IS_RUNNING_IN_RECURSION = 20257,21524
    PERLDOC = -MPod::Perldoc::ToTextOverstrike
    PERL_BATCH = yes
    PERL_CANARY_STABILITY_NOPROMPT = 1
    PERL_CPAN_REPORTER_CONFIG = /var/tmp/cpansmoker-1023/2016051806/cpanreporter_001_config.ini
    PERL_EXTUTILS_AUTOINSTALL = --defaultdeps
    SHELL = /bin/zsh
    TERM = screen
    TMPDIR = /var/tmp/cpansmoker-1023/2016051806

Perl special variables (and OS-specific diagnostics, for MSWin32):

    $^X = /bbbike/perl-5.22.0t/bin/perl
    $UID/$EUID = 1023 / 1023
    $GID = 1023 1023
    $EGID = 1023 1023

Perl module toolchain versions installed:

    Module              Have    
    ------------------- --------
    CPAN                2.11    
    CPAN::Meta          2.150001
    Cwd                 3.56    
    ExtUtils::CBuilder  0.280221
    ExtUtils::Command   1.20    
    ExtUtils::Install   2.04    
    ExtUtils::MakeMaker 7.04_01 
    ExtUtils::Manifest  1.70    
    ExtUtils::ParseXS   3.28    
    File::Spec          3.56    
    JSON                2.90    
    JSON::PP            2.27300 
    Module::Build       0.4212  
    Module::Signature   n/a     
    Parse::CPAN::Meta   1.4414  
    Test::Harness       3.35    
    Test::More          1.001014
    YAML                1.15    
    YAML::Syck          1.29    
    version             0.9909  


--

Summary of my perl5 (revision 5 version 22 subversion 0) configuration:
   
  Platform:
    osname=linux, osvers=3.2.0-4-amd64, archname=x86_64-linux-thread-multi
    uname='linux eserte 3.2.0-4-amd64 #1 smp debian 3.2.68-1+deb7u1 x86_64 gnulinux '
    config_args='-ds -e -Dprefix=/opt/perl-5.22.0t -Dusethreads -Dcf_email=srezic@cpan.org'
    hint=recommended, useposix=true, d_sigaction=define
    useithreads=define, usemultiplicity=define
    use64bitint=define, use64bitall=define, uselongdouble=undef
    usemymalloc=n, bincompat5005=undef
  Compiler:
    cc='cc', ccflags ='-D_REENTRANT -D_GNU_SOURCE -fwrapv -fno-strict-aliasing -pipe -fstack-protector -I/usr/local/include -D_LARGEFILE_SOURCE -D_FILE_OFFSET_BITS=64 -D_FORTIFY_SOURCE=2',
    optimize='-O2',
    cppflags='-D_REENTRANT -D_GNU_SOURCE -fwrapv -fno-strict-aliasing -pipe -fstack-protector -I/usr/local/include'
    ccversion='', gccversion='4.7.2', gccosandvers=''
    intsize=4, longsize=8, ptrsize=8, doublesize=8, byteorder=12345678, doublekind=3
    d_longlong=define, longlongsize=8, d_longdbl=define, longdblsize=16, longdblkind=3
    ivtype='long', ivsize=8, nvtype='double', nvsize=8, Off_t='off_t', lseeksize=8
    alignbytes=8, prototype=define
  Linker and Libraries:
    ld='cc', ldflags =' -fstack-protector -L/usr/local/lib'
    libpth=/usr/local/lib /usr/lib/gcc/x86_64-linux-gnu/4.7/include-fixed /usr/include/x86_64-linux-gnu /usr/lib /lib/x86_64-linux-gnu /lib/../lib /usr/lib/x86_64-linux-gnu /usr/lib/../lib /lib
    libs=-lpthread -lnsl -ldb -ldl -lm -lcrypt -lutil -lc
    perllibs=-lpthread -lnsl -ldl -lm -lcrypt -lutil -lc
    libc=libc-2.13.so, so=so, useshrplib=false, libperl=libperl.a
    gnulibc_version='2.13'
  Dynamic Linking:
    dlsrc=dl_dlopen.xs, dlext=so, d_dlsymun=undef, ccdlflags='-Wl,-E'
    cccdlflags='-fPIC', lddlflags='-shared -O2 -L/usr/local/lib -fstack-protector'


Characteristics of this binary (from libperl): 
  Compile-time options: HAS_TIMES MULTIPLICITY PERLIO_LAYERS
                        PERL_DONT_CREATE_GVSV
                        PERL_HASH_FUNC_ONE_AT_A_TIME_HARD
                        PERL_IMPLICIT_CONTEXT PERL_MALLOC_WRAP
                        PERL_NEW_COPY_ON_WRITE PERL_PRESERVE_IVUV
                        USE_64_BIT_ALL USE_64_BIT_INT USE_ITHREADS
                        USE_LARGE_FILES USE_LOCALE USE_LOCALE_COLLATE
                        USE_LOCALE_CTYPE USE_LOCALE_NUMERIC USE_LOCALE_TIME
                        USE_PERLIO USE_PERL_ATOF USE_REENTRANT_API
  Built under linux
  Compiled at Jun  2 2015 05:35:40
  %ENV:
    PERL5LIB="/home/cpansand/.cpan/build/2016051806/DBI-1.636-6MMtly/blib/arch:/home/cpansand/.cpan/build/2016051806/DBI-1.636-6MMtly/blib/lib"
    PERL5OPT=""
    PERL5_CPANPLUS_IS_RUNNING="21524"
    PERL5_CPAN_IS_RUNNING="21524"
    PERL5_CPAN_IS_RUNNING_IN_RECURSION="20257,21524"
    PERLDOC="-MPod::Perldoc::ToTextOverstrike"
    PERL_BATCH="yes"
    PERL_CANARY_STABILITY_NOPROMPT="1"
    PERL_CPAN_REPORTER_CONFIG="/var/tmp/cpansmoker-1023/2016051806/cpanreporter_001_config.ini"
    PERL_EXTUTILS_AUTOINSTALL="--defaultdeps"
  @INC:
    /home/cpansand/.cpan/build/2016051806/DBI-1.636-6MMtly/blib/arch
    /home/cpansand/.cpan/build/2016051806/DBI-1.636-6MMtly/blib/lib
    /opt/perl-5.22.0t/lib/site_perl/5.22.0/x86_64-linux-thread-multi
    /opt/perl-5.22.0t/lib/site_perl/5.22.0
    /opt/perl-5.22.0t/lib/5.22.0/x86_64-linux-thread-multi
    /opt/perl-5.22.0t/lib/5.22.0
    .