Report for CPANPLUS-Dist-PAR-0.02

Back
From: metabase:user:30f0bd62-2aae-11df-837a-5e0a49663a4f
Subject: FAIL CPANPLUS-Dist-PAR-0.02 v5.13.6 GNU/Linux
Date: 2010-12-01T00:37:50Z

This distribution has been tested as part of the CPAN Testers
project, supporting the Perl programming language.  See
http://wiki.cpantesters.org/ for more information or email
questions to cpan-testers-discuss@perl.org


--
Dear Jos Boumans,

This is a computer-generated report for CPANPLUS-Dist-PAR-0.02
on perl 5.13.6, created by CPAN-Reporter-1.1805.

Thank you for uploading your work to CPAN.  However, there was a problem
testing your distribution.

If you think this report is invalid, please consult the CPAN Testers Wiki
for suggestions on how to avoid getting FAIL reports for missing library
or binary dependencies, unsupported operating systems, and so on:

http://wiki.cpantesters.org/wiki/CPANAuthorNotes

Sections of this report:

    * Tester comments
    * Program output
    * Prerequisites
    * Environment and other context

------------------------------
TESTER COMMENTS
------------------------------

Additional comments from tester:

this report is from an automated smoke testing program
and was not reviewed by a human for accuracy

------------------------------
PROGRAM OUTPUT
------------------------------

Output from '/usr/bin/make test':

PERL_DL_NONLAZY=1 /home/sts/cpansmoke/perl-5.13.6/bin/perl5.13.6 "-MExtUtils::Command::MM" "-e" "test_harness(0, 'blib/lib', 'blib/arch')" t/*.t
t/00_use_ok.t ..... ok
t/01_basic.t ...... ok
# Taking care of Build / xs
Can't exec "zip": No such file or directory at /home/sts/cpansmoke/perl-5.13.6/cpan/build/PAR-Dist-0.47-AB8n25/blib/lib/PAR/Dist.pm line 1316.
[ERROR] Could not create PAR distribution of Foo::Bar: Failed to zip '.' to '../Foo-Bar-0.01-i686-linux-thread-multi-5.13.6.par': Could neither load Archive::Zip nor (successfully) run the system 'zip' (zip said: No such file or directory) at /home/sts/cpansmoke/perl-5.13.6/cpan/build/PAR-Dist-0.47-AB8n25/blib/lib/PAR/Dist.pm line 966.


[ERROR] Unable to create a new distribution object for 'Foo::Bar' -- cannot continue


#   Failed test 'CPANPLUS::Dist::PAR package created'
#   at t/02_build_par.t line 48.

#   Failed test '       Contains package version'
#   at t/02_build_par.t line 61.
#                   '/home/sts/cpansmoke/perl-5.13.6/cpan/build/CPANPLUS-Dist-PAR-0.02-t37TRG/t/src/Build/xs/Foo-Bar'
#     doesn't match '/0.01/'

#   Failed test '   File Removed'
#   at t/02_build_par.t line 66.
# Taking care of Build / noxs
[ERROR] Unable to find 'Build.PL' or 'Makefile.PL' for 'Foo::Bar'; Will default to 'CPANPLUS::Dist::MM' but might be unable to install!

[ERROR] Dir '/home/sts/cpansmoke/perl-5.13.6/cpan/build/CPANPLUS-Dist-PAR-0.02-t37TRG/t/src/Build/xs/Foo-Bar/blib/src/Build/noxs/Foo-Bar' does not exist

Key 'dir' (/home/sts/cpansmoke/perl-5.13.6/cpan/build/CPANPLUS-Dist-PAR-0.02-t37TRG/t/src/Build/xs/Foo-Bar/blib/src/Build/noxs/Foo-Bar) is of invalid type for 'CPANPLUS::Internals::Utils::_chdir' provided by CPANPLUS::Dist::MM::prepare at /home/sts/cpansmoke/perl-5.13.6/lib/5.13.6/CPANPLUS/Dist/MM.pm line 250
[ERROR] Could not chdir to build directory '/home/sts/cpansmoke/perl-5.13.6/cpan/build/CPANPLUS-Dist-PAR-0.02-t37TRG/t/src/Build/xs/Foo-Bar/blib/src/Build/noxs/Foo-Bar'

[ERROR] Unable to create a new distribution object for 'Foo::Bar' -- cannot continue


#   Failed test 'CPANPLUS::Dist::PAR package created'
#   at t/02_build_par.t line 48.
Use of uninitialized value $par in concatenation (.) or string at t/02_build_par.t line 56.

#   Failed test '   PAR written to '''
#   at t/02_build_par.t line 56.
Use of uninitialized value $par in -e at t/02_build_par.t line 57.

#   Failed test '       File exists '
#   at t/02_build_par.t line 57.
Use of uninitialized value $par in -s at t/02_build_par.t line 58.

#   Failed test '       File has size'
#   at t/02_build_par.t line 58.
Use of uninitialized value $this in pattern match (m//) at t/02_build_par.t line 59.

#   Failed test '       Conatains package name'
#   at t/02_build_par.t line 59.
#                   undef
#     doesn't match '/Foo-Bar/'
Use of uninitialized value $this in pattern match (m//) at t/02_build_par.t line 61.

#   Failed test '       Contains package version'
#   at t/02_build_par.t line 61.
#                   undef
#     doesn't match '/0.01/'
Use of uninitialized value $par in unlink at t/02_build_par.t line 64.
Use of uninitialized value $par in -e at t/02_build_par.t line 66.
# Taking care of MM / xs
[ERROR] Unable to find 'Build.PL' or 'Makefile.PL' for 'Foo::Bar'; Will default to 'CPANPLUS::Dist::MM' but might be unable to install!

[ERROR] Dir '/home/sts/cpansmoke/perl-5.13.6/cpan/build/CPANPLUS-Dist-PAR-0.02-t37TRG/t/src/Build/xs/Foo-Bar/blib/src/MM/xs/Foo-Bar' does not exist

Key 'dir' (/home/sts/cpansmoke/perl-5.13.6/cpan/build/CPANPLUS-Dist-PAR-0.02-t37TRG/t/src/Build/xs/Foo-Bar/blib/src/MM/xs/Foo-Bar) is of invalid type for 'CPANPLUS::Internals::Utils::_chdir' provided by CPANPLUS::Dist::MM::prepare at /home/sts/cpansmoke/perl-5.13.6/lib/5.13.6/CPANPLUS/Dist/MM.pm line 250
[ERROR] Could not chdir to build directory '/home/sts/cpansmoke/perl-5.13.6/cpan/build/CPANPLUS-Dist-PAR-0.02-t37TRG/t/src/Build/xs/Foo-Bar/blib/src/MM/xs/Foo-Bar'

[ERROR] Unable to create a new distribution object for 'Foo::Bar' -- cannot continue


#   Failed test 'CPANPLUS::Dist::PAR package created'
#   at t/02_build_par.t line 48.
Use of uninitialized value $par in concatenation (.) or string at t/02_build_par.t line 56.

#   Failed test '   PAR written to '''
#   at t/02_build_par.t line 56.
Use of uninitialized value $par in -e at t/02_build_par.t line 57.

#   Failed test '       File exists '
#   at t/02_build_par.t line 57.
Use of uninitialized value $par in -s at t/02_build_par.t line 58.

#   Failed test '       File has size'
#   at t/02_build_par.t line 58.
Use of uninitialized value $this in pattern match (m//) at t/02_build_par.t line 59.

#   Failed test '       Conatains package name'
#   at t/02_build_par.t line 59.
#                   undef
#     doesn't match '/Foo-Bar/'
Use of uninitialized value $this in pattern match (m//) at t/02_build_par.t line 61.

#   Failed test '       Contains package version'
#   at t/02_build_par.t line 61.
#                   undef
#     doesn't match '/0.01/'
Use of uninitialized value $par in unlink at t/02_build_par.t line 64.
Use of uninitialized value $par in -e at t/02_build_par.t line 66.
# Taking care of MM / noxs
[ERROR] Unable to find 'Build.PL' or 'Makefile.PL' for 'Foo::Bar'; Will default to 'CPANPLUS::Dist::MM' but might be unable to install!

[ERROR] Dir '/home/sts/cpansmoke/perl-5.13.6/cpan/build/CPANPLUS-Dist-PAR-0.02-t37TRG/t/src/Build/xs/Foo-Bar/blib/src/MM/noxs/Foo-Bar' does not exist

Key 'dir' (/home/sts/cpansmoke/perl-5.13.6/cpan/build/CPANPLUS-Dist-PAR-0.02-t37TRG/t/src/Build/xs/Foo-Bar/blib/src/MM/noxs/Foo-Bar) is of invalid type for 'CPANPLUS::Internals::Utils::_chdir' provided by CPANPLUS::Dist::MM::prepare at /home/sts/cpansmoke/perl-5.13.6/lib/5.13.6/CPANPLUS/Dist/MM.pm line 250
[ERROR] Could not chdir to build directory '/home/sts/cpansmoke/perl-5.13.6/cpan/build/CPANPLUS-Dist-PAR-0.02-t37TRG/t/src/Build/xs/Foo-Bar/blib/src/MM/noxs/Foo-Bar'

[ERROR] Unable to create a new distribution object for 'Foo::Bar' -- cannot continue


#   Failed test 'CPANPLUS::Dist::PAR package created'
#   at t/02_build_par.t line 48.
Use of uninitialized value $par in concatenation (.) or string at t/02_build_par.t line 56.

#   Failed test '   PAR written to '''
#   at t/02_build_par.t line 56.
Use of uninitialized value $par in -e at t/02_build_par.t line 57.

#   Failed test '       File exists '
#   at t/02_build_par.t line 57.
Use of uninitialized value $par in -s at t/02_build_par.t line 58.

#   Failed test '       File has size'
#   at t/02_build_par.t line 58.
Use of uninitialized value $this in pattern match (m//) at t/02_build_par.t line 59.

#   Failed test '       Conatains package name'
#   at t/02_build_par.t line 59.
#                   undef
#     doesn't match '/Foo-Bar/'
Use of uninitialized value $this in pattern match (m//) at t/02_build_par.t line 61.

#   Failed test '       Contains package version'
#   at t/02_build_par.t line 61.
#                   undef
#     doesn't match '/0.01/'
Use of uninitialized value $par in unlink at t/02_build_par.t line 64.
Use of uninitialized value $par in -e at t/02_build_par.t line 66.
# Looks like you failed 21 tests of 36.
t/02_build_par.t .. 
Dubious, test returned 21 (wstat 5376, 0x1500)
Failed 21/36 subtests 

Test Summary Report
-------------------
t/02_build_par.t (Wstat: 5376 Tests: 36 Failed: 21)
  Failed tests:  1, 8-10, 13-17, 19, 22-26, 28, 31-35
  Non-zero exit status: 21
Files=3, Tests=39, 164 wallclock secs ( 0.03 usr  0.00 sys + 40.73 cusr  0.86 csys = 41.62 CPU)
Result: FAIL
Failed 1/3 test programs. 21/39 subtests failed.
make: *** [test_dynamic] Error 21

------------------------------
PREREQUISITES
------------------------------

Prerequisite modules loaded:

requires:

    Module                    Need  Have   
    ------------------------- ----- -------
    CPANPLUS                  0.074 0.9007 
    CPANPLUS::Dist::Build     0.04  0.48   
    Locale::Maketext::Simple  0     0.21   
    Module::Load::Conditional 0     0.38   
    PAR::Dist                 0.19  0.47   
    Params::Check             0     0.26   
    Test::More                0     0.97_01

build_requires:

    Module                    Need  Have   
    ------------------------- ----- -------
    ExtUtils::MakeMaker       0     6.57_05


------------------------------
ENVIRONMENT AND OTHER CONTEXT
------------------------------

Environment variables:

    AUTOMATED_TESTING = 1
    LANG = en_US.UTF-8
    PATH = /usr/local/bin:/usr/bin:/bin:/usr/games
    PERL5LIB = /home/sts/cpansmoke/perl-5.13.6/cpan/build/PAR-Dist-0.47-AB8n25/blib/arch:/home/sts/cpansmoke/perl-5.13.6/cpan/build/PAR-Dist-0.47-AB8n25/blib/lib
    PERL5OPT = 
    PERL5_CPANPLUS_IS_RUNNING = 29199
    PERL5_CPAN_IS_RUNNING = 29199
    PERL5_CPAN_IS_RUNNING_IN_RECURSION = 16318,29199
    PERL_CR_SMOKER_CURRENT = CPANPLUS-Dist-PAR-0.02
    PERL_EXTUTILS_AUTOINSTALL = --defaultdeps
    PERL_MM_USE_DEFAULT = 1
    SHELL = /bin/bash
    TERM = screen

Perl special variables (and OS-specific diagnostics, for MSWin32):

    $^X = /home/sts/cpansmoke/perl-5.13.6/bin/perl5.13.6
    $UID/$EUID = 1000 / 1000
    $GID = 1000 1000
    $EGID = 1000 1000

Perl module toolchain versions installed:

    Module              Have   
    ------------------- -------
    CPAN                1.94_61
    Cwd                 3.34   
    ExtUtils::CBuilder  0.2703 
    ExtUtils::Command   1.16   
    ExtUtils::Install   1.55   
    ExtUtils::MakeMaker 6.57_05
    ExtUtils::Manifest  1.58   
    ExtUtils::ParseXS   2.2207 
    File::Spec          3.33   
    Module::Build       0.3607 
    Module::Signature   n/a    
    Test::Harness       3.22   
    Test::More          0.97_01
    YAML                n/a    
    YAML::Syck          1.15   
    version             0.82   


--

Summary of my perl5 (revision 5 version 13 subversion 6) configuration:
   
  Platform:
    osname=linux, osvers=2.6.26-2-openvz-686, archname=i686-linux-thread-multi
    uname='linux cpansmoke1 2.6.26-2-openvz-686 #1 smp thu sep 16 22:16:19 utc 2010 i686 gnulinux '
    config_args='-des -Dusedevel -Dusethreads -Dprefix=/home/sts/cpansmoke/perl-5.13.6'
    hint=recommended, useposix=true, d_sigaction=define
    useithreads=define, usemultiplicity=define
    useperlio=define, d_sfio=undef, uselargefiles=define, usesocks=undef
    use64bitint=undef, use64bitall=undef, uselongdouble=undef
    usemymalloc=n, bincompat5005=undef
  Compiler:
    cc='cc', ccflags ='-D_REENTRANT -D_GNU_SOURCE -fno-strict-aliasing -pipe -fstack-protector -I/usr/local/include -D_LARGEFILE_SOURCE -D_FILE_OFFSET_BITS=64',
    optimize='-O2',
    cppflags='-D_REENTRANT -D_GNU_SOURCE -fno-strict-aliasing -pipe -fstack-protector -I/usr/local/include'
    ccversion='', gccversion='4.3.2', gccosandvers=''
    intsize=4, longsize=4, ptrsize=4, doublesize=8, byteorder=1234
    d_longlong=define, longlongsize=8, d_longdbl=define, longdblsize=12
    ivtype='long', ivsize=4, nvtype='double', nvsize=8, Off_t='off_t', lseeksize=8
    alignbytes=4, prototype=define
  Linker and Libraries:
    ld='cc', ldflags =' -fstack-protector -L/usr/local/lib'
    libpth=/usr/local/lib /lib /usr/lib
    libs=-lnsl -ldb -ldl -lm -lcrypt -lutil -lpthread -lc
    perllibs=-lnsl -ldl -lm -lcrypt -lutil -lpthread -lc
    libc=/lib/libc-2.7.so, so=so, useshrplib=false, libperl=libperl.a
    gnulibc_version='2.7'
  Dynamic Linking:
    dlsrc=dl_dlopen.xs, dlext=so, d_dlsymun=undef, ccdlflags='-Wl,-E'
    cccdlflags='-fPIC', lddlflags='-shared -O2 -L/usr/local/lib -fstack-protector'


Characteristics of this binary (from libperl): 
  Compile-time options: MULTIPLICITY PERL_DONT_CREATE_GVSV
                        PERL_IMPLICIT_CONTEXT PERL_MALLOC_WRAP PERL_USE_DEVEL
                        USE_ITHREADS USE_LARGE_FILES USE_PERLIO USE_PERL_ATOF
                        USE_REENTRANT_API
  Built under linux
  Compiled at Nov 14 2010 14:22:30
  %ENV:
    PERL5LIB="/home/sts/cpansmoke/perl-5.13.6/cpan/build/PAR-Dist-0.47-AB8n25/blib/arch:/home/sts/cpansmoke/perl-5.13.6/cpan/build/PAR-Dist-0.47-AB8n25/blib/lib"
    PERL5OPT=""
    PERL5_CPANPLUS_IS_RUNNING="29199"
    PERL5_CPAN_IS_RUNNING="29199"
    PERL5_CPAN_IS_RUNNING_IN_RECURSION="16318,29199"
    PERL_CR_SMOKER_CURRENT="CPANPLUS-Dist-PAR-0.02"
    PERL_EXTUTILS_AUTOINSTALL="--defaultdeps"
    PERL_MM_USE_DEFAULT="1"
  @INC:
    /home/sts/cpansmoke/perl-5.13.6/cpan/build/PAR-Dist-0.47-AB8n25/blib/arch
    /home/sts/cpansmoke/perl-5.13.6/cpan/build/PAR-Dist-0.47-AB8n25/blib/lib
    /home/sts/cpansmoke/perl-5.13.6/lib/site_perl/5.13.6/i686-linux-thread-multi
    /home/sts/cpansmoke/perl-5.13.6/lib/site_perl/5.13.6
    /home/sts/cpansmoke/perl-5.13.6/lib/5.13.6/i686-linux-thread-multi
    /home/sts/cpansmoke/perl-5.13.6/lib/5.13.6
    .