Smartcat-Client v0.0.2 Perl 5 v5.8.9 x86_64-linux

Status
Fail
From
Slaven Rezić (SREZIC)
Dist
Smartcat-Client v0.0.2
Platform
Perl 5 v5.8.9 x86_64-linux
Date
2020-07-26 05:52:43
ID
39556ccc-cf04-11ea-9d12-fd1c1f24ea8f
This distribution has been tested as part of the CPAN Testers
project, supporting the Perl programming language.  See
http://wiki.cpantesters.org/ for more information or email
questions to cpan-testers-discuss@perl.org


--
Dear Taras Semenenko,

This is a computer-generated report for Smartcat-Client-0.0.2
on perl 5.8.9, created by CPAN-Reporter-1.2018.

Thank you for uploading your work to CPAN.  However, there was a problem
testing your distribution.

If you think this report is invalid, please consult the CPAN Testers Wiki
for suggestions on how to avoid getting FAIL reports for missing library
or binary dependencies, unsupported operating systems, and so on:

http://wiki.cpantesters.org/wiki/CPANAuthorNotes

Sections of this report:

    * Tester comments
    * Program output
    * Prerequisites
    * Environment and other context

------------------------------
TESTER COMMENTS
------------------------------

Additional comments from tester:

none provided

------------------------------
PROGRAM OUTPUT
------------------------------

Output from './Build test':


#   Failed test 'use Smartcat::Client::AccountApi;'
#   at t/AccountApiTest.t line 28.
#     Tried to use 'Smartcat::Client::AccountApi'.
#     Error:  Bad name after ai' at lib/Smartcat/Client/Configuration.pm line 114.
# Compilation failed in require at lib/Smartcat/Client/ApiClient.pm line 41.
# BEGIN failed--compilation aborted at lib/Smartcat/Client/ApiClient.pm line 41.
# Compilation failed in require at lib/Smartcat/Client/AccountApi.pm line 31.
# BEGIN failed--compilation aborted at lib/Smartcat/Client/AccountApi.pm line 31.
# Compilation failed in require at t/AccountApiTest.t line 28.
# BEGIN failed--compilation aborted at t/AccountApiTest.t line 28.
Can't locate object method "new" via package "Smartcat::Client::AccountApi" at t/AccountApiTest.t line 30.
# Looks like your test exited with 255 just after 1.
t/AccountApiTest.t .............................................. 
Dubious, test returned 255 (wstat 65280, 0xff00)
Failed 2/2 subtests 
t/AccountModelTest.t ............................................ ok
t/AdditionalHeaderModelTest.t ................................... ok
t/AssignExecutivesRequestModelTest.t ............................ ok
t/AssignMyTeamExecutivesRequestModelTest.t ...................... ok
t/AssignedExecutiveModelTest.t .................................. ok
t/BilingualFileImportSetingsModelTest.t ......................... ok

#   Failed test 'use Smartcat::Client::CallbackApi;'
#   at t/CallbackApiTest.t line 28.
#     Tried to use 'Smartcat::Client::CallbackApi'.
#     Error:  Bad name after ai' at lib/Smartcat/Client/Configuration.pm line 114.
# Compilation failed in require at lib/Smartcat/Client/ApiClient.pm line 41.
# BEGIN failed--compilation aborted at lib/Smartcat/Client/ApiClient.pm line 41.
# Compilation failed in require at lib/Smartcat/Client/CallbackApi.pm line 31.
# BEGIN failed--compilation aborted at lib/Smartcat/Client/CallbackApi.pm line 31.
# Compilation failed in require at t/CallbackApiTest.t line 28.
# BEGIN failed--compilation aborted at t/CallbackApiTest.t line 28.
Can't locate object method "new" via package "Smartcat::Client::CallbackApi" at t/CallbackApiTest.t line 30.
# Looks like your test exited with 255 just after 1.
t/CallbackApiTest.t ............................................. 
Dubious, test returned 255 (wstat 65280, 0xff00)
Failed 2/2 subtests 
t/CallbackErrorModelTest.t ...................................... ok
t/CallbackPropertyModelTest.t ................................... ok
t/CancelInvoiceModelTest.t ...................................... ok

#   Failed test 'use Smartcat::Client::ClientApi;'
#   at t/ClientApiTest.t line 28.
#     Tried to use 'Smartcat::Client::ClientApi'.
#     Error:  Bad name after ai' at lib/Smartcat/Client/Configuration.pm line 114.
# Compilation failed in require at lib/Smartcat/Client/ApiClient.pm line 41.
# BEGIN failed--compilation aborted at lib/Smartcat/Client/ApiClient.pm line 41.
# Compilation failed in require at lib/Smartcat/Client/ClientApi.pm line 31.
# BEGIN failed--compilation aborted at lib/Smartcat/Client/ClientApi.pm line 31.
# Compilation failed in require at t/ClientApiTest.t line 28.
# BEGIN failed--compilation aborted at t/ClientApiTest.t line 28.
Can't locate object method "new" via package "Smartcat::Client::ClientApi" at t/ClientApiTest.t line 30.
# Looks like your test exited with 255 just after 1.
t/ClientApiTest.t ............................................... 
Dubious, test returned 255 (wstat 65280, 0xff00)
Failed 2/2 subtests 
t/ClientModelTest.t ............................................. ok
t/CreateDocumentPropertyModelTest.t ............................. ok
t/CreateInvoiceModelTest.t ...................................... ok
t/CreateProjectModelTest.t ...................................... ok
t/CreateTranslationMemoryModelTest.t ............................ ok

#   Failed test 'use Smartcat::Client::DirectoriesApi;'
#   at t/DirectoriesApiTest.t line 28.
#     Tried to use 'Smartcat::Client::DirectoriesApi'.
#     Error:  Bad name after ai' at lib/Smartcat/Client/Configuration.pm line 114.
# Compilation failed in require at lib/Smartcat/Client/ApiClient.pm line 41.
# BEGIN failed--compilation aborted at lib/Smartcat/Client/ApiClient.pm line 41.
# Compilation failed in require at lib/Smartcat/Client/DirectoriesApi.pm line 31.
# BEGIN failed--compilation aborted at lib/Smartcat/Client/DirectoriesApi.pm line 31.
# Compilation failed in require at t/DirectoriesApiTest.t line 28.
# BEGIN failed--compilation aborted at t/DirectoriesApiTest.t line 28.
Can't locate object method "new" via package "Smartcat::Client::DirectoriesApi" at t/DirectoriesApiTest.t line 30.
# Looks like your test exited with 255 just after 1.
t/DirectoriesApiTest.t .......................................... 
Dubious, test returned 255 (wstat 65280, 0xff00)
Failed 2/2 subtests 
t/DirectoryItemModelTest.t ...................................... ok
t/DirectoryModelTest.t .......................................... ok

#   Failed test 'use Smartcat::Client::DocumentApi;'
#   at t/DocumentApiTest.t line 28.
#     Tried to use 'Smartcat::Client::DocumentApi'.
#     Error:  Bad name after ai' at lib/Smartcat/Client/Configuration.pm line 114.
# Compilation failed in require at lib/Smartcat/Client/ApiClient.pm line 41.
# BEGIN failed--compilation aborted at lib/Smartcat/Client/ApiClient.pm line 41.
# Compilation failed in require at lib/Smartcat/Client/DocumentApi.pm line 32.
# BEGIN failed--compilation aborted at lib/Smartcat/Client/DocumentApi.pm line 32.
# Compilation failed in require at t/DocumentApiTest.t line 28.
# BEGIN failed--compilation aborted at t/DocumentApiTest.t line 28.
Can't locate object method "new" via package "Smartcat::Client::DocumentApi" at t/DocumentApiTest.t line 30.
# Looks like your test exited with 255 just after 1.
t/DocumentApiTest.t ............................................. 
Dubious, test returned 255 (wstat 65280, 0xff00)
Failed 2/2 subtests 

#   Failed test 'use Smartcat::Client::DocumentExportApi;'
#   at t/DocumentExportApiTest.t line 28.
#     Tried to use 'Smartcat::Client::DocumentExportApi'.
#     Error:  Bad name after ai' at lib/Smartcat/Client/Configuration.pm line 114.
# Compilation failed in require at lib/Smartcat/Client/ApiClient.pm line 41.
# BEGIN failed--compilation aborted at lib/Smartcat/Client/ApiClient.pm line 41.
# Compilation failed in require at lib/Smartcat/Client/DocumentExportApi.pm line 31.
# BEGIN failed--compilation aborted at lib/Smartcat/Client/DocumentExportApi.pm line 31.
# Compilation failed in require at t/DocumentExportApiTest.t line 28.
# BEGIN failed--compilation aborted at t/DocumentExportApiTest.t line 28.
Can't locate object method "new" via package "Smartcat::Client::DocumentExportApi" at t/DocumentExportApiTest.t line 30.
# Looks like your test exited with 255 just after 1.
t/DocumentExportApiTest.t ....................................... 
Dubious, test returned 255 (wstat 65280, 0xff00)
Failed 2/2 subtests 
t/DocumentModelTest.t ........................................... ok
t/DocumentStatisticsModelTest.t ................................. ok
t/DocumentTargetIdTest.t ........................................ ok
t/DocumentWorkflowStageModelTest.t .............................. ok
t/ExecutiveModelTest.t .......................................... ok
t/ExecutiveStatisticsModelTest.t ................................ ok
t/ExecutiveTest.t ............................................... ok
t/ExportDocumentTaskModelTest.t ................................. ok
t/FileFormatModelTest.t ......................................... ok

#   Failed test 'use Smartcat::Client::GlossaryApi;'
#   at t/GlossaryApiTest.t line 28.
#     Tried to use 'Smartcat::Client::GlossaryApi'.
#     Error:  Bad name after ai' at lib/Smartcat/Client/Configuration.pm line 114.
# Compilation failed in require at lib/Smartcat/Client/ApiClient.pm line 41.
# BEGIN failed--compilation aborted at lib/Smartcat/Client/ApiClient.pm line 41.
# Compilation failed in require at lib/Smartcat/Client/GlossaryApi.pm line 31.
# BEGIN failed--compilation aborted at lib/Smartcat/Client/GlossaryApi.pm line 31.
# Compilation failed in require at t/GlossaryApiTest.t line 28.
# BEGIN failed--compilation aborted at t/GlossaryApiTest.t line 28.
Can't locate object method "new" via package "Smartcat::Client::GlossaryApi" at t/GlossaryApiTest.t line 30.
# Looks like your test exited with 255 just after 1.
t/GlossaryApiTest.t ............................................. 
Dubious, test returned 255 (wstat 65280, 0xff00)
Failed 2/2 subtests 
t/GlossaryModelTest.t ........................................... ok
t/ImportJobModelTest.t .......................................... ok
t/InhouseTranslatorCreationModelTest.t .......................... ok

#   Failed test 'use Smartcat::Client::InvoiceApi;'
#   at t/InvoiceApiTest.t line 28.
#     Tried to use 'Smartcat::Client::InvoiceApi'.
#     Error:  Bad name after ai' at lib/Smartcat/Client/Configuration.pm line 114.
# Compilation failed in require at lib/Smartcat/Client/ApiClient.pm line 41.
# BEGIN failed--compilation aborted at lib/Smartcat/Client/ApiClient.pm line 41.
# Compilation failed in require at lib/Smartcat/Client/InvoiceApi.pm line 31.
# BEGIN failed--compilation aborted at lib/Smartcat/Client/InvoiceApi.pm line 31.
# Compilation failed in require at t/InvoiceApiTest.t line 28.
# BEGIN failed--compilation aborted at t/InvoiceApiTest.t line 28.
Can't locate object method "new" via package "Smartcat::Client::InvoiceApi" at t/InvoiceApiTest.t line 30.
# Looks like your test exited with 255 just after 1.
t/InvoiceApiTest.t .............................................. 
Dubious, test returned 255 (wstat 65280, 0xff00)
Failed 2/2 subtests 
t/LspServiceModelTest.t ......................................... ok
t/MTEngineModelTest.t ........................................... ok
t/ModelWithFilesCreateProjectModelTest.t ........................ ok
t/ModelWithFilesIReadOnlyListCreateDocumentPropertyModelTest.t .. ok
t/ModelWithFilesUploadDocumentPropertiesModelTest.t ............. ok
t/MyTeamMemberModelTest.t ....................................... ok
t/MyTeamSearchRequestModelTest.t ................................ ok
t/NetRateModelTest.t ............................................ ok
t/ObjectTest.t .................................................. ok

#   Failed test 'use Smartcat::Client::PlaceholderFormatApiApi;'
#   at t/PlaceholderFormatApiApiTest.t line 28.
#     Tried to use 'Smartcat::Client::PlaceholderFormatApiApi'.
#     Error:  Bad name after ai' at lib/Smartcat/Client/Configuration.pm line 114.
# Compilation failed in require at lib/Smartcat/Client/ApiClient.pm line 41.
# BEGIN failed--compilation aborted at lib/Smartcat/Client/ApiClient.pm line 41.
# Compilation failed in require at lib/Smartcat/Client/PlaceholderFormatApiApi.pm line 31.
# BEGIN failed--compilation aborted at lib/Smartcat/Client/PlaceholderFormatApiApi.pm line 31.
# Compilation failed in require at t/PlaceholderFormatApiApiTest.t line 28.
# BEGIN failed--compilation aborted at t/PlaceholderFormatApiApiTest.t line 28.
Can't locate object method "new" via package "Smartcat::Client::PlaceholderFormatApiApi" at t/PlaceholderFormatApiApiTest.t line 30.
# Looks like your test exited with 255 just after 1.
t/PlaceholderFormatApiApiTest.t ................................. 
Dubious, test returned 255 (wstat 65280, 0xff00)
Failed 2/2 subtests 
t/PlaceholderFormatModelTest.t .................................. ok

#   Failed test 'use Smartcat::Client::ProjectApi;'
#   at t/ProjectApiTest.t line 28.
#     Tried to use 'Smartcat::Client::ProjectApi'.
#     Error:  Bad name after ai' at lib/Smartcat/Client/Configuration.pm line 114.
# Compilation failed in require at lib/Smartcat/Client/ApiClient.pm line 41.
# BEGIN failed--compilation aborted at lib/Smartcat/Client/ApiClient.pm line 41.
# Compilation failed in require at lib/Smartcat/Client/ProjectApi.pm line 32.
# BEGIN failed--compilation aborted at lib/Smartcat/Client/ProjectApi.pm line 32.
# Compilation failed in require at t/ProjectApiTest.t line 28.
# BEGIN failed--compilation aborted at t/ProjectApiTest.t line 28.
Can't locate object method "new" via package "Smartcat::Client::ProjectApi" at t/ProjectApiTest.t line 30.
# Looks like your test exited with 255 just after 1.
t/ProjectApiTest.t .............................................. 
Dubious, test returned 255 (wstat 65280, 0xff00)
Failed 2/2 subtests 
t/ProjectChangesModelTest.t ..................................... ok
t/ProjectModelTest.t ............................................ ok
t/ProjectStatisticsModelTest.t .................................. ok
t/ProjectStatisticsObsoleteModelTest.t .......................... ok
t/ProjectTranslationMemoryModelTest.t ........................... ok
t/ProjectWorkflowStageModelTest.t ............................... ok
t/SegmentModelTest.t ............................................ ok
t/SegmentTagModelTest.t ......................................... ok
t/SegmentWithMatchesModelTest.t ................................. ok
t/ServiceModelTest.t ............................................ ok
t/StatisticsRowModelTest.t ...................................... ok
t/TMImportTaskModelTest.t ....................................... ok
t/TMMatchesRequestTest.t ........................................ ok
t/TMRangeRateModelTest.t ........................................ ok
t/TagsFromUnitTest.t ............................................ ok

#   Failed test 'use Smartcat::Client::TranslationMemoriesApi;'
#   at t/TranslationMemoriesApiTest.t line 28.
#     Tried to use 'Smartcat::Client::TranslationMemoriesApi'.
#     Error:  Bad name after ai' at lib/Smartcat/Client/Configuration.pm line 114.
# Compilation failed in require at lib/Smartcat/Client/ApiClient.pm line 41.
# BEGIN failed--compilation aborted at lib/Smartcat/Client/ApiClient.pm line 41.
# Compilation failed in require at lib/Smartcat/Client/TranslationMemoriesApi.pm line 31.
# BEGIN failed--compilation aborted at lib/Smartcat/Client/TranslationMemoriesApi.pm line 31.
# Compilation failed in require at t/TranslationMemoriesApiTest.t line 28.
# BEGIN failed--compilation aborted at t/TranslationMemoriesApiTest.t line 28.
Can't locate object method "new" via package "Smartcat::Client::TranslationMemoriesApi" at t/TranslationMemoriesApiTest.t line 30.
# Looks like your test exited with 255 just after 1.
t/TranslationMemoriesApiTest.t .................................. 
Dubious, test returned 255 (wstat 65280, 0xff00)
Failed 2/2 subtests 
t/TranslationMemoriesForLanguageModelTest.t ..................... ok
t/TranslationMemoryForProjectModelTest.t ........................ ok
t/TranslationMemoryModelTest.t .................................. ok
t/UploadDocumentPropertiesModelTest.t ........................... ok
t/UploadedFileTest.t ............................................ ok
t/author-pod-syntax.t ........................................... skipped: these tests are for testing by the author

Test Summary Report
-------------------
t/AccountApiTest.t                                            (Wstat: 65280 Tests: 1 Failed: 1)
  Failed test:  1
  Non-zero exit status: 255
  Parse errors: Bad plan.  You planned 2 tests but ran 1.
t/CallbackApiTest.t                                           (Wstat: 65280 Tests: 1 Failed: 1)
  Failed test:  1
  Non-zero exit status: 255
  Parse errors: Bad plan.  You planned 2 tests but ran 1.
t/ClientApiTest.t                                             (Wstat: 65280 Tests: 1 Failed: 1)
  Failed test:  1
  Non-zero exit status: 255
  Parse errors: Bad plan.  You planned 2 tests but ran 1.
t/DirectoriesApiTest.t                                        (Wstat: 65280 Tests: 1 Failed: 1)
  Failed test:  1
  Non-zero exit status: 255
  Parse errors: Bad plan.  You planned 2 tests but ran 1.
t/DocumentApiTest.t                                           (Wstat: 65280 Tests: 1 Failed: 1)
  Failed test:  1
  Non-zero exit status: 255
  Parse errors: Bad plan.  You planned 2 tests but ran 1.
t/DocumentExportApiTest.t                                     (Wstat: 65280 Tests: 1 Failed: 1)
  Failed test:  1
  Non-zero exit status: 255
  Parse errors: Bad plan.  You planned 2 tests but ran 1.
t/GlossaryApiTest.t                                           (Wstat: 65280 Tests: 1 Failed: 1)
  Failed test:  1
  Non-zero exit status: 255
  Parse errors: Bad plan.  You planned 2 tests but ran 1.
t/InvoiceApiTest.t                                            (Wstat: 65280 Tests: 1 Failed: 1)
  Failed test:  1
  Non-zero exit status: 255
  Parse errors: Bad plan.  You planned 2 tests but ran 1.
t/PlaceholderFormatApiApiTest.t                               (Wstat: 65280 Tests: 1 Failed: 1)
  Failed test:  1
  Non-zero exit status: 255
  Parse errors: Bad plan.  You planned 2 tests but ran 1.
t/ProjectApiTest.t                                            (Wstat: 65280 Tests: 1 Failed: 1)
  Failed test:  1
  Non-zero exit status: 255
  Parse errors: Bad plan.  You planned 2 tests but ran 1.
t/TranslationMemoriesApiTest.t                                (Wstat: 65280 Tests: 1 Failed: 1)
  Failed test:  1
  Non-zero exit status: 255
  Parse errors: Bad plan.  You planned 2 tests but ran 1.
Files=70, Tests=127, 21 wallclock secs ( 0.21 usr  0.84 sys + 16.32 cusr  4.22 csys = 21.59 CPU)
Result: FAIL

------------------------------
PREREQUISITES
------------------------------

Prerequisite modules loaded:

requires:

    Module                   Need   Have    
    ------------------------ ------ --------
    base                     0      2.23    
    Carp                     0      1.50    
    Class::Accessor          0      0.51    
    Class::Data::Inheritable 0      0.08    
    Class::Inspector         0      1.36    
    constant                 0      1.33    
    Data::Dumper             0      2.121_17
    Date::Parse              0      2.32    
    DateTime                 0      1.52    
    Exporter                 0      5.74    
    HTTP::Headers            0      6.25    
    HTTP::Request::Common    0      6.25    
    HTTP::Response           0      6.25    
    HTTP::Status             0      6.25    
    JSON                     0      4.02    
    List::MoreUtils          0      0.428   
    Log::Any                 0      1.708   
    LWP::UserAgent           0      6.45    
    MIME::Base64             0      3.15    
    Module::Find             0      0.15    
    Module::Runtime          0      0.016   
    Moose::Role              0      2.2012  
    namespace::autoclean     0      0.29    
    perl                     v5.6.0 5.008009
    Scalar::Util             0      1.55    
    strict                   0      1.03    
    URI::Escape              0      3.31    
    URI::Query               0      0.16    
    utf8                     0      1.07    
    warnings                 0      1.05_01 

build_requires:

    Module                   Need   Have    
    ------------------------ ------ --------
    File::Spec               0      3.75    
    IO::Handle               0      1.42    
    IPC::Open3               0      1.03    
    lib                      0      0.61    
    Test::Exception          0      0.43    
    Test::More               0      1.302175

configure_requires:

    Module                   Need   Have    
    ------------------------ ------ --------
    ExtUtils::MakeMaker      0      7.46    
    Module::Build::Tiny      0.034  0.039   


------------------------------
ENVIRONMENT AND OTHER CONTEXT
------------------------------

Environment variables:

    LANG = C
    PATH = /usr/local/bin:/usr/bin:/bin:/usr/local/sbin:/usr/sbin:/sbin:/home/cpansand/bin/linux-gnu:/home/cpansand/bin/sh:/home/cpansand/bin:/usr/games:/home/cpansand/devel:/home/eserte/src/srezic-misc/scripts
    PERL5LIB = 
    PERL5OPT = 
    PERL5_CPANPLUS_IS_RUNNING = 29776
    PERL5_CPAN_IS_RUNNING = 29776
    PERL5_CPAN_IS_RUNNING_IN_RECURSION = 29692,29776
    PERLDOC = -MPod::Perldoc::ToTextOverstrike
    PERL_BATCH = yes
    PERL_CANARY_STABILITY_NOPROMPT = 1
    PERL_CPAN_REPORTER_CONFIG = /var/tmp/cpansmoker-1023/2020072600/cpanreporter_000_config.ini
    PERL_EXTUTILS_AUTOINSTALL = --defaultdeps
    PERL_USE_UNSAFE_INC = 1
    SHELL = /usr/bin/zsh
    TERM = screen
    TMPDIR = /var/tmp/cpansmoker-1023/2020072600

Perl special variables (and OS-specific diagnostics, for MSWin32):

    $^X = /opt/perl-5.8.9/bin/perl
    $UID/$EUID = 1023 / 1023
    $GID = 1023 1023
    $EGID = 1023 1023

Perl module toolchain versions installed:

    Module              Have    
    ------------------- --------
    CPAN                2.28    
    CPAN::Meta          2.150010
    Cwd                 3.75    
    ExtUtils::CBuilder  0.280234
    ExtUtils::Command   7.46    
    ExtUtils::Install   2.16    
    ExtUtils::MakeMaker 7.46    
    ExtUtils::Manifest  1.70    
    ExtUtils::ParseXS   3.35    
    File::Spec          3.75    
    JSON                4.02    
    JSON::PP            4.05    
    Module::Build       0.4231  
    Module::Signature   0.87    
    Parse::CPAN::Meta   2.150010
    Test::Harness       3.42    
    Test::More          1.302175
    YAML                1.30    
    YAML::Syck          1.32    
    version             0.9924  


--

Summary of my perl5 (revision 5 version 8 subversion 9) configuration:
  Platform:
    osname=linux, osvers=4.9.0-9-amd64, archname=x86_64-linux
    uname='linux debian9 4.9.0-9-amd64 #1 smp debian 4.9.168-1+deb9u5 (2019-08-11) x86_64 gnulinux '
    config_args='-ds -e -Dprefix=/opt/perl-5.8.9 -Dcf_email=srezic@cpan.org'
    hint=recommended, useposix=true, d_sigaction=define
    usethreads=undef use5005threads=undef useithreads=undef usemultiplicity=undef
    useperlio=define d_sfio=undef uselargefiles=define usesocks=undef
    use64bitint=define use64bitall=define uselongdouble=undef
    usemymalloc=n, bincompat5005=undef
  Compiler:
    cc='cc', ccflags ='-fwrapv -fno-strict-aliasing -pipe -I/usr/local/include -D_LARGEFILE_SOURCE -D_FILE_OFFSET_BITS=64',
    optimize='-O2',
    cppflags='-fwrapv -fno-strict-aliasing -pipe -I/usr/local/include'
    ccversion='', gccversion='6.3.0 20170516', gccosandvers=''
    intsize=4, longsize=8, ptrsize=8, doublesize=8, byteorder=12345678
    d_longlong=define, longlongsize=8, d_longdbl=define, longdblsize=16
    ivtype='long', ivsize=8, nvtype='double', nvsize=8, Off_t='off_t', lseeksize=8
    alignbytes=8, prototype=define
  Linker and Libraries:
    ld='cc', ldflags =' -L/usr/local/lib'
    libpth=/usr/local/lib /lib/x86_64-linux-gnu /lib/../lib /usr/lib/x86_64-linux-gnu /usr/lib/../lib /lib /usr/lib
    libs=-lnsl -lgdbm -ldb -ldl -lm -lcrypt -lutil -lc -lgdbm_compat
    perllibs=-lnsl -ldl -lm -lcrypt -lutil -lc -lgdbm_compat
    libc=libc-2.24.so, so=so, useshrplib=false, libperl=libperl.a
    gnulibc_version='2.24'
  Dynamic Linking:
    dlsrc=dl_dlopen.xs, dlext=so, d_dlsymun=undef, ccdlflags='-Wl,-E'
    cccdlflags='-fPIC', lddlflags='-shared -O2 -L/usr/local/lib'


Characteristics of this binary (from libperl): 
  Compile-time options: PERL_MALLOC_WRAP USE_64_BIT_ALL USE_64_BIT_INT
                        USE_FAST_STDIO USE_LARGE_FILES USE_PERLIO
  Locally applied patches:
	Devel::PatchPerl 1.90
  Built under linux
  Compiled at Mar 31 2020 18:41:46
  %ENV:
    PERL5LIB=""
    PERL5OPT=""
    PERL5_CPANPLUS_IS_RUNNING="29776"
    PERL5_CPAN_IS_RUNNING="29776"
    PERL5_CPAN_IS_RUNNING_IN_RECURSION="29692,29776"
    PERLDOC="-MPod::Perldoc::ToTextOverstrike"
    PERL_BATCH="yes"
    PERL_CANARY_STABILITY_NOPROMPT="1"
    PERL_CPAN_REPORTER_CONFIG="/var/tmp/cpansmoker-1023/2020072600/cpanreporter_000_config.ini"
    PERL_EXTUTILS_AUTOINSTALL="--defaultdeps"
    PERL_USE_UNSAFE_INC="1"
  @INC:
    /opt/perl-5.8.9/lib/5.8.9/x86_64-linux
    /opt/perl-5.8.9/lib/5.8.9
    /opt/perl-5.8.9/lib/site_perl/5.8.9/x86_64-linux
    /opt/perl-5.8.9/lib/site_perl/5.8.9
    .