App-Services v0.002 Perl 5 v5.18.4 x86_64-linux
- Status
- Fail
- From
- Oleg Pronin (SYBER)
- Dist
-
App-Services v0.002
- Platform
- Perl 5 v5.18.4 x86_64-linux
- Date
- 2019-08-11 02:46:29
- ID
- 386ad30a-bbe2-11e9-addd-42a92958ff60
This distribution has been tested as part of the CPAN Testers
project, supporting the Perl programming language. See
http://wiki.cpantesters.org/ for more information or email
questions to cpan-testers-discuss@perl.org
--
Dear Sean Blanton,
This is a computer-generated report for App-Services-0.002
on perl 5.18.4, created by CPAN-Reporter-1.2018.
Thank you for uploading your work to CPAN. However, there was a problem
testing your distribution.
If you think this report is invalid, please consult the CPAN Testers Wiki
for suggestions on how to avoid getting FAIL reports for missing library
or binary dependencies, unsupported operating systems, and so on:
http://wiki.cpantesters.org/wiki/CPANAuthorNotes
Sections of this report:
* Tester comments
* Program output
* Prerequisites
* Environment and other context
------------------------------
TESTER COMMENTS
------------------------------
Additional comments from tester:
this report is from an automated smoke testing program
and was not reviewed by a human for accuracy
------------------------------
PROGRAM OUTPUT
------------------------------
Output from '/usr/bin/make test':
PERL_DL_NONLAZY=1 "/home/syber/perl5/perlbrew/perls/5.18.4/bin/perl" "-MExtUtils::Command::MM" "-MTest::Harness" "-e" "undef *Test::Harness::Switches; test_harness(0, 'blib/lib', 'blib/arch')" t/App/Services/DB/*.t t/App/Services/Forker/*.t t/App/Services/Logger/*.t t/App/Services/ObjStore/*.t
App::Services::DB::Conn::Role is not a Moo::Role at /home/syber/.local/share/.cpan/build/App-Services-0.002-1/blib/lib/App/Services/DB/Exec/Service.pm line 11.
Compilation failed in require at /home/syber/perl5/perlbrew/perls/5.18.4/lib/site_perl/5.18.4/Module/Runtime.pm line 314.
t/App/Services/DB/01_sqlite_container.t .......... skipped: (no reason given)
t/App/Services/Forker/01_forker.t ................ ok
t/App/Services/Forker/02_forker_container.t ...... ok
INFO - Log success!!
t/App/Services/Logger/01_logger.t ................ ok
INFO - Log success!!
t/App/Services/Logger/02_logger_container.t ...... ok
t/App/Services/ObjStore/01_objstore_service.t .... ok
t/App/Services/ObjStore/02_objstore_container.t .. ok
t/App/Services/ObjStore/03_objstore_fork.t ....... ok
Test Summary Report
-------------------
t/App/Services/DB/01_sqlite_container.t (Wstat: 65280 Tests: 0 Failed: 0)
Non-zero exit status: 255
Files=8, Tests=43, 12 wallclock secs ( 0.04 usr 0.00 sys + 6.74 cusr 0.86 csys = 7.64 CPU)
Result: FAIL
Failed 1/8 test programs. 0/43 subtests failed.
Makefile:960: recipe for target 'test_dynamic' failed
make: *** [test_dynamic] Error 255
------------------------------
PREREQUISITES
------------------------------
Prerequisite modules loaded:
requires:
Module Need Have
---------------------------- ---- --------
Bread::Board 0 0.37
Bread::Board::Container 0 0.37
Carp 0 1.50
common::sense 0 3.74
DBI 0 1.642
KiokuDB 0 0.57
KiokuDB::Backend::DBI 0 1.23
Log::Dispatch::Screen 0 2.68
Log::Log4perl 0 1.49
Moo 0 2.003004
Moo::Role 0 2.003004
Moose 0 2.2011
Moose::Role 0 2.2011
MooX::Types::MooseLike::Base 0 0.29
Net::SMTP 0 3.11
build_requires:
Module Need Have
---------------------------- ---- --------
POSIX 0 1.32
Test::More 0 1.302164
configure_requires:
Module Need Have
---------------------------- ---- --------
ExtUtils::MakeMaker 6.30 7.37_03
------------------------------
ENVIRONMENT AND OTHER CONTEXT
------------------------------
Environment variables:
AUTOMATED_TESTING = 1
LC_COLLATE = ru_RU.utf8
LC_CTYPE = ru_RU.utf8
PATH = /home/syber/perl5/perlbrew/bin:/home/syber/perl5/perlbrew/perls/5.18.4/bin:/usr/local/bin:/usr/bin:/bin:/usr/local/games:/usr/games
PERL5LIB =
PERL5OPT =
PERL5_CPANPLUS_IS_RUNNING = 20523
PERL5_CPAN_IS_RUNNING = 20523
PERL5_CPAN_IS_RUNNING_IN_RECURSION = 32266,20523
PERLBREW_HOME = /home/syber/.perlbrew
PERLBREW_MANPATH = /home/syber/perl5/perlbrew/perls/5.18.4/man
PERLBREW_PATH = /home/syber/perl5/perlbrew/bin:/home/syber/perl5/perlbrew/perls/5.18.4/bin
PERLBREW_PERL = 5.18.4
PERLBREW_ROOT = /home/syber/perl5/perlbrew
PERLBREW_SHELLRC_VERSION = 0.86
PERLBREW_VERSION = 0.86
PERL_CR_SMOKER_CURRENT = App-Services-0.002
PERL_EXTUTILS_AUTOINSTALL = --defaultdeps
PERL_MM_USE_DEFAULT = 1
PERL_USE_UNSAFE_INC = 1
SHELL = /bin/bash
TERM = screen
Perl special variables (and OS-specific diagnostics, for MSWin32):
$^X = /home/syber/perl5/perlbrew/perls/5.18.4/bin/perl
$UID/$EUID = 1003 / 1003
$GID = 1003 11 1003
$EGID = 1003 11 1003
Perl module toolchain versions installed:
Module Have
------------------- ---------
CPAN 2.27
CPAN::Meta 2.150010
Cwd 3.75
ExtUtils::CBuilder 0.280231
ExtUtils::Command 7.37_03
ExtUtils::Install 2.14
ExtUtils::MakeMaker 7.37_03
ExtUtils::Manifest 1.72
ExtUtils::ParseXS 3.36_03
File::Spec 3.75
JSON 4.02
JSON::PP 4.04
Module::Build 0.42_30
Module::Signature 0.83
Parse::CPAN::Meta 2.150010
Test::Harness 3.42
Test::More 1.302164
YAML 1.29
YAML::Syck 1.31
version 0.9924_02
--
Summary of my perl5 (revision 5 version 18 subversion 4) configuration:
Platform:
osname=linux, osvers=4.9.0-8-amd64, archname=x86_64-linux
uname='linux dexter.crazypanda.ru 4.9.0-8-amd64 #1 smp debian 4.9.110-3+deb9u6 (2018-10-08) x86_64 gnulinux '
config_args='-de -Dprefix=/home/syber/perl5/perlbrew/perls/5.18.4 -Aeval:scriptdir=/home/syber/perl5/perlbrew/perls/5.18.4/bin'
hint=recommended, useposix=true, d_sigaction=define
useithreads=undef, usemultiplicity=undef
useperlio=define, d_sfio=undef, uselargefiles=define, usesocks=undef
use64bitint=define, use64bitall=define, uselongdouble=undef
usemymalloc=n, bincompat5005=undef
Compiler:
cc='cc', ccflags ='-fwrapv -fno-strict-aliasing -pipe -fstack-protector -I/usr/local/include -D_LARGEFILE_SOURCE -D_FILE_OFFSET_BITS=64',
optimize='-O2',
cppflags='-fwrapv -fno-strict-aliasing -pipe -fstack-protector -I/usr/local/include'
ccversion='', gccversion='6.3.0 20170516', gccosandvers=''
intsize=4, longsize=8, ptrsize=8, doublesize=8, byteorder=12345678
d_longlong=define, longlongsize=8, d_longdbl=define, longdblsize=16
ivtype='long', ivsize=8, nvtype='double', nvsize=8, Off_t='off_t', lseeksize=8
alignbytes=8, prototype=define
Linker and Libraries:
ld='cc', ldflags =' -fstack-protector -L/usr/local/lib'
libpth=/usr/local/lib /lib/x86_64-linux-gnu /lib/../lib /usr/lib/x86_64-linux-gnu /usr/lib/../lib /lib /usr/lib
libs=-lnsl -ldl -lm -lcrypt -lutil -lc
perllibs=-lnsl -ldl -lm -lcrypt -lutil -lc
libc=libc-2.24.so, so=so, useshrplib=false, libperl=libperl.a
gnulibc_version='2.24'
Dynamic Linking:
dlsrc=dl_dlopen.xs, dlext=so, d_dlsymun=undef, ccdlflags='-Wl,-E'
cccdlflags='-fPIC', lddlflags='-shared -O2 -L/usr/local/lib -fstack-protector'
Characteristics of this binary (from libperl):
Compile-time options: HAS_TIMES PERLIO_LAYERS PERL_DONT_CREATE_GVSV
PERL_HASH_FUNC_ONE_AT_A_TIME_HARD PERL_MALLOC_WRAP
PERL_PRESERVE_IVUV PERL_SAWAMPERSAND USE_64_BIT_ALL
USE_64_BIT_INT USE_LARGE_FILES USE_LOCALE
USE_LOCALE_COLLATE USE_LOCALE_CTYPE
USE_LOCALE_NUMERIC USE_PERLIO USE_PERL_ATOF
Locally applied patches:
Devel::PatchPerl 1.64
Built under linux
Compiled at Aug 5 2019 14:02:29
%ENV:
PERL5LIB=""
PERL5OPT=""
PERL5_CPANPLUS_IS_RUNNING="20523"
PERL5_CPAN_IS_RUNNING="20523"
PERL5_CPAN_IS_RUNNING_IN_RECURSION="32266,20523"
PERLBREW_HOME="/home/syber/.perlbrew"
PERLBREW_MANPATH="/home/syber/perl5/perlbrew/perls/5.18.4/man"
PERLBREW_PATH="/home/syber/perl5/perlbrew/bin:/home/syber/perl5/perlbrew/perls/5.18.4/bin"
PERLBREW_PERL="5.18.4"
PERLBREW_ROOT="/home/syber/perl5/perlbrew"
PERLBREW_SHELLRC_VERSION="0.86"
PERLBREW_VERSION="0.86"
PERL_CR_SMOKER_CURRENT="App-Services-0.002"
PERL_EXTUTILS_AUTOINSTALL="--defaultdeps"
PERL_MM_USE_DEFAULT="1"
PERL_USE_UNSAFE_INC="1"
@INC:
/home/syber/perl5/perlbrew/perls/5.18.4/lib/site_perl/5.18.4/x86_64-linux
/home/syber/perl5/perlbrew/perls/5.18.4/lib/site_perl/5.18.4
/home/syber/perl5/perlbrew/perls/5.18.4/lib/5.18.4/x86_64-linux
/home/syber/perl5/perlbrew/perls/5.18.4/lib/5.18.4
.