X11-WindowHierarchy v0.004 Perl 5 v5.39.7 x86_64-linux-thread-multi

Status
Fail
From
Andreas J. K├Ânig (ANDK)
Dist
X11-WindowHierarchy v0.004
Platform
Perl 5 v5.39.7 x86_64-linux-thread-multi
Date
2024-02-26T09:41:25
ID
3591e918-d48b-11ee-9605-15502d20d34f
This distribution has been tested as part of the CPAN Testers
project, supporting the Perl programming language.  See
http://wiki.cpantesters.org/ for more information or email
questions to cpan-testers-discuss@perl.org


--
Dear Tom Molesworth,

This is a computer-generated report for X11-WindowHierarchy-0.004
on perl 5.39.7, created by CPAN-Reporter-1.2019.

Thank you for uploading your work to CPAN.  However, there was a problem
testing your distribution.

If you think this report is invalid, please consult the CPAN Testers Wiki
for suggestions on how to avoid getting FAIL reports for missing library
or binary dependencies, unsupported operating systems, and so on:

http://wiki.cpantesters.org/wiki/CPANAuthorNotes

Sections of this report:

    * Tester comments
    * Program output
    * Prerequisites
    * Environment and other context

------------------------------
TESTER COMMENTS
------------------------------

Additional comments from tester:

this report is from an automated smoke testing program
and was not reviewed by a human for accuracy

------------------------------
PROGRAM OUTPUT
------------------------------

Output from '/usr/bin/make test':

PERL_DL_NONLAZY=1 "/tmp/basesmoker-reloperl-EuHK/bin/perl" "-MExtUtils::Command::MM" "-MTest::Harness" "-e" "undef *Test::Harness::Switches; test_harness(0, 'blib/lib', 'blib/arch')" t/*.t
t/00-compile.t .. ok
t/00-pod.t ...... ok
t/00-use.t ...... ok
Can't connect to display `unix:121': No such file or directory at /home/sand/src/perl/repoperls/installed-perls/host/k93jammy/v5.39.7/b4f3/lib/site_perl/5.39.7/X11/Protocol.pm line 2264.
# Looks like your test exited with 2 before it could output anything.
t/hierarchy.t ... 
Dubious, test returned 2 (wstat 512, 0x200)
Failed 6/6 subtests 

Test Summary Report
-------------------
t/hierarchy.t (Wstat: 512 (exited 2) Tests: 0 Failed: 0)
  Non-zero exit status: 2
  Parse errors: Bad plan.  You planned 6 tests but ran 0.
Files=4, Tests=3,  0 wallclock secs ( 0.03 usr  0.00 sys +  0.33 cusr  0.06 csys =  0.42 CPU)
Result: FAIL
Failed 1/4 test programs. 0/3 subtests failed.
make: *** [Makefile:847: test_dynamic] Error 2

------------------------------
PREREQUISITES
------------------------------

Prerequisite modules loaded:

requires:

    Module              Need Have    
    ------------------- ---- --------
    parent              0    0.241   
    X11::Protocol       0.56 0.56    

build_requires:

    Module              Need Have    
    ------------------- ---- --------
    Test::More          0.98 1.302198

configure_requires:

    Module              Need Have    
    ------------------- ---- --------
    ExtUtils::MakeMaker 6.30 7.70    


------------------------------
ENVIRONMENT AND OTHER CONTEXT
------------------------------

Environment variables:

    AUTOMATED_TESTING = 1
    LANG = en_US.UTF-8
    LC_ADDRESS = de_DE.UTF-8
    LC_IDENTIFICATION = de_DE.UTF-8
    LC_MEASUREMENT = de_DE.UTF-8
    LC_MONETARY = de_DE.UTF-8
    LC_NAME = de_DE.UTF-8
    LC_NUMERIC = de_DE.UTF-8
    LC_PAPER = de_DE.UTF-8
    LC_TELEPHONE = de_DE.UTF-8
    LC_TIME = de_DE.UTF-8
    PATH = /home/sand/bin:/usr/local/bin:/usr/local/sbin:/usr/sbin:/usr/bin:/sbin:/bin:/usr/games:/usr/local/games:/snap/bin:/usr/local/perl/bin:/usr/X11/bin
    PERL = /tmp/basesmoker-reloperl-EuHK/bin/perl
    PERL5LIB = /tmp/loop_over_bdir-355680-lqAWrt/EJBCA-CrlPublish-0.60-0/blib/arch:/tmp/loop_over_bdir-355680-lqAWrt/EJBCA-CrlPublish-0.60-0/blib/lib:/tmp/loop_over_bdir-355680-lqAWrt/App-oo_modulino_zsh_completion_helper-0.04-0/blib/arch:/tmp/loop_over_bdir-355680-lqAWrt/App-oo_modulino_zsh_completion_helper-0.04-0/blib/lib:/tmp/loop_over_bdir-355680-lqAWrt/Business-Shipping-DataFiles-1.02-0/blib/arch:/tmp/loop_over_bdir-355680-lqAWrt/Business-Shipping-DataFiles-1.02-0/blib/lib:/tmp/loop_over_bdir-355680-lqAWrt/Dpkg-1.22.4-0/blib/arch:/tmp/loop_over_bdir-355680-lqAWrt/Dpkg-1.22.4-0/blib/lib:/tmp/loop_over_bdir-355680-lqAWrt/Net-Async-WebService-lxd-0.03-0/blib/arch:/tmp/loop_over_bdir-355680-lqAWrt/Net-Async-WebService-lxd-0.03-0/blib/lib:/tmp/loop_over_bdir-355680-lqAWrt/Devel-Required-0.16-0/blib/arch:/tmp/loop_over_bdir-355680-lqAWrt/Devel-Required-0.16-0/blib/lib
    PERL5OPT = 
    PERL5_CPANPLUS_IS_RUNNING = 355688
    PERL5_CPAN_IS_RUNNING = 355688
    PERL_CANARY_STABILITY_NOPROMPT = 1
    PERL_MM_USE_DEFAULT = 1
    PERL_USE_UNSAFE_INC = 1
    SHELL = /usr/bin/zsh
    TERM = screen

Perl special variables (and OS-specific diagnostics, for MSWin32):

    $^X = /tmp/basesmoker-reloperl-EuHK/bin/perl
    $UID/$EUID = 1005 / 1005
    $GID = 1005 1005
    $EGID = 1005 1005

Perl module toolchain versions installed:

    Module              Have    
    ------------------- --------
    CPAN                2.36    
    CPAN::Meta          2.150010
    Cwd                 3.90    
    ExtUtils::CBuilder  0.280240
    ExtUtils::Command   7.70    
    ExtUtils::Install   2.22    
    ExtUtils::MakeMaker 7.70    
    ExtUtils::Manifest  1.75    
    ExtUtils::ParseXS   3.51    
    File::Spec          3.90    
    JSON                4.10    
    JSON::PP            4.16    
    Module::Build       0.4234  
    Module::Signature   0.88    
    Parse::CPAN::Meta   2.150010
    Test2               1.302198
    Test::Harness       3.48    
    Test::More          1.302198
    YAML                1.31    
    YAML::Syck          1.34    
    version             0.9930  


--

Summary of my perl5 (revision 5 version 39 subversion 7) configuration:
  Commit id: 96559478fdc3f2fe9c51cad02ebbae0c950b7b68
  Platform:
    osname=linux
    osvers=6.5.0-14-generic
    archname=x86_64-linux-thread-multi
    uname='linux k93jammy 6.5.0-14-generic #14~22.04.1-ubuntu smp preempt_dynamic mon nov 20 18:15:30 utc 2 x86_64 x86_64 x86_64 gnulinux '
    config_args='-Dprefix=/home/sand/src/perl/repoperls/installed-perls/host/k93jammy/v5.39.7/b4f3 -Dmyhostname=k93jammy -Dinstallusrbinperl=n -Uversiononly -Dusedevel -des -Ui_db -Dlibswanted=cl pthread socket inet nsl gdbm dbm malloc dl ld sun m crypt sec util c cposix posix ucb BSD gdbm_compat -Duseithreads -Uuselongdouble -DEBUGGING=-g'
    hint=recommended
    useposix=true
    d_sigaction=define
    useithreads=define
    usemultiplicity=define
    use64bitint=define
    use64bitall=define
    uselongdouble=undef
    usemymalloc=n
    default_inc_excludes_dot=define
  Compiler:
    cc='cc'
    ccflags ='-D_REENTRANT -D_GNU_SOURCE -fwrapv -fno-strict-aliasing -pipe -fstack-protector-strong -I/usr/local/include -D_LARGEFILE_SOURCE -D_FILE_OFFSET_BITS=64'
    optimize='-O2 -g'
    cppflags='-D_REENTRANT -D_GNU_SOURCE -fwrapv -fno-strict-aliasing -pipe -fstack-protector-strong -I/usr/local/include'
    ccversion=''
    gccversion='11.4.0'
    gccosandvers=''
    intsize=4
    longsize=8
    ptrsize=8
    doublesize=8
    byteorder=12345678
    doublekind=3
    d_longlong=define
    longlongsize=8
    d_longdbl=define
    longdblsize=16
    longdblkind=3
    ivtype='long'
    ivsize=8
    nvtype='double'
    nvsize=8
    Off_t='off_t'
    lseeksize=8
    alignbytes=8
    prototype=define
  Linker and Libraries:
    ld='cc'
    ldflags =' -fstack-protector-strong -L/usr/local/lib'
    libpth=/usr/local/lib /usr/lib/x86_64-linux-gnu /usr/lib /usr/lib64
    libs=-lpthread -lnsl -ldl -lm -lcrypt -lutil -lc
    perllibs=-lpthread -lnsl -ldl -lm -lcrypt -lutil -lc
    libc=/lib/x86_64-linux-gnu/libc.so.6
    so=so
    useshrplib=false
    libperl=libperl.a
    gnulibc_version='2.35'
  Dynamic Linking:
    dlsrc=dl_dlopen.xs
    dlext=so
    d_dlsymun=undef
    ccdlflags='-Wl,-E'
    cccdlflags='-fPIC'
    lddlflags='-shared -O2 -g -L/usr/local/lib -fstack-protector-strong'


Characteristics of this binary (from libperl): 
  Compile-time options:
    HAS_LONG_DOUBLE
    HAS_STRTOLD
    HAS_TIMES
    MULTIPLICITY
    PERLIO_LAYERS
    PERL_COPY_ON_WRITE
    PERL_DONT_CREATE_GVSV
    PERL_HASH_FUNC_SIPHASH13
    PERL_HASH_USE_SBOX32
    PERL_MALLOC_WRAP
    PERL_OP_PARENT
    PERL_PRESERVE_IVUV
    PERL_USE_DEVEL
    PERL_USE_SAFE_PUTENV
    USE_64_BIT_ALL
    USE_64_BIT_INT
    USE_ITHREADS
    USE_LARGE_FILES
    USE_LOCALE
    USE_LOCALE_COLLATE
    USE_LOCALE_CTYPE
    USE_LOCALE_NUMERIC
    USE_LOCALE_TIME
    USE_PERLIO
    USE_PERL_ATOF
    USE_REENTRANT_API
    USE_THREAD_SAFE_LOCALE
  Built under linux
  Compiled at Jan 20 2024 14:01:34
  %ENV:
    PERL="/tmp/basesmoker-reloperl-EuHK/bin/perl"
    PERL5LIB="/tmp/loop_over_bdir-355680-lqAWrt/EJBCA-CrlPublish-0.60-0/blib/arch:/tmp/loop_over_bdir-355680-lqAWrt/EJBCA-CrlPublish-0.60-0/blib/lib:/tmp/loop_over_bdir-355680-lqAWrt/App-oo_modulino_zsh_completion_helper-0.04-0/blib/arch:/tmp/loop_over_bdir-355680-lqAWrt/App-oo_modulino_zsh_completion_helper-0.04-0/blib/lib:/tmp/loop_over_bdir-355680-lqAWrt/Business-Shipping-DataFiles-1.02-0/blib/arch:/tmp/loop_over_bdir-355680-lqAWrt/Business-Shipping-DataFiles-1.02-0/blib/lib:/tmp/loop_over_bdir-355680-lqAWrt/Dpkg-1.22.4-0/blib/arch:/tmp/loop_over_bdir-355680-lqAWrt/Dpkg-1.22.4-0/blib/lib:/tmp/loop_over_bdir-355680-lqAWrt/Net-Async-WebService-lxd-0.03-0/blib/arch:/tmp/loop_over_bdir-355680-lqAWrt/Net-Async-WebService-lxd-0.03-0/blib/lib:/tmp/loop_over_bdir-355680-lqAWrt/Devel-Required-0.16-0/blib/arch:/tmp/loop_over_bdir-355680-lqAWrt/Devel-Required-0.16-0/blib/lib"
    PERL5OPT=""
    PERL5_CPANPLUS_IS_RUNNING="355688"
    PERL5_CPAN_IS_RUNNING="355688"
    PERL_CANARY_STABILITY_NOPROMPT="1"
    PERL_MM_USE_DEFAULT="1"
    PERL_USE_UNSAFE_INC="1"
  @INC:
    /tmp/loop_over_bdir-355680-lqAWrt/EJBCA-CrlPublish-0.60-0/blib/arch
    /tmp/loop_over_bdir-355680-lqAWrt/EJBCA-CrlPublish-0.60-0/blib/lib
    /tmp/loop_over_bdir-355680-lqAWrt/App-oo_modulino_zsh_completion_helper-0.04-0/blib/arch
    /tmp/loop_over_bdir-355680-lqAWrt/App-oo_modulino_zsh_completion_helper-0.04-0/blib/lib
    /tmp/loop_over_bdir-355680-lqAWrt/Business-Shipping-DataFiles-1.02-0/blib/arch
    /tmp/loop_over_bdir-355680-lqAWrt/Business-Shipping-DataFiles-1.02-0/blib/lib
    /tmp/loop_over_bdir-355680-lqAWrt/Dpkg-1.22.4-0/blib/arch
    /tmp/loop_over_bdir-355680-lqAWrt/Dpkg-1.22.4-0/blib/lib
    /tmp/loop_over_bdir-355680-lqAWrt/Net-Async-WebService-lxd-0.03-0/blib/arch
    /tmp/loop_over_bdir-355680-lqAWrt/Net-Async-WebService-lxd-0.03-0/blib/lib
    /tmp/loop_over_bdir-355680-lqAWrt/Devel-Required-0.16-0/blib/arch
    /tmp/loop_over_bdir-355680-lqAWrt/Devel-Required-0.16-0/blib/lib
    /home/sand/src/perl/repoperls/installed-perls/host/k93jammy/v5.39.7/b4f3/lib/site_perl/5.39.7/x86_64-linux-thread-multi
    /home/sand/src/perl/repoperls/installed-perls/host/k93jammy/v5.39.7/b4f3/lib/site_perl/5.39.7
    /home/sand/src/perl/repoperls/installed-perls/host/k93jammy/v5.39.7/b4f3/lib/5.39.7/x86_64-linux-thread-multi
    /home/sand/src/perl/repoperls/installed-perls/host/k93jammy/v5.39.7/b4f3/lib/5.39.7
    .