Test-Unit v0.25 Perl 5 v5.14.4 OpenBSD.amd64-openbsd
- Status
- Fail
- From
- Nigel Horne
- Dist
-
Test-Unit v0.25
- Platform
- Perl 5 v5.14.4 OpenBSD.amd64-openbsd
- Date
- 2018-07-06 11:39:14
- ID
- 359027e6-8111-11e8-9d0b-a2082fb80328
This distribution has been tested as part of the CPAN Testers
project, supporting the Perl programming language. See
http://wiki.cpantesters.org/ for more information or email
questions to cpan-testers-discuss@perl.org
--
Dear Matthew Astley,
This is a computer-generated report for Test-Unit-0.25
on perl 5.14.4, created by CPAN-Reporter-1.2018.
Thank you for uploading your work to CPAN. However, there was a problem
testing your distribution.
If you think this report is invalid, please consult the CPAN Testers Wiki
for suggestions on how to avoid getting FAIL reports for missing library
or binary dependencies, unsupported operating systems, and so on:
http://wiki.cpantesters.org/wiki/CPANAuthorNotes
Sections of this report:
* Tester comments
* Program output
* Prerequisites
* Environment and other context
------------------------------
TESTER COMMENTS
------------------------------
Additional comments from tester:
this report is from an automated smoke testing program
and was not reviewed by a human for accuracy
------------------------------
PROGRAM OUTPUT
------------------------------
Output from '/usr/bin/make test':
PERL_DL_NONLAZY=1 "/home/njh/perl5/perlbrew/perls/perl-5.14.4/bin/perl" "-MExtUtils::Command::MM" "-MTest::Harness" "-e" "undef *Test::Harness::Switches; test_harness(0, 'blib/lib', 'blib/arch')" t/*.t
t/all_tests.t ..... ok
t/assert.t ........
Failed 2/40 subtests
t/try_examples.t .. ok
Test Summary Report
-------------------
t/assert.t (Wstat: 0 Tests: 40 Failed: 2)
Failed tests: 26, 39
Files=3, Tests=89, 0 wallclock secs ( 0.04 usr 0.03 sys + 0.64 cusr 0.16 csys = 0.87 CPU)
Result: FAIL
Failed 1/3 test programs. 2/89 subtests failed.
*** Error 255 in /home/njh/.cpan/build/Test-Unit-0.25-0 (Makefile:870 'test_dynamic')
------------------------------
PREREQUISITES
------------------------------
Prerequisite modules loaded:
requires:
Module Need Have
------------------- ---- --------
base 1 2.16
Class::Inner 0 0.200001
Devel::Symdump 0 2.18
Error 0 0.17026
build_requires:
Module Need Have
------------------- ---- --------
ExtUtils::MakeMaker 0 7.34
------------------------------
ENVIRONMENT AND OTHER CONTEXT
------------------------------
Environment variables:
AUTOMATED_TESTING = 1
PATH = /home/njh/perl5/perlbrew/bin:/home/njh/perl5/perlbrew/perls/perl-5.14.4/bin:/home/njh/src/njh/smoker/bin:/usr/bin:/bin:/usr/sbin:/sbin:/usr/X11R6/bin:/usr/local/bin:/usr/local/sbin
PERL5LIB = /home/njh/.cpan/build/Error-0.17026-0/blib/arch:/home/njh/.cpan/build/Error-0.17026-0/blib/lib:/home/njh/.cpan/build/Class-Inner-0.200001-0/blib/arch:/home/njh/.cpan/build/Class-Inner-0.200001-0/blib/lib:/home/njh/.cpan/build/Spreadsheet-WriteExcel-2.40-0/blib/arch:/home/njh/.cpan/build/Spreadsheet-WriteExcel-2.40-0/blib/lib:/home/njh/.cpan/build/OLE-Storage_Lite-0.19-0/blib/arch:/home/njh/.cpan/build/OLE-Storage_Lite-0.19-0/blib/lib
PERL5OPT =
PERL5_CPANPLUS_IS_RUNNING = 41930
PERL5_CPAN_IS_RUNNING = 41930
PERLBREW_HOME = /home/njh/.perlbrew
PERLBREW_MANPATH = /home/njh/perl5/perlbrew/perls/perl-5.14.4/man
PERLBREW_PATH = /home/njh/perl5/perlbrew/bin:/home/njh/perl5/perlbrew/perls/perl-5.14.4/bin
PERLBREW_PERL = perl-5.14.4
PERLBREW_ROOT = /home/njh/perl5/perlbrew
PERLBREW_SHELLRC_VERSION = 0.82
PERLBREW_VERSION = 0.82
SHELL = /bin/sh
TMPDIR = /tmp/testwrapper.27557
Perl special variables (and OS-specific diagnostics, for MSWin32):
$^X = /home/njh/perl5/perlbrew/perls/perl-5.14.4/bin/perl
$UID/$EUID = 1000 / 1000
$GID = 1000 1000 0
$EGID = 1000 1000 0
Perl module toolchain versions installed:
Module Have
------------------- --------
CPAN 2.16
CPAN::Meta 2.143240
Cwd 3.36
ExtUtils::CBuilder 0.280230
ExtUtils::Command 7.34
ExtUtils::Install 2.06
ExtUtils::MakeMaker 7.34
ExtUtils::Manifest 1.70
ExtUtils::ParseXS 3.35
File::Spec 3.33
JSON 2.97001
JSON::PP 2.97001
Module::Build 0.4224
Module::Signature n/a
Parse::CPAN::Meta 1.4414
Test::Harness 3.42
Test::More 1.302136
YAML 1.26
YAML::Syck 1.30
version 0.88
--
Summary of my perl5 (revision 5 version 14 subversion 4) configuration:
Platform:
osname=openbsd, osvers=6.3, archname=OpenBSD.amd64-openbsd
uname='openbsd njh1.vultr.com 6.3 generic.mp#107 amd64 '
config_args='-de -Dprefix=/home/njh/perl5/perlbrew/perls/perl-5.14.4 -Aeval:scriptdir=/home/njh/perl5/perlbrew/perls/perl-5.14.4/bin'
hint=recommended, useposix=true, d_sigaction=define
useithreads=undef, usemultiplicity=undef
useperlio=define, d_sfio=undef, uselargefiles=define, usesocks=undef
use64bitint=define, use64bitall=define, uselongdouble=undef
usemymalloc=n, bincompat5005=undef
Compiler:
cc='cc', ccflags ='-fno-strict-aliasing -pipe -fstack-protector -I/usr/local/include',
optimize='-O2',
cppflags='-fno-strict-aliasing -pipe -fstack-protector -I/usr/local/include'
ccversion='', gccversion='4.2.1 Compatible OpenBSD Clang 5.0.1 (tags/RELEASE_501/final)', gccosandvers=''
intsize=4, longsize=8, ptrsize=8, doublesize=8, byteorder=12345678
d_longlong=define, longlongsize=8, d_longdbl=define, longdblsize=16
ivtype='long', ivsize=8, nvtype='double', nvsize=8, Off_t='off_t', lseeksize=8
alignbytes=8, prototype=define
Linker and Libraries:
ld='cc', ldflags ='-Wl,-E -fstack-protector -L/usr/local/lib'
libpth=/usr/local/lib /usr/lib
libs=-lm -lutil -lc
perllibs=-lm -lutil -lc
libc=/usr/lib/libc.so.92.3, so=so, useshrplib=false, libperl=libperl.a
gnulibc_version=''
Dynamic Linking:
dlsrc=dl_dlopen.xs, dlext=so, d_dlsymun=undef, ccdlflags=' '
cccdlflags='-DPIC -fPIC ', lddlflags='-shared -fPIC -L/usr/local/lib -fstack-protector'
Characteristics of this binary (from libperl):
Compile-time options: PERL_DONT_CREATE_GVSV PERL_MALLOC_WRAP
PERL_PRESERVE_IVUV USE_64_BIT_ALL USE_64_BIT_INT
USE_LARGE_FILES USE_PERLIO USE_PERL_ATOF
Locally applied patches:
Devel::PatchPerl 1.48
Built under openbsd
Compiled at May 12 2018 08:16:46
%ENV:
PERL5LIB="/home/njh/.cpan/build/Error-0.17026-0/blib/arch:/home/njh/.cpan/build/Error-0.17026-0/blib/lib:/home/njh/.cpan/build/Class-Inner-0.200001-0/blib/arch:/home/njh/.cpan/build/Class-Inner-0.200001-0/blib/lib:/home/njh/.cpan/build/Spreadsheet-WriteExcel-2.40-0/blib/arch:/home/njh/.cpan/build/Spreadsheet-WriteExcel-2.40-0/blib/lib:/home/njh/.cpan/build/OLE-Storage_Lite-0.19-0/blib/arch:/home/njh/.cpan/build/OLE-Storage_Lite-0.19-0/blib/lib"
PERL5OPT=""
PERL5_CPANPLUS_IS_RUNNING="41930"
PERL5_CPAN_IS_RUNNING="41930"
PERLBREW_HOME="/home/njh/.perlbrew"
PERLBREW_MANPATH="/home/njh/perl5/perlbrew/perls/perl-5.14.4/man"
PERLBREW_PATH="/home/njh/perl5/perlbrew/bin:/home/njh/perl5/perlbrew/perls/perl-5.14.4/bin"
PERLBREW_PERL="perl-5.14.4"
PERLBREW_ROOT="/home/njh/perl5/perlbrew"
PERLBREW_SHELLRC_VERSION="0.82"
PERLBREW_VERSION="0.82"
@INC:
/home/njh/.cpan/build/Error-0.17026-0/blib/arch
/home/njh/.cpan/build/Error-0.17026-0/blib/lib
/home/njh/.cpan/build/Class-Inner-0.200001-0/blib/arch
/home/njh/.cpan/build/Class-Inner-0.200001-0/blib/lib
/home/njh/.cpan/build/Spreadsheet-WriteExcel-2.40-0/blib/arch
/home/njh/.cpan/build/Spreadsheet-WriteExcel-2.40-0/blib/lib
/home/njh/.cpan/build/OLE-Storage_Lite-0.19-0/blib/arch
/home/njh/.cpan/build/OLE-Storage_Lite-0.19-0/blib/lib
/home/njh/perl5/perlbrew/perls/perl-5.14.4/lib/site_perl/5.14.4/OpenBSD.amd64-openbsd
/home/njh/perl5/perlbrew/perls/perl-5.14.4/lib/site_perl/5.14.4
/home/njh/perl5/perlbrew/perls/perl-5.14.4/lib/5.14.4/OpenBSD.amd64-openbsd
/home/njh/perl5/perlbrew/perls/perl-5.14.4/lib/5.14.4
.