Test-Unit v0.25 Perl 5 v5.22.4 amd64-freebsd
- Status
- Fail
- From
- Slaven Rezić (SREZIC)
- Dist
-
Test-Unit v0.25
- Platform
- Perl 5 v5.22.4 amd64-freebsd
- Date
- 2018-07-05 20:51:34
- ID
- 34230a30-8095-11e8-a65c-815a5a8e81f4
This distribution has been tested as part of the CPAN Testers
project, supporting the Perl programming language. See
http://wiki.cpantesters.org/ for more information or email
questions to cpan-testers-discuss@perl.org
--
Dear Matthew Astley,
This is a computer-generated report for Test-Unit-0.25
on perl 5.22.4, created by CPAN-Reporter-1.2018.
Thank you for uploading your work to CPAN. However, there was a problem
testing your distribution.
If you think this report is invalid, please consult the CPAN Testers Wiki
for suggestions on how to avoid getting FAIL reports for missing library
or binary dependencies, unsupported operating systems, and so on:
http://wiki.cpantesters.org/wiki/CPANAuthorNotes
Sections of this report:
* Tester comments
* Program output
* Prerequisites
* Environment and other context
------------------------------
TESTER COMMENTS
------------------------------
Additional comments from tester:
none provided
------------------------------
PROGRAM OUTPUT
------------------------------
Output from '/usr/bin/make test':
PERL_DL_NONLAZY=1 "/usr/perl5.22.4p/bin/perl5.22.4" "-MExtUtils::Command::MM" "-MTest::Harness" "-e" "undef *Test::Harness::Switches; test_harness(0, 'blib/lib', 'blib/arch')" t/*.t
Can't use 'defined(@array)' (Maybe you should just omit the defined()?) at /home/cpansand/.cpan/build/2018070604/Test-Unit-0.25-0/blib/lib/Test/Unit/TestCase.pm line 106.
Compilation failed in require at /home/cpansand/.cpan/build/2018070604/Test-Unit-0.25-0/blib/lib/Test/Unit/TestSuite.pm line 15.
BEGIN failed--compilation aborted at /home/cpansand/.cpan/build/2018070604/Test-Unit-0.25-0/blib/lib/Test/Unit/TestSuite.pm line 15.
Compilation failed in require at /home/cpansand/.cpan/build/2018070604/Test-Unit-0.25-0/blib/lib/Test/Unit/Loader.pm line 7.
BEGIN failed--compilation aborted at /home/cpansand/.cpan/build/2018070604/Test-Unit-0.25-0/blib/lib/Test/Unit/Loader.pm line 7.
Compilation failed in require at /home/cpansand/.cpan/build/2018070604/Test-Unit-0.25-0/blib/lib/Test/Unit/Listener.pm line 2.
BEGIN failed--compilation aborted at /home/cpansand/.cpan/build/2018070604/Test-Unit-0.25-0/blib/lib/Test/Unit/Listener.pm line 2.
Compilation failed in require at /usr/perl5.22.4p/lib/5.22.4/base.pm line 137.
...propagated at /usr/perl5.22.4p/lib/5.22.4/base.pm line 159.
BEGIN failed--compilation aborted at /home/cpansand/.cpan/build/2018070604/Test-Unit-0.25-0/blib/lib/Test/Unit/Runner.pm line 25.
Compilation failed in require at /usr/perl5.22.4p/lib/5.22.4/base.pm line 137.
...propagated at /usr/perl5.22.4p/lib/5.22.4/base.pm line 159.
BEGIN failed--compilation aborted at /home/cpansand/.cpan/build/2018070604/Test-Unit-0.25-0/blib/lib/Test/Unit/HarnessUnit.pm line 6.
Compilation failed in require at t/all_tests.t line 6.
BEGIN failed--compilation aborted at t/all_tests.t line 6.
t/all_tests.t .....
Dubious, test returned 255 (wstat 65280, 0xff00)
No subtests run
Can't use 'defined(@array)' (Maybe you should just omit the defined()?) at /home/cpansand/.cpan/build/2018070604/Test-Unit-0.25-0/blib/lib/Test/Unit/TestCase.pm line 106.
Compilation failed in require at /home/cpansand/.cpan/build/2018070604/Test-Unit-0.25-0/blib/lib/Test/Unit/TestSuite.pm line 15.
BEGIN failed--compilation aborted at /home/cpansand/.cpan/build/2018070604/Test-Unit-0.25-0/blib/lib/Test/Unit/TestSuite.pm line 15.
Compilation failed in require at /home/cpansand/.cpan/build/2018070604/Test-Unit-0.25-0/blib/lib/Test/Unit/Loader.pm line 7.
BEGIN failed--compilation aborted at /home/cpansand/.cpan/build/2018070604/Test-Unit-0.25-0/blib/lib/Test/Unit/Loader.pm line 7.
Compilation failed in require at /home/cpansand/.cpan/build/2018070604/Test-Unit-0.25-0/blib/lib/Test/Unit/Listener.pm line 2.
BEGIN failed--compilation aborted at /home/cpansand/.cpan/build/2018070604/Test-Unit-0.25-0/blib/lib/Test/Unit/Listener.pm line 2.
Compilation failed in require at /usr/perl5.22.4p/lib/5.22.4/base.pm line 137.
...propagated at /usr/perl5.22.4p/lib/5.22.4/base.pm line 159.
BEGIN failed--compilation aborted at /home/cpansand/.cpan/build/2018070604/Test-Unit-0.25-0/blib/lib/Test/Unit/Runner.pm line 25.
Compilation failed in require at /usr/perl5.22.4p/lib/5.22.4/base.pm line 137.
...propagated at /usr/perl5.22.4p/lib/5.22.4/base.pm line 159.
BEGIN failed--compilation aborted at /home/cpansand/.cpan/build/2018070604/Test-Unit-0.25-0/blib/lib/Test/Unit/HarnessUnit.pm line 6.
Compilation failed in require at t/assert.t line 5.
BEGIN failed--compilation aborted at t/assert.t line 5.
t/assert.t ........
Dubious, test returned 255 (wstat 65280, 0xff00)
No subtests run
# Test 1 got: "Can't use 'defined(@array)' (Maybe you should just omit the defined()?) at /home/cpansand/.cpan/build/2018070604/Test-Unit-0.25-0/blib/lib/Test/Unit/TestCase.pm line 106.\n# Compilation failed in require at /home/cpansand/.cpan/build/2018070604/Test-Unit-0.25-0/blib/lib/Test/Unit/TestSuite.pm line 15.\n# BEGIN failed--compilation aborted at /home/cpansand/.cpan/build/2018070604/Test-Unit-0.25-0/blib/lib/Test/Unit/TestSuite.pm line 15.\n# Compilation failed in require at /home/cpansand/.cpan/build/2018070604/Test-Unit-0.25-0/blib/lib/Test/Unit/Loader.pm line 7.\n# BEGIN failed--compilation aborted at /home/cpansand/.cpan/build/2018070604/Test-Unit-0.25-0/blib/lib/Test/Unit/Loader.pm line 7.\n# Compilation failed in require at /home/cpansand/.cpan/build/2018070604/Test-Unit-0.25-0/blib/lib/Test/Unit/Listener.pm line 2.\n# BEGIN failed--compilation aborted at /home/cpansand/.cpan/build/2018070604/Test-Unit-0.25-0/blib/lib/Test/Unit/Listener.pm line 2.\n# Compilation failed in require at /usr/perl5.22.4p/lib/5.22.4/base.pm line 137.\n# \t...propagated at /usr/perl5.22.4p/lib/5.22.4/base.pm line 159.\n# BEGIN failed--compilation aborted at /home/cpansand/.cpan/build/2018070604/Test-Unit-0.25-0/blib/lib/Test/Unit/Runner.pm line 25.\n# Compilation failed in require at /usr/perl5.22.4p/lib/5.22.4/base.pm line 137.\n# \t...propagated at /usr/perl5.22.4p/lib/5.22.4/base.pm line 159.\n# BEGIN failed--compilation aborted at /home/cpansand/.cpan/build/2018070604/Test-Unit-0.25-0/blib/lib/Test/Unit/TestRunner.pm line 4.\n# Compilation failed in require at ./TestRunner.pl line 6.\n# BEGIN failed--compilation aborted at ./TestRunner.pl line 6.\n# " (t/try_examples.t at line 106)
# Expected: "Suite setup\n# TEST-RUN-SUMMARY\n# \n# TIME-SUMMARY\n# \n# !!!FAILURES!!!\n# Test Results:\n# Run: 2, Failures: 1, Errors: 0\n# \n# There was 1 failure:\n# 1) examples/fail_example.pm:19 - test_fail(fail_example)\n# Born to lose ...\n# \n# Test was not successful.\n# "
# Lines 1-14 are changed:
# - "Suite setup\n"
# + "Can't use 'defined(@array)' (Maybe you should just omit the defined()?) at /home/cpansand/.cpan/build/2018070604/Test-Unit-0.25-0/blib/lib/Test/Unit/TestCase.pm line 106.\n"
# - "# TEST-RUN-SUMMARY\n"
# + "# Compilation failed in require at /home/cpansand/.cpan/build/2018070604/Test-Unit-0.25-0/blib/lib/Test/Unit/TestSuite.pm line 15.\n"
# - "# \n"
# + "# BEGIN failed--compilation aborted at /home/cpansand/.cpan/build/2018070604/Test-Unit-0.25-0/blib/lib/Test/Unit/TestSuite.pm line 15.\n"
# - "# TIME-SUMMARY\n"
# + "# Compilation failed in require at /home/cpansand/.cpan/build/2018070604/Test-Unit-0.25-0/blib/lib/Test/Unit/Loader.pm line 7.\n"
# - "# \n"
# + "# BEGIN failed--compilation aborted at /home/cpansand/.cpan/build/2018070604/Test-Unit-0.25-0/blib/lib/Test/Unit/Loader.pm line 7.\n"
# - "# !!!FAILURES!!!\n"
# + "# Compilation failed in require at /home/cpansand/.cpan/build/2018070604/Test-Unit-0.25-0/blib/lib/Test/Unit/Listener.pm line 2.\n"
# - "# Test Results:\n"
# + "# BEGIN failed--compilation aborted at /home/cpansand/.cpan/build/2018070604/Test-Unit-0.25-0/blib/lib/Test/Unit/Listener.pm line 2.\n"
# - "# Run: 2, Failures: 1, Errors: 0\n"
# + "# Compilation failed in require at /usr/perl5.22.4p/lib/5.22.4/base.pm line 137.\n"
# - "# \n"
# + "# \t...propagated at /usr/perl5.22.4p/lib/5.22.4/base.pm line 159.\n"
# - "# There was 1 failure:\n"
# + "# BEGIN failed--compilation aborted at /home/cpansand/.cpan/build/2018070604/Test-Unit-0.25-0/blib/lib/Test/Unit/Runner.pm line 25.\n"
# - "# 1) examples/fail_example.pm:19 - test_fail(fail_example)\n"
# + "# Compilation failed in require at /usr/perl5.22.4p/lib/5.22.4/base.pm line 137.\n"
# - "# Born to lose ...\n"
# + "# \t...propagated at /usr/perl5.22.4p/lib/5.22.4/base.pm line 159.\n"
# - "# \n"
# + "# BEGIN failed--compilation aborted at /home/cpansand/.cpan/build/2018070604/Test-Unit-0.25-0/blib/lib/Test/Unit/TestRunner.pm line 4.\n"
# - "# Test was not successful.\n"
# + "# Compilation failed in require at ./TestRunner.pl line 6.\n"
# Got 1 extra line at line 15:
# + "# BEGIN failed--compilation aborted at ./TestRunner.pl line 6.\n"
# t/try_examples.t line 106 is: ok($out, $guru_checked{$e});
# Test 2 got: "Can't use 'defined(@array)' (Maybe you should just omit the defined()?) at /home/cpansand/.cpan/build/2018070604/Test-Unit-0.25-0/blib/lib/Test/Unit/TestCase.pm line 106.\n# Compilation failed in require at /home/cpansand/.cpan/build/2018070604/Test-Unit-0.25-0/blib/lib/Test/Unit/TestSuite.pm line 15.\n# BEGIN failed--compilation aborted at /home/cpansand/.cpan/build/2018070604/Test-Unit-0.25-0/blib/lib/Test/Unit/TestSuite.pm line 15.\n# Compilation failed in require at /home/cpansand/.cpan/build/2018070604/Test-Unit-0.25-0/blib/lib/Test/Unit/Procedural.pm line 5.\n# BEGIN failed--compilation aborted at /home/cpansand/.cpan/build/2018070604/Test-Unit-0.25-0/blib/lib/Test/Unit/Procedural.pm line 5.\n# Compilation failed in require at examples/patch100132 line 6.\n# BEGIN failed--compilation aborted at examples/patch100132 line 6.\n# " (t/try_examples.t at line 106 fail #2)
# Expected: "...\n# TIME-SUMMARY\n# \n# OK (3 tests)\n# "
# Lines 1-4 are changed:
# - "...\n"
# + "Can't use 'defined(@array)' (Maybe you should just omit the defined()?) at /home/cpansand/.cpan/build/2018070604/Test-Unit-0.25-0/blib/lib/Test/Unit/TestCase.pm line 106.\n"
# - "# TIME-SUMMARY\n"
# + "# Compilation failed in require at /home/cpansand/.cpan/build/2018070604/Test-Unit-0.25-0/blib/lib/Test/Unit/TestSuite.pm line 15.\n"
# - "# \n"
# + "# BEGIN failed--compilation aborted at /home/cpansand/.cpan/build/2018070604/Test-Unit-0.25-0/blib/lib/Test/Unit/TestSuite.pm line 15.\n"
# - "# OK (3 tests)\n"
# + "# Compilation failed in require at /home/cpansand/.cpan/build/2018070604/Test-Unit-0.25-0/blib/lib/Test/Unit/Procedural.pm line 5.\n"
# Got 3 extra lines at line 5:
# + "# BEGIN failed--compilation aborted at /home/cpansand/.cpan/build/2018070604/Test-Unit-0.25-0/blib/lib/Test/Unit/Procedural.pm line 5.\n"
# + "# Compilation failed in require at examples/patch100132 line 6.\n"
# + "# BEGIN failed--compilation aborted at examples/patch100132 line 6.\n"
# Test 3 got: "Can't use 'defined(@array)' (Maybe you should just omit the defined()?) at /home/cpansand/.cpan/build/2018070604/Test-Unit-0.25-0/blib/lib/Test/Unit/TestCase.pm line 106.\n# Compilation failed in require at /home/cpansand/.cpan/build/2018070604/Test-Unit-0.25-0/blib/lib/Test/Unit/TestSuite.pm line 15.\n# BEGIN failed--compilation aborted at /home/cpansand/.cpan/build/2018070604/Test-Unit-0.25-0/blib/lib/Test/Unit/TestSuite.pm line 15.\n# Compilation failed in require at /home/cpansand/.cpan/build/2018070604/Test-Unit-0.25-0/blib/lib/Test/Unit/Procedural.pm line 5.\n# BEGIN failed--compilation aborted at /home/cpansand/.cpan/build/2018070604/Test-Unit-0.25-0/blib/lib/Test/Unit/Procedural.pm line 5.\n# Compilation failed in require at examples/patch100132-1 line 6.\n# BEGIN failed--compilation aborted at examples/patch100132-1 line 6.\n# " (t/try_examples.t at line 106 fail #3)
# Expected: "...\n# TIME-SUMMARY\n# \n# OK (3 tests)\n# "
# Lines 1-4 are changed:
# - "...\n"
# + "Can't use 'defined(@array)' (Maybe you should just omit the defined()?) at /home/cpansand/.cpan/build/2018070604/Test-Unit-0.25-0/blib/lib/Test/Unit/TestCase.pm line 106.\n"
# - "# TIME-SUMMARY\n"
# + "# Compilation failed in require at /home/cpansand/.cpan/build/2018070604/Test-Unit-0.25-0/blib/lib/Test/Unit/TestSuite.pm line 15.\n"
# - "# \n"
# + "# BEGIN failed--compilation aborted at /home/cpansand/.cpan/build/2018070604/Test-Unit-0.25-0/blib/lib/Test/Unit/TestSuite.pm line 15.\n"
# - "# OK (3 tests)\n"
# + "# Compilation failed in require at /home/cpansand/.cpan/build/2018070604/Test-Unit-0.25-0/blib/lib/Test/Unit/Procedural.pm line 5.\n"
# Got 3 extra lines at line 5:
# + "# BEGIN failed--compilation aborted at /home/cpansand/.cpan/build/2018070604/Test-Unit-0.25-0/blib/lib/Test/Unit/Procedural.pm line 5.\n"
# + "# Compilation failed in require at examples/patch100132-1 line 6.\n"
# + "# BEGIN failed--compilation aborted at examples/patch100132-1 line 6.\n"
# Test 4 got: "Can't use 'defined(@array)' (Maybe you should just omit the defined()?) at /home/cpansand/.cpan/build/2018070604/Test-Unit-0.25-0/blib/lib/Test/Unit/TestCase.pm line 106.\n# Compilation failed in require at /home/cpansand/.cpan/build/2018070604/Test-Unit-0.25-0/blib/lib/Test/Unit/TestSuite.pm line 15.\n# BEGIN failed--compilation aborted at /home/cpansand/.cpan/build/2018070604/Test-Unit-0.25-0/blib/lib/Test/Unit/TestSuite.pm line 15.\n# Compilation failed in require at /home/cpansand/.cpan/build/2018070604/Test-Unit-0.25-0/blib/lib/Test/Unit/Procedural.pm line 5.\n# BEGIN failed--compilation aborted at /home/cpansand/.cpan/build/2018070604/Test-Unit-0.25-0/blib/lib/Test/Unit/Procedural.pm line 5.\n# Compilation failed in require at examples/patch100132-2 line 6.\n# BEGIN failed--compilation aborted at examples/patch100132-2 line 6.\n# " (t/try_examples.t at line 106 fail #4)
# Expected: "...\n# TIME-SUMMARY\n# \n# OK (3 tests)\n# "
# Lines 1-4 are changed:
# - "...\n"
# + "Can't use 'defined(@array)' (Maybe you should just omit the defined()?) at /home/cpansand/.cpan/build/2018070604/Test-Unit-0.25-0/blib/lib/Test/Unit/TestCase.pm line 106.\n"
# - "# TIME-SUMMARY\n"
# + "# Compilation failed in require at /home/cpansand/.cpan/build/2018070604/Test-Unit-0.25-0/blib/lib/Test/Unit/TestSuite.pm line 15.\n"
# - "# \n"
# + "# BEGIN failed--compilation aborted at /home/cpansand/.cpan/build/2018070604/Test-Unit-0.25-0/blib/lib/Test/Unit/TestSuite.pm line 15.\n"
# - "# OK (3 tests)\n"
# + "# Compilation failed in require at /home/cpansand/.cpan/build/2018070604/Test-Unit-0.25-0/blib/lib/Test/Unit/Procedural.pm line 5.\n"
# Got 3 extra lines at line 5:
# + "# BEGIN failed--compilation aborted at /home/cpansand/.cpan/build/2018070604/Test-Unit-0.25-0/blib/lib/Test/Unit/Procedural.pm line 5.\n"
# + "# Compilation failed in require at examples/patch100132-2 line 6.\n"
# + "# BEGIN failed--compilation aborted at examples/patch100132-2 line 6.\n"
t/try_examples.t ..
Failed 4/4 subtests
Test Summary Report
-------------------
t/all_tests.t (Wstat: 65280 Tests: 0 Failed: 0)
Non-zero exit status: 255
Parse errors: No plan found in TAP output
t/assert.t (Wstat: 65280 Tests: 0 Failed: 0)
Non-zero exit status: 255
Parse errors: No plan found in TAP output
t/try_examples.t (Wstat: 0 Tests: 4 Failed: 4)
Failed tests: 1-4
Files=3, Tests=4, 1 wallclock secs ( 0.03 usr 0.01 sys + 0.27 cusr 0.12 csys = 0.43 CPU)
Result: FAIL
Failed 3/3 test programs. 4/4 subtests failed.
*** Error code 255
Stop.
make: stopped in /home/cpansand/.cpan/build/2018070604/Test-Unit-0.25-0
------------------------------
PREREQUISITES
------------------------------
Prerequisite modules loaded:
requires:
Module Need Have
------------------- ---- --------
base 1 2.22_01
Class::Inner 0 0.200001
Devel::Symdump 0 2.18
Error 0 0.17026
build_requires:
Module Need Have
------------------- ---- --------
ExtUtils::MakeMaker 0 7.34
------------------------------
ENVIRONMENT AND OTHER CONTEXT
------------------------------
Environment variables:
PATH = /usr/local/bin:/usr/bin:/bin:/usr/local/sbin:/usr/sbin:/sbin:/home/cpansand/bin/sh:/home/cpansand/bin:/usr/games:/home/cpansand/devel:/home/eserte/src/srezic-misc/scripts
PERL5LIB = /home/cpansand/.cpan/build/2018070604/Class-Inner-0.200001-0/blib/arch:/home/cpansand/.cpan/build/2018070604/Class-Inner-0.200001-0/blib/lib:/home/cpansand/.cpan/build/2018070604/Spreadsheet-WriteExcel-2.40-0/blib/arch:/home/cpansand/.cpan/build/2018070604/Spreadsheet-WriteExcel-2.40-0/blib/lib
PERL5OPT =
PERL5_CPANPLUS_IS_RUNNING = 27121
PERL5_CPAN_IS_RUNNING = 27121
PERL5_CPAN_IS_RUNNING_IN_RECURSION = 27088,27121
PERL_BATCH = yes
PERL_CANARY_STABILITY_NOPROMPT = 1
PERL_CPAN_REPORTER_CONFIG = /var/tmp/cpansmoker-1023/2018070604/cpanreporter_000_config.ini
PERL_EXTUTILS_AUTOINSTALL = --defaultdeps
SHELL = /bin/sh
TMPDIR = /var/tmp/cpansmoker-1023/2018070604
Perl special variables (and OS-specific diagnostics, for MSWin32):
$^X = /usr/perl5.22.4p/bin/perl5.22.4
$UID/$EUID = 1023 / 1023
$GID = 1023 1023
$EGID = 1023 1023
Perl module toolchain versions installed:
Module Have
------------------- --------
CPAN 2.16
CPAN::Meta 2.150010
Cwd 3.74
ExtUtils::CBuilder 0.280230
ExtUtils::Command 7.34
ExtUtils::Install 2.06
ExtUtils::MakeMaker 7.34
ExtUtils::Manifest 1.70
ExtUtils::ParseXS 3.35
File::Spec 3.74
JSON 2.97001
JSON::PP 2.97001
Module::Build 0.4224
Module::Signature 0.81
Parse::CPAN::Meta 2.150010
Test::Harness 3.42
Test::More 1.302136
YAML 1.26
YAML::Syck 1.30
version 0.9924
--
Summary of my perl5 (revision 5 version 22 subversion 4) configuration:
Platform:
osname=freebsd, osvers=12.0-current, archname=amd64-freebsd
uname='freebsd ali1.bbbike.org 12.0-current freebsd 12.0-current #0 bd8385a990e(master)-dirty: fri nov 17 03:13:11 utc 2017 root@ali1.bbbike.org:usrobjhomeprojectsfreebsdamd64.amd64sysgeneric-nodebug amd64 '
config_args='-ds -e -Dprefix=/usr/perl5.22.4p -Dcf_email=srezic@cpan.org -Doptimize=-O2 -pipe'
hint=recommended, useposix=true, d_sigaction=define
useithreads=undef, usemultiplicity=undef
use64bitint=define, use64bitall=define, uselongdouble=undef
usemymalloc=n, bincompat5005=undef
Compiler:
cc='cc', ccflags ='-DHAS_FPSETMASK -DHAS_FLOATINGPOINT_H -fno-strict-aliasing -pipe -fstack-protector-strong -I/usr/local/include -D_FORTIFY_SOURCE=2',
optimize='-O2 -pipe',
cppflags='-DHAS_FPSETMASK -DHAS_FLOATINGPOINT_H -fno-strict-aliasing -pipe -fstack-protector-strong -I/usr/local/include'
ccversion='', gccversion='4.2.1 Compatible FreeBSD Clang 5.0.0 (tags/RELEASE_500/final 312559)', gccosandvers=''
intsize=4, longsize=8, ptrsize=8, doublesize=8, byteorder=12345678, doublekind=3
d_longlong=define, longlongsize=8, d_longdbl=define, longdblsize=16, longdblkind=3
ivtype='long', ivsize=8, nvtype='double', nvsize=8, Off_t='off_t', lseeksize=8
alignbytes=8, prototype=define
Linker and Libraries:
ld='cc', ldflags ='-pthread -Wl,-E -fstack-protector-strong -L/usr/local/lib'
libpth=/usr/lib /usr/local/lib /usr/lib/clang/5.0.0/lib /usr/lib
libs=-lpthread -lgdbm -lm -lcrypt -lutil -lc
perllibs=-lpthread -lm -lcrypt -lutil -lc
libc=, so=so, useshrplib=false, libperl=libperl.a
gnulibc_version=''
Dynamic Linking:
dlsrc=dl_dlopen.xs, dlext=so, d_dlsymun=undef, ccdlflags=' '
cccdlflags='-DPIC -fPIC', lddlflags='-shared -L/usr/local/lib -fstack-protector-strong'
Characteristics of this binary (from libperl):
Compile-time options: HAS_TIMES PERLIO_LAYERS PERL_DONT_CREATE_GVSV
PERL_HASH_FUNC_ONE_AT_A_TIME_HARD PERL_MALLOC_WRAP
PERL_NEW_COPY_ON_WRITE PERL_PRESERVE_IVUV
USE_64_BIT_ALL USE_64_BIT_INT USE_LARGE_FILES
USE_LOCALE USE_LOCALE_COLLATE USE_LOCALE_CTYPE
USE_LOCALE_NUMERIC USE_LOCALE_TIME USE_PERLIO
USE_PERL_ATOF
Built under freebsd
Compiled at Nov 17 2017 05:53:55
%ENV:
PERL5LIB="/home/cpansand/.cpan/build/2018070604/Class-Inner-0.200001-0/blib/arch:/home/cpansand/.cpan/build/2018070604/Class-Inner-0.200001-0/blib/lib:/home/cpansand/.cpan/build/2018070604/Spreadsheet-WriteExcel-2.40-0/blib/arch:/home/cpansand/.cpan/build/2018070604/Spreadsheet-WriteExcel-2.40-0/blib/lib"
PERL5OPT=""
PERL5_CPANPLUS_IS_RUNNING="27121"
PERL5_CPAN_IS_RUNNING="27121"
PERL5_CPAN_IS_RUNNING_IN_RECURSION="27088,27121"
PERL_BATCH="yes"
PERL_CANARY_STABILITY_NOPROMPT="1"
PERL_CPAN_REPORTER_CONFIG="/var/tmp/cpansmoker-1023/2018070604/cpanreporter_000_config.ini"
PERL_EXTUTILS_AUTOINSTALL="--defaultdeps"
@INC:
/home/cpansand/.cpan/build/2018070604/Class-Inner-0.200001-0/blib/arch
/home/cpansand/.cpan/build/2018070604/Class-Inner-0.200001-0/blib/lib
/home/cpansand/.cpan/build/2018070604/Spreadsheet-WriteExcel-2.40-0/blib/arch
/home/cpansand/.cpan/build/2018070604/Spreadsheet-WriteExcel-2.40-0/blib/lib
/usr/perl5.22.4p/lib/site_perl/5.22.4/amd64-freebsd
/usr/perl5.22.4p/lib/site_perl/5.22.4
/usr/perl5.22.4p/lib/5.22.4/amd64-freebsd
/usr/perl5.22.4p/lib/5.22.4
.