Passwd-Keyring-PWSafe3 v1.0000 Perl 5 v5.24.0 MSWin32-x86-multi-thread
- Status
- Fail
- From
- Alexandr Ciornii (CHORNY)
- Dist
-
Passwd-Keyring-PWSafe3 v1.0000
- Platform
- Perl 5 v5.24.0 MSWin32-x86-multi-thread
- Date
- 2020-07-07 19:36:57
- ID
- 33dfb974-6bf9-1014-8e8a-c7756d73e0d9
This distribution has been tested as part of the CPAN Testers
project, supporting the Perl programming language. See
http://wiki.cpantesters.org/ for more information or email
questions to cpan-testers-discuss@perl.org
--
Dear Marcin Kasperski,
This is a computer-generated report for Passwd-Keyring-PWSafe3-1.0000
on perl 5.24.0, created by CPAN-Reporter-1.2018.
Thank you for uploading your work to CPAN. However, there was a problem
testing your distribution.
If you think this report is invalid, please consult the CPAN Testers Wiki
for suggestions on how to avoid getting FAIL reports for missing library
or binary dependencies, unsupported operating systems, and so on:
http://wiki.cpantesters.org/wiki/CPANAuthorNotes
Sections of this report:
* Tester comments
* Program output
* Prerequisites
* Environment and other context
------------------------------
TESTER COMMENTS
------------------------------
Additional comments from tester:
this report is from an automated smoke testing program
and was not reviewed by a human for accuracy
------------------------------
PROGRAM OUTPUT
------------------------------
Output from 'C:\Strawberry240\perl\bin\perl.exe ./Build test':
# Testing Passwd::Keyring::PWSafe3 1.0000, Crypt::PWSafe3 1.22, Perl 5.024000, C:\Strawberry240\perl\bin\perl.exe
t\00-load.t .......................... ok
Could not move C:\STRAWB~1\cpan\build\Passwd-Keyring-PWSafe3-1.0000-0\t\.vaultYPakZSMu to C:\STRAWB~1\cpan\build\Passwd-Keyring-PWSafe3-1.0000-0\t\test.psafe3: Permission denied at C:\STRAWB~1\cpan\build\Passwd-Keyring-PWSafe3-1.0000-0\blib\lib/Passwd/Keyring/PWSafe3.pm line 314.
(in cleanup) Could not move C:\STRAWB~1\cpan\build\Passwd-Keyring-PWSafe3-1.0000-0\t\.vaultSofL9Qw9 to C:\STRAWB~1\cpan\build\Passwd-Keyring-PWSafe3-1.0000-0\t\test.psafe3: Permission denied at C:\STRAWB~1\cpan\build\Passwd-Keyring-PWSafe3-1.0000-0\blib\lib/Passwd/Keyring/PWSafe3.pm line 314.
# Looks like your test exited with 13 just after 1.
t\01-set-and-get.t ...................
Dubious, test returned 13 (wstat 3328, 0xd00)
Failed 7/8 subtests
t\02-is-persistent.t ................. ok
# No save, on purpose, destructor is to fire.
# 04-recovering-in-sep-prog.t is to recover saved data (in separate process).
(in cleanup) Could not move C:\STRAWB~1\cpan\build\Passwd-Keyring-PWSafe3-1.0000-0\t\.vault3cvHl1zK to C:\STRAWB~1\cpan\build\Passwd-Keyring-PWSafe3-1.0000-0\t\test.psafe3: Permission denied at C:\STRAWB~1\cpan\build\Passwd-Keyring-PWSafe3-1.0000-0\blib\lib/Passwd/Keyring/PWSafe3.pm line 314.
t\03-many-sets-and-gets.t ............ ok
# This assumes 03-many-sets-and-gets.t was run and filled C:\STRAWB~1\cpan\build\Passwd-Keyring-PWSafe3-1.0000-0\t\test.psafe3.
# Failed test 'Got password back -> get_password(Gregory, my@@realm)'
# at t\04-recovering-in-sep-prog.t line 33.
# got: undef
# expected: 'secret-Greg'
# Failed test 'Got password back -> get_password(Paul, my@@realm)'
# at t\04-recovering-in-sep-prog.t line 36.
# got: undef
# expected: 'secret-Paul2'
# Failed test 'Got password back -> get_password(Duke, my@@realm)'
# at t\04-recovering-in-sep-prog.t line 39.
# got: undef
# expected: 'secret-Duke'
# Failed test 'Cleared properly -> clear_password(Gregory, my@@realm)'
# at t\04-recovering-in-sep-prog.t line 42.
# Failed test 'Got password back -> get_password(Paul, other realm)'
# at t\04-recovering-in-sep-prog.t line 48.
# got: undef
# expected: 'secret-Paul2'
# Failed test 'Got password back -> get_password(Duke, my@@realm)'
# at t\04-recovering-in-sep-prog.t line 51.
# got: undef
# expected: 'secret-Duke'
# Failed test 'Cleared properly -> clear_password(Paul, other realm)'
# at t\04-recovering-in-sep-prog.t line 54.
# Failed test 'Cleared properly -> clear_password(Duke, my@@realm)'
# at t\04-recovering-in-sep-prog.t line 57.
# Looks like you failed 8 tests of 14.
t\04-recovering-in-sep-prog.t ........
Dubious, test returned 8 (wstat 2048, 0x800)
Failed 8/14 subtests
Could not move C:\STRAWB~1\cpan\build\Passwd-Keyring-PWSafe3-1.0000-0\t\.vaultfLz2UTjf to C:\STRAWB~1\cpan\build\Passwd-Keyring-PWSafe3-1.0000-0\t\test.psafe3: Permission denied at C:\STRAWB~1\cpan\build\Passwd-Keyring-PWSafe3-1.0000-0\blib\lib/Passwd/Keyring/PWSafe3.pm line 314.
(in cleanup) Could not move C:\STRAWB~1\cpan\build\Passwd-Keyring-PWSafe3-1.0000-0\t\.vaultwZaa2M5W to C:\STRAWB~1\cpan\build\Passwd-Keyring-PWSafe3-1.0000-0\t\test.psafe3: Permission denied at C:\STRAWB~1\cpan\build\Passwd-Keyring-PWSafe3-1.0000-0\blib\lib/Passwd/Keyring/PWSafe3.pm line 314.
# Looks like your test exited with 13 just after 5.
t\05-many-sets-and-gets-with-name.t ..
Dubious, test returned 13 (wstat 3328, 0xd00)
Failed 20/25 subtests
Could not move C:\STRAWB~1\cpan\build\Passwd-Keyring-PWSafe3-1.0000-0\t\.vaultHOvv4RpL to C:\STRAWB~1\cpan\build\Passwd-Keyring-PWSafe3-1.0000-0\t\test.psafe3: Permission denied at C:\STRAWB~1\cpan\build\Passwd-Keyring-PWSafe3-1.0000-0\blib\lib/Passwd/Keyring/PWSafe3.pm line 314.
(in cleanup) Could not move C:\STRAWB~1\cpan\build\Passwd-Keyring-PWSafe3-1.0000-0\t\.vaultsYtdnz21 to C:\STRAWB~1\cpan\build\Passwd-Keyring-PWSafe3-1.0000-0\t\test.psafe3: Permission denied at C:\STRAWB~1\cpan\build\Passwd-Keyring-PWSafe3-1.0000-0\blib\lib/Passwd/Keyring/PWSafe3.pm line 314.
# Looks like your test exited with 13 just after 4.
t\06-recovering-with-app-change.t ....
Dubious, test returned 13 (wstat 3328, 0xd00)
Failed 14/18 subtests
Could not move C:\STRAWB~1\cpan\build\Passwd-Keyring-PWSafe3-1.0000-0\t\.vaultBAnvt7Y2 to C:\STRAWB~1\cpan\build\Passwd-Keyring-PWSafe3-1.0000-0\t\test.psafe3: Permission denied at C:\STRAWB~1\cpan\build\Passwd-Keyring-PWSafe3-1.0000-0\blib\lib/Passwd/Keyring/PWSafe3.pm line 314.
(in cleanup) Could not move C:\STRAWB~1\cpan\build\Passwd-Keyring-PWSafe3-1.0000-0\t\.vaultiSKoTAS1 to C:\STRAWB~1\cpan\build\Passwd-Keyring-PWSafe3-1.0000-0\t\test.psafe3: Permission denied at C:\STRAWB~1\cpan\build\Passwd-Keyring-PWSafe3-1.0000-0\blib\lib/Passwd/Keyring/PWSafe3.pm line 314.
# Looks like your test exited with 13 just after 1.
t\07-ugly-chars.t ....................
Dubious, test returned 13 (wstat 3328, 0xd00)
Failed 3/4 subtests
Could not move C:\STRAWB~1\cpan\build\Passwd-Keyring-PWSafe3-1.0000-0\t\.vaultM7UsZQOW to C:\STRAWB~1\cpan\build\Passwd-Keyring-PWSafe3-1.0000-0\t\test.psafe3: Permission denied at C:\STRAWB~1\cpan\build\Passwd-Keyring-PWSafe3-1.0000-0\blib\lib/Passwd/Keyring/PWSafe3.pm line 314.
(in cleanup) Could not move C:\STRAWB~1\cpan\build\Passwd-Keyring-PWSafe3-1.0000-0\t\.vaultGtxjnTcF to C:\STRAWB~1\cpan\build\Passwd-Keyring-PWSafe3-1.0000-0\t\test.psafe3: Permission denied at C:\STRAWB~1\cpan\build\Passwd-Keyring-PWSafe3-1.0000-0\blib\lib/Passwd/Keyring/PWSafe3.pm line 314.
# Looks like your test exited with 13 just after 3.
t\08-verylong-params.t ...............
Dubious, test returned 13 (wstat 3328, 0xd00)
Failed 3/6 subtests
t\09-using-fresh-file.t .............. ok
# Consider spawning Password Safe GUI to check how test.psafe3 looks like and whether it differs from sampledb/test.psafe3. Master password is 10101010
t\99-note.t .......................... ok
t\cpan-meta-json.t ................... ok
t\cpan-meta.t ........................ ok
t\kwalitee.t ......................... skipped: these tests are for release candidate testing
t\manifest.t ......................... skipped: Author tests not required for installation
t\pod-coverage.t ..................... ok
t\pod.t .............................. ok
Test Summary Report
-------------------
t\01-set-and-get.t (Wstat: 3328 Tests: 1 Failed: 0)
Non-zero exit status: 13
Parse errors: Bad plan. You planned 8 tests but ran 1.
t\04-recovering-in-sep-prog.t (Wstat: 2048 Tests: 14 Failed: 8)
Failed tests: 3-6, 8-11
Non-zero exit status: 8
t\05-many-sets-and-gets-with-name.t (Wstat: 3328 Tests: 5 Failed: 0)
Non-zero exit status: 13
Parse errors: Bad plan. You planned 25 tests but ran 5.
t\06-recovering-with-app-change.t (Wstat: 3328 Tests: 4 Failed: 0)
Non-zero exit status: 13
Parse errors: Bad plan. You planned 18 tests but ran 4.
t\07-ugly-chars.t (Wstat: 3328 Tests: 1 Failed: 0)
Non-zero exit status: 13
Parse errors: Bad plan. You planned 4 tests but ran 1.
t\08-verylong-params.t (Wstat: 3328 Tests: 3 Failed: 0)
Non-zero exit status: 13
Parse errors: Bad plan. You planned 6 tests but ran 3.
Files=17, Tests=61, 8 wallclock secs ( 0.06 usr + 0.07 sys = 0.13 CPU)
Result: FAIL
Failed 6/17 test programs. 8/61 subtests failed.
------------------------------
PREREQUISITES
------------------------------
Prerequisite modules loaded:
requires:
Module Need Have
--------------------- -------- --------
Bytes::Random::Secure 0.09 0.29
Crypt::PWSafe3 1.15 1.22
File::HomeDir 0 1.00
File::ShareDir 1.00 1.102
perl 5.009002 5.024000
Term::ReadKey 0 2.37
build_requires:
Module Need Have
--------------------- -------- --------
Module::Build 0.36 0.4220
Pod::Markdown 2.0 3.005
Pod::Readme 1.001002 v1.1.2
Test::More 0 1.302073
Test::Pod::Coverage 1.0 1.10
configure_requires:
Module Need Have
--------------------- -------- --------
Module::Build 0.36 0.4220
------------------------------
ENVIRONMENT AND OTHER CONTEXT
------------------------------
Environment variables:
AUTOMATED_TESTING = 1
COMSPEC = C:\WINDOWS\system32\cmd.exe
NUMBER_OF_PROCESSORS = 1
PATH = C:\WINDOWS\system32;C:\WINDOWS;C:\WINDOWS\System32\Wbem;C:\Git\cmd;C:\Strawberry240\c\bin;C:\Strawberry240\perl\site\bin;C:\Strawberry240\perl\bin
PERL5LIB = C:\STRAWB~1\cpan\build\Crypt-PWSafe3-1.22-0/blib/arch;C:\STRAWB~1\cpan\build\Crypt-PWSafe3-1.22-0/blib/lib;C:\STRAWB~1\cpan\build\Shell-0.73-0/blib/arch;C:\STRAWB~1\cpan\build\Shell-0.73-0/blib/lib;C:\STRAWB~1\cpan\build\Crypt-ECB-2.22-0/blib/arch;C:\STRAWB~1\cpan\build\Crypt-ECB-2.22-0/blib/lib
PERL5OPT =
PERL5_CPANPLUS_IS_RUNNING = 760
PERL5_CPAN_IS_RUNNING = 760
PERL5_CPAN_IS_RUNNING_IN_RECURSION = 1444,760
PERL_CR_SMOKER_CURRENT = Passwd-Keyring-PWSafe3-1.0000
PERL_CR_SMOKER_RUNONCE = 1
PERL_EXTUTILS_AUTOINSTALL = --defaultdeps
PERL_HASH_SEED = 0x11111111
PERL_MM_USE_DEFAULT = 1
PROCESSOR_IDENTIFIER = x86 Family 16 Model 5 Stepping 3, AuthenticAMD
TEMP = C:\DOCUME~1\a\LOCALS~1\Temp
Perl special variables (and OS-specific diagnostics, for MSWin32):
$^X = C:\Strawberry240\perl\bin\perl.exe
$UID/$EUID = 0 / 0
$GID = 0
$EGID = 0
Win32::GetOSName = WinXP/.Net
Win32::GetOSVersion = Service Pack 3, 5, 1, 2600, 2, 3, 0, 256, 1
Win32::FsType = NTFS
Win32::IsAdminUser = 1
Perl module toolchain versions installed:
Module Have
------------------- --------
CPAN 2.14
CPAN::Meta 2.150010
Cwd 3.63
ExtUtils::CBuilder 0.280225
ExtUtils::Command 7.24
ExtUtils::Install 2.04
ExtUtils::MakeMaker 7.24
ExtUtils::Manifest 1.70
ExtUtils::ParseXS 3.31
File::Spec 3.63
JSON 2.90
JSON::PP 2.27400
Module::Build 0.4220
Module::Signature 0.81
Parse::CPAN::Meta 2.150010
Test::Harness 3.36
Test::More 1.302073
YAML 1.21
YAML::Syck 1.29
version 0.9917
--
Summary of my perl5 (revision 5 version 24 subversion 0) configuration:
Platform:
osname=MSWin32, osvers=4.0, archname=MSWin32-x86-multi-thread
uname='Win32 strawberry-perl 5.24.0.1-beta1 #1 Thu Dec 29 16:46:05 2016 i386'
config_args='undef'
hint=recommended, useposix=true, d_sigaction=undef
useithreads=define, usemultiplicity=define
use64bitint=undef, use64bitall=undef, uselongdouble=undef
usemymalloc=n, bincompat5005=undef
Compiler:
cc='gcc', ccflags =' -s -O2 -DWIN32 -DPERL_TEXTMODE_SCRIPTS -DPERL_IMPLICIT_CONTEXT -DPERL_IMPLICIT_SYS -fwrapv -fno-strict-aliasing -mms-bitfields',
optimize='-s -O2',
cppflags='-DWIN32'
ccversion='', gccversion='4.9.2', gccosandvers=''
intsize=4, longsize=4, ptrsize=4, doublesize=8, byteorder=1234, doublekind=3
d_longlong=define, longlongsize=8, d_longdbl=define, longdblsize=12, longdblkind=3
ivtype='long', ivsize=4, nvtype='double', nvsize=8, Off_t='long long', lseeksize=8
alignbytes=8, prototype=define
Linker and Libraries:
ld='g++', ldflags ='-s -L"C:\STRAWB~1\perl\lib\CORE" -L"C:\STRAWB~1\c\lib"'
libpth=C:\STRAWB~1\c\lib C:\STRAWB~1\c\i686-w64-mingw32\lib C:\STRAWB~1\c\lib\gcc\i686-w64-mingw32\4.9.2
libs=-lmoldname -lkernel32 -luser32 -lgdi32 -lwinspool -lcomdlg32 -ladvapi32 -lshell32 -lole32 -loleaut32 -lnetapi32 -luuid -lws2_32 -lmpr -lwinmm -lversion -lodbc32 -lodbccp32 -lcomctl32
perllibs=-lmoldname -lkernel32 -luser32 -lgdi32 -lwinspool -lcomdlg32 -ladvapi32 -lshell32 -lole32 -loleaut32 -lnetapi32 -luuid -lws2_32 -lmpr -lwinmm -lversion -lodbc32 -lodbccp32 -lcomctl32
libc=, so=dll, useshrplib=true, libperl=libperl524.a
gnulibc_version=''
Dynamic Linking:
dlsrc=dl_win32.xs, dlext=xs.dll, d_dlsymun=undef, ccdlflags=' '
cccdlflags=' ', lddlflags='-mdll -s -L"C:\STRAWB~1\perl\lib\CORE" -L"C:\STRAWB~1\c\lib"'
Characteristics of this binary (from libperl):
Compile-time options: HAS_TIMES HAVE_INTERP_INTERN MULTIPLICITY
PERLIO_LAYERS PERL_COPY_ON_WRITE
PERL_DONT_CREATE_GVSV
PERL_HASH_FUNC_ONE_AT_A_TIME_HARD
PERL_IMPLICIT_CONTEXT PERL_IMPLICIT_SYS
PERL_MALLOC_WRAP PERL_PRESERVE_IVUV USE_ITHREADS
USE_LARGE_FILES USE_LOCALE USE_LOCALE_COLLATE
USE_LOCALE_CTYPE USE_LOCALE_NUMERIC USE_LOCALE_TIME
USE_PERLIO USE_PERL_ATOF
Built under MSWin32
Compiled at Dec 29 2016 16:55:33
%ENV:
PERL5LIB="C:\STRAWB~1\cpan\build\Crypt-PWSafe3-1.22-0/blib/arch;C:\STRAWB~1\cpan\build\Crypt-PWSafe3-1.22-0/blib/lib;C:\STRAWB~1\cpan\build\Shell-0.73-0/blib/arch;C:\STRAWB~1\cpan\build\Shell-0.73-0/blib/lib;C:\STRAWB~1\cpan\build\Crypt-ECB-2.22-0/blib/arch;C:\STRAWB~1\cpan\build\Crypt-ECB-2.22-0/blib/lib"
PERL5_CPANPLUS_IS_RUNNING="760"
PERL5_CPAN_IS_RUNNING="760"
PERL5_CPAN_IS_RUNNING_IN_RECURSION="1444,760"
PERL_CR_SMOKER_CURRENT="Passwd-Keyring-PWSafe3-1.0000"
PERL_CR_SMOKER_RUNONCE="1"
PERL_EXTUTILS_AUTOINSTALL="--defaultdeps"
PERL_HASH_SEED="0x11111111"
PERL_MM_USE_DEFAULT="1"
@INC:
C:\STRAWB~1\cpan\build\Crypt-PWSafe3-1.22-0/blib/arch
C:\STRAWB~1\cpan\build\Crypt-PWSafe3-1.22-0/blib/lib
C:\STRAWB~1\cpan\build\Shell-0.73-0/blib/arch
C:\STRAWB~1\cpan\build\Shell-0.73-0/blib/lib
C:\STRAWB~1\cpan\build\Crypt-ECB-2.22-0/blib/arch
C:\STRAWB~1\cpan\build\Crypt-ECB-2.22-0/blib/lib
C:/Strawberry240/perl/site/lib
C:/Strawberry240/perl/vendor/lib
C:/Strawberry240/perl/lib
.