App-MARC-Leader v0.04 Perl 5 v5.28.1 amd64-freebsd

Status
Fail
From
Slaven Rezić
Dist
App-MARC-Leader v0.04
Platform
Perl 5 v5.28.1 amd64-freebsd
Date
2024-01-12T17:44:14
ID
33c9d578-b172-11ee-b85d-9be76d8775ea
This distribution has been tested as part of the CPAN Testers
project, supporting the Perl programming language.  See
http://wiki.cpantesters.org/ for more information or email
questions to cpan-testers-discuss@perl.org


--
Dear Michal Josef Spacek,

This is a computer-generated report for App-MARC-Leader-0.04
on perl 5.28.1, created by CPAN-Reporter-1.2019.

Thank you for uploading your work to CPAN.  However, there was a problem
testing your distribution.

If you think this report is invalid, please consult the CPAN Testers Wiki
for suggestions on how to avoid getting FAIL reports for missing library
or binary dependencies, unsupported operating systems, and so on:

http://wiki.cpantesters.org/wiki/CPANAuthorNotes

Sections of this report:

    * Tester comments
    * Program output
    * Prerequisites
    * Environment and other context

------------------------------
TESTER COMMENTS
------------------------------

Additional comments from tester:

none provided

------------------------------
PROGRAM OUTPUT
------------------------------

Output from '/usr/bin/make test':

PERL_DL_NONLAZY=1 "/usr/perl5.28.1p/bin/perl" "-MExtUtils::Command::MM" "-MTest::Harness" "-e" "undef *Test::Harness::Switches; test_harness(0, 'inc', 'blib/lib', 'blib/arch')" t/App-MARC-Leader/*.t
t/App-MARC-Leader/01-use.t ...... ok
t/App-MARC-Leader/02-version.t .. ok
t/App-MARC-Leader/03-new.t ...... ok

#   Failed test 'Process ex1.xml file.'
#   at t/App-MARC-Leader/04-run.t line 70.
# STDOUT is:
# Record length: 0
# Record status: New
# Type of record: Language material
# Bibliographic level: Monograph/Item
# Type of control: No specified type
# Character coding scheme: 
# Indicator count: Number of character positions used for indicators
# Subfield code count: Number of character positions used for a subfield code (2)
# Base address of data: 0
# Encoding level: Full level
# Descriptive cataloging form: Non-ISBD
# Multipart resource record level: Not specified or not applicable
# Length of the length-of-field portion: Number of characters in the length-of-field portion of a Directory entry (4)
# Length of the starting-character-position portion: Number of characters in the starting-character-position portion of a Directory entry (5)
# Length of the implementation-defined portion: Number of characters in the implementation-defined portion of a Directory entry (0)
# Undefined: Undefined
# 
# not:
# Record length: 0
# Record status: New
# Type of record: Language material
# Bibliographic level: Monograph/Item
# Type of control: No specified type
# Character coding scheme: UCS/Unicode
# Indicator count: Number of character positions used for indicators
# Subfield code count: Number of character positions used for a subfield code (2)
# Base address of data: 0
# Encoding level: Full level
# Descriptive cataloging form: Non-ISBD
# Multipart resource record level: Not specified or not applicable
# Length of the length-of-field portion: Number of characters in the length-of-field portion of a Directory entry (4)
# Length of the starting-character-position portion: Number of characters in the starting-character-position portion of a Directory entry (5)
# Length of the implementation-defined portion: Number of characters in the implementation-defined portion of a Directory entry (0)
# Undefined: Undefined
# 
# as expected

#   Failed test 'Process ex1.xml file (without description).'
#   at t/App-MARC-Leader/04-run.t line 103.
# STDOUT is:
# Record length: 0
# Record status: n
# Type of record: a
# Bibliographic level: m
# Type of control:  
# Character coding scheme: 
# Indicator count: 2
# Subfield code count: 2
# Base address of data: 0
# Encoding level:  
# Descriptive cataloging form:  
# Multipart resource record level:  
# Length of the length-of-field portion: 4
# Length of the starting-character-position portion: 5
# Length of the implementation-defined portion: 0
# Undefined: 0
# 
# not:
# Record length: 0
# Record status: n
# Type of record: a
# Bibliographic level: m
# Type of control:  
# Character coding scheme: a
# Indicator count: 2
# Subfield code count: 2
# Base address of data: 0
# Encoding level:  
# Descriptive cataloging form:  
# Multipart resource record level:  
# Length of the length-of-field portion: 4
# Length of the starting-character-position portion: 5
# Length of the implementation-defined portion: 0
# Undefined: 0
# 
# as expected

#   Failed test 'Process leader from string (without description).'
#   at t/App-MARC-Leader/04-run.t line 135.
# STDOUT is:
# Record length: 0
# Record status: n
# Type of record: a
# Bibliographic level: m
# Type of control:  
# Character coding scheme: 
# Indicator count: 2
# Subfield code count: 2
# Base address of data: 0
# Encoding level:  
# Descriptive cataloging form:  
# Multipart resource record level:  
# Length of the length-of-field portion: 4
# Length of the starting-character-position portion: 5
# Length of the implementation-defined portion: 0
# Undefined: 0
# 
# not:
# Record length: 0
# Record status: n
# Type of record: a
# Bibliographic level: m
# Type of control:  
# Character coding scheme: a
# Indicator count: 2
# Subfield code count: 2
# Base address of data: 0
# Encoding level:  
# Descriptive cataloging form:  
# Multipart resource record level:  
# Length of the length-of-field portion: 4
# Length of the starting-character-position portion: 5
# Length of the implementation-defined portion: 0
# Undefined: 0
# 
# as expected

#   Failed test 'no warnings'
#   at /usr/perl5.28.1p/lib/site_perl/5.28.1/Test/Builder.pm line 193.
# There were 4 warning(s)
# 	Previous test 1 'Run help.'
# 	Use of uninitialized value $char_coding_scheme in hash element at /usr/perl5.28.1p/lib/site_perl/5.28.1/Data/MARC/Leader/Utils.pm line 118.
#  at /usr/perl5.28.1p/lib/site_perl/5.28.1/Data/MARC/Leader/Utils.pm line 118.
# 	Data::MARC::Leader::Utils::desc_char_coding_scheme(Data::MARC::Leader::Utils=HASH(0x80650c0f0), undef) called at (eval 34) line 1
# 	eval '$self->{\'_utils\'}->desc_char_coding_scheme($ret_value);' called at /usr/perl5.28.1p/lib/site_perl/5.28.1/MARC/Leader/Print.pm line 112
# 	MARC::Leader::Print::_print(MARC::Leader::Print=HASH(0x80650c018), Data::MARC::Leader=HASH(0x80650c168), "char_coding_scheme") called at /usr/perl5.28.1p/lib/site_perl/5.28.1/MARC/Leader/Print.pm line 68
# 	MARC::Leader::Print::print(MARC::Leader::Print=HASH(0x80650c018), Data::MARC::Leader=HASH(0x80650c168)) called at /home/cpansand/.cpan/build/2024011209/App-MARC-Leader-0.04-1/blib/lib/App/MARC/Leader.pm line 67
# 	App::MARC::Leader::run(App::MARC::Leader=HASH(0x806166d68)) called at t/App-MARC-Leader/04-run.t line 67
# 	main::__ANON__() called at /usr/perl5.28.1p/lib/site_perl/5.28.1/Test/Output.pm line 802
# 	Test::Output::__ANON__() called at /usr/perl5.28.1p/lib/site_perl/5.28.1/Capture/Tiny.pm line 382
# 	eval {...} called at /usr/perl5.28.1p/lib/site_perl/5.28.1/Capture/Tiny.pm line 382
# 	Capture::Tiny::_capture_tee(1, 0, 0, 0, CODE(0x8032e8eb8)) called at /usr/perl5.28.1p/lib/site_perl/5.28.1/Test/Output.pm line 803
# 	Test::Output::stdout_from(CODE(0x8063dfd20)) called at /usr/perl5.28.1p/lib/site_perl/5.28.1/Test/Output.pm line 155
# 	Test::Output::stdout_is(CODE(0x8063dfd20), "Record length: 0\x{a}Record status: New\x{a}Type of record: Language "..., "Process ex1.xml file.") called at t/App-MARC-Leader/04-run.t line 70
# 
# ----------
# 	Previous test 1 'Run help.'
# 	Use of uninitialized value in concatenation (.) or string at /usr/perl5.28.1p/lib/site_perl/5.28.1/MARC/Leader/Print.pm line 68.
#  at /usr/perl5.28.1p/lib/site_perl/5.28.1/MARC/Leader/Print.pm line 68.
# 	MARC::Leader::Print::print(MARC::Leader::Print=HASH(0x80650c018), Data::MARC::Leader=HASH(0x80650c168)) called at /home/cpansand/.cpan/build/2024011209/App-MARC-Leader-0.04-1/blib/lib/App/MARC/Leader.pm line 67
# 	App::MARC::Leader::run(App::MARC::Leader=HASH(0x806166d68)) called at t/App-MARC-Leader/04-run.t line 67
# 	main::__ANON__() called at /usr/perl5.28.1p/lib/site_perl/5.28.1/Test/Output.pm line 802
# 	Test::Output::__ANON__() called at /usr/perl5.28.1p/lib/site_perl/5.28.1/Capture/Tiny.pm line 382
# 	eval {...} called at /usr/perl5.28.1p/lib/site_perl/5.28.1/Capture/Tiny.pm line 382
# 	Capture::Tiny::_capture_tee(1, 0, 0, 0, CODE(0x8032e8eb8)) called at /usr/perl5.28.1p/lib/site_perl/5.28.1/Test/Output.pm line 803
# 	Test::Output::stdout_from(CODE(0x8063dfd20)) called at /usr/perl5.28.1p/lib/site_perl/5.28.1/Test/Output.pm line 155
# 	Test::Output::stdout_is(CODE(0x8063dfd20), "Record length: 0\x{a}Record status: New\x{a}Type of record: Language "..., "Process ex1.xml file.") called at t/App-MARC-Leader/04-run.t line 70
# 
# ----------
# 	Previous test 2 'Process ex1.xml file.'
# 	Use of uninitialized value in concatenation (.) or string at /usr/perl5.28.1p/lib/site_perl/5.28.1/MARC/Leader/Print.pm line 68.
#  at /usr/perl5.28.1p/lib/site_perl/5.28.1/MARC/Leader/Print.pm line 68.
# 	MARC::Leader::Print::print(MARC::Leader::Print=HASH(0x806371678), Data::MARC::Leader=HASH(0x806371708)) called at /home/cpansand/.cpan/build/2024011209/App-MARC-Leader-0.04-1/blib/lib/App/MARC/Leader.pm line 67
# 	App::MARC::Leader::run(App::MARC::Leader=HASH(0x806310de0)) called at t/App-MARC-Leader/04-run.t line 100
# 	main::__ANON__() called at /usr/perl5.28.1p/lib/site_perl/5.28.1/Test/Output.pm line 802
# 	Test::Output::__ANON__() called at /usr/perl5.28.1p/lib/site_perl/5.28.1/Capture/Tiny.pm line 382
# 	eval {...} called at /usr/perl5.28.1p/lib/site_perl/5.28.1/Capture/Tiny.pm line 382
# 	Capture::Tiny::_capture_tee(1, 0, 0, 0, CODE(0x8064f0fc0)) called at /usr/perl5.28.1p/lib/site_perl/5.28.1/Test/Output.pm line 803
# 	Test::Output::stdout_from(CODE(0x8064f0b10)) called at /usr/perl5.28.1p/lib/site_perl/5.28.1/Test/Output.pm line 155
# 	Test::Output::stdout_is(CODE(0x8064f0b10), "Record length: 0\x{a}Record status: n\x{a}Type of record: a\x{a}Bibliogra"..., "Process ex1.xml file (without description).") called at t/App-MARC-Leader/04-run.t line 103
# 
# ----------
# 	Previous test 3 'Process ex1.xml file (without description).'
# 	Use of uninitialized value in concatenation (.) or string at /usr/perl5.28.1p/lib/site_perl/5.28.1/MARC/Leader/Print.pm line 68.
#  at /usr/perl5.28.1p/lib/site_perl/5.28.1/MARC/Leader/Print.pm line 68.
# 	MARC::Leader::Print::print(MARC::Leader::Print=HASH(0x8063719d8), Data::MARC::Leader=HASH(0x806371a80)) called at /home/cpansand/.cpan/build/2024011209/App-MARC-Leader-0.04-1/blib/lib/App/MARC/Leader.pm line 67
# 	App::MARC::Leader::run(App::MARC::Leader=HASH(0x80650c978)) called at t/App-MARC-Leader/04-run.t line 132
# 	main::__ANON__() called at /usr/perl5.28.1p/lib/site_perl/5.28.1/Test/Output.pm line 802
# 	Test::Output::__ANON__() called at /usr/perl5.28.1p/lib/site_perl/5.28.1/Capture/Tiny.pm line 382
# 	eval {...} called at /usr/perl5.28.1p/lib/site_perl/5.28.1/Capture/Tiny.pm line 382
# 	Capture::Tiny::_capture_tee(1, 0, 0, 0, CODE(0x80650c198)) called at /usr/perl5.28.1p/lib/site_perl/5.28.1/Test/Output.pm line 803
# 	Test::Output::stdout_from(CODE(0x8064f0c78)) called at /usr/perl5.28.1p/lib/site_perl/5.28.1/Test/Output.pm line 155
# 	Test::Output::stdout_is(CODE(0x8064f0c78), "Record length: 0\x{a}Record status: n\x{a}Type of record: a\x{a}Bibliogra"..., "Process leader from string (without description).") called at t/App-MARC-Leader/04-run.t line 135
# 
# Looks like you failed 4 tests of 5.
t/App-MARC-Leader/04-run.t ...... 
Dubious, test returned 4 (wstat 1024, 0x400)
Failed 4/5 subtests 

Test Summary Report
-------------------
t/App-MARC-Leader/04-run.t    (Wstat: 1024 (exited 4) Tests: 5 Failed: 4)
  Failed tests:  2-5
  Non-zero exit status: 4
Files=4, Tests=12,  1 wallclock secs ( 0.02 usr  0.01 sys +  0.29 cusr  0.21 csys =  0.52 CPU)
Result: FAIL
Failed 1/4 test programs. 4/12 subtests failed.
*** Error code 4

Stop.
make: stopped in /home/cpansand/.cpan/build/2024011209/App-MARC-Leader-0.04-1

------------------------------
PREREQUISITES
------------------------------

Prerequisite modules loaded:

requires:

    Module                Need   Have    
    --------------------- ------ --------
    Class::Utils          0      0.14    
    Getopt::Std           0      1.12    
    MARC::File::XML       v1.0.4 1.0.5   
    MARC::Leader          0      0.03    
    MARC::Leader::Print   0.04   0.04    
    perl                  5.006  5.028001

build_requires:

    Module                Need   Have    
    --------------------- ------ --------
    English               0      1.10    
    ExtUtils::MakeMaker   6.59   7.70    
    File::Object          0      0.18    
    File::Spec::Functions 0      3.75    
    Test::More            0      1.302198
    Test::NoWarnings      0      1.04    
    Test::Output          0      1.033   

configure_requires:

    Module                Need   Have    
    --------------------- ------ --------
    ExtUtils::MakeMaker   6.59   7.70    


------------------------------
ENVIRONMENT AND OTHER CONTEXT
------------------------------

Environment variables:

    LC_ALL = de_DE.ISO8859-1
    PATH = /usr/local/bin:/usr/bin:/bin:/usr/local/sbin:/usr/sbin:/sbin:/home/cpansand/bin/freebsd10.3:/home/cpansand/bin/sh:/home/cpansand/bin:/usr/games:/home/cpansand/devel:/home/eserte/src/srezic-misc/scripts
    PERL5LIB = 
    PERL5OPT = 
    PERL5_CPANPLUS_IS_RUNNING = 20416
    PERL5_CPAN_IS_RUNNING = 20416
    PERL5_CPAN_IS_RUNNING_IN_RECURSION = 20102,20416
    PERLDOC = -MPod::Perldoc::ToTextOverstrike
    PERL_BATCH = yes
    PERL_CANARY_STABILITY_NOPROMPT = 1
    PERL_CPAN_REPORTER_CONFIG = /var/tmp/cpansmoker-1023/2024011209/cpanreporter_000_config.ini
    PERL_EXTUTILS_AUTOINSTALL = --defaultdeps
    PERL_USE_UNSAFE_INC = 1
    SHELL = /usr/local/bin/zsh
    TERM = screen
    TMPDIR = /var/tmp/cpansmoker-1023/2024011209

Perl special variables (and OS-specific diagnostics, for MSWin32):

    $^X = /usr/perl5.28.1p/bin/perl
    $UID/$EUID = 1023 / 1023
    $GID = 1023 1023
    $EGID = 1023 1023

Perl module toolchain versions installed:

    Module              Have    
    ------------------- --------
    CPAN                2.34    
    CPAN::Meta          2.150010
    Cwd                 3.75    
    ExtUtils::CBuilder  0.280236
    ExtUtils::Command   7.70    
    ExtUtils::Install   2.22    
    ExtUtils::MakeMaker 7.70    
    ExtUtils::Manifest  1.75    
    ExtUtils::ParseXS   3.51    
    File::Spec          3.75    
    JSON                4.10    
    JSON::PP            4.16    
    Module::Build       0.4234  
    Module::Signature   0.87    
    Parse::CPAN::Meta   2.150010
    Test2               1.302198
    Test::Harness       3.47    
    Test::More          1.302198
    YAML                1.30    
    YAML::Syck          1.34    
    version             0.9930  


--

Summary of my perl5 (revision 5 version 28 subversion 1) configuration:
   
  Platform:
    osname=freebsd
    osvers=10.3-release-p24
    archname=amd64-freebsd
    uname='freebsd cvrsnica-freebsd-101.herceg.de 10.3-release-p24 freebsd 10.3-release-p24 #0: wed nov 15 04:57:40 utc 2017 root@amd64-builder.daemonology.net:usrobjusrsrcsysgeneric amd64 '
    config_args='-ds -e -Dprefix=/usr/perl5.28.1p -Dcf_email=srezic@cpan.org -Doptimize=-O2 -pipe'
    hint=recommended
    useposix=true
    d_sigaction=define
    useithreads=undef
    usemultiplicity=undef
    use64bitint=define
    use64bitall=define
    uselongdouble=undef
    usemymalloc=n
    default_inc_excludes_dot=define
    bincompat5005=undef
  Compiler:
    cc='cc'
    ccflags ='-DHAS_FPSETMASK -DHAS_FLOATINGPOINT_H -fno-strict-aliasing -pipe -fstack-protector -I/usr/local/include -D_FORTIFY_SOURCE=2'
    optimize='-O2 -pipe'
    cppflags='-DHAS_FPSETMASK -DHAS_FLOATINGPOINT_H -fno-strict-aliasing -pipe -fstack-protector -I/usr/local/include'
    ccversion=''
    gccversion='4.2.1 Compatible FreeBSD Clang 3.4.1 (tags/RELEASE_34/dot1-final 208032)'
    gccosandvers=''
    intsize=4
    longsize=8
    ptrsize=8
    doublesize=8
    byteorder=12345678
    doublekind=3
    d_longlong=define
    longlongsize=8
    d_longdbl=define
    longdblsize=16
    longdblkind=3
    ivtype='long'
    ivsize=8
    nvtype='double'
    nvsize=8
    Off_t='off_t'
    lseeksize=8
    alignbytes=8
    prototype=define
  Linker and Libraries:
    ld='cc'
    ldflags ='-pthread -Wl,-E  -fstack-protector -L/usr/local/lib'
    libpth=/usr/lib /usr/local/lib /usr/include/clang/3.4.1 /usr/lib
    libs=-lpthread -lgdbm -lm -lcrypt -lutil -lc -lelf
    perllibs=-lpthread -lm -lcrypt -lutil -lc -lelf
    libc=
    so=so
    useshrplib=false
    libperl=libperl.a
    gnulibc_version=''
  Dynamic Linking:
    dlsrc=dl_dlopen.xs
    dlext=so
    d_dlsymun=undef
    ccdlflags=' '
    cccdlflags='-DPIC -fPIC'
    lddlflags='-shared  -L/usr/local/lib -fstack-protector'


Characteristics of this binary (from libperl): 
  Compile-time options:
    HAS_TIMES
    PERLIO_LAYERS
    PERL_COPY_ON_WRITE
    PERL_DONT_CREATE_GVSV
    PERL_MALLOC_WRAP
    PERL_OP_PARENT
    PERL_PRESERVE_IVUV
    USE_64_BIT_ALL
    USE_64_BIT_INT
    USE_LARGE_FILES
    USE_LOCALE
    USE_LOCALE_COLLATE
    USE_LOCALE_CTYPE
    USE_LOCALE_NUMERIC
    USE_LOCALE_TIME
    USE_PERLIO
    USE_PERL_ATOF
  Built under freebsd
  Compiled at Dec 12 2018 23:03:41
  %ENV:
    PERL5LIB=""
    PERL5OPT=""
    PERL5_CPANPLUS_IS_RUNNING="20416"
    PERL5_CPAN_IS_RUNNING="20416"
    PERL5_CPAN_IS_RUNNING_IN_RECURSION="20102,20416"
    PERLDOC="-MPod::Perldoc::ToTextOverstrike"
    PERL_BATCH="yes"
    PERL_CANARY_STABILITY_NOPROMPT="1"
    PERL_CPAN_REPORTER_CONFIG="/var/tmp/cpansmoker-1023/2024011209/cpanreporter_000_config.ini"
    PERL_EXTUTILS_AUTOINSTALL="--defaultdeps"
    PERL_USE_UNSAFE_INC="1"
  @INC:
    /usr/perl5.28.1p/lib/site_perl/5.28.1/amd64-freebsd
    /usr/perl5.28.1p/lib/site_perl/5.28.1
    /usr/perl5.28.1p/lib/5.28.1/amd64-freebsd
    /usr/perl5.28.1p/lib/5.28.1
    .