App-ListSoftwareLicenses v0.07 Perl 5 v5.26.0 amd64-freebsd
- Status
- Fail
- From
- Slaven Rezić (SREZIC)
- Dist
-
App-ListSoftwareLicenses v0.07
- Platform
- Perl 5 v5.26.0 amd64-freebsd
- Date
- 2018-06-02 08:30:26
- ID
- 332d02b8-663f-11e8-92a4-c6e2cef5431d
This distribution has been tested as part of the CPAN Testers
project, supporting the Perl programming language. See
http://wiki.cpantesters.org/ for more information or email
questions to cpan-testers-discuss@perl.org
--
Dear perlancar,
This is a computer-generated report for App-ListSoftwareLicenses-0.07
on perl 5.26.0, created by CPAN-Reporter-1.2018.
Thank you for uploading your work to CPAN. However, there was a problem
testing your distribution.
If you think this report is invalid, please consult the CPAN Testers Wiki
for suggestions on how to avoid getting FAIL reports for missing library
or binary dependencies, unsupported operating systems, and so on:
http://wiki.cpantesters.org/wiki/CPANAuthorNotes
Sections of this report:
* Tester comments
* Program output
* Prerequisites
* Environment and other context
------------------------------
TESTER COMMENTS
------------------------------
Additional comments from tester:
none provided
------------------------------
PROGRAM OUTPUT
------------------------------
Output from '/usr/bin/make test':
PERL_DL_NONLAZY=1 "/usr/perl5.26.0p/bin/perl5.26.0" "-MExtUtils::Command::MM" "-MTest::Harness" "-e" "undef *Test::Harness::Switches; test_harness(0, 'blib/lib', 'blib/arch')" t/*.t
# Failed test 'App/ListSoftwareLicenses.pm loaded ok'
# at t/00-compile.t line 39.
# got: '65280'
# expected: '0'
couldn't build LICENSE section at /usr/perl5.26.0p/lib/site_perl/5.26.0/Software/License.pm line 150, <DATA> line 675.
Software::License::_fill_in(Software::License::LGPL_2=HASH(0x45b9cf48), "LICENSE") called at /usr/perl5.26.0p/lib/site_perl/5.26.0/Software/License.pm line 82
Software::License::license(Software::License::LGPL_2=HASH(0x45b9cf48)) called at /home/cpansand/.cpan/build/2018060209/App-ListSoftwareLicenses-0.07-0/blib/lib/App/ListSoftwareLicenses.pm line 91
App::ListSoftwareLicenses::__ANON__() called at /usr/perl5.26.0p/lib/site_perl/5.26.0/CHI/Driver.pm line 546
CHI::Driver::compute(CHI::Driver::File__WITH__CHI::Driver::Role::Universal=HASH(0x420fcd80), "software_licenses", "24 hours", CODE(0x45b336a8)) called at /home/cpansand/.cpan/build/2018060209/App-ListSoftwareLicenses-0.07-0/blib/lib/App/ListSoftwareLicenses.pm line 94
require App/ListSoftwareLicenses.pm called at -e line 1
Compilation failed in require at -e line 1, <DATA> line 675.
# Looks like you failed 1 test of 2.
t/00-compile.t ............
Dubious, test returned 1 (wstat 256, 0x100)
Failed 1/2 subtests
t/release-pod-coverage.t .. skipped: these tests are for release candidate testing
t/release-pod-syntax.t .... skipped: these tests are for release candidate testing
t/release-rinci.t ......... skipped: these tests are for release candidate testing
Test Summary Report
-------------------
t/00-compile.t (Wstat: 256 Tests: 2 Failed: 1)
Failed test: 1
Non-zero exit status: 1
Files=4, Tests=2, 2 wallclock secs ( 0.00 usr 0.03 sys + 0.05 cusr 0.46 csys = 0.55 CPU)
Result: FAIL
Failed 1/4 test programs. 1/2 subtests failed.
*** Error code 255
Stop.
make: stopped in /home/cpansand/.cpan/build/2018060209/App-ListSoftwareLicenses-0.07-0
------------------------------
PREREQUISITES
------------------------------
Prerequisite modules loaded:
requires:
Module Need Have
------------------------------ -------- --------
CHI 0 0.60
experimental 0 0.019
Module::List 0 0.004
Perinci::CmdLine::Any 0 0.14
Perinci::Sub::Gen::AccessTable 0.46 0.55
perl 5.010001 5.026000
Software::License 0 0.103012
build_requires:
Module Need Have
------------------------------ -------- --------
ExtUtils::MakeMaker 0 7.34
File::Spec 0 3.74
IO::Handle 0 1.39
IPC::Open3 0 1.20
Test::More 0 1.302136
configure_requires:
Module Need Have
------------------------------ -------- --------
ExtUtils::MakeMaker 0 7.34
Perl::osnames 0.09 0.11
------------------------------
ENVIRONMENT AND OTHER CONTEXT
------------------------------
Environment variables:
LC_ALL = de_DE.ISO8859-1
PATH = /usr/local/bin:/usr/bin:/bin:/usr/local/sbin:/usr/sbin:/sbin:/home/cpansand/bin/freebsd10.3:/home/cpansand/bin/sh:/home/cpansand/bin:/usr/games:/home/cpansand/devel:/home/eserte/src/srezic-misc/scripts
PERL5LIB =
PERL5OPT =
PERL5_CPANPLUS_IS_RUNNING = 65195
PERL5_CPAN_IS_RUNNING = 65195
PERL5_CPAN_IS_RUNNING_IN_RECURSION = 16940,65195
PERLDOC = -MPod::Perldoc::ToTextOverstrike
PERL_BATCH = yes
PERL_CANARY_STABILITY_NOPROMPT = 1
PERL_CPAN_REPORTER_CONFIG = /var/tmp/cpansmoker-1023/2018060208/cpanreporter_000_config.ini
PERL_EXTUTILS_AUTOINSTALL = --defaultdeps
PERL_USE_UNSAFE_INC = 1
SHELL = /usr/local/bin/zsh
TERM = screen
TMPDIR = /var/tmp/cpansmoker-1023/2018060208
Perl special variables (and OS-specific diagnostics, for MSWin32):
$^X = /usr/perl5.26.0p/bin/perl5.26.0
$UID/$EUID = 1023 / 1023
$GID = 1023 1023
$EGID = 1023 1023
Perl module toolchain versions installed:
Module Have
------------------- --------
CPAN 2.18
CPAN::Meta 2.150010
Cwd 3.74
ExtUtils::CBuilder 0.280230
ExtUtils::Command 7.34
ExtUtils::Install 2.14
ExtUtils::MakeMaker 7.34
ExtUtils::Manifest 1.70
ExtUtils::ParseXS 3.34
File::Spec 3.74
JSON 2.97001
JSON::PP 2.94
Module::Build 0.4224
Module::Signature 0.81
Parse::CPAN::Meta 2.150010
Test::Harness 3.42
Test::More 1.302136
YAML 1.25
YAML::Syck 1.30
version 0.9922
--
Summary of my perl5 (revision 5 version 26 subversion 0) configuration:
Platform:
osname=freebsd
osvers=10.3-release-p11
archname=amd64-freebsd
uname='freebsd cvrsnica-freebsd-101.herceg.de 10.3-release-p11 freebsd 10.3-release-p11 #0: mon oct 24 18:49:24 utc 2016 root@amd64-builder.daemonology.net:usrobjusrsrcsysgeneric amd64 '
config_args='-ds -e -Dprefix=/usr/perl5.26.0p -Dcf_email=srezic@cpan.org -Doptimize=-O2 -pipe'
hint=recommended
useposix=true
d_sigaction=define
useithreads=undef
usemultiplicity=undef
use64bitint=define
use64bitall=define
uselongdouble=undef
usemymalloc=n
default_inc_excludes_dot=define
bincompat5005=undef
Compiler:
cc='cc'
ccflags ='-DHAS_FPSETMASK -DHAS_FLOATINGPOINT_H -fno-strict-aliasing -pipe -fstack-protector -I/usr/local/include -D_FORTIFY_SOURCE=2'
optimize='-O2 -pipe'
cppflags='-DHAS_FPSETMASK -DHAS_FLOATINGPOINT_H -fno-strict-aliasing -pipe -fstack-protector -I/usr/local/include'
ccversion=''
gccversion='4.2.1 Compatible FreeBSD Clang 3.4.1 (tags/RELEASE_34/dot1-final 208032)'
gccosandvers=''
intsize=4
longsize=8
ptrsize=8
doublesize=8
byteorder=12345678
doublekind=3
d_longlong=define
longlongsize=8
d_longdbl=define
longdblsize=16
longdblkind=3
ivtype='long'
ivsize=8
nvtype='double'
nvsize=8
Off_t='off_t'
lseeksize=8
alignbytes=8
prototype=define
Linker and Libraries:
ld='cc'
ldflags ='-pthread -Wl,-E -fstack-protector -L/usr/local/lib'
libpth=/usr/lib /usr/local/lib /usr/include/clang/3.4.1 /usr/lib
libs=-lpthread -lgdbm -lm -lcrypt -lutil -lc -lelf
perllibs=-lpthread -lm -lcrypt -lutil -lc -lelf
libc=
so=so
useshrplib=false
libperl=libperl.a
gnulibc_version=''
Dynamic Linking:
dlsrc=dl_dlopen.xs
dlext=so
d_dlsymun=undef
ccdlflags=' '
cccdlflags='-DPIC -fPIC'
lddlflags='-shared -L/usr/local/lib -fstack-protector'
Characteristics of this binary (from libperl):
Compile-time options:
HAS_TIMES
PERLIO_LAYERS
PERL_COPY_ON_WRITE
PERL_DONT_CREATE_GVSV
PERL_MALLOC_WRAP
PERL_OP_PARENT
PERL_PRESERVE_IVUV
USE_64_BIT_ALL
USE_64_BIT_INT
USE_LARGE_FILES
USE_LOCALE
USE_LOCALE_COLLATE
USE_LOCALE_CTYPE
USE_LOCALE_NUMERIC
USE_LOCALE_TIME
USE_PERLIO
USE_PERL_ATOF
Built under freebsd
Compiled at Jun 3 2017 22:58:33
%ENV:
PERL5LIB=""
PERL5OPT=""
PERL5_CPANPLUS_IS_RUNNING="65195"
PERL5_CPAN_IS_RUNNING="65195"
PERL5_CPAN_IS_RUNNING_IN_RECURSION="16940,65195"
PERLDOC="-MPod::Perldoc::ToTextOverstrike"
PERL_BATCH="yes"
PERL_CANARY_STABILITY_NOPROMPT="1"
PERL_CPAN_REPORTER_CONFIG="/var/tmp/cpansmoker-1023/2018060208/cpanreporter_000_config.ini"
PERL_EXTUTILS_AUTOINSTALL="--defaultdeps"
PERL_USE_UNSAFE_INC="1"
@INC:
/usr/perl5.26.0p/lib/site_perl/5.26.0/amd64-freebsd
/usr/perl5.26.0p/lib/site_perl/5.26.0
/usr/perl5.26.0p/lib/5.26.0/amd64-freebsd
/usr/perl5.26.0p/lib/5.26.0
.