PDF-API2 v2.038 Perl 5 v5.33.3 amd64-netbsd-thread-multi

Status
Fail
From
Carlos Guevara
Dist
PDF-API2 v2.038
Platform
Perl 5 v5.33.3 amd64-netbsd-thread-multi
Date
2020-10-01 21:15:14
ID
32f19232-042b-11eb-8a7a-8550f3de9c9f
This distribution has been tested as part of the CPAN Testers
project, supporting the Perl programming language.  See
http://wiki.cpantesters.org/ for more information or email
questions to cpan-testers-discuss@perl.org


--
Dear Steve Simms,

This is a computer-generated report for PDF-API2-2.038
on perl 5.33.3, created by CPAN-Reporter-1.2018.

Thank you for uploading your work to CPAN.  However, there was a problem
testing your distribution.

If you think this report is invalid, please consult the CPAN Testers Wiki
for suggestions on how to avoid getting FAIL reports for missing library
or binary dependencies, unsupported operating systems, and so on:

http://wiki.cpantesters.org/wiki/CPANAuthorNotes

Sections of this report:

    * Tester comments
    * Program output
    * Prerequisites
    * Environment and other context

------------------------------
TESTER COMMENTS
------------------------------

Additional comments from tester:

this report is from an automated smoke testing program
and was not reviewed by a human for accuracy

------------------------------
PROGRAM OUTPUT
------------------------------

Output from '/usr/bin/make test':

PERL_DL_NONLAZY=1 "/home/cpan/bin/perl-blead/bin/perl5.33.3" "-MExtUtils::Command::MM" "-MTest::Harness" "-e" "undef *Test::Harness::Switches; test_harness(0, 'blib/lib', 'blib/arch')" t/*.t
t/00-all-usable.t ........... ok
t/01-basic.t ................ ok
t/02-xrefstm.t .............. ok
t/03-xrefstm-index.t ........ ok
t/annotate.t ................ ok
t/author-critic.t ........... skipped: these tests are for testing by the author
t/author-pod-syntax.t ....... skipped: these tests are for testing by the author
Use of uninitialized value $s2 in substr at /home/cpan/.cpan/build/PDF-API2-2.038-0/blib/lib/PDF/API2/Resource/XObject/Form/BarCode/int2of5.pm line 51.
Use of uninitialized value $s2 in substr at /home/cpan/.cpan/build/PDF-API2-2.038-0/blib/lib/PDF/API2/Resource/XObject/Form/BarCode/int2of5.pm line 51.
substr outside of string at /home/cpan/.cpan/build/PDF-API2-2.038-0/blib/lib/PDF/API2/Resource/XObject/Form/BarCode/int2of5.pm line 51.
Use of uninitialized value in concatenation (.) or string at /home/cpan/.cpan/build/PDF-API2-2.038-0/blib/lib/PDF/API2/Resource/XObject/Form/BarCode/int2of5.pm line 51.
Use of uninitialized value $s2 in substr at /home/cpan/.cpan/build/PDF-API2-2.038-0/blib/lib/PDF/API2/Resource/XObject/Form/BarCode/int2of5.pm line 51.
substr outside of string at /home/cpan/.cpan/build/PDF-API2-2.038-0/blib/lib/PDF/API2/Resource/XObject/Form/BarCode/int2of5.pm line 51.
Use of uninitialized value in concatenation (.) or string at /home/cpan/.cpan/build/PDF-API2-2.038-0/blib/lib/PDF/API2/Resource/XObject/Form/BarCode/int2of5.pm line 51.
Use of uninitialized value $s2 in substr at /home/cpan/.cpan/build/PDF-API2-2.038-0/blib/lib/PDF/API2/Resource/XObject/Form/BarCode/int2of5.pm line 51.
substr outside of string at /home/cpan/.cpan/build/PDF-API2-2.038-0/blib/lib/PDF/API2/Resource/XObject/Form/BarCode/int2of5.pm line 51.
Use of uninitialized value in concatenation (.) or string at /home/cpan/.cpan/build/PDF-API2-2.038-0/blib/lib/PDF/API2/Resource/XObject/Form/BarCode/int2of5.pm line 51.
Use of uninitialized value $s2 in substr at /home/cpan/.cpan/build/PDF-API2-2.038-0/blib/lib/PDF/API2/Resource/XObject/Form/BarCode/int2of5.pm line 51.
substr outside of string at /home/cpan/.cpan/build/PDF-API2-2.038-0/blib/lib/PDF/API2/Resource/XObject/Form/BarCode/int2of5.pm line 51.
Use of uninitialized value in concatenation (.) or string at /home/cpan/.cpan/build/PDF-API2-2.038-0/blib/lib/PDF/API2/Resource/XObject/Form/BarCode/int2of5.pm line 51.

#   Failed test 'Correctly encoded Interleaved 2 of 5 barcode'
#   at t/barcode.t line 124.
#          got: 'aaaa11221baaa'
#     expected: 'aaaa12112121121222111121121122112111212112122112112211baaa'
# Looks like you failed 1 test of 28.
t/barcode.t ................. 
Dubious, test returned 1 (wstat 256, 0x100)
Failed 1/28 subtests 
t/bbox.t .................... ok
t/circular-references.t ..... ok
t/cmap.t .................... ok
t/content.t ................. ok
t/cs-webcolor.t ............. ok
t/deprecations.t ............ ok
t/extgstate.t ............... ok
t/filter-ascii85decode.t .... ok
t/filter-asciihexdecode.t ... ok
t/filter-runlengthdecode.t .. ok
t/font-corefont.t ........... ok
t/font-synfont.t ............ ok
t/font-ttf.t ................ ok
t/font-type1.t .............. ok
t/gd.t ...................... ok
t/gif.t ..................... ok
t/jpg.t ..................... ok
t/lite.t .................... ok
t/outline.t ................. ok
t/page.t .................... ok
t/papersizes.t .............. ok
t/pdf.t ..................... ok
t/png.t ..................... ok
t/pnm.t ..................... ok
t/rt120397.t ................ ok
t/rt120450.t ................ ok
t/rt126274.t ................ ok
t/rt67767.t ................. ok
t/rt69503.t ................. ok
t/string.t .................. ok
t/text.t .................... ok
t/tiff.t .................... ok
t/viewer-preferences.t ...... ok

Test Summary Report
-------------------
t/barcode.t               (Wstat: 256 Tests: 28 Failed: 1)
  Failed test:  28
  Non-zero exit status: 1
Files=41, Tests=573, 17 wallclock secs ( 0.17 usr  0.15 sys + 12.70 cusr  3.79 csys = 16.81 CPU)
Result: FAIL
Failed 1/41 test programs. 1/573 subtests failed.
*** Error code 255

Stop.
make: stopped in /home/cpan/.cpan/build/PDF-API2-2.038-0

------------------------------
PREREQUISITES
------------------------------

Prerequisite modules loaded:

requires:

    Module              Need     Have    
    ------------------- -------- --------
    Compress::Zlib      1.0      2.096   
    Font::TTF           0        1.06    
    perl                5.010000 5.033003

build_requires:

    Module              Need     Have    
    ------------------- -------- --------
    ExtUtils::MakeMaker 0        7.44    
    Test::Exception     0        0.43    
    Test::Memory::Cycle 0        1.06    

configure_requires:

    Module              Need     Have    
    ------------------- -------- --------
    ExtUtils::MakeMaker 0        7.44    


------------------------------
ENVIRONMENT AND OTHER CONTEXT
------------------------------

Environment variables:

    AUTOMATED_TESTING = 1
    DATE_MANIP_TEST_DM5 = 1
    LC_ALL = C
    NONINTERACTIVE_TESTING = 1
    PATH = /home/cpan/bin/perl-blead/bin:/home/cpan/bin:/home/cpan/bin:/bin:/sbin:/usr/bin:/usr/sbin:/usr/X11R7/bin:/usr/pkg/bin:/usr/pkg/sbin:/usr/games:/usr/local/bin:/usr/local/sbin
    PERL5LIB = 
    PERL5OPT = 
    PERL5_CPANPLUS_IS_RUNNING = 29350
    PERL5_CPAN_IS_RUNNING = 29350
    PERL_MM_USE_DEFAULT = 1
    PERL_USE_UNSAFE_INC = 1
    PERL_VERSION = blead
    SHELL = /usr/pkg/bin/bash
    TERM = screen.xterm-256color
    TMPDIR = /home/cpan/tmp

Perl special variables (and OS-specific diagnostics, for MSWin32):

    $^X = /home/cpan/bin/perl-blead/bin/perl5.33.3
    $UID/$EUID = 1001 / 1001
    $GID = 100 100
    $EGID = 100 100

Perl module toolchain versions installed:

    Module              Have    
    ------------------- --------
    CPAN                2.27    
    CPAN::Meta          2.150010
    Cwd                 3.78    
    ExtUtils::CBuilder  0.280234
    ExtUtils::Command   7.44    
    ExtUtils::Install   2.18    
    ExtUtils::MakeMaker 7.44    
    ExtUtils::Manifest  1.72    
    ExtUtils::ParseXS   3.41    
    File::Spec          3.78    
    JSON                n/a     
    JSON::PP            4.05    
    Module::Build       0.4231  
    Module::Signature   n/a     
    Parse::CPAN::Meta   2.150010
    Test::Harness       3.42    
    Test::More          1.302181
    YAML                n/a     
    YAML::Syck          n/a     
    version             0.9924  


--

Summary of my perl5 (revision 5 version 33 subversion 3) configuration:
  Commit id: 45b19fd5977c292eac2555bfff6733c2b44e9d61
  Platform:
    osname=netbsd
    osvers=9.0
    archname=amd64-netbsd-thread-multi
    uname='netbsd cjg-netbsd9 9.0 netbsd 9.0 (generic) #0: fri feb 14 00:06:28 utc 2020 mkrepro@mkrepro.netbsd.org:usrsrcsysarchamd64compilegeneric amd64 '
    config_args='-des -Dprefix=~/bin/perl-blead -Dscriptdir=~/bin/perl-blead/bin -Dusedevel -Duse64bitall -Duseithreads'
    hint=recommended
    useposix=true
    d_sigaction=define
    useithreads=define
    usemultiplicity=define
    use64bitint=define
    use64bitall=define
    uselongdouble=undef
    usemymalloc=n
    default_inc_excludes_dot=define
  Compiler:
    cc='cc'
    ccflags ='-fwrapv -fno-strict-aliasing -pipe -fstack-protector-strong -I/usr/pkg/include -D_FORTIFY_SOURCE=2'
    optimize='-O'
    cppflags='-fwrapv -fno-strict-aliasing -pipe -fstack-protector-strong -I/usr/pkg/include'
    ccversion=''
    gccversion='7.4.0'
    gccosandvers=''
    intsize=4
    longsize=8
    ptrsize=8
    doublesize=8
    byteorder=12345678
    doublekind=3
    d_longlong=define
    longlongsize=8
    d_longdbl=define
    longdblsize=16
    longdblkind=3
    ivtype='long'
    ivsize=8
    nvtype='double'
    nvsize=8
    Off_t='off_t'
    lseeksize=8
    alignbytes=8
    prototype=define
  Linker and Libraries:
    ld='cc'
    ldflags =' -Wl,-rpath,/usr/pkg/lib -Wl,-rpath,/usr/local/lib -fstack-protector-strong -L/usr/pkg/lib'
    libpth=/usr/include/gcc-7 /usr/lib /usr/pkg/lib /lib
    libs=-lpthread -lm -lcrypt -lutil -lc -lposix
    perllibs=-lpthread -lm -lcrypt -lutil -lc -lposix
    libc=/lib/libc.so
    so=so
    useshrplib=false
    libperl=libperl.a
    gnulibc_version=''
  Dynamic Linking:
    dlsrc=dl_dlopen.xs
    dlext=so
    d_dlsymun=undef
    ccdlflags='-Wl,-E '
    cccdlflags='-DPIC -fPIC '
    lddlflags='-shared  -L/usr/pkg/lib -fstack-protector-strong'


Characteristics of this binary (from libperl): 
  Compile-time options:
    HAS_TIMES
    MULTIPLICITY
    PERLIO_LAYERS
    PERL_COPY_ON_WRITE
    PERL_DONT_CREATE_GVSV
    PERL_IMPLICIT_CONTEXT
    PERL_MALLOC_WRAP
    PERL_OP_PARENT
    PERL_PRESERVE_IVUV
    PERL_USE_DEVEL
    USE_64_BIT_ALL
    USE_64_BIT_INT
    USE_ITHREADS
    USE_LARGE_FILES
    USE_LOCALE
    USE_LOCALE_COLLATE
    USE_LOCALE_CTYPE
    USE_LOCALE_NUMERIC
    USE_LOCALE_TIME
    USE_PERLIO
    USE_PERL_ATOF
    USE_REENTRANT_API
  Built under netbsd
  Compiled at Oct  1 2020 16:45:39
  %ENV:
    PERL5LIB=""
    PERL5OPT=""
    PERL5_CPANPLUS_IS_RUNNING="29350"
    PERL5_CPAN_IS_RUNNING="29350"
    PERL_MM_USE_DEFAULT="1"
    PERL_USE_UNSAFE_INC="1"
    PERL_VERSION="blead"
  @INC:
    /home/cpan/bin/perl-blead/lib/site_perl/5.33.3/amd64-netbsd-thread-multi
    /home/cpan/bin/perl-blead/lib/site_perl/5.33.3
    /home/cpan/bin/perl-blead/lib/5.33.3/amd64-netbsd-thread-multi
    /home/cpan/bin/perl-blead/lib/5.33.3
    .