Back
From: metabase:user:320bfe00-2aae-11df-837a-5e0a49663a4f
Subject: FAIL IOC-0.29 v5.17.8 GNU/Linux
Date: 2013-05-17T14:29:33Z
This distribution has been tested as part of the CPAN Testers
project, supporting the Perl programming language. See
http://wiki.cpantesters.org/ for more information or email
questions to cpan-testers-discuss@perl.org
--
Dear Stevan Little,
This is a computer-generated report for IOC-0.29
on perl 5.17.8, created by CPAN-Reporter-1.2009.
Thank you for uploading your work to CPAN. However, there was a problem
testing your distribution.
If you think this report is invalid, please consult the CPAN Testers Wiki
for suggestions on how to avoid getting FAIL reports for missing library
or binary dependencies, unsupported operating systems, and so on:
http://wiki.cpantesters.org/wiki/CPANAuthorNotes
Sections of this report:
* Tester comments
* Program output
* Prerequisites
* Environment and other context
------------------------------
TESTER COMMENTS
------------------------------
Additional comments from tester:
this report is from an automated smoke testing program
and was not reviewed by a human for accuracy
------------------------------
PROGRAM OUTPUT
------------------------------
Output from '/usr/bin/make test':
PERL_DL_NONLAZY=1 /home/sand/src/perl/repoperls/installed-perls/perl/v5.17.8/165a/bin/perl "-MExtUtils::Command::MM" "-e" "test_harness(0, 'blib/lib', 'blib/arch')" t/*.t
defined(@array) is deprecated at /tmp/loop_over_bdir-9460-2sxsX2/IOC-0.29-1RW_ca/blib/lib/IOC/Service/ConstructorInjection.pm line 49.
(Maybe you should just omit the defined()?)
defined(@array) is deprecated at /tmp/loop_over_bdir-9460-2sxsX2/IOC-0.29-1RW_ca/blib/lib/IOC/Service/SetterInjection.pm line 46.
(Maybe you should just omit the defined()?)
t/010_IOC_test.t ......................................... ok
t/020_IOC_Container_test.t ............................... ok
t/021_IOC_Container_MethodResolution_test.t .............. ok
t/022_IOC_Container_SubContainers_test.t ................. ok
t/023_IOC_Container_Visitors_test.t ...................... ok
t/024_IOC_Container_Proxy_test.t ......................... ok
defined(@array) is deprecated at /tmp/loop_over_bdir-9460-2sxsX2/IOC-0.29-1RW_ca/blib/lib/IOC/Service/SetterInjection.pm line 46.
(Maybe you should just omit the defined()?)
t/025_IOC_Container_cyclical_test.t ...................... ok
t/030_IOC_Service_test.t ................................. ok
defined(@array) is deprecated at /tmp/loop_over_bdir-9460-2sxsX2/IOC-0.29-1RW_ca/blib/lib/IOC/Service/ConstructorInjection.pm line 49.
(Maybe you should just omit the defined()?)
t/031_IOC_Service_ConstructorInjection_test.t ............ ok
defined(@array) is deprecated at /tmp/loop_over_bdir-9460-2sxsX2/IOC-0.29-1RW_ca/blib/lib/IOC/Service/SetterInjection.pm line 46.
(Maybe you should just omit the defined()?)
t/032_IOC_Service_SetterInjection_test.t ................. ok
t/033_IOC_Service_Prototype_test.t ....................... ok
defined(@array) is deprecated at /tmp/loop_over_bdir-9460-2sxsX2/IOC-0.29-1RW_ca/blib/lib/IOC/Service/ConstructorInjection.pm line 49.
(Maybe you should just omit the defined()?)
t/034_IOC_Service_Prototype_ConstructorInjection_test.t .. ok
defined(@array) is deprecated at /tmp/loop_over_bdir-9460-2sxsX2/IOC-0.29-1RW_ca/blib/lib/IOC/Service/SetterInjection.pm line 46.
(Maybe you should just omit the defined()?)
t/035_IOC_Service_Prototype_SetterInjection_test.t ....... ok
t/036_IOC_Service_Literal_test.t ......................... ok
t/040_IOC_Registry_test.t ................................ ok
t/041_IOC_Registry_aliasing_test.t ....................... ok
t/050_IOC_Proxy_test.t ................................... ok
t/051_IOC_Proxy_edge_case_test.t ......................... ok
t/055_IOC_Proxy_Interfaces_test.t ........................ ok
defined(@array) is deprecated at /tmp/loop_over_bdir-9460-2sxsX2/IOC-0.29-1RW_ca/blib/lib/IOC/Service/ConstructorInjection.pm line 49.
(Maybe you should just omit the defined()?)
defined(@array) is deprecated at /tmp/loop_over_bdir-9460-2sxsX2/IOC-0.29-1RW_ca/blib/lib/IOC/Service/SetterInjection.pm line 46.
(Maybe you should just omit the defined()?)
t/060_IOC_Config_XML_test.t .............................. ok
defined(@array) is deprecated at /tmp/loop_over_bdir-9460-2sxsX2/IOC-0.29-1RW_ca/blib/lib/IOC/Service/ConstructorInjection.pm line 49.
(Maybe you should just omit the defined()?)
defined(@array) is deprecated at /tmp/loop_over_bdir-9460-2sxsX2/IOC-0.29-1RW_ca/blib/lib/IOC/Service/SetterInjection.pm line 46.
(Maybe you should just omit the defined()?)
t/061_IOC_Config_XML_edge_tests.t ........................ ok
defined(@array) is deprecated at /tmp/loop_over_bdir-9460-2sxsX2/IOC-0.29-1RW_ca/blib/lib/IOC/Service/ConstructorInjection.pm line 49.
(Maybe you should just omit the defined()?)
defined(@array) is deprecated at /tmp/loop_over_bdir-9460-2sxsX2/IOC-0.29-1RW_ca/blib/lib/IOC/Service/SetterInjection.pm line 46.
(Maybe you should just omit the defined()?)
t/062_IOC_Config_XML_error_test.t ........................ ok
defined(@array) is deprecated at /tmp/loop_over_bdir-9460-2sxsX2/IOC-0.29-1RW_ca/blib/lib/IOC/Service/ConstructorInjection.pm line 49.
(Maybe you should just omit the defined()?)
defined(@array) is deprecated at /tmp/loop_over_bdir-9460-2sxsX2/IOC-0.29-1RW_ca/blib/lib/IOC/Service/SetterInjection.pm line 46.
(Maybe you should just omit the defined()?)
t/confs/063a_IOC_Config_XML_include_test.xml:7: parser error : Failure to process entity included_service
&included_service;
^
t/confs/063a_IOC_Config_XML_include_test.xml:7: parser error : Entity 'included_service' not defined
&included_service;
^
# Looks like you planned 6 tests but ran 2.
# Looks like your test exited with 2 just after 2.
t/063_IOC_Config_XML_include_test.t ......................
Dubious, test returned 2 (wstat 512, 0x200)
Failed 4/6 subtests
t/070_IOC_Parameterized.t ................................ ok
t/071_IOC_Parameterized_w_Registry.t ..................... ok
t/100_Test_IOC.t ......................................... ok
t/pod.t .................................................. ok
defined(@array) is deprecated at /tmp/loop_over_bdir-9460-2sxsX2/IOC-0.29-1RW_ca/blib/lib/IOC/Service/ConstructorInjection.pm line 49.
(Maybe you should just omit the defined()?)
defined(@array) is deprecated at /tmp/loop_over_bdir-9460-2sxsX2/IOC-0.29-1RW_ca/blib/lib/IOC/Service/SetterInjection.pm line 46.
(Maybe you should just omit the defined()?)
# Failed test 'Pod coverage on IOC::Service::Prototype::SetterInjection'
# at /home/src/perl/repoperls/installed-perls/perl/v5.17.8/165a/lib/site_perl/5.17.8/Test/Pod/Coverage.pm line 126.
# Coverage for IOC::Service::Prototype::SetterInjection is 0.0%, with 1 naked subroutine:
# instance
# Failed test 'Pod coverage on IOC::Service::Prototype::ConstructorInjection'
# at /home/src/perl/repoperls/installed-perls/perl/v5.17.8/165a/lib/site_perl/5.17.8/Test/Pod/Coverage.pm line 126.
# Coverage for IOC::Service::Prototype::ConstructorInjection is 0.0%, with 1 naked subroutine:
# instance
# Looks like you failed 2 tests of 22.
t/pod_coverage.t .........................................
Dubious, test returned 2 (wstat 512, 0x200)
Failed 2/22 subtests
Test Summary Report
-------------------
t/063_IOC_Config_XML_include_test.t (Wstat: 512 Tests: 2 Failed: 0)
Non-zero exit status: 2
Parse errors: Bad plan. You planned 6 tests but ran 2.
t/pod_coverage.t (Wstat: 512 Tests: 22 Failed: 2)
Failed tests: 20-21
Non-zero exit status: 2
Files=28, Tests=785, 3 wallclock secs ( 0.14 usr 0.02 sys + 1.39 cusr 0.18 csys = 1.73 CPU)
Result: FAIL
Failed 2/28 test programs. 2/785 subtests failed.
make: *** [test_dynamic] Error 2
------------------------------
PREREQUISITES
------------------------------
Prerequisite modules loaded:
requires:
Module Need Have
---------------------- ---- -------
Class::Interfaces 0.01 0.04
Class::StrongSingleton 0.01 0.02
Class::Throwable 0.04 0.11
Scalar::Util 1.1 1.27
Test::Exception 0.15 0.32
Test::More 0.47 0.98
XML::SAX 0.12 0.99
build_requires:
Module Need Have
---------------------- ---- -------
ExtUtils::MakeMaker 0 6.67_01
------------------------------
ENVIRONMENT AND OTHER CONTEXT
------------------------------
Environment variables:
AUTOMATED_TESTING = 1
LANG = en_US.UTF-8
LANGUAGE = en_US:en
PATH = /usr/lib/ccache:/home/sand/bin:/usr/local/bin:/usr/bin:/bin:/usr/bin/X11:/usr/games:/usr/local/perl/bin:/usr/X11/bin:/sbin:/usr/sbin
PERL5LIB =
PERL5OPT =
PERL5_CPANPLUS_IS_RUNNING = 9461
PERL5_CPAN_IS_RUNNING = 9461
PERL_MM_USE_DEFAULT = 1
SHELL = /usr/bin/zsh
TERM = screen
Perl special variables (and OS-specific diagnostics, for MSWin32):
$^X = /home/sand/src/perl/repoperls/installed-perls/perl/v5.17.8/165a/bin/perl
$UID/$EUID = 1005 / 1005
$GID = 1005 1005
$EGID = 1005 1005
Perl module toolchain versions installed:
Module Have
------------------- --------
CPAN 2.00
CPAN::Meta 2.130880
Cwd 3.40
ExtUtils::CBuilder 0.280209
ExtUtils::Command 1.17
ExtUtils::Install 1.59
ExtUtils::MakeMaker 6.67_01
ExtUtils::Manifest 1.62
ExtUtils::ParseXS 3.18_03
File::Spec 3.40
JSON 2.57
JSON::PP 2.27202
Module::Build 0.4005
Module::Signature 0.70
Parse::CPAN::Meta 1.4404
Test::Harness 3.28
Test::More 0.98
YAML 0.84
YAML::Syck 1.25
version 0.9902
--
Summary of my perl5 (revision 5 version 17 subversion 8) configuration:
Commit id: 41c353c0b83ede9b2c7cf371b4e25f1525bb4ef4
Platform:
osname=linux, osvers=3.2.0-4-amd64, archname=x86_64-linux
uname='linux k83 3.2.0-4-amd64 #1 smp debian 3.2.35-2 x86_64 gnulinux '
config_args='-Dprefix=/home/src/perl/repoperls/installed-perls/perl/v5.17.8/165a -Dmyhostname=k83 -Dinstallusrbinperl=n -Uversiononly -Dusedevel -des -Ui_db -Uuseithreads -Uuselongdouble -DDEBUGGING=-g'
hint=recommended, useposix=true, d_sigaction=define
useithreads=undef, usemultiplicity=undef
useperlio=define, d_sfio=undef, uselargefiles=define, usesocks=undef
use64bitint=define, use64bitall=define, uselongdouble=undef
usemymalloc=n, bincompat5005=undef
Compiler:
cc='cc', ccflags ='-fno-strict-aliasing -pipe -fstack-protector -I/usr/local/include -D_LARGEFILE_SOURCE -D_FILE_OFFSET_BITS=64',
optimize='-O2 -g',
cppflags='-fno-strict-aliasing -pipe -fstack-protector -I/usr/local/include'
ccversion='', gccversion='4.7.2', gccosandvers=''
intsize=4, longsize=8, ptrsize=8, doublesize=8, byteorder=12345678
d_longlong=define, longlongsize=8, d_longdbl=define, longdblsize=16
ivtype='long', ivsize=8, nvtype='double', nvsize=8, Off_t='off_t', lseeksize=8
alignbytes=8, prototype=define
Linker and Libraries:
ld='cc', ldflags =' -fstack-protector -L/usr/local/lib'
libpth=/usr/local/lib /lib/x86_64-linux-gnu /lib/../lib /usr/lib/x86_64-linux-gnu /usr/lib/../lib /lib /usr/lib
libs=-lnsl -ldb -ldl -lm -lcrypt -lutil -lc
perllibs=-lnsl -ldl -lm -lcrypt -lutil -lc
libc=, so=so, useshrplib=false, libperl=libperl.a
gnulibc_version='2.13'
Dynamic Linking:
dlsrc=dl_dlopen.xs, dlext=so, d_dlsymun=undef, ccdlflags='-Wl,-E'
cccdlflags='-fPIC', lddlflags='-shared -O2 -g -L/usr/local/lib -fstack-protector'
Characteristics of this binary (from libperl):
Compile-time options: HAS_TIMES PERLIO_LAYERS PERL_DONT_CREATE_GVSV
PERL_MALLOC_WRAP PERL_NEW_COPY_ON_WRITE
PERL_PRESERVE_IVUV PERL_USE_DEVEL USE_64_BIT_ALL
USE_64_BIT_INT USE_LARGE_FILES USE_LOCALE
USE_LOCALE_COLLATE USE_LOCALE_CTYPE
USE_LOCALE_NUMERIC USE_PERLIO USE_PERL_ATOF
Built under linux
Compiled at Jan 21 2013 07:58:48
%ENV:
PERL5LIB=""
PERL5OPT=""
PERL5_CPANPLUS_IS_RUNNING="9461"
PERL5_CPAN_IS_RUNNING="9461"
PERL_MM_USE_DEFAULT="1"
@INC:
/home/src/perl/repoperls/installed-perls/perl/v5.17.8/165a/lib/site_perl/5.17.8/x86_64-linux
/home/src/perl/repoperls/installed-perls/perl/v5.17.8/165a/lib/site_perl/5.17.8
/home/src/perl/repoperls/installed-perls/perl/v5.17.8/165a/lib/5.17.8/x86_64-linux
/home/src/perl/repoperls/installed-perls/perl/v5.17.8/165a/lib/5.17.8
.