VCI v0.7.1 Perl 5 v5.29.6 x86_64-linux
- Status
- Fail
- From
- Andreas J. König (ANDK)
- Dist
-
VCI v0.7.1
- Platform
- Perl 5 v5.29.6 x86_64-linux
- Date
- 2018-12-24 04:55:53
- ID
- 30ed9478-0738-11e9-a05d-e64948d4de35
This distribution has been tested as part of the CPAN Testers
project, supporting the Perl programming language. See
http://wiki.cpantesters.org/ for more information or email
questions to cpan-testers-discuss@perl.org
--
Dear Max Kanat-Alexander,
This is a computer-generated report for VCI-0.7.1
on perl 5.29.6, created by CPAN-Reporter-1.2018.
Thank you for uploading your work to CPAN. However, there was a problem
testing your distribution.
If you think this report is invalid, please consult the CPAN Testers Wiki
for suggestions on how to avoid getting FAIL reports for missing library
or binary dependencies, unsupported operating systems, and so on:
http://wiki.cpantesters.org/wiki/CPANAuthorNotes
Sections of this report:
* Tester comments
* Program output
* Prerequisites
* Environment and other context
------------------------------
TESTER COMMENTS
------------------------------
Additional comments from tester:
this report is from an automated smoke testing program
and was not reviewed by a human for accuracy
------------------------------
PROGRAM OUTPUT
------------------------------
Output from '/usr/bin/make test':
PERL_DL_NONLAZY=1 "/tmp/basesmoker-reloperl-Wji9/bin/perl" "-MExtUtils::Command::MM" "-MTest::Harness" "-e" "undef *Test::Harness::Switches; test_harness(0, 'inc', 'blib/lib', 'blib/arch')" t/*.t
t/010_abstract_compile.t .. ok
t/020_bzr_compile.t ....... ok
"my" variable $cmd masks earlier declaration in same statement at /tmp/loop_over_bdir-11431-gVVJfV/VCI-0.7.1-0/blib/lib/VCI/VCS/Cvs.pm line 39.
"my" variable $cmd masks earlier declaration in same statement at /tmp/loop_over_bdir-11431-gVVJfV/VCI-0.7.1-0/blib/lib/VCI/VCS/Cvs.pm line 41.
"my" variable $cmd masks earlier declaration in same scope at /tmp/loop_over_bdir-11431-gVVJfV/VCI-0.7.1-0/blib/lib/VCI/VCS/Cvs.pm line 42.
"my" variable $cmd masks earlier declaration in same scope at /tmp/loop_over_bdir-11431-gVVJfV/VCI-0.7.1-0/blib/lib/VCI/VCS/Cvs.pm line 46.
"my" variable $cmd masks earlier declaration in same statement at /tmp/loop_over_bdir-11431-gVVJfV/VCI-0.7.1-0/blib/lib/VCI/VCS/Cvs.pm line 48.
"my" variable $cmd masks earlier declaration in same statement at /tmp/loop_over_bdir-11431-gVVJfV/VCI-0.7.1-0/blib/lib/VCI/VCS/Cvs.pm line 50.
"my" variable $cmd masks earlier declaration in same scope at /tmp/loop_over_bdir-11431-gVVJfV/VCI-0.7.1-0/blib/lib/VCI/VCS/Cvs.pm line 51.
# Failed test 'use VCI::VCS::Cvs;'
# at t/020_cvs_compile.t line 11.
# Tried to use 'VCI::VCS::Cvs'.
# Error: syntax error at /tmp/loop_over_bdir-11431-gVVJfV/VCI-0.7.1-0/blib/lib/VCI/VCS/Cvs.pm line 30, near "$bin qw(cvs cvsps)"
# Global symbol "$bin" requires explicit package name (did you forget to declare "my $bin"?) at /tmp/loop_over_bdir-11431-gVVJfV/VCI-0.7.1-0/blib/lib/VCI/VCS/Cvs.pm line 31.
# Global symbol "$bin" requires explicit package name (did you forget to declare "my $bin"?) at /tmp/loop_over_bdir-11431-gVVJfV/VCI-0.7.1-0/blib/lib/VCI/VCS/Cvs.pm line 31.
# Global symbol "@need" requires explicit package name (did you forget to declare "my @need"?) at /tmp/loop_over_bdir-11431-gVVJfV/VCI-0.7.1-0/blib/lib/VCI/VCS/Cvs.pm line 33.
# syntax error at /tmp/loop_over_bdir-11431-gVVJfV/VCI-0.7.1-0/blib/lib/VCI/VCS/Cvs.pm line 34, near "}"
# syntax error at /tmp/loop_over_bdir-11431-gVVJfV/VCI-0.7.1-0/blib/lib/VCI/VCS/Cvs.pm line 43, near "}"
# syntax error at /tmp/loop_over_bdir-11431-gVVJfV/VCI-0.7.1-0/blib/lib/VCI/VCS/Cvs.pm line 52, near "}"
# Can't use global @_ in "my" at /tmp/loop_over_bdir-11431-gVVJfV/VCI-0.7.1-0/blib/lib/VCI/VCS/Cvs.pm line 58, near "= @_"
# Global symbol "$params" requires explicit package name (did you forget to declare "my $params"?) at /tmp/loop_over_bdir-11431-gVVJfV/VCI-0.7.1-0/blib/lib/VCI/VCS/Cvs.pm line 59.
# syntax error at /tmp/loop_over_bdir-11431-gVVJfV/VCI-0.7.1-0/blib/lib/VCI/VCS/Cvs.pm line 103, near "}"
# /tmp/loop_over_bdir-11431-gVVJfV/VCI-0.7.1-0/blib/lib/VCI/VCS/Cvs.pm has too many errors.
# Compilation failed in require at t/020_cvs_compile.t line 11.
# BEGIN failed--compilation aborted at t/020_cvs_compile.t line 11.
# Looks like you failed 1 test of 8.
t/020_cvs_compile.t .......
Dubious, test returned 1 (wstat 256, 0x100)
Failed 1/8 subtests
Class::MOP::load_class is deprecated at /home/sand/src/perl/repoperls/installed-perls/host/k93bionic/v5.29.6/2aaf/lib/site_perl/5.29.6/x86_64-linux/Class/MOP.pm line 69.
Class::MOP::load_class("Git", "-version", undef) called at t/lib/Support.pm line 225
eval {...} called at t/lib/Support.pm line 225
Support::feature_enabled("git") called at t/020_git_compile.t line 8
t/020_git_compile.t ....... skipped: git requirements not installed
t/020_hg_compile.t ........ ok
Class::MOP::load_class is deprecated at /home/sand/src/perl/repoperls/installed-perls/host/k93bionic/v5.29.6/2aaf/lib/site_perl/5.29.6/x86_64-linux/Class/MOP.pm line 69.
Class::MOP::load_class("SVN::Core", "-version", "1.2.0") called at t/lib/Support.pm line 225
eval {...} called at t/lib/Support.pm line 225
Support::feature_enabled("svn") called at t/020_svn_compile.t line 8
t/020_svn_compile.t ....... skipped: svn requirements not installed
Class::MOP::load_class is deprecated at /home/sand/src/perl/repoperls/installed-perls/host/k93bionic/v5.29.6/2aaf/lib/site_perl/5.29.6/x86_64-linux/Class/MOP.pm line 69.
Class::MOP::load_class("VCI::VCS::Bzr") called at t/lib/Support.pm line 232
Support::check_requirements("Bzr") called at t/bzr.t line 72
t/bzr.t ................... skipped: missing: bzr, bzrtools, bzr-xmloutput
Class::MOP::load_class is deprecated at /home/sand/src/perl/repoperls/installed-perls/host/k93bionic/v5.29.6/2aaf/lib/site_perl/5.29.6/x86_64-linux/Class/MOP.pm line 69.
Class::MOP::load_class("VCI::VCS::Cvs") called at t/lib/Support.pm line 232
Support::check_requirements("Cvs") called at t/cvs.t line 97
"my" variable $cmd masks earlier declaration in same statement at /tmp/loop_over_bdir-11431-gVVJfV/VCI-0.7.1-0/blib/lib/VCI/VCS/Cvs.pm line 39.
"my" variable $cmd masks earlier declaration in same statement at /tmp/loop_over_bdir-11431-gVVJfV/VCI-0.7.1-0/blib/lib/VCI/VCS/Cvs.pm line 41.
"my" variable $cmd masks earlier declaration in same scope at /tmp/loop_over_bdir-11431-gVVJfV/VCI-0.7.1-0/blib/lib/VCI/VCS/Cvs.pm line 42.
"my" variable $cmd masks earlier declaration in same scope at /tmp/loop_over_bdir-11431-gVVJfV/VCI-0.7.1-0/blib/lib/VCI/VCS/Cvs.pm line 46.
"my" variable $cmd masks earlier declaration in same statement at /tmp/loop_over_bdir-11431-gVVJfV/VCI-0.7.1-0/blib/lib/VCI/VCS/Cvs.pm line 48.
"my" variable $cmd masks earlier declaration in same statement at /tmp/loop_over_bdir-11431-gVVJfV/VCI-0.7.1-0/blib/lib/VCI/VCS/Cvs.pm line 50.
"my" variable $cmd masks earlier declaration in same scope at /tmp/loop_over_bdir-11431-gVVJfV/VCI-0.7.1-0/blib/lib/VCI/VCS/Cvs.pm line 51.
syntax error at /tmp/loop_over_bdir-11431-gVVJfV/VCI-0.7.1-0/blib/lib/VCI/VCS/Cvs.pm line 30, near "$bin qw(cvs cvsps)"
Global symbol "$bin" requires explicit package name (did you forget to declare "my $bin"?) at /tmp/loop_over_bdir-11431-gVVJfV/VCI-0.7.1-0/blib/lib/VCI/VCS/Cvs.pm line 31.
Global symbol "$bin" requires explicit package name (did you forget to declare "my $bin"?) at /tmp/loop_over_bdir-11431-gVVJfV/VCI-0.7.1-0/blib/lib/VCI/VCS/Cvs.pm line 31.
Global symbol "@need" requires explicit package name (did you forget to declare "my @need"?) at /tmp/loop_over_bdir-11431-gVVJfV/VCI-0.7.1-0/blib/lib/VCI/VCS/Cvs.pm line 33.
syntax error at /tmp/loop_over_bdir-11431-gVVJfV/VCI-0.7.1-0/blib/lib/VCI/VCS/Cvs.pm line 34, near "}"
syntax error at /tmp/loop_over_bdir-11431-gVVJfV/VCI-0.7.1-0/blib/lib/VCI/VCS/Cvs.pm line 43, near "}"
syntax error at /tmp/loop_over_bdir-11431-gVVJfV/VCI-0.7.1-0/blib/lib/VCI/VCS/Cvs.pm line 52, near "}"
Can't use global @_ in "my" at /tmp/loop_over_bdir-11431-gVVJfV/VCI-0.7.1-0/blib/lib/VCI/VCS/Cvs.pm line 58, near "= @_"
Global symbol "$params" requires explicit package name (did you forget to declare "my $params"?) at /tmp/loop_over_bdir-11431-gVVJfV/VCI-0.7.1-0/blib/lib/VCI/VCS/Cvs.pm line 59.
syntax error at /tmp/loop_over_bdir-11431-gVVJfV/VCI-0.7.1-0/blib/lib/VCI/VCS/Cvs.pm line 103, near "}"
/tmp/loop_over_bdir-11431-gVVJfV/VCI-0.7.1-0/blib/lib/VCI/VCS/Cvs.pm has too many errors.
Compilation failed in require at t/lib/Support.pm line 232.
Support::check_requirements("Cvs") called at t/cvs.t line 97
t/cvs.t ...................
Dubious, test returned 255 (wstat 65280, 0xff00)
No subtests run
Class::MOP::load_class is deprecated at /home/sand/src/perl/repoperls/installed-perls/host/k93bionic/v5.29.6/2aaf/lib/site_perl/5.29.6/x86_64-linux/Class/MOP.pm line 69.
Class::MOP::load_class("Git", "-version", undef) called at t/lib/Support.pm line 225
eval {...} called at t/lib/Support.pm line 225
Support::feature_enabled("git") called at t/git.t line 86
t/git.t ................... skipped: git requirements not installed
t/hg_remote.t ............. skipped: VCI_REMOTE_TESTS environment variable not set to 1
t/pod.t ................... ok
Use of each() on hash after insertion without resetting hash iterator results in undefined behavior at /home/sand/src/perl/repoperls/installed-perls/host/k93bionic/v5.29.6/2aaf/lib/site_perl/5.29.6/Devel/Symdump.pm line 53.
# Failed test 'Pod coverage on VCI::Abstract::Project'
# at t/pod_coverage.t line 29.
# Coverage for VCI::Abstract::Project is 0.0%, with 1 naked subroutine:
# get_commit_prototype
# Looks like you failed 1 test of 12.
t/pod_coverage.t ..........
Dubious, test returned 1 (wstat 256, 0x100)
Failed 1/12 subtests
t/svn.t ................... skipped: Unable to create svn testing repo: 500 Can't connect to vci.everythingsolved.com:80 (Name or service not known) at t/svn.t line 80.
Class::MOP::load_class is deprecated at /home/sand/src/perl/repoperls/installed-perls/host/k93bionic/v5.29.6/2aaf/lib/site_perl/5.29.6/x86_64-linux/Class/MOP.pm line 69.
Class::MOP::load_class() called at /tmp/loop_over_bdir-11431-gVVJfV/VCI-0.7.1-0/blib/lib/VCI.pm line 40
eval {...} called at /tmp/loop_over_bdir-11431-gVVJfV/VCI-0.7.1-0/blib/lib/VCI.pm line 40
VCI::connect() called at t/vci_api_version.t line 9
Test::Exception::throws_ok() called at t/vci_api_version.t line 10
t/vci_api_version.t ....... ok
Test Summary Report
-------------------
t/020_cvs_compile.t (Wstat: 256 Tests: 8 Failed: 1)
Failed test: 8
Non-zero exit status: 1
t/cvs.t (Wstat: 65280 Tests: 0 Failed: 0)
Non-zero exit status: 255
Parse errors: No plan found in TAP output
t/pod_coverage.t (Wstat: 256 Tests: 12 Failed: 1)
Failed test: 7
Non-zero exit status: 1
Files=14, Tests=111, 6 wallclock secs ( 0.04 usr 0.08 sys + 4.69 cusr 0.72 csys = 5.53 CPU)
Result: FAIL
Failed 3/14 test programs. 2/111 subtests failed.
Makefile:881: recipe for target 'test_dynamic' failed
make: *** [test_dynamic] Error 255
------------------------------
PREREQUISITES
------------------------------
Prerequisite modules loaded:
requires:
Module Need Have
--------------------------- ----- --------
DateTime 0 1.50
DateTime::Format::DateParse 0 0.05
ExtUtils::MakeMaker 6.42 7.34
IPC::Cmd 0.42 1.02
LWP::UserAgent 0 6.36
Module::Load::Conditional 0.24 0.68
Moose 0.27 2.2011
MooseX::Method 0 0.44
Path::Abstract 0.093 0.096
Test::Exception 0 0.43
Test::More 0 1.302141
Test::Warn 0 0.36
Text::Diff::Parser 0.07 0.1001
XML::Simple 0 2.25
build_requires:
Module Need Have
--------------------------- ----- --------
ExtUtils::MakeMaker 0 7.34
configure_requires:
Module Need Have
--------------------------- ----- --------
ExtUtils::MakeMaker 6.42 7.34
------------------------------
ENVIRONMENT AND OTHER CONTEXT
------------------------------
Environment variables:
AUTOMATED_TESTING = 1
LANG = en_US.UTF-8
PATH = /home/sand/bin:/usr/local/bin:/usr/local/sbin:/usr/sbin:/usr/bin:/sbin:/bin:/usr/games:/usr/local/games:/usr/local/perl/bin:/usr/X11/bin
PERL5LIB = /tmp/loop_over_bdir-11431-gVVJfV/Asm-X86-0.26-0/blib/arch:/tmp/loop_over_bdir-11431-gVVJfV/Asm-X86-0.26-0/blib/lib
PERL5OPT =
PERL5_CPANPLUS_IS_RUNNING = 29870
PERL5_CPAN_IS_RUNNING = 29870
PERL_CANARY_STABILITY_NOPROMPT = 1
PERL_MM_USE_DEFAULT = 1
PERL_USE_UNSAFE_INC = 1
SHELL = /usr/bin/zsh
TERM = screen
Perl special variables (and OS-specific diagnostics, for MSWin32):
$^X = /tmp/basesmoker-reloperl-Wji9/bin/perl
$UID/$EUID = 1005 / 1005
$GID = 1005 1005
$EGID = 1005 1005
Perl module toolchain versions installed:
Module Have
------------------- --------
CPAN 2.22
CPAN::Meta 2.150010
Cwd 3.76
ExtUtils::CBuilder 0.280230
ExtUtils::Command 7.34
ExtUtils::Install 2.14
ExtUtils::MakeMaker 7.34
ExtUtils::Manifest 1.71
ExtUtils::ParseXS 3.40
File::Spec 3.76
JSON 4.00
JSON::PP 4.00
Module::Build 0.4224
Module::Signature 0.83
Parse::CPAN::Meta 2.150010
Test::Harness 3.42
Test::More 1.302141
YAML 1.27
YAML::Syck 1.31
version 0.9924
--
Summary of my perl5 (revision 5 version 29 subversion 6) configuration:
Commit id: 4a292fc5f1b9c62ae52c835d69cb90c874a52ca0
Platform:
osname=linux
osvers=4.15.0-43-generic
archname=x86_64-linux
uname='linux k93bionic 4.15.0-43-generic #46-ubuntu smp thu dec 6 14:45:28 utc 2018 x86_64 x86_64 x86_64 gnulinux '
config_args='-Dprefix=/home/sand/src/perl/repoperls/installed-perls/host/k93bionic/v5.29.6/2aaf -Dmyhostname=k93bionic -Dinstallusrbinperl=n -Uversiononly -Dusedevel -des -Ui_db -Dlibswanted=cl pthread socket inet nsl gdbm dbm malloc dl ld sun m crypt sec util c cposix posix ucb BSD gdbm_compat -Uuseithreads -Uuselongdouble -DEBUGGING=-g'
hint=recommended
useposix=true
d_sigaction=define
useithreads=undef
usemultiplicity=undef
use64bitint=define
use64bitall=define
uselongdouble=undef
usemymalloc=n
default_inc_excludes_dot=define
bincompat5005=undef
Compiler:
cc='cc'
ccflags ='-fwrapv -fno-strict-aliasing -pipe -fstack-protector-strong -I/usr/local/include -D_LARGEFILE_SOURCE -D_FILE_OFFSET_BITS=64'
optimize='-O2 -g'
cppflags='-fwrapv -fno-strict-aliasing -pipe -fstack-protector-strong -I/usr/local/include'
ccversion=''
gccversion='7.3.0'
gccosandvers=''
intsize=4
longsize=8
ptrsize=8
doublesize=8
byteorder=12345678
doublekind=3
d_longlong=define
longlongsize=8
d_longdbl=define
longdblsize=16
longdblkind=3
ivtype='long'
ivsize=8
nvtype='double'
nvsize=8
Off_t='off_t'
lseeksize=8
alignbytes=8
prototype=define
Linker and Libraries:
ld='cc'
ldflags =' -fstack-protector-strong -L/usr/local/lib'
libpth=/usr/local/lib /usr/lib/gcc/x86_64-linux-gnu/7/include-fixed /usr/include/x86_64-linux-gnu /usr/lib /lib/x86_64-linux-gnu /lib/../lib /usr/lib/x86_64-linux-gnu /usr/lib/../lib /lib
libs=-lpthread -lnsl -ldl -lm -lcrypt -lutil -lc
perllibs=-lpthread -lnsl -ldl -lm -lcrypt -lutil -lc
libc=libc-2.27.so
so=so
useshrplib=false
libperl=libperl.a
gnulibc_version='2.27'
Dynamic Linking:
dlsrc=dl_dlopen.xs
dlext=so
d_dlsymun=undef
ccdlflags='-Wl,-E'
cccdlflags='-fPIC'
lddlflags='-shared -O2 -g -L/usr/local/lib -fstack-protector-strong'
Characteristics of this binary (from libperl):
Compile-time options:
HAS_TIMES
PERLIO_LAYERS
PERL_COPY_ON_WRITE
PERL_DONT_CREATE_GVSV
PERL_MALLOC_WRAP
PERL_OP_PARENT
PERL_PRESERVE_IVUV
PERL_USE_DEVEL
USE_64_BIT_ALL
USE_64_BIT_INT
USE_LARGE_FILES
USE_LOCALE
USE_LOCALE_COLLATE
USE_LOCALE_CTYPE
USE_LOCALE_NUMERIC
USE_LOCALE_TIME
USE_PERLIO
USE_PERL_ATOF
Built under linux
Compiled at Dec 23 2018 14:23:41
%ENV:
PERL5LIB="/tmp/loop_over_bdir-11431-gVVJfV/Asm-X86-0.26-0/blib/arch:/tmp/loop_over_bdir-11431-gVVJfV/Asm-X86-0.26-0/blib/lib"
PERL5OPT=""
PERL5_CPANPLUS_IS_RUNNING="29870"
PERL5_CPAN_IS_RUNNING="29870"
PERL_CANARY_STABILITY_NOPROMPT="1"
PERL_MM_USE_DEFAULT="1"
PERL_USE_UNSAFE_INC="1"
@INC:
/tmp/loop_over_bdir-11431-gVVJfV/Asm-X86-0.26-0/blib/arch
/tmp/loop_over_bdir-11431-gVVJfV/Asm-X86-0.26-0/blib/lib
/home/sand/src/perl/repoperls/installed-perls/host/k93bionic/v5.29.6/2aaf/lib/site_perl/5.29.6/x86_64-linux
/home/sand/src/perl/repoperls/installed-perls/host/k93bionic/v5.29.6/2aaf/lib/site_perl/5.29.6
/home/sand/src/perl/repoperls/installed-perls/host/k93bionic/v5.29.6/2aaf/lib/5.29.6/x86_64-linux
/home/sand/src/perl/repoperls/installed-perls/host/k93bionic/v5.29.6/2aaf/lib/5.29.6
.