Back
From: metabase:user:320bfe00-2aae-11df-837a-5e0a49663a4f
Subject: FAIL Bio-MLST-Check-2.1.1706216 v5.22.2 GNU/Linux
Date: 2017-03-03T16:33:51Z
This distribution has been tested as part of the CPAN Testers
project, supporting the Perl programming language. See
http://wiki.cpantesters.org/ for more information or email
questions to cpan-testers-discuss@perl.org
--
Dear Andrew Page,
This is a computer-generated report for Bio-MLST-Check-2.1.1706216
on perl 5.22.2, created by CPAN-Reporter-1.2018.
Thank you for uploading your work to CPAN. However, there was a problem
testing your distribution.
If you think this report is invalid, please consult the CPAN Testers Wiki
for suggestions on how to avoid getting FAIL reports for missing library
or binary dependencies, unsupported operating systems, and so on:
http://wiki.cpantesters.org/wiki/CPANAuthorNotes
Sections of this report:
* Tester comments
* Program output
* Prerequisites
* Environment and other context
------------------------------
TESTER COMMENTS
------------------------------
Additional comments from tester:
this report is from an automated smoke testing program
and was not reviewed by a human for accuracy
------------------------------
PROGRAM OUTPUT
------------------------------
Output from '/usr/bin/make test':
PERL_DL_NONLAZY=1 "/home/sand/src/perl/repoperls/installed-perls/host/k93msid/v5.22.2/a1a1/bin/perl" "-MExtUtils::Command::MM" "-MTest::Harness" "-e" "undef *Test::Harness::Switches; test_harness(0, 'blib/lib', 'blib/arch')" t/*.t t/Blast/*.t t/CDC/*.t t/Download/*.t t/Input/*.t t/Output/*.t t/SequenceTypes/*.t t/Settings/*.t t/Validate/*.t
#
# Versions for all modules listed in MYMETA.json (including optional ones):
#
# === Configure Requires ===
#
# Module Want Have
# ------------------- ---- ----
# ExtUtils::MakeMaker any 7.24
#
# === Build Requires ===
#
# Module Want Have
# ------------------- ---- ----
# ExtUtils::MakeMaker any 7.24
#
# === Test Requires ===
#
# Module Want Have
# ------------------- ---- --------
# Env::Path any 0.19
# ExtUtils::MakeMaker any 7.24
# File::Slurp any 9999.19
# File::Spec any 3.62
# File::Touch any 0.11
# HTTP::Status any 6.11
# IO::Scalar any 2.111
# String::Util any 1.26
# Test::Exception any 0.43
# Test::MockModule any 0.11
# Test::More any 1.302075
# Test::Most any 0.35
#
# === Test Recommends ===
#
# Module Want Have
# ---------- -------- --------
# CPAN::Meta 2.120900 2.150010
#
# === Runtime Requires ===
#
# Module Want Have
# ---------------------------- ---- ----------
# Bio::AlignIO any undef
# Bio::Perl any undef
# Bio::PrimarySeq any undef
# Bio::SeqIO any undef
# Bio::SimpleAlign any undef
# Cwd any 3.62
# Data::Dumper any 2.161
# Exporter any 5.72
# File::Basename any 2.85
# File::Copy any 2.30
# File::Path 2.06 2.12
# File::Temp any 0.2304
# File::Which any 1.21
# Getopt::Long any 2.45
# HTTP::Request any 6.11
# LWP::Simple any 6.21
# LWP::UserAgent any 6.21
# List::Util any 1.47
# Moose any 2.2004
# Moose::Role any 2.2004
# Moose::Util::TypeConstraints any 2.2004
# POSIX any 1.53_01
# Parallel::ForkManager any 1.19
# Regexp::Common any 2016060801
# Text::CSV any 1.91
# Try::Tiny any 0.28
# XML::LibXML any 2.0128
# lib any 0.63
# strict any 1.09
# warnings any 1.34
#
t/00-report-prereqs.t ............. ok
Attribute (exec) does not pass the type constraint because: Validation failed for 'Bio::MLST::Executable' with value "makeblastdb" at constructor Bio::MLST::Blast::Database::new (defined at lib/Bio/MLST/Blast/Database.pm line 32) line 52
Bio::MLST::Blast::Database::new('Bio::MLST::Blast::Database', 'fasta_file', 't/data/contigs.fa') called at t/Blast/BlastN.t line 17
# Tests were run but no plan was declared and done_testing() was not seen.
# Looks like your test exited with 255 just after 1.
t/Blast/BlastN.t ..................
Dubious, test returned 255 (wstat 65280, 0xff00)
All 1 subtests passed
Attribute (exec) does not pass the type constraint because: Validation failed for 'Bio::MLST::Executable' with value "makeblastdb" at constructor Bio::MLST::Blast::Database::new (defined at lib/Bio/MLST/Blast/Database.pm line 32) line 52
Bio::MLST::Blast::Database::new('Bio::MLST::Blast::Database', 'fasta_file', 't/data/contigs.fa') called at t/Blast/Database.t line 13
# Tests were run but no plan was declared and done_testing() was not seen.
# Looks like your test exited with 255 just after 1.
t/Blast/Database.t ................
Dubious, test returned 255 (wstat 65280, 0xff00)
All 1 subtests passed
Attribute (exec) does not pass the type constraint because: Validation failed for 'Bio::MLST::Executable' with value "makeblastdb" at constructor Bio::MLST::Blast::Database::new (defined at lib/Bio/MLST/Blast/Database.pm line 32) line 45
Bio::MLST::Blast::Database::new('Bio::MLST::Blast::Database', 'fasta_file', 't/data/Streptococcus_pyogenes_emmST_contigs.fa', 'exec', 'makeblastdb') called at lib/Bio/MLST/CompareAlleles.pm line 42
Bio::MLST::CompareAlleles::_build__blast_db_location_obj('Bio::MLST::CompareAlleles=HASH(0x564cbd29b618)') called at reader Bio::MLST::CompareAlleles::_blast_db_location_obj (defined at lib/Bio/MLST/CompareAlleles.pm line 21) line 8
Bio::MLST::CompareAlleles::_blast_db_location_obj('Bio::MLST::CompareAlleles=HASH(0x564cbd29b618)') called at lib/Bio/MLST/CompareAlleles.pm line 36
Bio::MLST::CompareAlleles::_build__blast_db_location('Bio::MLST::CompareAlleles=HASH(0x564cbd29b618)') called at reader Bio::MLST::CompareAlleles::_blast_db_location (defined at lib/Bio/MLST/CompareAlleles.pm line 22) line 8
Bio::MLST::CompareAlleles::_blast_db_location('Bio::MLST::CompareAlleles=HASH(0x564cbd29b618)') called at lib/Bio/MLST/CompareAlleles.pm line 115
Bio::MLST::CompareAlleles::_build_matching_sequences('Bio::MLST::CompareAlleles=HASH(0x564cbd29b618)') called at reader Bio::MLST::CompareAlleles::matching_sequences (defined at lib/Bio/MLST/CompareAlleles.pm line 24) line 8
Bio::MLST::CompareAlleles::matching_sequences('Bio::MLST::CompareAlleles=HASH(0x564cbd29b618)') called at lib/Bio/MLST/ProcessFasta.pm line 52
Bio::MLST::ProcessFasta::_build__compare_alleles('Bio::MLST::ProcessFasta=HASH(0x564cb9e34b20)') called at reader Bio::MLST::ProcessFasta::_compare_alleles (defined at lib/Bio/MLST/ProcessFasta.pm line 25) line 8
Bio::MLST::ProcessFasta::_compare_alleles('Bio::MLST::ProcessFasta=HASH(0x564cb9e34b20)') called at lib/Bio/MLST/ProcessFasta.pm line 67
Bio::MLST::ProcessFasta::_build__sequence_type_obj('Bio::MLST::ProcessFasta=HASH(0x564cb9e34b20)') called at reader Bio::MLST::ProcessFasta::_sequence_type_obj (defined at lib/Bio/MLST/ProcessFasta.pm line 26) line 8
Bio::MLST::ProcessFasta::_sequence_type_obj('Bio::MLST::ProcessFasta=HASH(0x564cb9e34b20)') called at lib/Bio/MLST/ProcessFasta.pm line 78
Bio::MLST::ProcessFasta::_build__spreadsheet_row_obj('Bio::MLST::ProcessFasta=HASH(0x564cb9e34b20)') called at reader Bio::MLST::ProcessFasta::_spreadsheet_row_obj (defined at lib/Bio/MLST/ProcessFasta.pm line 27) line 8
Bio::MLST::ProcessFasta::_spreadsheet_row_obj('Bio::MLST::ProcessFasta=HASH(0x564cb9e34b20)') called at lib/Bio/MLST/Check.pm line 83
Bio::MLST::Check::_generate_spreadsheet_rows('Bio::MLST::Check=HASH(0x564cb9e35228)') called at lib/Bio/MLST/Check.pm line 105
Bio::MLST::Check::create_result_files('Bio::MLST::Check=HASH(0x564cb9e35228)') called at t/CDC/Convert.t line 50
Attribute (header) does not pass the type constraint because: Validation failed for 'ArrayRef' with value undef at constructor Bio::MLST::Spreadsheet::File::new (defined at lib/Bio/MLST/Spreadsheet/File.pm line 44) line 39
Bio::MLST::Spreadsheet::File::new('Bio::MLST::Spreadsheet::File', 'header', undef, 'spreadsheet_allele_numbers_rows', 'ARRAY(0x564cb9e41198)', 'spreadsheet_genomic_rows', 'ARRAY(0x564cb9e41630)', 'output_directory', '/tmp/loop_over_bdir-26629-wWyOvP/Bio-MLST-Check-2.1.1706216-0/DKseaO_OYp', 'spreadsheet_basename', 'mlst_results') called at lib/Bio/MLST/Check.pm line 108
Bio::MLST::Check::create_result_files('Bio::MLST::Check=HASH(0x564cb9e35228)') called at t/CDC/Convert.t line 50
# Tests were run but no plan was declared and done_testing() was not seen.
# Looks like your test exited with 255 just after 12.
t/CDC/Convert.t ...................
Dubious, test returned 255 (wstat 65280, 0xff00)
All 12 subtests passed
t/Download/Database.t ............. ok
Prototype mismatch: sub LWP::Simple::getstore ($$) vs none at /home/sand/src/perl/repoperls/installed-perls/host/k93msid/v5.22.2/a1a1/lib/site_perl/5.22.2/Test/MockModule.pm line 135.
Prototype mismatch: sub LWP::Simple::is_success ($) vs none at /home/sand/src/perl/repoperls/installed-perls/host/k93msid/v5.22.2/a1a1/lib/site_perl/5.22.2/Test/MockModule.pm line 135.
Prototype mismatch: sub LWP::Simple::is_success: none vs ($) at /home/sand/src/perl/repoperls/installed-perls/host/k93msid/v5.22.2/a1a1/lib/site_perl/5.22.2/Test/MockModule.pm line 135.
Prototype mismatch: sub LWP::Simple::getstore: none vs ($$) at /home/sand/src/perl/repoperls/installed-perls/host/k93msid/v5.22.2/a1a1/lib/site_perl/5.22.2/Test/MockModule.pm line 135.
t/Download/Database_fails.t ....... ok
Prototype mismatch: sub LWP::Simple::getstore ($$) vs none at /home/sand/src/perl/repoperls/installed-perls/host/k93msid/v5.22.2/a1a1/lib/site_perl/5.22.2/Test/MockModule.pm line 135.
Prototype mismatch: sub LWP::Simple::is_success ($) vs none at /home/sand/src/perl/repoperls/installed-perls/host/k93msid/v5.22.2/a1a1/lib/site_perl/5.22.2/Test/MockModule.pm line 135.
Prototype mismatch: sub LWP::Simple::is_success: none vs ($) at /home/sand/src/perl/repoperls/installed-perls/host/k93msid/v5.22.2/a1a1/lib/site_perl/5.22.2/Test/MockModule.pm line 135.
Prototype mismatch: sub LWP::Simple::getstore: none vs ($$) at /home/sand/src/perl/repoperls/installed-perls/host/k93msid/v5.22.2/a1a1/lib/site_perl/5.22.2/Test/MockModule.pm line 135.
t/Download/Database_succeeds.t .... ok
t/Download/Databases.t ............ ok
t/FilterAlleles.t ................. ok
t/Input/NormaliseFasta.t .......... ok
t/Output/Databases.t .............. ok
Attribute (exec) does not pass the type constraint because: Validation failed for 'Bio::MLST::Executable' with value "makeblastdb" at constructor Bio::MLST::Blast::Database::new (defined at lib/Bio/MLST/Blast/Database.pm line 32) line 45
Bio::MLST::Blast::Database::new('Bio::MLST::Blast::Database', 'fasta_file', 't/data/contigs.fa', 'exec', 'makeblastdb') called at lib/Bio/MLST/CompareAlleles.pm line 42
Bio::MLST::CompareAlleles::_build__blast_db_location_obj('Bio::MLST::CompareAlleles=HASH(0x55c5148957c0)') called at reader Bio::MLST::CompareAlleles::_blast_db_location_obj (defined at lib/Bio/MLST/CompareAlleles.pm line 21) line 8
Bio::MLST::CompareAlleles::_blast_db_location_obj('Bio::MLST::CompareAlleles=HASH(0x55c5148957c0)') called at lib/Bio/MLST/CompareAlleles.pm line 36
Bio::MLST::CompareAlleles::_build__blast_db_location('Bio::MLST::CompareAlleles=HASH(0x55c5148957c0)') called at reader Bio::MLST::CompareAlleles::_blast_db_location (defined at lib/Bio/MLST/CompareAlleles.pm line 22) line 8
Bio::MLST::CompareAlleles::_blast_db_location('Bio::MLST::CompareAlleles=HASH(0x55c5148957c0)') called at lib/Bio/MLST/CompareAlleles.pm line 115
Bio::MLST::CompareAlleles::_build_matching_sequences('Bio::MLST::CompareAlleles=HASH(0x55c5148957c0)') called at reader Bio::MLST::CompareAlleles::matching_sequences (defined at lib/Bio/MLST/CompareAlleles.pm line 24) line 8
Bio::MLST::CompareAlleles::matching_sequences('Bio::MLST::CompareAlleles=HASH(0x55c5148957c0)') called at lib/Bio/MLST/ProcessFasta.pm line 52
Bio::MLST::ProcessFasta::_build__compare_alleles('Bio::MLST::ProcessFasta=HASH(0x55c5148957a8)') called at reader Bio::MLST::ProcessFasta::_compare_alleles (defined at lib/Bio/MLST/ProcessFasta.pm line 25) line 8
Bio::MLST::ProcessFasta::_compare_alleles('Bio::MLST::ProcessFasta=HASH(0x55c5148957a8)') called at lib/Bio/MLST/ProcessFasta.pm line 67
Bio::MLST::ProcessFasta::_build__sequence_type_obj('Bio::MLST::ProcessFasta=HASH(0x55c5148957a8)') called at reader Bio::MLST::ProcessFasta::_sequence_type_obj (defined at lib/Bio/MLST/ProcessFasta.pm line 26) line 8
Bio::MLST::ProcessFasta::_sequence_type_obj('Bio::MLST::ProcessFasta=HASH(0x55c5148957a8)') called at lib/Bio/MLST/ProcessFasta.pm line 78
Bio::MLST::ProcessFasta::_build__spreadsheet_row_obj('Bio::MLST::ProcessFasta=HASH(0x55c5148957a8)') called at reader Bio::MLST::ProcessFasta::_spreadsheet_row_obj (defined at lib/Bio/MLST/ProcessFasta.pm line 27) line 8
Bio::MLST::ProcessFasta::_spreadsheet_row_obj('Bio::MLST::ProcessFasta=HASH(0x55c5148957a8)') called at lib/Bio/MLST/Check.pm line 83
Bio::MLST::Check::_generate_spreadsheet_rows('Bio::MLST::Check=HASH(0x55c517b67aa0)') called at lib/Bio/MLST/Check.pm line 105
Bio::MLST::Check::create_result_files('Bio::MLST::Check=HASH(0x55c517b67aa0)') called at t/Output/MultipleFastas.t line 32
Attribute (header) does not pass the type constraint because: Validation failed for 'ArrayRef' with value undef at constructor Bio::MLST::Spreadsheet::File::new (defined at lib/Bio/MLST/Spreadsheet/File.pm line 44) line 39
Bio::MLST::Spreadsheet::File::new('Bio::MLST::Spreadsheet::File', 'header', undef, 'spreadsheet_allele_numbers_rows', 'ARRAY(0x55c517b85068)', 'spreadsheet_genomic_rows', 'ARRAY(0x55c517b85080)', 'output_directory', '/tmp/loop_over_bdir-26629-wWyOvP/Bio-MLST-Check-2.1.1706216-0/FjxdpJ0WQL', 'spreadsheet_basename', 'mlst_results') called at lib/Bio/MLST/Check.pm line 108
Bio::MLST::Check::create_result_files('Bio::MLST::Check=HASH(0x55c517b67aa0)') called at t/Output/MultipleFastas.t line 32
# Tests were run but no plan was declared and done_testing() was not seen.
# Looks like your test exited with 255 just after 2.
t/Output/MultipleFastas.t .........
Dubious, test returned 255 (wstat 65280, 0xff00)
All 2 subtests passed
Attribute (exec) does not pass the type constraint because: Validation failed for 'Bio::MLST::Executable' with value "makeblastdb" at constructor Bio::MLST::Blast::Database::new (defined at lib/Bio/MLST/Blast/Database.pm line 32) line 45
Bio::MLST::Blast::Database::new('Bio::MLST::Blast::Database', 'fasta_file', 't/data/contigs.fa', 'exec', 'makeblastdb') called at lib/Bio/MLST/CompareAlleles.pm line 42
Bio::MLST::CompareAlleles::_build__blast_db_location_obj('Bio::MLST::CompareAlleles=HASH(0x5620966a8d98)') called at reader Bio::MLST::CompareAlleles::_blast_db_location_obj (defined at lib/Bio/MLST/CompareAlleles.pm line 21) line 8
Bio::MLST::CompareAlleles::_blast_db_location_obj('Bio::MLST::CompareAlleles=HASH(0x5620966a8d98)') called at lib/Bio/MLST/CompareAlleles.pm line 36
Bio::MLST::CompareAlleles::_build__blast_db_location('Bio::MLST::CompareAlleles=HASH(0x5620966a8d98)') called at reader Bio::MLST::CompareAlleles::_blast_db_location (defined at lib/Bio/MLST/CompareAlleles.pm line 22) line 8
Bio::MLST::CompareAlleles::_blast_db_location('Bio::MLST::CompareAlleles=HASH(0x5620966a8d98)') called at lib/Bio/MLST/CompareAlleles.pm line 115
Bio::MLST::CompareAlleles::_build_matching_sequences('Bio::MLST::CompareAlleles=HASH(0x5620966a8d98)') called at reader Bio::MLST::CompareAlleles::matching_sequences (defined at lib/Bio/MLST/CompareAlleles.pm line 24) line 8
Bio::MLST::CompareAlleles::matching_sequences('Bio::MLST::CompareAlleles=HASH(0x5620966a8d98)') called at lib/Bio/MLST/ProcessFasta.pm line 52
Bio::MLST::ProcessFasta::_build__compare_alleles('Bio::MLST::ProcessFasta=HASH(0x5620966a9008)') called at reader Bio::MLST::ProcessFasta::_compare_alleles (defined at lib/Bio/MLST/ProcessFasta.pm line 25) line 8
Bio::MLST::ProcessFasta::_compare_alleles('Bio::MLST::ProcessFasta=HASH(0x5620966a9008)') called at lib/Bio/MLST/ProcessFasta.pm line 67
Bio::MLST::ProcessFasta::_build__sequence_type_obj('Bio::MLST::ProcessFasta=HASH(0x5620966a9008)') called at reader Bio::MLST::ProcessFasta::_sequence_type_obj (defined at lib/Bio/MLST/ProcessFasta.pm line 26) line 8
Bio::MLST::ProcessFasta::_sequence_type_obj('Bio::MLST::ProcessFasta=HASH(0x5620966a9008)') called at lib/Bio/MLST/ProcessFasta.pm line 78
Bio::MLST::ProcessFasta::_build__spreadsheet_row_obj('Bio::MLST::ProcessFasta=HASH(0x5620966a9008)') called at reader Bio::MLST::ProcessFasta::_spreadsheet_row_obj (defined at lib/Bio/MLST/ProcessFasta.pm line 27) line 8
Bio::MLST::ProcessFasta::_spreadsheet_row_obj('Bio::MLST::ProcessFasta=HASH(0x5620966a9008)') called at lib/Bio/MLST/Check.pm line 83
Bio::MLST::Check::_generate_spreadsheet_rows('Bio::MLST::Check=HASH(0x5620950a2d88)') called at lib/Bio/MLST/Check.pm line 105
Bio::MLST::Check::create_result_files('Bio::MLST::Check=HASH(0x5620950a2d88)') called at lib/Bio/MLST/CheckMultipleSpecies.pm line 115
Bio::MLST::CheckMultipleSpecies::_run_mlst_for_species_list('Bio::MLST::CheckMultipleSpecies=HASH(0x56209335cb50)') called at lib/Bio/MLST/CheckMultipleSpecies.pm line 232
Bio::MLST::CheckMultipleSpecies::create_result_files('Bio::MLST::CheckMultipleSpecies=HASH(0x56209335cb50)') called at t/Output/MultipleSpecies.t line 28
Attribute (exec) does not pass the type constraint because: Validation failed for 'Bio::MLST::Executable' with value "makeblastdb" at constructor Bio::MLST::Blast::Database::new (defined at lib/Bio/MLST/Blast/Database.pm line 32) line 45
Bio::MLST::Blast::Database::new('Bio::MLST::Blast::Database', 'fasta_file', 't/data/contigs.fa', 'exec', 'makeblastdb') called at lib/Bio/MLST/CompareAlleles.pm line 42
Bio::MLST::CompareAlleles::_build__blast_db_location_obj('Bio::MLST::CompareAlleles=HASH(0x5620966a92a8)') called at reader Bio::MLST::CompareAlleles::_blast_db_location_obj (defined at lib/Bio/MLST/CompareAlleles.pm line 21) line 8
Bio::MLST::CompareAlleles::_blast_db_location_obj('Bio::MLST::CompareAlleles=HASH(0x5620966a92a8)') called at lib/Bio/MLST/CompareAlleles.pm line 36
Bio::MLST::CompareAlleles::_build__blast_db_location('Bio::MLST::CompareAlleles=HASH(0x5620966a92a8)') called at reader Bio::MLST::CompareAlleles::_blast_db_location (defined at lib/Bio/MLST/CompareAlleles.pm line 22) line 8
Bio::MLST::CompareAlleles::_blast_db_location('Bio::MLST::CompareAlleles=HASH(0x5620966a92a8)') called at lib/Bio/MLST/CompareAlleles.pm line 115
Bio::MLST::CompareAlleles::_build_matching_sequences('Bio::MLST::CompareAlleles=HASH(0x5620966a92a8)') called at reader Bio::MLST::CompareAlleles::matching_sequences (defined at lib/Bio/MLST/CompareAlleles.pm line 24) line 8
Bio::MLST::CompareAlleles::matching_sequences('Bio::MLST::CompareAlleles=HASH(0x5620966a92a8)') called at lib/Bio/MLST/ProcessFasta.pm line 52
Bio::MLST::ProcessFasta::_build__compare_alleles('Bio::MLST::ProcessFasta=HASH(0x5620966a8ff0)') called at reader Bio::MLST::ProcessFasta::_compare_alleles (defined at lib/Bio/MLST/ProcessFasta.pm line 25) line 8
Bio::MLST::ProcessFasta::_compare_alleles('Bio::MLST::ProcessFasta=HASH(0x5620966a8ff0)') called at lib/Bio/MLST/ProcessFasta.pm line 67
Bio::MLST::ProcessFasta::_build__sequence_type_obj('Bio::MLST::ProcessFasta=HASH(0x5620966a8ff0)') called at reader Bio::MLST::ProcessFasta::_sequence_type_obj (defined at lib/Bio/MLST/ProcessFasta.pm line 26) line 8
Bio::MLST::ProcessFasta::_sequence_type_obj('Bio::MLST::ProcessFasta=HASH(0x5620966a8ff0)') called at lib/Bio/MLST/ProcessFasta.pm line 78
Bio::MLST::ProcessFasta::_build__spreadsheet_row_obj('Bio::MLST::ProcessFasta=HASH(0x5620966a8ff0)') called at reader Bio::MLST::ProcessFasta::_spreadsheet_row_obj (defined at lib/Bio/MLST/ProcessFasta.pm line 27) line 8
Bio::MLST::ProcessFasta::_spreadsheet_row_obj('Bio::MLST::ProcessFasta=HASH(0x5620966a8ff0)') called at lib/Bio/MLST/Check.pm line 83
Bio::MLST::Check::_generate_spreadsheet_rows('Bio::MLST::Check=HASH(0x562096578da0)') called at lib/Bio/MLST/Check.pm line 105
Bio::MLST::Check::create_result_files('Bio::MLST::Check=HASH(0x562096578da0)') called at lib/Bio/MLST/CheckMultipleSpecies.pm line 115
Bio::MLST::CheckMultipleSpecies::_run_mlst_for_species_list('Bio::MLST::CheckMultipleSpecies=HASH(0x56209335cb50)') called at lib/Bio/MLST/CheckMultipleSpecies.pm line 232
Bio::MLST::CheckMultipleSpecies::create_result_files('Bio::MLST::CheckMultipleSpecies=HASH(0x56209335cb50)') called at t/Output/MultipleSpecies.t line 28
Attribute (header) does not pass the type constraint because: Validation failed for 'ArrayRef' with value undef at constructor Bio::MLST::Spreadsheet::File::new (defined at lib/Bio/MLST/Spreadsheet/File.pm line 44) line 39
Bio::MLST::Spreadsheet::File::new('Bio::MLST::Spreadsheet::File', 'header', undef, 'spreadsheet_allele_numbers_rows', 'ARRAY(0x562095051fa0)', 'spreadsheet_genomic_rows', 'ARRAY(0x562095bb1e80)', 'output_directory', '/tmp/loop_over_bdir-26629-wWyOvP/Bio-MLST-Check-2.1.1706216-0/d0OwZvNPtp', 'spreadsheet_basename', 0001) called at lib/Bio/MLST/Check.pm line 108
Bio::MLST::Check::create_result_files('Bio::MLST::Check=HASH(0x5620950a2d88)') called at lib/Bio/MLST/CheckMultipleSpecies.pm line 115
Bio::MLST::CheckMultipleSpecies::_run_mlst_for_species_list('Bio::MLST::CheckMultipleSpecies=HASH(0x56209335cb50)') called at lib/Bio/MLST/CheckMultipleSpecies.pm line 232
Bio::MLST::CheckMultipleSpecies::create_result_files('Bio::MLST::CheckMultipleSpecies=HASH(0x56209335cb50)') called at t/Output/MultipleSpecies.t line 28
Attribute (header) does not pass the type constraint because: Validation failed for 'ArrayRef' with value undef at constructor Bio::MLST::Spreadsheet::File::new (defined at lib/Bio/MLST/Spreadsheet/File.pm line 44) line 39
Bio::MLST::Spreadsheet::File::new('Bio::MLST::Spreadsheet::File', 'header', undef, 'spreadsheet_allele_numbers_rows', 'ARRAY(0x5620951b9708)', 'spreadsheet_genomic_rows', 'ARRAY(0x56209335c970)', 'output_directory', '/tmp/loop_over_bdir-26629-wWyOvP/Bio-MLST-Check-2.1.1706216-0/d0OwZvNPtp', 'spreadsheet_basename', 0002) called at lib/Bio/MLST/Check.pm line 108
Bio::MLST::Check::create_result_files('Bio::MLST::Check=HASH(0x562096578da0)') called at lib/Bio/MLST/CheckMultipleSpecies.pm line 115
Bio::MLST::CheckMultipleSpecies::_run_mlst_for_species_list('Bio::MLST::CheckMultipleSpecies=HASH(0x56209335cb50)') called at lib/Bio/MLST/CheckMultipleSpecies.pm line 232
Bio::MLST::CheckMultipleSpecies::create_result_files('Bio::MLST::CheckMultipleSpecies=HASH(0x56209335cb50)') called at t/Output/MultipleSpecies.t line 28
readline() on closed filehandle $fh_in at lib/Bio/MLST/CheckMultipleSpecies.pm line 159.
readline() on closed filehandle $fh_in at lib/Bio/MLST/CheckMultipleSpecies.pm line 159.
readline() on closed filehandle $fh_in at lib/Bio/MLST/CheckMultipleSpecies.pm line 159.
readline() on closed filehandle $fh_in at lib/Bio/MLST/CheckMultipleSpecies.pm line 159.
# Failed test 'results content matches expected content'
#
# at t/Output/MultipleSpecies.t line 74.
#
# Structures begin differing at:
# $got->[0] = '"E.coli" "matched 1 of 1 files"
'
# $expected->[0] = '"No matches found"
'
#
# Failed test 'results content matches expected content'
#
# at t/Output/MultipleSpecies.t line 74.
#
# Structures begin differing at:
# $got->[0] = '"E.coli" "matched 1 of 1 files"
'
# $expected->[0] = '"No matches found"
'
#
# Looks like you failed 2 tests of 13.
t/Output/MultipleSpecies.t ........
Dubious, test returned 2 (wstat 512, 0x200)
Failed 2/13 subtests
t/Output/OutputFasta.t ............ ok
Attribute (exec) does not pass the type constraint because: Validation failed for 'Bio::MLST::Executable' with value "makeblastdb" at constructor Bio::MLST::Blast::Database::new (defined at lib/Bio/MLST/Blast/Database.pm line 32) line 45
Bio::MLST::Blast::Database::new('Bio::MLST::Blast::Database', 'fasta_file', 't/data/contigs.fa', 'exec', 'makeblastdb') called at lib/Bio/MLST/CompareAlleles.pm line 42
Bio::MLST::CompareAlleles::_build__blast_db_location_obj('Bio::MLST::CompareAlleles=HASH(0x5635ad78d6d0)') called at reader Bio::MLST::CompareAlleles::_blast_db_location_obj (defined at lib/Bio/MLST/CompareAlleles.pm line 21) line 8
Bio::MLST::CompareAlleles::_blast_db_location_obj('Bio::MLST::CompareAlleles=HASH(0x5635ad78d6d0)') called at lib/Bio/MLST/CompareAlleles.pm line 36
Bio::MLST::CompareAlleles::_build__blast_db_location('Bio::MLST::CompareAlleles=HASH(0x5635ad78d6d0)') called at reader Bio::MLST::CompareAlleles::_blast_db_location (defined at lib/Bio/MLST/CompareAlleles.pm line 22) line 8
Bio::MLST::CompareAlleles::_blast_db_location('Bio::MLST::CompareAlleles=HASH(0x5635ad78d6d0)') called at lib/Bio/MLST/CompareAlleles.pm line 115
Bio::MLST::CompareAlleles::_build_matching_sequences('Bio::MLST::CompareAlleles=HASH(0x5635ad78d6d0)') called at reader Bio::MLST::CompareAlleles::matching_sequences (defined at lib/Bio/MLST/CompareAlleles.pm line 24) line 8
Bio::MLST::CompareAlleles::matching_sequences('Bio::MLST::CompareAlleles=HASH(0x5635ad78d6d0)') called at lib/Bio/MLST/CompareAlleles.pm line 61
Bio::MLST::CompareAlleles::found_sequence_names('Bio::MLST::CompareAlleles=HASH(0x5635ad78d6d0)') called at t/Output/SpreadsheetRow.t line 22
# Tests were run but no plan was declared and done_testing() was not seen.
# Looks like your test exited with 255 just after 1.
t/Output/SpreadsheetRow.t .........
Dubious, test returned 255 (wstat 65280, 0xff00)
All 1 subtests passed
# Failed test 'blastn in PATH'
# at t/requires_external.t line 8.
# Failed test 'makeblastdb in PATH'
# at t/requires_external.t line 8.
# Looks like you failed 2 tests of 2.
t/requires_external.t .............
Dubious, test returned 2 (wstat 512, 0x200)
Failed 2/2 subtests
Attribute (exec) does not pass the type constraint because: Validation failed for 'Bio::MLST::Executable' with value "makeblastdb" at constructor Bio::MLST::Blast::Database::new (defined at lib/Bio/MLST/Blast/Database.pm line 32) line 45
Bio::MLST::Blast::Database::new('Bio::MLST::Blast::Database', 'fasta_file', 't/data/contigs.fa', 'exec', 'makeblastdb') called at lib/Bio/MLST/CompareAlleles.pm line 42
Bio::MLST::CompareAlleles::_build__blast_db_location_obj('Bio::MLST::CompareAlleles=HASH(0x561b2cdffd88)') called at reader Bio::MLST::CompareAlleles::_blast_db_location_obj (defined at lib/Bio/MLST/CompareAlleles.pm line 21) line 8
Bio::MLST::CompareAlleles::_blast_db_location_obj('Bio::MLST::CompareAlleles=HASH(0x561b2cdffd88)') called at lib/Bio/MLST/CompareAlleles.pm line 36
Bio::MLST::CompareAlleles::_build__blast_db_location('Bio::MLST::CompareAlleles=HASH(0x561b2cdffd88)') called at reader Bio::MLST::CompareAlleles::_blast_db_location (defined at lib/Bio/MLST/CompareAlleles.pm line 22) line 8
Bio::MLST::CompareAlleles::_blast_db_location('Bio::MLST::CompareAlleles=HASH(0x561b2cdffd88)') called at lib/Bio/MLST/CompareAlleles.pm line 115
Bio::MLST::CompareAlleles::_build_matching_sequences('Bio::MLST::CompareAlleles=HASH(0x561b2cdffd88)') called at reader Bio::MLST::CompareAlleles::matching_sequences (defined at lib/Bio/MLST/CompareAlleles.pm line 24) line 8
Bio::MLST::CompareAlleles::matching_sequences('Bio::MLST::CompareAlleles=HASH(0x561b2cdffd88)') called at lib/Bio/MLST/CompareAlleles.pm line 61
Bio::MLST::CompareAlleles::found_sequence_names('Bio::MLST::CompareAlleles=HASH(0x561b2cdffd88)') called at t/SequenceTypes/CompareAlleles.t line 20
# Tests were run but no plan was declared and done_testing() was not seen.
# Looks like your test exited with 255 just after 2.
t/SequenceTypes/CompareAlleles.t ..
Dubious, test returned 255 (wstat 65280, 0xff00)
All 2 subtests passed
t/SequenceTypes/SearchForFiles.t .. ok
t/SequenceTypes/SequenceType.t .... ok
t/Settings/DatabaseSettings.t ..... ok
t/Validate/Executable.t ........... ok
Test Summary Report
-------------------
t/Blast/BlastN.t (Wstat: 65280 Tests: 1 Failed: 0)
Non-zero exit status: 255
Parse errors: No plan found in TAP output
t/Blast/Database.t (Wstat: 65280 Tests: 1 Failed: 0)
Non-zero exit status: 255
Parse errors: No plan found in TAP output
t/CDC/Convert.t (Wstat: 65280 Tests: 12 Failed: 0)
Non-zero exit status: 255
Parse errors: No plan found in TAP output
t/Output/MultipleFastas.t (Wstat: 65280 Tests: 2 Failed: 0)
Non-zero exit status: 255
Parse errors: No plan found in TAP output
t/Output/MultipleSpecies.t (Wstat: 512 Tests: 13 Failed: 2)
Failed tests: 6, 9
Non-zero exit status: 2
t/Output/SpreadsheetRow.t (Wstat: 65280 Tests: 1 Failed: 0)
Non-zero exit status: 255
Parse errors: No plan found in TAP output
t/requires_external.t (Wstat: 512 Tests: 2 Failed: 2)
Failed tests: 1-2
Non-zero exit status: 2
t/SequenceTypes/CompareAlleles.t (Wstat: 65280 Tests: 2 Failed: 0)
Non-zero exit status: 255
Parse errors: No plan found in TAP output
Files=21, Tests=194, 21 wallclock secs ( 0.10 usr 0.12 sys + 9.36 cusr 1.80 csys = 11.38 CPU)
Result: FAIL
Failed 8/21 test programs. 4/194 subtests failed.
Makefile:1064: recipe for target 'test_dynamic' failed
make: *** [test_dynamic] Error 255
------------------------------
PREREQUISITES
------------------------------
Prerequisite modules loaded:
requires:
Module Need Have
---------------------------- ---- ----------
Bio::AlignIO 0 0
Bio::Perl 0 1.007001
Bio::PrimarySeq 0 1.007001
Bio::SeqIO 0 0
Bio::SimpleAlign 0 0
Cwd 0 3.62
Data::Dumper 0 2.161
Exporter 0 5.72
File::Basename 0 2.85
File::Copy 0 2.30
File::Path 2.06 2.12
File::Temp 0 0.2304
File::Which 0 1.21
Getopt::Long 0 2.45
HTTP::Request 0 6.11
lib 0 0.63
List::Util 0 1.47
LWP::Simple 0 6.21
LWP::UserAgent 0 6.21
Moose 0 2.2004
Moose::Role 0 2.2004
Moose::Util::TypeConstraints 0 2.2004
Parallel::ForkManager 0 1.19
POSIX 0 1.53_01
Regexp::Common 0 2016060801
strict 0 1.09
Text::CSV 0 1.91
Try::Tiny 0 0.28
warnings 0 1.34
XML::LibXML 0 2.0128
build_requires:
Module Need Have
---------------------------- ---- ----------
Env::Path 0 0.19
ExtUtils::MakeMaker 0 7.24
File::Slurp 0 9999.19
File::Spec 0 3.62
File::Touch 0 0.11
HTTP::Status 0 6.11
IO::Scalar 0 2.111
String::Util 0 1.26
Test::Exception 0 0.43
Test::MockModule 0 0.11
Test::More 0 1.302075
Test::Most 0 0.35
configure_requires:
Module Need Have
---------------------------- ---- ----------
ExtUtils::MakeMaker 0 7.24
------------------------------
ENVIRONMENT AND OTHER CONTEXT
------------------------------
Environment variables:
AUTOMATED_TESTING = 1
LANG = en_US.UTF-8
PATH = /home/sand/bin:/usr/local/bin:/usr/bin:/bin:/usr/games:/usr/local/perl/bin:/usr/X11/bin:/sbin:/usr/sbin
PERL5LIB =
PERL5OPT =
PERL5_CPANPLUS_IS_RUNNING = 26635
PERL5_CPAN_IS_RUNNING = 26635
PERL_CANARY_STABILITY_NOPROMPT = 1
PERL_MM_USE_DEFAULT = 1
PERL_USE_UNSAFE_INC = 1
SHELL = /usr/bin/zsh
TERM = screen
Perl special variables (and OS-specific diagnostics, for MSWin32):
$^X = /home/sand/src/perl/repoperls/installed-perls/host/k93msid/v5.22.2/a1a1/bin/perl
$UID/$EUID = 1005 / 1005
$GID = 1005 1005
$EGID = 1005 1005
Perl module toolchain versions installed:
Module Have
------------------- --------
CPAN 2.17
CPAN::Meta 2.150010
Cwd 3.62
ExtUtils::CBuilder 0.280224
ExtUtils::Command 7.24
ExtUtils::Install 2.04
ExtUtils::MakeMaker 7.24
ExtUtils::Manifest 1.70
ExtUtils::ParseXS 3.30
File::Spec 3.62
JSON 2.91_03
JSON::PP 2.91_04
Module::Build 0.4220
Module::Signature 0.81
Parse::CPAN::Meta 2.150010
Test::Harness 3.37_01
Test::More 1.302075
YAML 1.23
YAML::Syck 1.29
version 0.9917
--
Summary of my perl5 (revision 5 version 22 subversion 2) configuration:
Commit id: 9cbffb38735712e3a34e6f537892b6ef06fb815f
Platform:
osname=linux, osvers=4.8.0-2-amd64, archname=x86_64-linux-thread-multi-ld
uname='linux k93msid 4.8.0-2-amd64 #1 smp debian 4.8.11-1 (2016-12-02) x86_64 gnulinux '
config_args='-Dprefix=/home/sand/src/perl/repoperls/installed-perls/host/k93msid/v5.22.2/a1a1 -Dmyhostname=k93msid -Dinstallusrbinperl=n -Uversiononly -Dusedevel -des -Ui_db -Dlibswanted=cl pthread socket inet nsl gdbm dbm malloc dl ld sun m crypt sec util c cposix posix ucb BSD gdbm_compat -Duseithreads -Duselongdouble -DDEBUGGING=both'
hint=recommended, useposix=true, d_sigaction=define
useithreads=define, usemultiplicity=define
use64bitint=define, use64bitall=define, uselongdouble=define
usemymalloc=n, bincompat5005=undef
Compiler:
cc='cc', ccflags ='-D_REENTRANT -D_GNU_SOURCE -fwrapv -DDEBUGGING -fno-strict-aliasing -pipe -fstack-protector-strong -I/usr/local/include -D_LARGEFILE_SOURCE -D_FILE_OFFSET_BITS=64',
optimize='-O2 -g',
cppflags='-D_REENTRANT -D_GNU_SOURCE -fwrapv -DDEBUGGING -fno-strict-aliasing -pipe -fstack-protector-strong -I/usr/local/include'
ccversion='', gccversion='6.2.1 20161124', gccosandvers=''
intsize=4, longsize=8, ptrsize=8, doublesize=8, byteorder=12345678, doublekind=3
d_longlong=define, longlongsize=8, d_longdbl=define, longdblsize=16, longdblkind=3
ivtype='long', ivsize=8, nvtype='long double', nvsize=16, Off_t='off_t', lseeksize=8
alignbytes=16, prototype=define
Linker and Libraries:
ld='cc', ldflags =' -fstack-protector-strong -L/usr/local/lib'
libpth=/usr/local/lib /usr/lib/gcc/x86_64-linux-gnu/6/include-fixed /usr/include/x86_64-linux-gnu /usr/lib /lib/x86_64-linux-gnu /lib/../lib /usr/lib/x86_64-linux-gnu /usr/lib/../lib /lib
libs=-lpthread -lnsl -ldl -lm -lcrypt -lutil -lc
perllibs=-lpthread -lnsl -ldl -lm -lcrypt -lutil -lc
libc=libc-2.24.so, so=so, useshrplib=false, libperl=libperl.a
gnulibc_version='2.24'
Dynamic Linking:
dlsrc=dl_dlopen.xs, dlext=so, d_dlsymun=undef, ccdlflags='-Wl,-E'
cccdlflags='-fPIC', lddlflags='-shared -O2 -g -L/usr/local/lib -fstack-protector-strong'
Characteristics of this binary (from libperl):
Compile-time options: DEBUGGING HAS_TIMES MULTIPLICITY PERLIO_LAYERS
PERL_DONT_CREATE_GVSV
PERL_HASH_FUNC_ONE_AT_A_TIME_HARD
PERL_IMPLICIT_CONTEXT PERL_MALLOC_WRAP
PERL_NEW_COPY_ON_WRITE PERL_PRESERVE_IVUV
PERL_TRACK_MEMPOOL PERL_USE_DEVEL USE_64_BIT_ALL
USE_64_BIT_INT USE_ITHREADS USE_LARGE_FILES
USE_LOCALE USE_LOCALE_COLLATE USE_LOCALE_CTYPE
USE_LOCALE_NUMERIC USE_LOCALE_TIME USE_LONG_DOUBLE
USE_PERLIO USE_PERL_ATOF USE_REENTRANT_API
Built under linux
Compiled at Dec 14 2016 16:22:47
%ENV:
PERL5LIB=""
PERL5OPT=""
PERL5_CPANPLUS_IS_RUNNING="26635"
PERL5_CPAN_IS_RUNNING="26635"
PERL_CANARY_STABILITY_NOPROMPT="1"
PERL_MM_USE_DEFAULT="1"
PERL_USE_UNSAFE_INC="1"
@INC:
/home/sand/src/perl/repoperls/installed-perls/host/k93msid/v5.22.2/a1a1/lib/site_perl/5.22.2/x86_64-linux-thread-multi-ld
/home/sand/src/perl/repoperls/installed-perls/host/k93msid/v5.22.2/a1a1/lib/site_perl/5.22.2
/home/sand/src/perl/repoperls/installed-perls/host/k93msid/v5.22.2/a1a1/lib/5.22.2/x86_64-linux-thread-multi-ld
/home/sand/src/perl/repoperls/installed-perls/host/k93msid/v5.22.2/a1a1/lib/5.22.2
.