SpeL-Wizard v20250511.1428 Perl 5 v5.40.1 i386-freebsd-thread-multi
- Status
- Fail
- From
- Chris Williams (BINGOS)
- Dist
-
SpeL-Wizard v20250511.1428
- Platform
- Perl 5 v5.40.1 i386-freebsd-thread-multi
- Date
- 2025-05-14 15:43:27
- ID
- 2da24fca-30da-11f0-acaa-c91c7f7edd59
This distribution has been tested as part of the CPAN Testers
project, supporting the Perl programming language. See
http://wiki.cpantesters.org/ for more information or email
questions to cpan-testers-discuss@perl.org
--
Dear WDAEMS,
This is a computer-generated error report created automatically by
CPANPLUS, version 0.9916. Testers personal comments may appear
at the end of this report.
Thank you for uploading your work to CPAN. However, it appears that
there were some problems testing your distribution.
TEST RESULTS:
Below is the error stack from stage 'make test':
Skip blib/lib/auto/share/dist/SpeL-Wizard/tts.conf (unchanged)
Skip blib/lib/auto/share/dist/SpeL-Wizard/awspolly-neural-Lisa.tr (unchanged)
Skip blib/lib/auto/share/dist/SpeL-Wizard/tts-aws.conf (unchanged)
Skip blib/lib/auto/share/dist/SpeL-Wizard/tts-azure.conf (unchanged)
PERL_DL_NONLAZY=1 "/usr/home/cpan/pit/thr/perl-5.40.1/bin/perl" "-MExtUtils::Command::MM" "-MTest::Harness" "-e" "undef *Test::Harness::Switches; test_harness(0, 'blib/lib', 'blib/arch')" t/*.t t/01-lib/SpeL/Object/*.t t/01-lib/SpeL/Parser/*.t t/02-bin/*.t
#
# Versions for all modules listed in MYMETA.json (including optional ones):
#
# === Configure Requires ===
#
# Module Want Have
# ----------------------- ---- ----
# ExtUtils::MakeMaker any 7.74
# File::ShareDir::Install 0.06 0.14
#
# === Build Requires ===
#
# Module Want Have
# ------------------- ---- ----
# ExtUtils::MakeMaker any 7.74
#
# === Test Requires ===
#
# Module Want Have
# ------------------- ---- --------
# ExtUtils::MakeMaker any 7.74
# File::Compare any 1.1008
# File::Spec any 3.91
# Test::More any 1.302211
#
# === Test Recommends ===
#
# Module Want Have
# ---------- -------- --------
# CPAN::Meta 2.120900 2.150010
#
# === Runtime Requires ===
#
# Module Want Have
# ----------------- -------- ----------
# Carp any 1.54
# Config::Tiny any 2.30
# Data::Dumper any 2.189
# Digest::MD5::File any 0.08
# Exporter any 5.78
# File::Basename any 2.86
# File::Path any 2.18
# File::ShareDir any 1.118
# File::Spec any 3.91
# FindBin any 1.54
# Getopt::Long any 2.57
# IO::File any 1.55
# IPC::Run any 20231003.0
# Locale::Maketext any 1.33
# Pod::Usage any 2.03
# Regexp::Common any 2024080801
# Regexp::Grammars any 1.058
# parent any 0.241
# perl 5.032000 5.040001
# strict any 1.13
# warnings any 1.70
#
t/00-report-prereqs.t ................. ok
t/01-lib/SpeL/Object/ModuleLoading.t .. ok
t/01-lib/SpeL/Parser/Auxiliary.t ...... ok
t/01-lib/SpeL/Parser/Chunk.t .......... ok
# Failed test 't/02-bin/auxiliary/realistic.aux'
# at t/02-bin/auxiliary.t line 24.
# Looks like you failed 1 test of 1.
t/02-bin/auxiliary.t ..................
Dubious, test returned 1 (wstat 256, 0x100)
Failed 1/1 subtests
t/02-bin/spel
# Failed test 't/02-bin/spel/aligned.spelidx'
# at t/02-bin/spel.t line 38.
# Failed test 't/02-bin/spel/aprep.spelidx'
# at t/02-bin/spel.t line 38.
# Failed test 't/02-bin/spel/backslashdollar.spelidx'
# at t/02-bin/spel.t line 38.
# Failed test 't/02-bin/spel/bracketstring.spelidx'
# at t/02-bin/spel.t line 38.
# Failed test 't/02-bin/spel/chunk-firstmathcommand.spelidx'
# at t/02-bin/spel.t line 38.
# Failed test 't/02-bin/spel/chunk-mitvarepsilon.spelidx'
# at t/02-bin/spel.t line 38.
# Failed test 't/02-bin/spel/chunk-nestedmath.spelidx'
# at t/02-bin/spel.t line 38.
# Failed test 't/02-bin/spel/chunk-numbers.spelidx'
# at t/02-bin/spel.t line 38.
# Failed test 't/02-bin/spel/difficult.spelidx'
# at t/02-bin/spel.t line 38.
== GOLDEN ==== t/02-bin/spel/docstrip =======================
== BROWN ===================================
== STDERR===================================
============================================
# Failed test 't/02-bin/spel/docstrip.spelidx'
# at t/02-bin/spel.t line 38.
# Failed test 't/02-bin/spel/expressions.spelidx'
# at t/02-bin/spel.t line 38.
# Failed test 't/02-bin/spel/faculty.spelidx'
# at t/02-bin/spel.t line 38.
# Failed test 't/02-bin/spel/greek.spelidx'
# at t/02-bin/spel.t line 38.
== GOLDEN ==== t/02-bin/spel/i18n =======================
== BROWN ===================================
== STDERR===================================
============================================
# Failed test 't/02-bin/spel/i18n.spelidx'
# at t/02-bin/spel.t line 38.
# Failed test 't/02-bin/spel/inlinemath.spelidx'
# at t/02-bin/spel.t line 38.
# Failed test 't/02-bin/spel/inlinemathlimitsexpr.spelidx'
# at t/02-bin/spel.t line 38.
# Failed test 't/02-bin/spel/leadsto.spelidx'
# at t/02-bin/spel.t line 38.
# Failed test 't/02-bin/spel/logarithm.spelidx'
# at t/02-bin/spel.t line 38.
# Failed test 't/02-bin/spel/long.spelidx'
# at t/02-bin/spel.t line 38.
# Failed test 't/02-bin/spel/mathenvexpressions.spelidx'
# at t/02-bin/spel.t line 38.
# Failed test 't/02-bin/spel/matrices.spelidx'
# at t/02-bin/spel.t line 38.
# Failed test 't/02-bin/spel/max.spelidx'
# at t/02-bin/spel.t line 38.
# Failed test 't/02-bin/spel/midtext.spelidx'
# at t/02-bin/spel.t line 38.
# Failed test 't/02-bin/spel/numbers-with-times.spelidx'
# at t/02-bin/spel.t line 38.
# Failed test 't/02-bin/spel/percent.spelidx'
# at t/02-bin/spel.t line 38.
# Failed test 't/02-bin/spel/scratch.spelidx'
# at t/02-bin/spel.t line 38.
# Failed test 't/02-bin/spel/section.spelidx'
# at t/02-bin/spel.t line 38.
# Failed test 't/02-bin/spel/sets.spelidx'
# at t/02-bin/spel.t line 38.
# Failed test 't/02-bin/spel/sine-cosine.spelidx'
# at t/02-bin/spel.t line 38.
# Failed test 't/02-bin/spel/sinum.spelidx'
# at t/02-bin/spel.t line 38.
# Failed test 't/02-bin/spel/siunitx.spelidx'
# at t/02-bin/spel.t line 38.
# Failed test 't/02-bin/spel/sqrt.spelidx'
# at t/02-bin/spel.t line 38.
# Failed test 't/02-bin/spel/sum.spelidx'
# at t/02-bin/spel.t line 38.
# Failed test 't/02-bin/spel/title.spelidx'
# at t/02-bin/spel.t line 38.
# Failed test 't/02-bin/spel/transpose.spelidx'
# at t/02-bin/spel.t line 38.
# Failed test 't/02-bin/spel/trigpowers.spelidx'
# at t/02-bin/spel.t line 38.
# Failed test 't/02-bin/spel/underbrace.spelidx'
# at t/02-bin/spel.t line 38.
# Looks like you failed 37 tests of 37.
t/02-bin/spel.t .......................
Dubious, test returned 37 (wstat 9472, 0x2500)
Failed 37/37 subtests
Test Summary Report
-------------------
t/02-bin/auxiliary.t (Wstat: 256 (exited 1) Tests: 1 Failed: 1)
Failed test: 1
Non-zero exit status: 1
t/02-bin/spel.t (Wstat: 9472 (exited 37) Tests: 37 Failed: 37)
Failed tests: 1-37
Non-zero exit status: 37
Files=6, Tests=126, 181 wallclock secs ( 0.02 usr 0.09 sys + 175.59 cusr 3.96 csys = 179.66 CPU)
Result: FAIL
Failed 2/6 test programs. 38/126 subtests failed.
*** Error code 37
Stop.
make: stopped in /usr/home/cpan/pit/thr/conf/perl-5.40.1/.cpanplus/5.40.1/build/Rkzh9uava1/SpeL-Wizard-20250511.1428
PREREQUISITES:
Here is a list of prerequisites you specified and versions we
managed to load:
Module Name Have Want
Carp 1.54 0
Config::Tiny 2.30 0
Data::Dumper 2.189 0
Digest::MD5::File 0.08 0
Exporter 5.78 0
ExtUtils::MakeMaker 7.74 0
File::Basename 2.86 0
File::Compare 1.1008 0
File::Path 2.18 0
File::ShareDir 1.118 0
File::Spec 3.91 0
FindBin 1.54 0
Getopt::Long 2.57 0
IO::File 1.55 0
IPC::Run 20231003.0 0
Locale::Maketext 1.33 0
Pod::Usage 2.03 0
Regexp::Common 2024080801 0
Regexp::Grammars 1.058 0
Test::More 1.302211 0
parent 0.241 0
strict 1.13 0
warnings 1.70 0
Perl module toolchain versions installed:
Module Name Have
CPANPLUS 0.9916
CPANPLUS::Dist::Build 0.90
Cwd 3.91
ExtUtils::CBuilder 0.280240
ExtUtils::Command 7.74
ExtUtils::Install 2.22
ExtUtils::MakeMaker 7.74
ExtUtils::Manifest 1.75
ExtUtils::ParseXS 3.57
File::Spec 3.91
Module::Build 0.4234
Pod::Parser 0
Pod::Simple 3.45
Test2 1.302211
Test::Harness 3.52
Test::More 1.302211
version 0.9933
******************************** NOTE ********************************
The comments above are created mechanically, possibly without manual
checking by the sender. As there are many people performing automatic
tests on each upload to CPAN, it is likely that you will receive
identical messages about the same problem.
If you believe that the message is mistaken, please reply to the first
one with correction and/or additional informations, and do not take
it personally. We appreciate your patience. :)
**********************************************************************
Additional comments:
This report was machine-generated by CPANPLUS::Dist::YACSmoke 1.08.
Powered by minismokebox version 0.68
CPANPLUS is prefering Build.PL
------------------------------
ENVIRONMENT AND OTHER CONTEXT
------------------------------
Environment variables:
AUTOMATED_TESTING = 1
LANG = C.UTF-8
NONINTERACTIVE_TESTING = 1
PATH = /usr/home/cpan/pit/thr/conf/perl-5.40.1/.cpanplus/5.40.1/build/Rkzh9uava1/SpeL-Wizard-20250511.1428/blib/script:/sbin:/bin:/usr/sbin:/usr/bin:/usr/local/sbin:/usr/local/bin:/home/cpan/bin
PERL5LIB = /usr/home/cpan/pit/jail/RYGX4p4W79/lib/perl5:/usr/home/cpan/pit/thr/conf/perl-5.40.1/.cpanplus/5.40.1/build/nLmjmS5uUW/Regexp-Grammars-1.058/blib/lib:/usr/home/cpan/pit/thr/conf/perl-5.40.1/.cpanplus/5.40.1/build/nLmjmS5uUW/Regexp-Grammars-1.058/blib/arch:/usr/home/cpan/pit/thr/conf/perl-5.40.1/.cpanplus/5.40.1/build/Rkzh9uava1/SpeL-Wizard-20250511.1428/blib/lib:/usr/home/cpan/pit/thr/conf/perl-5.40.1/.cpanplus/5.40.1/build/Rkzh9uava1/SpeL-Wizard-20250511.1428/blib/arch
PERL5_CPANPLUS_IS_RUNNING = 7012
PERL5_CPANPLUS_IS_VERSION = 0.9916
PERL5_MINISMOKEBOX = 0.68
PERL5_YACSMOKE_BASE = /usr/home/cpan/pit/thr/conf/perl-5.40.1
PERL_EXTUTILS_AUTOINSTALL = --defaultdeps
PERL_LOCAL_LIB_ROOT = /usr/home/cpan/pit/jail/RYGX4p4W79
PERL_MB_OPT = --install_base "/usr/home/cpan/pit/jail/RYGX4p4W79"
PERL_MM_OPT = INSTALL_BASE=/usr/home/cpan/pit/jail/RYGX4p4W79
PERL_MM_USE_DEFAULT = 1
SHELL = /usr/local/bin/bash
TERM = screen
Perl special variables (and OS-specific diagnostics, for MSWin32):
Perl: $^X = /usr/home/cpan/pit/thr/perl-5.40.1/bin/perl
UID: $< = 1002
EUID: $> = 1002
GID: $( = 1002 1002
EGID: $) = 1002 1002
-------------------------------
--
Summary of my perl5 (revision 5 version 40 subversion 1) configuration:
Platform:
osname=freebsd
osvers=13.5-release
archname=i386-freebsd-thread-multi
uname='freebsd ffrych 13.5-release freebsd 13.5-release releng13.5-n259162-882b9f3f2218 generic i386 '
config_args='-des -Dprefix=/usr/home/cpan/pit/thr/perl-5.40.1 -Dusethreads'
hint=recommended
useposix=true
d_sigaction=define
useithreads=define
usemultiplicity=define
use64bitint=undef
use64bitall=undef
uselongdouble=undef
usemymalloc=n
default_inc_excludes_dot=define
Compiler:
cc='cc'
ccflags ='-DHAS_FPSETMASK -DHAS_FLOATINGPOINT_H -DNO_POSIX_2008_LOCALE -fno-strict-aliasing -pipe -fstack-protector-strong -I/usr/local/include'
optimize='-O2'
cppflags='-DHAS_FPSETMASK -DHAS_FLOATINGPOINT_H -DNO_POSIX_2008_LOCALE -fno-strict-aliasing -pipe -fstack-protector-strong -I/usr/local/include'
ccversion=''
gccversion='FreeBSD Clang 19.1.7 (https://github.com/llvm/llvm-project.git llvmorg-19.1.7-0-gcd708029e0b2)'
gccosandvers=''
intsize=4
longsize=4
ptrsize=4
doublesize=8
byteorder=1234
doublekind=3
d_longlong=define
longlongsize=8
d_longdbl=define
longdblsize=12
longdblkind=3
ivtype='long'
ivsize=4
nvtype='double'
nvsize=8
Off_t='off_t'
lseeksize=8
alignbytes=4
prototype=define
Linker and Libraries:
ld='cc'
ldflags ='-pthread -Wl,-E -fstack-protector-strong -L/usr/local/lib'
libpth=/usr/lib /usr/local/lib /usr/lib/clang/19/lib
libs=-lpthread -lgdbm -ldl -lm -lcrypt -lutil
perllibs=-lpthread -ldl -lm -lcrypt -lutil
libc=
so=so
useshrplib=false
libperl=libperl.a
gnulibc_version=''
Dynamic Linking:
dlsrc=dl_dlopen.xs
dlext=so
d_dlsymun=undef
ccdlflags=' '
cccdlflags='-DPIC -fPIC'
lddlflags='-shared -L/usr/local/lib -fstack-protector-strong'
Characteristics of this binary (from libperl):
Compile-time options:
HAS_LONG_DOUBLE
HAS_STRTOLD
HAS_TIMES
MULTIPLICITY
PERLIO_LAYERS
PERL_COPY_ON_WRITE
PERL_DONT_CREATE_GVSV
PERL_HASH_FUNC_ZAPHOD32
PERL_HASH_USE_SBOX32
PERL_MALLOC_WRAP
PERL_OP_PARENT
PERL_PRESERVE_IVUV
PERL_USE_SAFE_PUTENV
USE_ITHREADS
USE_LARGE_FILES
USE_LOCALE
USE_LOCALE_COLLATE
USE_LOCALE_CTYPE
USE_LOCALE_NUMERIC
USE_LOCALE_TIME
USE_PERLIO
USE_PERL_ATOF
USE_REENTRANT_API
Built under freebsd
Compiled at May 8 2025 05:46:05
%ENV:
PERL5LIB="/usr/home/cpan/pit/jail/RYGX4p4W79/lib/perl5:/usr/home/cpan/pit/thr/conf/perl-5.40.1/.cpanplus/5.40.1/build/nLmjmS5uUW/Regexp-Grammars-1.058/blib/lib:/usr/home/cpan/pit/thr/conf/perl-5.40.1/.cpanplus/5.40.1/build/nLmjmS5uUW/Regexp-Grammars-1.058/blib/arch:/usr/home/cpan/pit/thr/conf/perl-5.40.1/.cpanplus/5.40.1/build/Rkzh9uava1/SpeL-Wizard-20250511.1428/blib/lib:/usr/home/cpan/pit/thr/conf/perl-5.40.1/.cpanplus/5.40.1/build/Rkzh9uava1/SpeL-Wizard-20250511.1428/blib/arch"
PERL5_CPANPLUS_IS_RUNNING="7012"
PERL5_CPANPLUS_IS_VERSION="0.9916"
PERL5_MINISMOKEBOX="0.68"
PERL5_YACSMOKE_BASE="/usr/home/cpan/pit/thr/conf/perl-5.40.1"
PERL_EXTUTILS_AUTOINSTALL="--defaultdeps"
PERL_LOCAL_LIB_ROOT="/usr/home/cpan/pit/jail/RYGX4p4W79"
PERL_MB_OPT="--install_base "/usr/home/cpan/pit/jail/RYGX4p4W79""
PERL_MM_OPT="INSTALL_BASE=/usr/home/cpan/pit/jail/RYGX4p4W79"
PERL_MM_USE_DEFAULT="1"
@INC:
/usr/home/cpan/pit/jail/RYGX4p4W79/lib/perl5/5.40.1/i386-freebsd-thread-multi
/usr/home/cpan/pit/jail/RYGX4p4W79/lib/perl5/5.40.1
/usr/home/cpan/pit/jail/RYGX4p4W79/lib/perl5/i386-freebsd-thread-multi
/usr/home/cpan/pit/jail/RYGX4p4W79/lib/perl5
/usr/home/cpan/pit/thr/conf/perl-5.40.1/.cpanplus/5.40.1/build/nLmjmS5uUW/Regexp-Grammars-1.058/blib/lib
/usr/home/cpan/pit/thr/conf/perl-5.40.1/.cpanplus/5.40.1/build/nLmjmS5uUW/Regexp-Grammars-1.058/blib/arch
/usr/home/cpan/pit/thr/conf/perl-5.40.1/.cpanplus/5.40.1/build/Rkzh9uava1/SpeL-Wizard-20250511.1428/blib/lib
/usr/home/cpan/pit/thr/conf/perl-5.40.1/.cpanplus/5.40.1/build/Rkzh9uava1/SpeL-Wizard-20250511.1428/blib/arch
/usr/home/cpan/pit/thr/perl-5.40.1/lib/site_perl/5.40.1/i386-freebsd-thread-multi
/usr/home/cpan/pit/thr/perl-5.40.1/lib/site_perl/5.40.1
/usr/home/cpan/pit/thr/perl-5.40.1/lib/5.40.1/i386-freebsd-thread-multi
/usr/home/cpan/pit/thr/perl-5.40.1/lib/5.40.1