Archive-SCS v1.01 Perl 5 v5.40.0 RC1 darwin-2level

Status
Fail
From
David Cantrell (DCANTRELL)
Dist
Archive-SCS v1.01
Platform
Perl 5 v5.40.0 RC1 darwin-2level
Date
2024-06-01 02:25:12
ID
2cd74c0e-1fbe-11ef-bde9-baccd04df40b
This distribution has been tested as part of the CPAN Testers
project, supporting the Perl programming language.  See
http://wiki.cpantesters.org/ for more information or email
questions to cpan-testers-discuss@perl.org


--
Dear nautofon,

This is a computer-generated report for Archive-SCS-1.01
on perl 5.40.0, created by CPAN-Reporter-1.2019.

Thank you for uploading your work to CPAN.  However, there was a problem
testing your distribution.

If you think this report is invalid, please consult the CPAN Testers Wiki
for suggestions on how to avoid getting FAIL reports for missing library
or binary dependencies, unsupported operating systems, and so on:

http://wiki.cpantesters.org/wiki/CPANAuthorNotes

Sections of this report:

    * Tester comments
    * Program output
    * Prerequisites
    * Environment and other context

------------------------------
TESTER COMMENTS
------------------------------

Additional comments from tester:

this report is from an automated smoke testing program
and was not reviewed by a human for accuracy

------------------------------
PROGRAM OUTPUT
------------------------------

Output from '/usr/bin/make test':

"/Users/cpantesting/cpantesting/perl-blead/bin/perl5.40.0" -MExtUtils::Command::MM -e 'cp_nonempty' -- lib/Archive/SCS/CityHash.bs blib/arch/auto/Archive/SCS/CityHash/CityHash.bs 644
PERL_DL_NONLAZY=1 "/Users/cpantesting/cpantesting/perl-blead/bin/perl5.40.0" "-MExtUtils::Command::MM" "-MTest::Harness" "-e" "undef *Test::Harness::Switches; test_harness(0, 'blib/lib', 'blib/arch')" t/*.t
t/00-compile.t ........... ok
t/01-cityhash.t .......... ok
t/40-hashfs-roundtrip.t .. ok
t/50-hashfs2.t ........... ok
t/60-game-dir.t .......... ok
t/61-game-dir-mount.t .... skipped: ATS or ETS2 not found

#   Failed test 'usage'
#   at t/70-cli.t line 16.
#                   'Can't locate Object/Pad.pm in @INC (you may need to install the Object::Pad module) (@INC contains: lib /Users/cpantesting/cpantesting/perl-blead/.cpan/build/Archive-SCS-1.01-0/blib/lib /Users/cpantesting/cpantesting/perl-blead/.cpan/build/Archive-SCS-1.01-0/blib/arch /Users/cpantesting/perl5/perlbrew/perls/perl-5.32.0/lib/site_perl/5.32.0/darwin-2level /Users/cpantesting/perl5/perlbrew/perls/perl-5.32.0/lib/site_perl/5.32.0 /Users/cpantesting/perl5/perlbrew/perls/perl-5.32.0/lib/5.32.0/darwin-2level /Users/cpantesting/perl5/perlbrew/perls/perl-5.32.0/lib/5.32.0) at lib/Archive/SCS.pm line 3.
# BEGIN failed--compilation aborted at lib/Archive/SCS.pm line 3.
# Compilation failed in require at script/scs_archive line 7.
# BEGIN failed--compilation aborted at script/scs_archive line 7.
# '
#     doesn't match '(?^:Usage:)'

#   Failed test 'version'
#   at t/70-cli.t line 19.
#                   'Can't locate Object/Pad.pm in @INC (you may need to install the Object::Pad module) (@INC contains: lib /Users/cpantesting/cpantesting/perl-blead/.cpan/build/Archive-SCS-1.01-0/blib/lib /Users/cpantesting/cpantesting/perl-blead/.cpan/build/Archive-SCS-1.01-0/blib/arch /Users/cpantesting/perl5/perlbrew/perls/perl-5.32.0/lib/site_perl/5.32.0/darwin-2level /Users/cpantesting/perl5/perlbrew/perls/perl-5.32.0/lib/site_perl/5.32.0 /Users/cpantesting/perl5/perlbrew/perls/perl-5.32.0/lib/5.32.0/darwin-2level /Users/cpantesting/perl5/perlbrew/perls/perl-5.32.0/lib/5.32.0) at lib/Archive/SCS.pm line 3.
# BEGIN failed--compilation aborted at lib/Archive/SCS.pm line 3.
# Compilation failed in require at script/scs_archive line 7.
# BEGIN failed--compilation aborted at script/scs_archive line 7.
# '
#     doesn't match '(?^:Archive::SCS version)'

#   Failed test 'help'
#   at t/70-cli.t line 23.

#   Failed test 'unknown option'
#   at t/70-cli.t line 25.
#                   'Can't locate Object/Pad.pm in @INC (you may need to install the Object::Pad module) (@INC contains: lib /Users/cpantesting/cpantesting/perl-blead/.cpan/build/Archive-SCS-1.01-0/blib/lib /Users/cpantesting/cpantesting/perl-blead/.cpan/build/Archive-SCS-1.01-0/blib/arch /Users/cpantesting/perl5/perlbrew/perls/perl-5.32.0/lib/site_perl/5.32.0/darwin-2level /Users/cpantesting/perl5/perlbrew/perls/perl-5.32.0/lib/site_perl/5.32.0 /Users/cpantesting/perl5/perlbrew/perls/perl-5.32.0/lib/5.32.0/darwin-2level /Users/cpantesting/perl5/perlbrew/perls/perl-5.32.0/lib/5.32.0) at lib/Archive/SCS.pm line 3.
# BEGIN failed--compilation aborted at lib/Archive/SCS.pm line 3.
# Compilation failed in require at script/scs_archive line 7.
# BEGIN failed--compilation aborted at script/scs_archive line 7.
# '
#     doesn't match '(?^s:Unknown option: foobar.*Usage:)'

#   Failed test 'list-files'
#   at t/70-cli.t line 36.
#     Structures begin differing at:
#          $got->[0] = 'Can't locate Object/Pad.pm in @INC (you may need to install the Object::Pad module) (@INC contains: lib /Users/cpantesting/cpantesting/perl-blead/.cpan/build/Archive-SCS-1.01-0/blib/lib /Users/cpantesting/cpantesting/perl-blead/.cpan/build/Archive-SCS-1.01-0/blib/arch /Users/cpantesting/perl5/perlbrew/perls/perl-5.32.0/lib/site_perl/5.32.0/darwin-2level /Users/cpantesting/perl5/perlbrew/perls/perl-5.32.0/lib/site_perl/5.32.0 /Users/cpantesting/perl5/perlbrew/perls/perl-5.32.0/lib/5.32.0/darwin-2level /Users/cpantesting/perl5/perlbrew/perls/perl-5.32.0/lib/5.32.0) at lib/Archive/SCS.pm line 3.'
#     $expected->[0] = 'dir/subdir/SubDirFile'

#   Failed test 'list-dirs'
#   at t/70-cli.t line 43.
#     Structures begin differing at:
#          $got->[0] = 'Can't locate Object/Pad.pm in @INC (you may need to install the Object::Pad module) (@INC contains: lib /Users/cpantesting/cpantesting/perl-blead/.cpan/build/Archive-SCS-1.01-0/blib/lib /Users/cpantesting/cpantesting/perl-blead/.cpan/build/Archive-SCS-1.01-0/blib/arch /Users/cpantesting/perl5/perlbrew/perls/perl-5.32.0/lib/site_perl/5.32.0/darwin-2level /Users/cpantesting/perl5/perlbrew/perls/perl-5.32.0/lib/site_perl/5.32.0 /Users/cpantesting/perl5/perlbrew/perls/perl-5.32.0/lib/5.32.0/darwin-2level /Users/cpantesting/perl5/perlbrew/perls/perl-5.32.0/lib/5.32.0) at lib/Archive/SCS.pm line 3.'
#     $expected->[0] = 'dir'

#   Failed test 'list-orphans'
#   at t/70-cli.t line 50.
#     Structures begin differing at:
#          $got->[0] = 'Can't locate Object/Pad.pm in @INC (you may need to install the Object::Pad module) (@INC contains: lib /Users/cpantesting/cpantesting/perl-blead/.cpan/build/Archive-SCS-1.01-0/blib/lib /Users/cpantesting/cpantesting/perl-blead/.cpan/build/Archive-SCS-1.01-0/blib/arch /Users/cpantesting/perl5/perlbrew/perls/perl-5.32.0/lib/site_perl/5.32.0/darwin-2level /Users/cpantesting/perl5/perlbrew/perls/perl-5.32.0/lib/site_perl/5.32.0 /Users/cpantesting/perl5/perlbrew/perls/perl-5.32.0/lib/5.32.0/darwin-2level /Users/cpantesting/perl5/perlbrew/perls/perl-5.32.0/lib/5.32.0) at lib/Archive/SCS.pm line 3.'
#     $expected->[0] = '4063fbd34a25e9f0'

#   Failed test 'extract'
#   at t/70-cli.t line 53.
#     Structures begin differing at:
#          $got->[0] = 'Can't locate Object/Pad.pm in @INC (you may need to install the Object::Pad module) (@INC contains: lib /Users/cpantesting/cpantesting/perl-blead/.cpan/build/Archive-SCS-1.01-0/blib/lib /Users/cpantesting/cpantesting/perl-blead/.cpan/build/Archive-SCS-1.01-0/blib/arch /Users/cpantesting/perl5/perlbrew/perls/perl-5.32.0/lib/site_perl/5.32.0/darwin-2level /Users/cpantesting/perl5/perlbrew/perls/perl-5.32.0/lib/site_perl/5.32.0 /Users/cpantesting/perl5/perlbrew/perls/perl-5.32.0/lib/5.32.0/darwin-2level /Users/cpantesting/perl5/perlbrew/perls/perl-5.32.0/lib/5.32.0) at lib/Archive/SCS.pm line 3.'
#     $expected->[0] = '1111111111111111111111111111111111111111111111111111111111111111111111111111111111111111111111111111'

#   Failed test 'extract abbr'
#   at t/70-cli.t line 56.
#     Structures begin differing at:
#          $got->[0] = 'Can't locate Object/Pad.pm in @INC (you may need to install the Object::Pad module) (@INC contains: lib /Users/cpantesting/cpantesting/perl-blead/.cpan/build/Archive-SCS-1.01-0/blib/lib /Users/cpantesting/cpantesting/perl-blead/.cpan/build/Archive-SCS-1.01-0/blib/arch /Users/cpantesting/perl5/perlbrew/perls/perl-5.32.0/lib/site_perl/5.32.0/darwin-2level /Users/cpantesting/perl5/perlbrew/perls/perl-5.32.0/lib/site_perl/5.32.0 /Users/cpantesting/perl5/perlbrew/perls/perl-5.32.0/lib/5.32.0/darwin-2level /Users/cpantesting/perl5/perlbrew/perls/perl-5.32.0/lib/5.32.0) at lib/Archive/SCS.pm line 3.'
#     $expected->[0] = '1111111111111111111111111111111111111111111111111111111111111111111111111111111111111111111111111111'

#   Failed test 'extract orphan ok'
#   at t/70-cli.t line 61.
#          got: 'Can't locate Object/Pad.pm in @INC (you may need to install the Object::Pad module) (@INC contains: lib /Users/cpantesting/cpantesting/perl-blead/.cpan/build/Archive-SCS-1.01-0/blib/lib /Users/cpantesting/cpantesting/perl-blead/.cpan/build/Archive-SCS-1.01-0/blib/arch /Users/cpantesting/perl5/perlbrew/perls/perl-5.32.0/lib/site_perl/5.32.0/darwin-2level /Users/cpantesting/perl5/perlbrew/perls/perl-5.32.0/lib/site_perl/5.32.0 /Users/cpantesting/perl5/perlbrew/perls/perl-5.32.0/lib/5.32.0/darwin-2level /Users/cpantesting/perl5/perlbrew/perls/perl-5.32.0/lib/5.32.0) at lib/Archive/SCS.pm line 3.
# BEGIN failed--compilation aborted at lib/Archive/SCS.pm line 3.
# Compilation failed in require at script/scs_archive line 7.
# BEGIN failed--compilation aborted at script/scs_archive line 7.
# '
#     expected: ''

#   Failed test 'orphan'
#   at t/70-cli.t line 62.

#   Failed test 'extract dir ok'
#   at t/70-cli.t line 64.
#          got: 'Can't locate Object/Pad.pm in @INC (you may need to install the Object::Pad module) (@INC contains: lib /Users/cpantesting/cpantesting/perl-blead/.cpan/build/Archive-SCS-1.01-0/blib/lib /Users/cpantesting/cpantesting/perl-blead/.cpan/build/Archive-SCS-1.01-0/blib/arch /Users/cpantesting/perl5/perlbrew/perls/perl-5.32.0/lib/site_perl/5.32.0/darwin-2level /Users/cpantesting/perl5/perlbrew/perls/perl-5.32.0/lib/site_perl/5.32.0 /Users/cpantesting/perl5/perlbrew/perls/perl-5.32.0/lib/5.32.0/darwin-2level /Users/cpantesting/perl5/perlbrew/perls/perl-5.32.0/lib/5.32.0) at lib/Archive/SCS.pm line 3.
# BEGIN failed--compilation aborted at lib/Archive/SCS.pm line 3.
# Compilation failed in require at script/scs_archive line 7.
# BEGIN failed--compilation aborted at script/scs_archive line 7.
# '
#     expected: ''

#   Failed test 'dir'
#   at t/70-cli.t line 65.
Error opendir on '/tmp/Archive-SCS-test-t8CJ1F/dir': No such file or directory at t/70-cli.t line 66.
# Tests were run but no plan was declared and done_testing() was not seen.
# Looks like your test exited with 2 just after 13.
t/70-cli.t ............... 
Dubious, test returned 2 (wstat 512, 0x200)
Failed 13/13 subtests 

#   Failed test 'union'
#   at t/71-cli-multifile.t line 22.
#                   'Can't locate Object/Pad.pm in @INC (you may need to install the Object::Pad module) (@INC contains: lib /Users/cpantesting/cpantesting/perl-blead/.cpan/build/Archive-SCS-1.01-0/blib/lib /Users/cpantesting/cpantesting/perl-blead/.cpan/build/Archive-SCS-1.01-0/blib/arch /Users/cpantesting/perl5/perlbrew/perls/perl-5.32.0/lib/site_perl/5.32.0/darwin-2level /Users/cpantesting/perl5/perlbrew/perls/perl-5.32.0/lib/site_perl/5.32.0 /Users/cpantesting/perl5/perlbrew/perls/perl-5.32.0/lib/5.32.0/darwin-2level /Users/cpantesting/perl5/perlbrew/perls/perl-5.32.0/lib/5.32.0) at lib/Archive/SCS.pm line 3.
# BEGIN failed--compilation aborted at lib/Archive/SCS.pm line 3.
# Compilation failed in require at script/scs_archive line 7.
# BEGIN failed--compilation aborted at script/scs_archive line 7.
# '
#     doesn't match '(?^:whats my name)'

#   Failed test 'extract ok'
#   at t/71-cli-multifile.t line 27.
#          got: 'Can't locate Object/Pad.pm in @INC (you may need to install the Object::Pad module) (@INC contains: lib /Users/cpantesting/cpantesting/perl-blead/.cpan/build/Archive-SCS-1.01-0/blib/lib /Users/cpantesting/cpantesting/perl-blead/.cpan/build/Archive-SCS-1.01-0/blib/arch /Users/cpantesting/perl5/perlbrew/perls/perl-5.32.0/lib/site_perl/5.32.0/darwin-2level /Users/cpantesting/perl5/perlbrew/perls/perl-5.32.0/lib/site_perl/5.32.0 /Users/cpantesting/perl5/perlbrew/perls/perl-5.32.0/lib/5.32.0/darwin-2level /Users/cpantesting/perl5/perlbrew/perls/perl-5.32.0/lib/5.32.0) at lib/Archive/SCS.pm line 3.
# BEGIN failed--compilation aborted at lib/Archive/SCS.pm line 3.
# Compilation failed in require at script/scs_archive line 7.
# BEGIN failed--compilation aborted at script/scs_archive line 7.
# '
#     expected: ''

#   Failed test 'extracted orphan'
#   at t/71-cli-multifile.t line 30.

#   Failed test 'extracted empty'
#   at t/71-cli-multifile.t line 31.
# Looks like you failed 4 tests of 4.
t/71-cli-multifile.t ..... 
Dubious, test returned 4 (wstat 1024, 0x400)
Failed 4/4 subtests 

#   Failed test 'ats version'
#   at t/72-cli-game.t line 29.
#                   'Can't locate Object/Pad.pm in @INC (you may need to install the Object::Pad module) (@INC contains: lib /Users/cpantesting/cpantesting/perl-blead/.cpan/build/Archive-SCS-1.01-0/blib/lib /Users/cpantesting/cpantesting/perl-blead/.cpan/build/Archive-SCS-1.01-0/blib/arch /Users/cpantesting/perl5/perlbrew/perls/perl-5.32.0/lib/site_perl/5.32.0/darwin-2level /Users/cpantesting/perl5/perlbrew/perls/perl-5.32.0/lib/site_perl/5.32.0 /Users/cpantesting/perl5/perlbrew/perls/perl-5.32.0/lib/5.32.0/darwin-2level /Users/cpantesting/perl5/perlbrew/perls/perl-5.32.0/lib/5.32.0) at lib/Archive/SCS.pm line 3.
# BEGIN failed--compilation aborted at lib/Archive/SCS.pm line 3.
# Compilation failed in require at script/scs_archive line 7.
# BEGIN failed--compilation aborted at script/scs_archive line 7.
# '
#     doesn't match '(?^:American Truck Simulator (?^:version (?:\d+\.){3}\d))'

#   Failed test 'ets2 version abbr'
#   at t/72-cli-game.t line 31.
#                   'Can't locate Object/Pad.pm in @INC (you may need to install the Object::Pad module) (@INC contains: lib /Users/cpantesting/cpantesting/perl-blead/.cpan/build/Archive-SCS-1.01-0/blib/lib /Users/cpantesting/cpantesting/perl-blead/.cpan/build/Archive-SCS-1.01-0/blib/arch /Users/cpantesting/perl5/perlbrew/perls/perl-5.32.0/lib/site_perl/5.32.0/darwin-2level /Users/cpantesting/perl5/perlbrew/perls/perl-5.32.0/lib/site_perl/5.32.0 /Users/cpantesting/perl5/perlbrew/perls/perl-5.32.0/lib/5.32.0/darwin-2level /Users/cpantesting/perl5/perlbrew/perls/perl-5.32.0/lib/5.32.0) at lib/Archive/SCS.pm line 3.
# BEGIN failed--compilation aborted at lib/Archive/SCS.pm line 3.
# Compilation failed in require at script/scs_archive line 7.
# BEGIN failed--compilation aborted at script/scs_archive line 7.
# '
#     doesn't match '(?^:Euro Truck Simulator 2 (?^:version (?:\d+\.){3}\d))'

#   Failed test 'full name'
#   at t/72-cli-game.t line 34.
#                   'Can't locate Object/Pad.pm in @INC (you may need to install the Object::Pad module) (@INC contains: lib /Users/cpantesting/cpantesting/perl-blead/.cpan/build/Archive-SCS-1.01-0/blib/lib /Users/cpantesting/cpantesting/perl-blead/.cpan/build/Archive-SCS-1.01-0/blib/arch /Users/cpantesting/perl5/perlbrew/perls/perl-5.32.0/lib/site_perl/5.32.0/darwin-2level /Users/cpantesting/perl5/perlbrew/perls/perl-5.32.0/lib/site_perl/5.32.0 /Users/cpantesting/perl5/perlbrew/perls/perl-5.32.0/lib/5.32.0/darwin-2level /Users/cpantesting/perl5/perlbrew/perls/perl-5.32.0/lib/5.32.0) at lib/Archive/SCS.pm line 3.
# BEGIN failed--compilation aborted at lib/Archive/SCS.pm line 3.
# Compilation failed in require at script/scs_archive line 7.
# BEGIN failed--compilation aborted at script/scs_archive line 7.
# '
#     doesn't match '(?^:American Truck Simulator (?^:version (?:\d+\.){3}\d))'

#   Failed test 'path'
#   at t/72-cli-game.t line 42.
#                   'Can't locate Object/Pad.pm in @INC (you may need to install the Object::Pad module) (@INC contains: lib /Users/cpantesting/cpantesting/perl-blead/.cpan/build/Archive-SCS-1.01-0/blib/lib /Users/cpantesting/cpantesting/perl-blead/.cpan/build/Archive-SCS-1.01-0/blib/arch /Users/cpantesting/perl5/perlbrew/perls/perl-5.32.0/lib/site_perl/5.32.0/darwin-2level /Users/cpantesting/perl5/perlbrew/perls/perl-5.32.0/lib/site_perl/5.32.0 /Users/cpantesting/perl5/perlbrew/perls/perl-5.32.0/lib/5.32.0/darwin-2level /Users/cpantesting/perl5/perlbrew/perls/perl-5.32.0/lib/5.32.0) at lib/Archive/SCS.pm line 3.
# BEGIN failed--compilation aborted at lib/Archive/SCS.pm line 3.
# Compilation failed in require at script/scs_archive line 7.
# BEGIN failed--compilation aborted at script/scs_archive line 7.
# '
#     doesn't match '(?^:American Truck Simulator version 0\.0\.0\.0)'
# Looks like you failed 4 tests of 4.
t/72-cli-game.t .......... 
Dubious, test returned 4 (wstat 1024, 0x400)
Failed 4/4 subtests 

#   Failed test 'no error'
#   at t/73-cli-stdin.t line 29.
#          got: 'Can't locate Object/Pad.pm in @INC (you may need to install the Object::Pad module) (@INC contains: lib /Users/cpantesting/cpantesting/perl-blead/.cpan/build/Archive-SCS-1.01-0/blib/lib /Users/cpantesting/cpantesting/perl-blead/.cpan/build/Archive-SCS-1.01-0/blib/arch /Users/cpantesting/perl5/perlbrew/perls/perl-5.32.0/lib/site_perl/5.32.0/darwin-2level /Users/cpantesting/perl5/perlbrew/perls/perl-5.32.0/lib/site_perl/5.32.0 /Users/cpantesting/perl5/perlbrew/perls/perl-5.32.0/lib/5.32.0/darwin-2level /Users/cpantesting/perl5/perlbrew/perls/perl-5.32.0/lib/5.32.0) at lib/Archive/SCS.pm line 3.
# BEGIN failed--compilation aborted at lib/Archive/SCS.pm line 3.
# Compilation failed in require at script/scs_archive line 7.
# BEGIN failed--compilation aborted at script/scs_archive line 7.
# '
#     expected: ''

#   Failed test 'ones'
#   at t/73-cli-stdin.t line 30.
#                   ''
#     doesn't match '(?^:11111)'

#   Failed test 'subdir file'
#   at t/73-cli-stdin.t line 31.
#                   ''
#     doesn't match '(?^:in a subdirectory)'
# Looks like you failed 3 tests of 3.
t/73-cli-stdin.t ......... 
Dubious, test returned 3 (wstat 768, 0x300)
Failed 3/3 subtests 

Test Summary Report
-------------------
t/70-cli.t             (Wstat: 512 (exited 2) Tests: 13 Failed: 13)
  Failed tests:  1-13
  Non-zero exit status: 2
  Parse errors: No plan found in TAP output
t/71-cli-multifile.t   (Wstat: 1024 (exited 4) Tests: 4 Failed: 4)
  Failed tests:  1-4
  Non-zero exit status: 4
t/72-cli-game.t        (Wstat: 1024 (exited 4) Tests: 4 Failed: 4)
  Failed tests:  1-4
  Non-zero exit status: 4
t/73-cli-stdin.t       (Wstat: 768 (exited 3) Tests: 3 Failed: 3)
  Failed tests:  1-3
  Non-zero exit status: 3
Files=10, Tests=59,  2 wallclock secs ( 0.04 usr  0.03 sys +  1.26 cusr  0.37 csys =  1.70 CPU)
Result: FAIL
Failed 4/10 test programs. 24/59 subtests failed.
make: *** [test_dynamic] Error 3

------------------------------
PREREQUISITES
------------------------------

Prerequisite modules loaded:

requires:

    Module                        Need  Have    
    ----------------------------- ----- --------
    builtin::Backport             0     0.02    
    Compress::Raw::Zlib           2.048 2.212   
    List::Util                    1.45  1.63    
    Object::Pad                   0.73  0.808   
    Path::Tiny                    0.119 0.146   
    perl                          5.032 5.040000
    stable                        0.031 0.033   

build_requires:

    Module                        Need  Have    
    ----------------------------- ----- --------
    builtin::Backport             0     0.02    
    Compress::Raw::Zlib           2.048 2.212   
    ExtUtils::MakeMaker           0     7.70    
    Feature::Compat::Defer        0     0.02    
    Feature::Compat::Try          0     0.05    
    IPC::Run3                     0     0.049   
    List::Util                    1.45  1.63    
    Object::Pad                   0.73  0.808   
    Path::Tiny                    0.119 0.146   
    stable                        0.031 0.033   

configure_requires:

    Module                        Need  Have    
    ----------------------------- ----- --------
    ExtUtils::MakeMaker           7.12  7.70    
    ExtUtils::MakeMaker::CPANfile 0.09  0.09    
    Path::Tiny                    0.062 0.146   


------------------------------
ENVIRONMENT AND OTHER CONTEXT
------------------------------

Environment variables:

    AUTOMATED_TESTING = 1
    NONINTERACTIVE_TESTING = 1
    PATH = /Users/cpantesting/perl5/perlbrew/bin:/Users/cpantesting/perl5/perlbrew/perls/perl-5.32.0/bin:/usr/local/bin:/System/Cryptexes/App/usr/bin:/usr/bin:/bin:/usr/sbin:/sbin:/var/run/com.apple.security.cryptexd/codex.system/bootstrap/usr/local/bin:/var/run/com.apple.security.cryptexd/codex.system/bootstrap/usr/bin:/var/run/com.apple.security.cryptexd/codex.system/bootstrap/usr/appleinternal/bin:/Library/Apple/usr/bin:/Users/cpantesting/.cargo/bin
    PERL = blead
    PERL5LIB = 
    PERL5OPT = 
    PERL5_CPANPLUS_IS_RUNNING = 79999
    PERL5_CPAN_IS_RUNNING = 79999
    PERLBREW_HOME = /Users/cpantesting/.perlbrew
    PERLBREW_MANPATH = /Users/cpantesting/perl5/perlbrew/perls/perl-5.32.0/man
    PERLBREW_PATH = /Users/cpantesting/perl5/perlbrew/bin:/Users/cpantesting/perl5/perlbrew/perls/perl-5.32.0/bin
    PERLBREW_PERL = perl-5.32.0
    PERLBREW_ROOT = /Users/cpantesting/perl5/perlbrew
    PERLBREW_SHELLRC_VERSION = 0.94
    PERLBREW_VERSION = 0.94
    PERLVER = blead
    PERL_INLINE_DIRECTORY = /Users/cpantesting/.Inline-blead
    PERL_MM_USE_DEFAULT = 1
    PERL_USE_UNSAFE_INC = 0
    SHELL = /bin/bash
    TERM = screen

Perl special variables (and OS-specific diagnostics, for MSWin32):

    $^X = /Users/cpantesting/cpantesting/perl-blead/bin/perl5.40.0
    $UID/$EUID = 503 / 503
    $GID = 20 20 12 61 703 702 701 100
    $EGID = 20 20 12 61 703 702 701 100

Perl module toolchain versions installed:

    Module              Have    
    ------------------- --------
    CPAN                2.36    
    CPAN::Meta          2.150010
    Cwd                 3.90    
    ExtUtils::CBuilder  0.280240
    ExtUtils::Command   7.70    
    ExtUtils::Install   2.22    
    ExtUtils::MakeMaker 7.70    
    ExtUtils::Manifest  1.75    
    ExtUtils::ParseXS   3.51    
    File::Spec          3.90    
    JSON                4.10    
    JSON::PP            4.16    
    Module::Build       0.4234  
    Module::Signature   n/a     
    Parse::CPAN::Meta   2.150010
    Test2               1.302199
    Test::Harness       3.48    
    Test::More          1.302199
    YAML                n/a     
    YAML::Syck          n/a     
    version             0.9930  


--

Summary of my perl5 (revision 5 version 40 subversion 0) configuration:
  Commit id: 48392ceedf8ee03f7013e08fb26e275e7ed00ecb
  Platform:
    osname=darwin
    osvers=23.5.0
    archname=darwin-2level
    uname='darwin harrow.home 23.5.0 darwin kernel version 23.5.0: wed may 1 20:09:52 pdt 2024; root:xnu-10063.121.3~5release_x86_64 x86_64 '
    config_args='-de -Dprefix=/Users/cpantesting/cpantesting/perl-blead -Dusedevel'
    hint=recommended
    useposix=true
    d_sigaction=define
    useithreads=undef
    usemultiplicity=undef
    use64bitint=define
    use64bitall=define
    uselongdouble=undef
    usemymalloc=n
    default_inc_excludes_dot=define
  Compiler:
    cc='cc'
    ccflags ='-fno-common -DPERL_DARWIN -mmacosx-version-min=14.5 -DNO_THREAD_SAFE_QUERYLOCALE -DNO_POSIX_2008_LOCALE -fno-strict-aliasing -pipe -fstack-protector-strong -I/usr/local/include'
    optimize='-O3'
    cppflags='-fno-common -DPERL_DARWIN -mmacosx-version-min=14.5 -DNO_THREAD_SAFE_QUERYLOCALE -DNO_POSIX_2008_LOCALE -fno-strict-aliasing -pipe -fstack-protector-strong -I/usr/local/include'
    ccversion=''
    gccversion='Apple LLVM 15.0.0 (clang-1500.3.9.4)'
    gccosandvers=''
    intsize=4
    longsize=8
    ptrsize=8
    doublesize=8
    byteorder=12345678
    doublekind=3
    d_longlong=define
    longlongsize=8
    d_longdbl=define
    longdblsize=16
    longdblkind=3
    ivtype='long'
    ivsize=8
    nvtype='double'
    nvsize=8
    Off_t='off_t'
    lseeksize=8
    alignbytes=8
    prototype=define
  Linker and Libraries:
    ld='cc'
    ldflags =' -mmacosx-version-min=14.5 -fstack-protector-strong -L/usr/local/lib'
    libpth=/usr/local/lib /Applications/Xcode.app/Contents/Developer/Toolchains/XcodeDefault.xctoolchain/usr/lib/clang/15.0.0/lib /Applications/Xcode.app/Contents/Developer/Platforms/MacOSX.platform/Developer/SDKs/MacOSX.sdk/usr/lib /Applications/Xcode.app/Contents/Developer/Toolchains/XcodeDefault.xctoolchain/usr/lib /usr/lib
    libs= 
    perllibs=
    libc=
    so=dylib
    useshrplib=false
    libperl=libperl.a
    gnulibc_version=''
  Dynamic Linking:
    dlsrc=dl_dlopen.xs
    dlext=bundle
    d_dlsymun=undef
    ccdlflags=' '
    cccdlflags=' '
    lddlflags=' -mmacosx-version-min=14.5 -bundle -undefined dynamic_lookup -L/usr/local/lib -fstack-protector-strong'


Characteristics of this binary (from libperl): 
  Compile-time options:
    HAS_LONG_DOUBLE
    HAS_STRTOLD
    HAS_TIMES
    PERLIO_LAYERS
    PERL_COPY_ON_WRITE
    PERL_DONT_CREATE_GVSV
    PERL_HASH_FUNC_SIPHASH13
    PERL_HASH_USE_SBOX32
    PERL_MALLOC_WRAP
    PERL_OP_PARENT
    PERL_PRESERVE_IVUV
    PERL_USE_DEVEL
    PERL_USE_SAFE_PUTENV
    USE_64_BIT_ALL
    USE_64_BIT_INT
    USE_LARGE_FILES
    USE_LOCALE
    USE_LOCALE_COLLATE
    USE_LOCALE_CTYPE
    USE_LOCALE_NUMERIC
    USE_LOCALE_TIME
    USE_PERLIO
    USE_PERL_ATOF
  Locally applied patches:
    RC1
  Built under darwin
  Compiled at May 31 2024 01:05:28
  %ENV:
    PERL="blead"
    PERL5LIB=""
    PERL5OPT=""
    PERL5_CPANPLUS_IS_RUNNING="79999"
    PERL5_CPAN_IS_RUNNING="79999"
    PERLBREW_HOME="/Users/cpantesting/.perlbrew"
    PERLBREW_MANPATH="/Users/cpantesting/perl5/perlbrew/perls/perl-5.32.0/man"
    PERLBREW_PATH="/Users/cpantesting/perl5/perlbrew/bin:/Users/cpantesting/perl5/perlbrew/perls/perl-5.32.0/bin"
    PERLBREW_PERL="perl-5.32.0"
    PERLBREW_ROOT="/Users/cpantesting/perl5/perlbrew"
    PERLBREW_SHELLRC_VERSION="0.94"
    PERLBREW_VERSION="0.94"
    PERLVER="blead"
    PERL_INLINE_DIRECTORY="/Users/cpantesting/.Inline-blead"
    PERL_MM_USE_DEFAULT="1"
    PERL_USE_UNSAFE_INC="0"
  @INC:
    /Users/cpantesting/cpantesting/perl-blead/lib/site_perl/5.40.0/darwin-2level
    /Users/cpantesting/cpantesting/perl-blead/lib/site_perl/5.40.0
    /Users/cpantesting/cpantesting/perl-blead/lib/5.40.0/darwin-2level
    /Users/cpantesting/cpantesting/perl-blead/lib/5.40.0