Beekeeper v0.04 Perl 5 v5.10.1 x86_64-linux-thread-multi

Status
Fail
From
David Cantrell (DCANTRELL)
Dist
Beekeeper v0.04
Platform
Perl 5 v5.10.1 x86_64-linux-thread-multi
Date
2021-06-08 04:01:17
ID
2cb74194-c80e-11eb-b382-c775bb3567c8
This distribution has been tested as part of the CPAN Testers
project, supporting the Perl programming language.  See
http://wiki.cpantesters.org/ for more information or email
questions to cpan-testers-discuss@perl.org


--
Dear Jose Mico,

This is a computer-generated report for Beekeeper-0.04
on perl 5.10.1, created by CPAN-Reporter-1.2018.

Thank you for uploading your work to CPAN.  However, there was a problem
testing your distribution.

If you think this report is invalid, please consult the CPAN Testers Wiki
for suggestions on how to avoid getting FAIL reports for missing library
or binary dependencies, unsupported operating systems, and so on:

http://wiki.cpantesters.org/wiki/CPANAuthorNotes

Sections of this report:

    * Tester comments
    * Program output
    * Prerequisites
    * Environment and other context

------------------------------
TESTER COMMENTS
------------------------------

Additional comments from tester:

this report is from an automated smoke testing program
and was not reviewed by a human for accuracy

------------------------------
PROGRAM OUTPUT
------------------------------

Output from '/usr/bin/make test':

Skip blib/lib/auto/share/dist/Beekeeper/chat/js/chat.js (unchanged)
Skip blib/lib/auto/share/dist/Beekeeper/chat/config/toybroker.config.json (unchanged)
Skip blib/lib/auto/share/dist/Beekeeper/chat/lib/MyApp/Service/Base.pm (unchanged)
Skip blib/lib/auto/share/dist/Beekeeper/chat/config/client.config.json (unchanged)
Skip blib/lib/auto/share/dist/Beekeeper/basic/setup.sh (unchanged)
Skip blib/lib/auto/share/dist/Beekeeper/basic/run.sh (unchanged)
Skip blib/lib/auto/share/dist/Beekeeper/chat/lib/MyApp/Client.pm (unchanged)
Skip blib/lib/auto/share/dist/Beekeeper/chat/js/beekeeper.js (unchanged)
Skip blib/lib/auto/share/dist/Beekeeper/basic/config/pool.config.json (unchanged)
Skip blib/lib/auto/share/dist/Beekeeper/chat/js/config.js (unchanged)
Skip blib/lib/auto/share/dist/Beekeeper/chat/lib/MyApp/Service/Chat.pm (unchanged)
Skip blib/lib/auto/share/dist/Beekeeper/chat/lib/MyApp/Service/Auth/Worker.pm (unchanged)
Skip blib/lib/auto/share/dist/Beekeeper/basic/README.md (unchanged)
Skip blib/lib/auto/share/dist/Beekeeper/chat/chat.pl (unchanged)
Skip blib/lib/auto/share/dist/Beekeeper/chat/config/bus.config.json (unchanged)
Skip blib/lib/auto/share/dist/Beekeeper/chat/config/pool.config.json (unchanged)
Skip blib/lib/auto/share/dist/Beekeeper/basic/client.pl (unchanged)
Skip blib/lib/auto/share/dist/Beekeeper/chat/chat.html (unchanged)
Skip blib/lib/auto/share/dist/Beekeeper/basic/lib/MyClient.pm (unchanged)
Skip blib/lib/auto/share/dist/Beekeeper/basic/config/toybroker.config.json (unchanged)
Skip blib/lib/auto/share/dist/Beekeeper/chat/lib/MyApp/Bot.pm (unchanged)
Skip blib/lib/auto/share/dist/Beekeeper/chat/lib/MyApp/Service/Auth.pm (unchanged)
Skip blib/lib/auto/share/dist/Beekeeper/basic/lib/MyWorker.pm (unchanged)
Skip blib/lib/auto/share/dist/Beekeeper/basic/config/bus.config.json (unchanged)
Skip blib/lib/auto/share/dist/Beekeeper/chat/README.md (unchanged)
Skip blib/lib/auto/share/dist/Beekeeper/chat/flood.pl (unchanged)
Skip blib/lib/auto/share/dist/Beekeeper/flood/run.sh (unchanged)
Skip blib/lib/auto/share/dist/Beekeeper/websocket/js/config.js (unchanged)
Skip blib/lib/auto/share/dist/Beekeeper/flood/flood.pl (unchanged)
Skip blib/lib/auto/share/dist/Beekeeper/websocket/run.sh (unchanged)
Skip blib/lib/auto/share/dist/Beekeeper/websocket/config/client.config.json (unchanged)
Skip blib/lib/auto/share/dist/Beekeeper/flood/README.md (unchanged)
Skip blib/lib/auto/share/dist/Beekeeper/chat/run.sh (unchanged)
Skip blib/lib/auto/share/dist/Beekeeper/websocket/js/calculator.js (unchanged)
Skip blib/lib/auto/share/dist/Beekeeper/websocket/config/pool.config.json (unchanged)
Skip blib/lib/auto/share/dist/Beekeeper/websocket/lib/MyApp/Calculator.pm (unchanged)
Skip blib/lib/auto/share/dist/Beekeeper/websocket/config/bus.config.json (unchanged)
Skip blib/lib/auto/share/dist/Beekeeper/flood/config/pool.config.json (unchanged)
Skip blib/lib/auto/share/dist/Beekeeper/flood/lib/TestClient.pm (unchanged)
Skip blib/lib/auto/share/dist/Beekeeper/flood/config/toybroker.config.json (unchanged)
Skip blib/lib/auto/share/dist/Beekeeper/flood/lib/TestWorker.pm (unchanged)
Skip blib/lib/auto/share/dist/Beekeeper/chat/setup.sh (unchanged)
Skip blib/lib/auto/share/dist/Beekeeper/websocket/README.md (unchanged)
Skip blib/lib/auto/share/dist/Beekeeper/websocket/client.html (unchanged)
Skip blib/lib/auto/share/dist/Beekeeper/websocket/js/beekeeper.js (unchanged)
Skip blib/lib/auto/share/dist/Beekeeper/websocket/client.pl (unchanged)
Skip blib/lib/auto/share/dist/Beekeeper/websocket/config/toybroker.config.json (unchanged)
Skip blib/lib/auto/share/dist/Beekeeper/flood/setup.sh (unchanged)
Skip blib/lib/auto/share/dist/Beekeeper/flood/config/bus.config.json (unchanged)
Skip blib/lib/auto/share/dist/Beekeeper/websocket/lib/MyApp/Service/Calculator.pm (unchanged)
Skip blib/lib/auto/share/dist/Beekeeper/chat/lib/MyApp/Service/Chat/Worker.pm (unchanged)
Skip blib/lib/auto/share/dist/Beekeeper/websocket/setup.sh (unchanged)
PERL_DL_NONLAZY=1 "/home/david/cpantesting/perl-5.10.1/bin/perl" "-MExtUtils::Command::MM" "-MTest::Harness" "-e" "undef *Test::Harness::Switches; test_harness(0, 'blib/lib', 'blib/arch')" t/*.t
# Testing Beekeeper 0.04, Perl 5.010001
t/00-compile.t ....... ok
[2021-06-08 04:52:58.193][21134][warning] Could not connect to MQTT broker at localhost:56398: Connection refused
Could not connect to MQTT broker at localhost:55738: Connection refused

#   Failed test 'Could not start supervisor'
#   at /home/david/cpantesting/perl-5.10.1/.cpan/build/Beekeeper-0.04-l0F6Oz/t/lib/Tests/Service/Base.pm line 151.
#   (in Tests::TestBase->test_01_spawn_workers)

#   Failed test 'Could not start supervisor'
#   at /home/david/cpantesting/perl-5.10.1/.cpan/build/Beekeeper-0.04-l0F6Oz/t/lib/Tests/Service/Base.pm line 151.
#   (in Tests::TestBase->test_01_spawn_workers)

#   Failed test 'Could not start supervisor'
#   at /home/david/cpantesting/perl-5.10.1/.cpan/build/Beekeeper-0.04-l0F6Oz/t/lib/Tests/Service/Base.pm line 151.
#   (in Tests::TestBase->test_01_spawn_workers)

#   Failed test 'Could not start supervisor'
#   at /home/david/cpantesting/perl-5.10.1/.cpan/build/Beekeeper-0.04-l0F6Oz/t/lib/Tests/Service/Base.pm line 151.
#   (in Tests::TestBase->test_01_spawn_workers)

#   Failed test 'Could not start supervisor'
#   at /home/david/cpantesting/perl-5.10.1/.cpan/build/Beekeeper-0.04-l0F6Oz/t/lib/Tests/Service/Base.pm line 151.
#   (in Tests::TestBase->test_01_spawn_workers)
# Looks like your test exited with 5 just after 7.
t/01-test_base.t ..... 
Dubious, test returned 5 (wstat 1280, 0x500)
Failed 5/7 subtests 
[2021-06-08 04:53:44.740][21541][warning] Could not connect to MQTT broker at localhost:52537: Connection refused
Could not connect to MQTT broker at localhost:54211: Connection refused

#   Failed test 'Could not start supervisor'
#   at /home/david/cpantesting/perl-5.10.1/.cpan/build/Beekeeper-0.04-l0F6Oz/t/lib/Tests/Service/Base.pm line 151.
#   (in Tests::Basic->start_test_workers)

#   Failed test 'Could not start supervisor'
#   at /home/david/cpantesting/perl-5.10.1/.cpan/build/Beekeeper-0.04-l0F6Oz/t/lib/Tests/Service/Base.pm line 151.
#   (in Tests::Basic->start_test_workers)

#   Failed test 'Could not start supervisor'
#   at /home/david/cpantesting/perl-5.10.1/.cpan/build/Beekeeper-0.04-l0F6Oz/t/lib/Tests/Service/Base.pm line 151.
#   (in Tests::Basic->start_test_workers)

#   Failed test 'Could not start supervisor'
#   at /home/david/cpantesting/perl-5.10.1/.cpan/build/Beekeeper-0.04-l0F6Oz/t/lib/Tests/Service/Base.pm line 151.
#   (in Tests::Basic->start_test_workers)

#   Failed test 'Could not start supervisor'
#   at /home/david/cpantesting/perl-5.10.1/.cpan/build/Beekeeper-0.04-l0F6Oz/t/lib/Tests/Service/Base.pm line 151.
#   (in Tests::Basic->start_test_workers)

#   Failed test 'Could not start supervisor'
#   at /home/david/cpantesting/perl-5.10.1/.cpan/build/Beekeeper-0.04-l0F6Oz/t/lib/Tests/Service/Base.pm line 151.
#   (in Tests::Basic->start_test_workers)

#   Failed test 'Could not start supervisor'
#   at /home/david/cpantesting/perl-5.10.1/.cpan/build/Beekeeper-0.04-l0F6Oz/t/lib/Tests/Service/Base.pm line 151.
#   (in Tests::Basic->start_test_workers)

#   Failed test 'Could not start supervisor'
#   at /home/david/cpantesting/perl-5.10.1/.cpan/build/Beekeeper-0.04-l0F6Oz/t/lib/Tests/Service/Base.pm line 151.
#   (in Tests::Basic->start_test_workers)

#   Failed test 'Could not start supervisor'
#   at /home/david/cpantesting/perl-5.10.1/.cpan/build/Beekeeper-0.04-l0F6Oz/t/lib/Tests/Service/Base.pm line 151.
#   (in Tests::Basic->start_test_workers)

#   Failed test 'Could not start supervisor'
#   at /home/david/cpantesting/perl-5.10.1/.cpan/build/Beekeeper-0.04-l0F6Oz/t/lib/Tests/Service/Base.pm line 151.
#   (in Tests::Basic->start_test_workers)

#   Failed test 'Could not start supervisor'
#   at /home/david/cpantesting/perl-5.10.1/.cpan/build/Beekeeper-0.04-l0F6Oz/t/lib/Tests/Service/Base.pm line 151.
#   (in Tests::Basic->start_test_workers)

#   Failed test 'Could not start supervisor'
#   at /home/david/cpantesting/perl-5.10.1/.cpan/build/Beekeeper-0.04-l0F6Oz/t/lib/Tests/Service/Base.pm line 151.
#   (in Tests::Basic->start_test_workers)

#   Failed test 'Could not start supervisor'
#   at /home/david/cpantesting/perl-5.10.1/.cpan/build/Beekeeper-0.04-l0F6Oz/t/lib/Tests/Service/Base.pm line 151.
#   (in Tests::Basic->start_test_workers)

#   Failed test 'Could not start supervisor'
#   at /home/david/cpantesting/perl-5.10.1/.cpan/build/Beekeeper-0.04-l0F6Oz/t/lib/Tests/Service/Base.pm line 151.
#   (in Tests::Basic->start_test_workers)

#   Failed test 'Could not start supervisor'
#   at /home/david/cpantesting/perl-5.10.1/.cpan/build/Beekeeper-0.04-l0F6Oz/t/lib/Tests/Service/Base.pm line 151.
#   (in Tests::Basic->start_test_workers)

#   Failed test 'Could not start supervisor'
#   at /home/david/cpantesting/perl-5.10.1/.cpan/build/Beekeeper-0.04-l0F6Oz/t/lib/Tests/Service/Base.pm line 151.
#   (in Tests::Basic->start_test_workers)

#   Failed test 'Could not start supervisor'
#   at /home/david/cpantesting/perl-5.10.1/.cpan/build/Beekeeper-0.04-l0F6Oz/t/lib/Tests/Service/Base.pm line 151.
#   (in Tests::Basic->start_test_workers)

#   Failed test 'Could not start supervisor'
#   at /home/david/cpantesting/perl-5.10.1/.cpan/build/Beekeeper-0.04-l0F6Oz/t/lib/Tests/Service/Base.pm line 151.
#   (in Tests::Basic->start_test_workers)

#   Failed test 'Could not start supervisor'
#   at /home/david/cpantesting/perl-5.10.1/.cpan/build/Beekeeper-0.04-l0F6Oz/t/lib/Tests/Service/Base.pm line 151.
#   (in Tests::Basic->start_test_workers)

#   Failed test 'Could not start supervisor'
#   at /home/david/cpantesting/perl-5.10.1/.cpan/build/Beekeeper-0.04-l0F6Oz/t/lib/Tests/Service/Base.pm line 151.
#   (in Tests::Basic->start_test_workers)

#   Failed test 'Could not start supervisor'
#   at /home/david/cpantesting/perl-5.10.1/.cpan/build/Beekeeper-0.04-l0F6Oz/t/lib/Tests/Service/Base.pm line 151.
#   (in Tests::Basic->start_test_workers)

#   Failed test 'Could not start supervisor'
#   at /home/david/cpantesting/perl-5.10.1/.cpan/build/Beekeeper-0.04-l0F6Oz/t/lib/Tests/Service/Base.pm line 151.
#   (in Tests::Basic->start_test_workers)

#   Failed test 'Could not start supervisor'
#   at /home/david/cpantesting/perl-5.10.1/.cpan/build/Beekeeper-0.04-l0F6Oz/t/lib/Tests/Service/Base.pm line 151.
#   (in Tests::Basic->start_test_workers)

#   Failed test 'Could not start supervisor'
#   at /home/david/cpantesting/perl-5.10.1/.cpan/build/Beekeeper-0.04-l0F6Oz/t/lib/Tests/Service/Base.pm line 151.
#   (in Tests::Basic->start_test_workers)

#   Failed test 'Could not start supervisor'
#   at /home/david/cpantesting/perl-5.10.1/.cpan/build/Beekeeper-0.04-l0F6Oz/t/lib/Tests/Service/Base.pm line 151.
#   (in Tests::Basic->start_test_workers)

#   Failed test 'Could not start supervisor'
#   at /home/david/cpantesting/perl-5.10.1/.cpan/build/Beekeeper-0.04-l0F6Oz/t/lib/Tests/Service/Base.pm line 151.
#   (in Tests::Basic->start_test_workers)

#   Failed test 'Could not start supervisor'
#   at /home/david/cpantesting/perl-5.10.1/.cpan/build/Beekeeper-0.04-l0F6Oz/t/lib/Tests/Service/Base.pm line 151.
#   (in Tests::Basic->start_test_workers)

#   Failed test 'Could not start supervisor'
#   at /home/david/cpantesting/perl-5.10.1/.cpan/build/Beekeeper-0.04-l0F6Oz/t/lib/Tests/Service/Base.pm line 151.
#   (in Tests::Basic->start_test_workers)

#   Failed test 'Could not start supervisor'
#   at /home/david/cpantesting/perl-5.10.1/.cpan/build/Beekeeper-0.04-l0F6Oz/t/lib/Tests/Service/Base.pm line 151.
#   (in Tests::Basic->start_test_workers)

#   Failed test 'Could not start supervisor'
#   at /home/david/cpantesting/perl-5.10.1/.cpan/build/Beekeeper-0.04-l0F6Oz/t/lib/Tests/Service/Base.pm line 151.
#   (in Tests::Basic->start_test_workers)

#   Failed test 'Could not start supervisor'
#   at /home/david/cpantesting/perl-5.10.1/.cpan/build/Beekeeper-0.04-l0F6Oz/t/lib/Tests/Service/Base.pm line 151.
#   (in Tests::Basic->start_test_workers)

#   Failed test 'Could not start supervisor'
#   at /home/david/cpantesting/perl-5.10.1/.cpan/build/Beekeeper-0.04-l0F6Oz/t/lib/Tests/Service/Base.pm line 151.
#   (in Tests::Basic->start_test_workers)

#   Failed test 'Could not start supervisor'
#   at /home/david/cpantesting/perl-5.10.1/.cpan/build/Beekeeper-0.04-l0F6Oz/t/lib/Tests/Service/Base.pm line 151.
#   (in Tests::Basic->start_test_workers)

#   Failed test 'Could not start supervisor'
#   at /home/david/cpantesting/perl-5.10.1/.cpan/build/Beekeeper-0.04-l0F6Oz/t/lib/Tests/Service/Base.pm line 151.
#   (in Tests::Basic->start_test_workers)

#   Failed test 'Could not start supervisor'
#   at /home/david/cpantesting/perl-5.10.1/.cpan/build/Beekeeper-0.04-l0F6Oz/t/lib/Tests/Service/Base.pm line 151.
#   (in Tests::Basic->start_test_workers)

#   Failed test 'Could not start supervisor'
#   at /home/david/cpantesting/perl-5.10.1/.cpan/build/Beekeeper-0.04-l0F6Oz/t/lib/Tests/Service/Base.pm line 151.
#   (in Tests::Basic->start_test_workers)

#   Failed test 'Could not start supervisor'
#   at /home/david/cpantesting/perl-5.10.1/.cpan/build/Beekeeper-0.04-l0F6Oz/t/lib/Tests/Service/Base.pm line 151.
#   (in Tests::Basic->start_test_workers)

#   Failed test 'Could not start supervisor'
#   at /home/david/cpantesting/perl-5.10.1/.cpan/build/Beekeeper-0.04-l0F6Oz/t/lib/Tests/Service/Base.pm line 151.
#   (in Tests::Basic->start_test_workers)

#   Failed test 'Could not start supervisor'
#   at /home/david/cpantesting/perl-5.10.1/.cpan/build/Beekeeper-0.04-l0F6Oz/t/lib/Tests/Service/Base.pm line 151.
#   (in Tests::Basic->start_test_workers)

#   Failed test 'Could not start supervisor'
#   at /home/david/cpantesting/perl-5.10.1/.cpan/build/Beekeeper-0.04-l0F6Oz/t/lib/Tests/Service/Base.pm line 151.
#   (in Tests::Basic->start_test_workers)

#   Failed test 'Could not start supervisor'
#   at /home/david/cpantesting/perl-5.10.1/.cpan/build/Beekeeper-0.04-l0F6Oz/t/lib/Tests/Service/Base.pm line 151.
#   (in Tests::Basic->start_test_workers)

#   Failed test 'Could not start supervisor'
#   at /home/david/cpantesting/perl-5.10.1/.cpan/build/Beekeeper-0.04-l0F6Oz/t/lib/Tests/Service/Base.pm line 151.
#   (in Tests::Basic->start_test_workers)

#   Failed test 'Could not start supervisor'
#   at /home/david/cpantesting/perl-5.10.1/.cpan/build/Beekeeper-0.04-l0F6Oz/t/lib/Tests/Service/Base.pm line 151.
#   (in Tests::Basic->start_test_workers)

#   Failed test 'Could not start supervisor'
#   at /home/david/cpantesting/perl-5.10.1/.cpan/build/Beekeeper-0.04-l0F6Oz/t/lib/Tests/Service/Base.pm line 151.
#   (in Tests::Basic->start_test_workers)

#   Failed test 'Could not start supervisor'
#   at /home/david/cpantesting/perl-5.10.1/.cpan/build/Beekeeper-0.04-l0F6Oz/t/lib/Tests/Service/Base.pm line 151.
#   (in Tests::Basic->start_test_workers)

#   Failed test 'Could not start supervisor'
#   at /home/david/cpantesting/perl-5.10.1/.cpan/build/Beekeeper-0.04-l0F6Oz/t/lib/Tests/Service/Base.pm line 151.
#   (in Tests::Basic->start_test_workers)

#   Failed test 'Could not start supervisor'
#   at /home/david/cpantesting/perl-5.10.1/.cpan/build/Beekeeper-0.04-l0F6Oz/t/lib/Tests/Service/Base.pm line 151.
#   (in Tests::Basic->start_test_workers)

#   Failed test 'Could not start supervisor'
#   at /home/david/cpantesting/perl-5.10.1/.cpan/build/Beekeeper-0.04-l0F6Oz/t/lib/Tests/Service/Base.pm line 151.
#   (in Tests::Basic->start_test_workers)

#   Failed test 'Could not start supervisor'
#   at /home/david/cpantesting/perl-5.10.1/.cpan/build/Beekeeper-0.04-l0F6Oz/t/lib/Tests/Service/Base.pm line 151.
#   (in Tests::Basic->start_test_workers)

#   Failed test 'Could not start supervisor'
#   at /home/david/cpantesting/perl-5.10.1/.cpan/build/Beekeeper-0.04-l0F6Oz/t/lib/Tests/Service/Base.pm line 151.
#   (in Tests::Basic->start_test_workers)
# Looks like your test exited with 50 just after 52.
t/02-basic.t ......... 
Dubious, test returned 50 (wstat 12800, 0x3200)
Failed 50/52 subtests 
[2021-06-08 04:54:34.606][21900][warning] Could not connect to MQTT broker at localhost:59119: Connection refused
Could not connect to MQTT broker at localhost:58748: Connection refused

#   Failed test 'Could not start supervisor'
#   at /home/david/cpantesting/perl-5.10.1/.cpan/build/Beekeeper-0.04-l0F6Oz/t/lib/Tests/Service/Base.pm line 151.
#   (in Tests::Supervisor->test_01_client)

#   Failed test 'Could not start supervisor'
#   at /home/david/cpantesting/perl-5.10.1/.cpan/build/Beekeeper-0.04-l0F6Oz/t/lib/Tests/Service/Base.pm line 151.
#   (in Tests::Supervisor->test_01_client)

#   Failed test 'Could not start supervisor'
#   at /home/david/cpantesting/perl-5.10.1/.cpan/build/Beekeeper-0.04-l0F6Oz/t/lib/Tests/Service/Base.pm line 151.
#   (in Tests::Supervisor->test_01_client)

#   Failed test 'Could not start supervisor'
#   at /home/david/cpantesting/perl-5.10.1/.cpan/build/Beekeeper-0.04-l0F6Oz/t/lib/Tests/Service/Base.pm line 151.
#   (in Tests::Supervisor->test_01_client)

#   Failed test 'Could not start supervisor'
#   at /home/david/cpantesting/perl-5.10.1/.cpan/build/Beekeeper-0.04-l0F6Oz/t/lib/Tests/Service/Base.pm line 151.
#   (in Tests::Supervisor->test_01_client)

#   Failed test 'Could not start supervisor'
#   at /home/david/cpantesting/perl-5.10.1/.cpan/build/Beekeeper-0.04-l0F6Oz/t/lib/Tests/Service/Base.pm line 151.
#   (in Tests::Supervisor->test_01_client)

#   Failed test 'Could not start supervisor'
#   at /home/david/cpantesting/perl-5.10.1/.cpan/build/Beekeeper-0.04-l0F6Oz/t/lib/Tests/Service/Base.pm line 151.
#   (in Tests::Supervisor->test_01_client)

#   Failed test 'Could not start supervisor'
#   at /home/david/cpantesting/perl-5.10.1/.cpan/build/Beekeeper-0.04-l0F6Oz/t/lib/Tests/Service/Base.pm line 151.
#   (in Tests::Supervisor->test_01_client)

#   Failed test 'Could not start supervisor'
#   at /home/david/cpantesting/perl-5.10.1/.cpan/build/Beekeeper-0.04-l0F6Oz/t/lib/Tests/Service/Base.pm line 151.
#   (in Tests::Supervisor->test_01_client)
# Looks like your test exited with 9 just after 11.
t/03-supervisor.t .... 
Dubious, test returned 9 (wstat 2304, 0x900)
Failed 9/11 subtests 
[2021-06-08 04:55:21.600][22181][warning] Could not connect to MQTT broker at localhost:52891: Connection refused
Could not connect to MQTT broker at localhost:51930: Connection refused

#   Failed test 'Could not start supervisor'
#   at /home/david/cpantesting/perl-5.10.1/.cpan/build/Beekeeper-0.04-l0F6Oz/t/lib/Tests/Service/Base.pm line 151.
#   (in Tests::LogTail->start_test_workers)

#   Failed test 'Could not start supervisor'
#   at /home/david/cpantesting/perl-5.10.1/.cpan/build/Beekeeper-0.04-l0F6Oz/t/lib/Tests/Service/Base.pm line 151.
#   (in Tests::LogTail->start_test_workers)

#   Failed test 'Could not start supervisor'
#   at /home/david/cpantesting/perl-5.10.1/.cpan/build/Beekeeper-0.04-l0F6Oz/t/lib/Tests/Service/Base.pm line 151.
#   (in Tests::LogTail->start_test_workers)

#   Failed test 'Could not start supervisor'
#   at /home/david/cpantesting/perl-5.10.1/.cpan/build/Beekeeper-0.04-l0F6Oz/t/lib/Tests/Service/Base.pm line 151.
#   (in Tests::LogTail->start_test_workers)

#   Failed test 'Could not start supervisor'
#   at /home/david/cpantesting/perl-5.10.1/.cpan/build/Beekeeper-0.04-l0F6Oz/t/lib/Tests/Service/Base.pm line 151.
#   (in Tests::LogTail->start_test_workers)

#   Failed test 'Could not start supervisor'
#   at /home/david/cpantesting/perl-5.10.1/.cpan/build/Beekeeper-0.04-l0F6Oz/t/lib/Tests/Service/Base.pm line 151.
#   (in Tests::LogTail->start_test_workers)

#   Failed test 'Could not start supervisor'
#   at /home/david/cpantesting/perl-5.10.1/.cpan/build/Beekeeper-0.04-l0F6Oz/t/lib/Tests/Service/Base.pm line 151.
#   (in Tests::LogTail->start_test_workers)

#   Failed test 'Could not start supervisor'
#   at /home/david/cpantesting/perl-5.10.1/.cpan/build/Beekeeper-0.04-l0F6Oz/t/lib/Tests/Service/Base.pm line 151.
#   (in Tests::LogTail->start_test_workers)

#   Failed test 'Could not start supervisor'
#   at /home/david/cpantesting/perl-5.10.1/.cpan/build/Beekeeper-0.04-l0F6Oz/t/lib/Tests/Service/Base.pm line 151.
#   (in Tests::LogTail->start_test_workers)

#   Failed test 'Could not start supervisor'
#   at /home/david/cpantesting/perl-5.10.1/.cpan/build/Beekeeper-0.04-l0F6Oz/t/lib/Tests/Service/Base.pm line 151.
#   (in Tests::LogTail->start_test_workers)

#   Failed test 'Could not start supervisor'
#   at /home/david/cpantesting/perl-5.10.1/.cpan/build/Beekeeper-0.04-l0F6Oz/t/lib/Tests/Service/Base.pm line 151.
#   (in Tests::LogTail->start_test_workers)

#   Failed test 'Could not start supervisor'
#   at /home/david/cpantesting/perl-5.10.1/.cpan/build/Beekeeper-0.04-l0F6Oz/t/lib/Tests/Service/Base.pm line 151.
#   (in Tests::LogTail->start_test_workers)

#   Failed test 'Could not start supervisor'
#   at /home/david/cpantesting/perl-5.10.1/.cpan/build/Beekeeper-0.04-l0F6Oz/t/lib/Tests/Service/Base.pm line 151.
#   (in Tests::LogTail->start_test_workers)
# Looks like your test exited with 13 just after 15.
t/04-log_tail.t ...... 
Dubious, test returned 13 (wstat 3328, 0xd00)
Failed 13/15 subtests 
[2021-06-08 04:56:08.860][22544][warning] Could not connect to MQTT broker at localhost:58187: Connection refused
Could not connect to MQTT broker at localhost:59718: Connection refused

#   Failed test 'Could not start supervisor'
#   at /home/david/cpantesting/perl-5.10.1/.cpan/build/Beekeeper-0.04-l0F6Oz/t/lib/Tests/Service/Base.pm line 151.
#   (in Tests::Recursion->start_test_workers)

#   Failed test 'Could not start supervisor'
#   at /home/david/cpantesting/perl-5.10.1/.cpan/build/Beekeeper-0.04-l0F6Oz/t/lib/Tests/Service/Base.pm line 151.
#   (in Tests::Recursion->start_test_workers)

#   Failed test 'Could not start supervisor'
#   at /home/david/cpantesting/perl-5.10.1/.cpan/build/Beekeeper-0.04-l0F6Oz/t/lib/Tests/Service/Base.pm line 151.
#   (in Tests::Recursion->start_test_workers)

#   Failed test 'Could not start supervisor'
#   at /home/david/cpantesting/perl-5.10.1/.cpan/build/Beekeeper-0.04-l0F6Oz/t/lib/Tests/Service/Base.pm line 151.
#   (in Tests::Recursion->start_test_workers)

#   Failed test 'Could not start supervisor'
#   at /home/david/cpantesting/perl-5.10.1/.cpan/build/Beekeeper-0.04-l0F6Oz/t/lib/Tests/Service/Base.pm line 151.
#   (in Tests::Recursion->start_test_workers)

#   Failed test 'Could not start supervisor'
#   at /home/david/cpantesting/perl-5.10.1/.cpan/build/Beekeeper-0.04-l0F6Oz/t/lib/Tests/Service/Base.pm line 151.
#   (in Tests::Recursion->start_test_workers)

#   Failed test 'Could not start supervisor'
#   at /home/david/cpantesting/perl-5.10.1/.cpan/build/Beekeeper-0.04-l0F6Oz/t/lib/Tests/Service/Base.pm line 151.
#   (in Tests::Recursion->start_test_workers)

#   Failed test 'Could not start supervisor'
#   at /home/david/cpantesting/perl-5.10.1/.cpan/build/Beekeeper-0.04-l0F6Oz/t/lib/Tests/Service/Base.pm line 151.
#   (in Tests::Recursion->start_test_workers)

#   Failed test 'Could not start supervisor'
#   at /home/david/cpantesting/perl-5.10.1/.cpan/build/Beekeeper-0.04-l0F6Oz/t/lib/Tests/Service/Base.pm line 151.
#   (in Tests::Recursion->start_test_workers)

#   Failed test 'Could not start supervisor'
#   at /home/david/cpantesting/perl-5.10.1/.cpan/build/Beekeeper-0.04-l0F6Oz/t/lib/Tests/Service/Base.pm line 151.
#   (in Tests::Recursion->start_test_workers)

#   Failed test 'Could not start supervisor'
#   at /home/david/cpantesting/perl-5.10.1/.cpan/build/Beekeeper-0.04-l0F6Oz/t/lib/Tests/Service/Base.pm line 151.
#   (in Tests::Recursion->start_test_workers)

#   Failed test 'Could not start supervisor'
#   at /home/david/cpantesting/perl-5.10.1/.cpan/build/Beekeeper-0.04-l0F6Oz/t/lib/Tests/Service/Base.pm line 151.
#   (in Tests::Recursion->start_test_workers)

#   Failed test 'Could not start supervisor'
#   at /home/david/cpantesting/perl-5.10.1/.cpan/build/Beekeeper-0.04-l0F6Oz/t/lib/Tests/Service/Base.pm line 151.
#   (in Tests::Recursion->start_test_workers)

#   Failed test 'Could not start supervisor'
#   at /home/david/cpantesting/perl-5.10.1/.cpan/build/Beekeeper-0.04-l0F6Oz/t/lib/Tests/Service/Base.pm line 151.
#   (in Tests::Recursion->start_test_workers)

#   Failed test 'Could not start supervisor'
#   at /home/david/cpantesting/perl-5.10.1/.cpan/build/Beekeeper-0.04-l0F6Oz/t/lib/Tests/Service/Base.pm line 151.
#   (in Tests::Recursion->start_test_workers)

#   Failed test 'Could not start supervisor'
#   at /home/david/cpantesting/perl-5.10.1/.cpan/build/Beekeeper-0.04-l0F6Oz/t/lib/Tests/Service/Base.pm line 151.
#   (in Tests::Recursion->start_test_workers)

#   Failed test 'Could not start supervisor'
#   at /home/david/cpantesting/perl-5.10.1/.cpan/build/Beekeeper-0.04-l0F6Oz/t/lib/Tests/Service/Base.pm line 151.
#   (in Tests::Recursion->start_test_workers)

#   Failed test 'Could not start supervisor'
#   at /home/david/cpantesting/perl-5.10.1/.cpan/build/Beekeeper-0.04-l0F6Oz/t/lib/Tests/Service/Base.pm line 151.
#   (in Tests::Recursion->start_test_workers)

#   Failed test 'Could not start supervisor'
#   at /home/david/cpantesting/perl-5.10.1/.cpan/build/Beekeeper-0.04-l0F6Oz/t/lib/Tests/Service/Base.pm line 151.
#   (in Tests::Recursion->start_test_workers)

#   Failed test 'Could not start supervisor'
#   at /home/david/cpantesting/perl-5.10.1/.cpan/build/Beekeeper-0.04-l0F6Oz/t/lib/Tests/Service/Base.pm line 151.
#   (in Tests::Recursion->start_test_workers)
# Looks like your test exited with 20 just after 22.
t/05-recursion.t ..... 
Dubious, test returned 20 (wstat 5120, 0x1400)
Failed 20/22 subtests 
[2021-06-08 04:56:57.107][22858][warning] Could not connect to MQTT broker at localhost:54939: Connection refused
Could not connect to MQTT broker at localhost:53446: Connection refused

#   Failed test 'Could not start supervisor'
#   at /home/david/cpantesting/perl-5.10.1/.cpan/build/Beekeeper-0.04-l0F6Oz/t/lib/Tests/Service/Base.pm line 151.
#   (in Tests::SharedCache->start_test_workers)

#   Failed test 'Could not start supervisor'
#   at /home/david/cpantesting/perl-5.10.1/.cpan/build/Beekeeper-0.04-l0F6Oz/t/lib/Tests/Service/Base.pm line 151.
#   (in Tests::SharedCache->start_test_workers)

#   Failed test 'Could not start supervisor'
#   at /home/david/cpantesting/perl-5.10.1/.cpan/build/Beekeeper-0.04-l0F6Oz/t/lib/Tests/Service/Base.pm line 151.
#   (in Tests::SharedCache->start_test_workers)

#   Failed test 'Could not start supervisor'
#   at /home/david/cpantesting/perl-5.10.1/.cpan/build/Beekeeper-0.04-l0F6Oz/t/lib/Tests/Service/Base.pm line 151.
#   (in Tests::SharedCache->start_test_workers)

#   Failed test 'Could not start supervisor'
#   at /home/david/cpantesting/perl-5.10.1/.cpan/build/Beekeeper-0.04-l0F6Oz/t/lib/Tests/Service/Base.pm line 151.
#   (in Tests::SharedCache->start_test_workers)

#   Failed test 'Could not start supervisor'
#   at /home/david/cpantesting/perl-5.10.1/.cpan/build/Beekeeper-0.04-l0F6Oz/t/lib/Tests/Service/Base.pm line 151.
#   (in Tests::SharedCache->start_test_workers)

#   Failed test 'Could not start supervisor'
#   at /home/david/cpantesting/perl-5.10.1/.cpan/build/Beekeeper-0.04-l0F6Oz/t/lib/Tests/Service/Base.pm line 151.
#   (in Tests::SharedCache->start_test_workers)

#   Failed test 'Could not start supervisor'
#   at /home/david/cpantesting/perl-5.10.1/.cpan/build/Beekeeper-0.04-l0F6Oz/t/lib/Tests/Service/Base.pm line 151.
#   (in Tests::SharedCache->start_test_workers)

#   Failed test 'Could not start supervisor'
#   at /home/david/cpantesting/perl-5.10.1/.cpan/build/Beekeeper-0.04-l0F6Oz/t/lib/Tests/Service/Base.pm line 151.
#   (in Tests::SharedCache->start_test_workers)

#   Failed test 'Could not start supervisor'
#   at /home/david/cpantesting/perl-5.10.1/.cpan/build/Beekeeper-0.04-l0F6Oz/t/lib/Tests/Service/Base.pm line 151.
#   (in Tests::SharedCache->start_test_workers)

#   Failed test 'Could not start supervisor'
#   at /home/david/cpantesting/perl-5.10.1/.cpan/build/Beekeeper-0.04-l0F6Oz/t/lib/Tests/Service/Base.pm line 151.
#   (in Tests::SharedCache->start_test_workers)

#   Failed test 'Could not start supervisor'
#   at /home/david/cpantesting/perl-5.10.1/.cpan/build/Beekeeper-0.04-l0F6Oz/t/lib/Tests/Service/Base.pm line 151.
#   (in Tests::SharedCache->start_test_workers)

#   Failed test 'Could not start supervisor'
#   at /home/david/cpantesting/perl-5.10.1/.cpan/build/Beekeeper-0.04-l0F6Oz/t/lib/Tests/Service/Base.pm line 151.
#   (in Tests::SharedCache->start_test_workers)

#   Failed test 'Could not start supervisor'
#   at /home/david/cpantesting/perl-5.10.1/.cpan/build/Beekeeper-0.04-l0F6Oz/t/lib/Tests/Service/Base.pm line 151.
#   (in Tests::SharedCache->start_test_workers)

#   Failed test 'Could not start supervisor'
#   at /home/david/cpantesting/perl-5.10.1/.cpan/build/Beekeeper-0.04-l0F6Oz/t/lib/Tests/Service/Base.pm line 151.
#   (in Tests::SharedCache->start_test_workers)

#   Failed test 'Could not start supervisor'
#   at /home/david/cpantesting/perl-5.10.1/.cpan/build/Beekeeper-0.04-l0F6Oz/t/lib/Tests/Service/Base.pm line 151.
#   (in Tests::SharedCache->start_test_workers)

#   Failed test 'Could not start supervisor'
#   at /home/david/cpantesting/perl-5.10.1/.cpan/build/Beekeeper-0.04-l0F6Oz/t/lib/Tests/Service/Base.pm line 151.
#   (in Tests::SharedCache->start_test_workers)

#   Failed test 'Could not start supervisor'
#   at /home/david/cpantesting/perl-5.10.1/.cpan/build/Beekeeper-0.04-l0F6Oz/t/lib/Tests/Service/Base.pm line 151.
#   (in Tests::SharedCache->start_test_workers)

#   Failed test 'Could not start supervisor'
#   at /home/david/cpantesting/perl-5.10.1/.cpan/build/Beekeeper-0.04-l0F6Oz/t/lib/Tests/Service/Base.pm line 151.
#   (in Tests::SharedCache->start_test_workers)

#   Failed test 'Could not start supervisor'
#   at /home/david/cpantesting/perl-5.10.1/.cpan/build/Beekeeper-0.04-l0F6Oz/t/lib/Tests/Service/Base.pm line 151.
#   (in Tests::SharedCache->start_test_workers)

#   Failed test 'Could not start supervisor'
#   at /home/david/cpantesting/perl-5.10.1/.cpan/build/Beekeeper-0.04-l0F6Oz/t/lib/Tests/Service/Base.pm line 151.
#   (in Tests::SharedCache->start_test_workers)

#   Failed test 'Could not start supervisor'
#   at /home/david/cpantesting/perl-5.10.1/.cpan/build/Beekeeper-0.04-l0F6Oz/t/lib/Tests/Service/Base.pm line 151.
#   (in Tests::SharedCache->start_test_workers)

#   Failed test 'Could not start supervisor'
#   at /home/david/cpantesting/perl-5.10.1/.cpan/build/Beekeeper-0.04-l0F6Oz/t/lib/Tests/Service/Base.pm line 151.
#   (in Tests::SharedCache->start_test_workers)

#   Failed test 'Could not start supervisor'
#   at /home/david/cpantesting/perl-5.10.1/.cpan/build/Beekeeper-0.04-l0F6Oz/t/lib/Tests/Service/Base.pm line 151.
#   (in Tests::SharedCache->start_test_workers)

#   Failed test 'Could not start supervisor'
#   at /home/david/cpantesting/perl-5.10.1/.cpan/build/Beekeeper-0.04-l0F6Oz/t/lib/Tests/Service/Base.pm line 151.
#   (in Tests::SharedCache->start_test_workers)

#   Failed test 'Could not start supervisor'
#   at /home/david/cpantesting/perl-5.10.1/.cpan/build/Beekeeper-0.04-l0F6Oz/t/lib/Tests/Service/Base.pm line 151.
#   (in Tests::SharedCache->start_test_workers)

#   Failed test 'Could not start supervisor'
#   at /home/david/cpantesting/perl-5.10.1/.cpan/build/Beekeeper-0.04-l0F6Oz/t/lib/Tests/Service/Base.pm line 151.
#   (in Tests::SharedCache->start_test_workers)

#   Failed test 'Could not start supervisor'
#   at /home/david/cpantesting/perl-5.10.1/.cpan/build/Beekeeper-0.04-l0F6Oz/t/lib/Tests/Service/Base.pm line 151.
#   (in Tests::SharedCache->start_test_workers)

#   Failed test 'Could not start supervisor'
#   at /home/david/cpantesting/perl-5.10.1/.cpan/build/Beekeeper-0.04-l0F6Oz/t/lib/Tests/Service/Base.pm line 151.
#   (in Tests::SharedCache->start_test_workers)

#   Failed test 'Could not start supervisor'
#   at /home/david/cpantesting/perl-5.10.1/.cpan/build/Beekeeper-0.04-l0F6Oz/t/lib/Tests/Service/Base.pm line 151.
#   (in Tests::SharedCache->start_test_workers)

#   Failed test 'Could not start supervisor'
#   at /home/david/cpantesting/perl-5.10.1/.cpan/build/Beekeeper-0.04-l0F6Oz/t/lib/Tests/Service/Base.pm line 151.
#   (in Tests::SharedCache->start_test_workers)

#   Failed test 'Could not start supervisor'
#   at /home/david/cpantesting/perl-5.10.1/.cpan/build/Beekeeper-0.04-l0F6Oz/t/lib/Tests/Service/Base.pm line 151.
#   (in Tests::SharedCache->start_test_workers)
# Looks like your test exited with 32 just after 34.
t/06-shared_cache.t .. 
Dubious, test returned 32 (wstat 8192, 0x2000)
Failed 32/34 subtests 
t/07-load_balance.t .. ok
t/08-term_signal.t ... ok
t/09-int_signal.t .... ok
Could not connect to MQTT broker at localhost:52281: Connection refused

#   Failed test 'test_01_topic died ((Beekeeper::MQTT) Could not connect to MQTT broker after 30 seconds)'
#   at t/10-mqtt.t line 15.
#   (in Tests::Mqtt->test_01_topic)
Could not connect to MQTT broker at localhost:52281: Connection refused

#   Failed test 'test_02_topic_wildcard died ((Beekeeper::MQTT) Could not connect to MQTT broker after 30 seconds)'
#   at t/10-mqtt.t line 15.
#   (in Tests::Mqtt->test_02_topic_wildcard)
Could not connect to MQTT broker at localhost:52281: Connection refused

#   Failed test 'test_03_shared_topic died ((Beekeeper::MQTT) Could not connect to MQTT broker after 30 seconds)'
#   at t/10-mqtt.t line 15.
#   (in Tests::Mqtt->test_03_shared_topic)
Could not connect to MQTT broker at localhost:52281: Connection refused

#   Failed test 'test_04_private_topic died ((Beekeeper::MQTT) Could not connect to MQTT broker after 30 seconds)'
#   at t/10-mqtt.t line 15.
#   (in Tests::Mqtt->test_04_private_topic)
Could not connect to MQTT broker at localhost:52281: Connection refused

#   Failed test 'test_05_shared_topic_queuing died ((Beekeeper::MQTT) Could not connect to MQTT broker after 30 seconds)'
#   at t/10-mqtt.t line 15.
#   (in Tests::Mqtt->test_05_shared_topic_queuing)
# Looks like you failed 5 tests of 30.
t/10-mqtt.t .......... 
Dubious, test returned 5 (wstat 1280, 0x500)
Failed 5/30 subtests 
	(less 22 skipped subtests: 3 okay)

Test Summary Report
-------------------
t/01-test_base.t   (Wstat: 1280 Tests: 7 Failed: 5)
  Failed tests:  3-7
  Non-zero exit status: 5
t/02-basic.t       (Wstat: 12800 Tests: 52 Failed: 50)
  Failed tests:  3-52
  Non-zero exit status: 50
t/03-supervisor.t  (Wstat: 2304 Tests: 11 Failed: 9)
  Failed tests:  3-11
  Non-zero exit status: 9
t/04-log_tail.t    (Wstat: 3328 Tests: 15 Failed: 13)
  Failed tests:  3-15
  Non-zero exit status: 13
t/05-recursion.t   (Wstat: 5120 Tests: 22 Failed: 20)
  Failed tests:  3-22
  Non-zero exit status: 20
t/06-shared_cache.t (Wstat: 8192 Tests: 34 Failed: 32)
  Failed tests:  3-34
  Non-zero exit status: 32
t/10-mqtt.t        (Wstat: 1280 Tests: 30 Failed: 5)
  Failed tests:  4, 7, 14, 18, 24
  Non-zero exit status: 5
Files=11, Tests=257, 483 wallclock secs ( 0.76 usr  0.22 sys + 12.71 cusr  2.28 csys = 15.97 CPU)
Result: FAIL
Failed 7/11 test programs. 134/257 subtests failed.
make: *** [Makefile:994: test_dynamic] Error 5

------------------------------
PREREQUISITES
------------------------------

Prerequisite modules loaded:

requires:

    Module                  Need     Have    
    ----------------------- -------- --------
    AnyEvent                0        7.17    
    JSON::XS                0        4.03    
    perl                    5.008009 5.010001
    Term::ReadKey           0        2.38    

build_requires:

    Module                  Need     Have    
    ----------------------- -------- --------
    ExtUtils::MakeMaker     0        7.34    
    Test::Class             0        0.52    
    Test::More              0        1.302185

configure_requires:

    Module                  Need     Have    
    ----------------------- -------- --------
    ExtUtils::MakeMaker     0        7.34    
    File::ShareDir::Install 0.06     0.13    


------------------------------
ENVIRONMENT AND OTHER CONTEXT
------------------------------

Environment variables:

    AUTOMATED_TESTING = 1
    LANG = en_GB.UTF-8
    LANGUAGE = en_GB:en
    LC_TERMINAL = iTerm2
    LC_TERMINAL_VERSION = 3.4.8
    NONINTERACTIVE_TESTING = 1
    PATH = /home/david/perl5/perlbrew/bin:/home/david/perl5/perlbrew/perls/perl-5.30.2/bin:/usr/local/bin:/usr/bin:/bin:/usr/local/games:/usr/games
    PERL = 5.10.1
    PERL5LIB = 
    PERL5OPT = 
    PERL5_CPANPLUS_IS_RUNNING = 9456
    PERL5_CPAN_IS_RUNNING = 9456
    PERLBREW_HOME = /home/david/.perlbrew
    PERLBREW_MANPATH = /home/david/perl5/perlbrew/perls/perl-5.30.2/man
    PERLBREW_PATH = /home/david/perl5/perlbrew/bin:/home/david/perl5/perlbrew/perls/perl-5.30.2/bin
    PERLBREW_PERL = perl-5.30.2
    PERLBREW_ROOT = /home/david/perl5/perlbrew
    PERLBREW_SHELLRC_VERSION = 0.89
    PERLBREW_VERSION = 0.89
    PERLVER = 5.10.1
    PERL_INLINE_DIRECTORY = /home/david/.Inline-5.10.1
    PERL_MM_USE_DEFAULT = 1
    PERL_USE_UNSAFE_INC = 0
    SHELL = /bin/bash
    TERM = screen

Perl special variables (and OS-specific diagnostics, for MSWin32):

    $^X = /home/david/cpantesting/perl-5.10.1/bin/perl
    $UID/$EUID = 1000 / 1000
    $GID = 1000 24 25 27 29 30 44 46 109 1000
    $EGID = 1000 24 25 27 29 30 44 46 109 1000

Perl module toolchain versions installed:

    Module              Have    
    ------------------- --------
    CPAN                1.9402  
    CPAN::Meta          2.143240
    Cwd                 3.30    
    ExtUtils::CBuilder  0.280236
    ExtUtils::Command   7.34    
    ExtUtils::Install   2.06    
    ExtUtils::MakeMaker 7.34    
    ExtUtils::Manifest  1.70    
    ExtUtils::ParseXS   3.35    
    File::Spec          3.30    
    JSON                4.02    
    JSON::PP            4.02    
    Module::Build       0.4231  
    Module::Signature   n/a     
    Parse::CPAN::Meta   1.4414  
    Test::Harness       3.42    
    Test::More          1.302185
    YAML                1.27    
    YAML::Syck          n/a     
    version             0.9924  


--

Summary of my perl5 (revision 5 version 10 subversion 1) configuration:
   
  Platform:
    osname=linux, osvers=4.9.0-8-amd64, archname=x86_64-linux-thread-multi
    uname='linux pigsty 4.9.0-8-amd64 #1 smp debian 4.9.144-3 (2019-02-02) x86_64 gnulinux '
    config_args='-de -Duse64bitall -Dusethreads -Dprefix=/home/david/cpantesting/perl-5.10.1 -A ccflags=-fwrapv'
    hint=recommended, useposix=true, d_sigaction=define
    useithreads=define, usemultiplicity=define
    useperlio=define, d_sfio=undef, uselargefiles=define, usesocks=undef
    use64bitint=define, use64bitall=define, uselongdouble=undef
    usemymalloc=n, bincompat5005=undef
  Compiler:
    cc='cc', ccflags ='-D_REENTRANT -D_GNU_SOURCE -fwrapv -fno-strict-aliasing -pipe -fstack-protector -I/usr/local/include -D_LARGEFILE_SOURCE -D_FILE_OFFSET_BITS=64',
    optimize='-O2',
    cppflags='-D_REENTRANT -D_GNU_SOURCE -fwrapv -fno-strict-aliasing -pipe -fstack-protector -I/usr/local/include'
    ccversion='', gccversion='6.3.0 20170516', gccosandvers=''
    intsize=4, longsize=8, ptrsize=8, doublesize=8, byteorder=12345678
    d_longlong=define, longlongsize=8, d_longdbl=define, longdblsize=16
    ivtype='long', ivsize=8, nvtype='double', nvsize=8, Off_t='off_t', lseeksize=8
    alignbytes=8, prototype=define
  Linker and Libraries:
    ld='cc', ldflags =' -fstack-protector -L/usr/local/lib'
    libpth=/usr/local/lib /lib/x86_64-linux-gnu /lib/../lib /usr/lib/x86_64-linux-gnu /usr/lib/../lib /lib /usr/lib
    libs=-lnsl -ldb -ldl -lm -lcrypt -lutil -lpthread -lc
    perllibs=-lnsl -ldl -lm -lcrypt -lutil -lpthread -lc
    libc=libc-2.24.so, so=so, useshrplib=false, libperl=libperl.a
    gnulibc_version='2.24'
  Dynamic Linking:
    dlsrc=dl_dlopen.xs, dlext=so, d_dlsymun=undef, ccdlflags='-Wl,-E'
    cccdlflags='-fPIC', lddlflags='-shared -O2 -L/usr/local/lib -fstack-protector'


Characteristics of this binary (from libperl): 
  Compile-time options: MULTIPLICITY PERL_DONT_CREATE_GVSV
                        PERL_IMPLICIT_CONTEXT PERL_MALLOC_WRAP USE_64_BIT_ALL
                        USE_64_BIT_INT USE_ITHREADS USE_LARGE_FILES
                        USE_PERLIO USE_REENTRANT_API
  Locally applied patches:
	Devel::PatchPerl 1.56
  Built under linux
  Compiled at Apr 25 2019 16:19:42
  %ENV:
    PERL="5.10.1"
    PERL5LIB=""
    PERL5OPT=""
    PERL5_CPANPLUS_IS_RUNNING="9456"
    PERL5_CPAN_IS_RUNNING="9456"
    PERLBREW_HOME="/home/david/.perlbrew"
    PERLBREW_MANPATH="/home/david/perl5/perlbrew/perls/perl-5.30.2/man"
    PERLBREW_PATH="/home/david/perl5/perlbrew/bin:/home/david/perl5/perlbrew/perls/perl-5.30.2/bin"
    PERLBREW_PERL="perl-5.30.2"
    PERLBREW_ROOT="/home/david/perl5/perlbrew"
    PERLBREW_SHELLRC_VERSION="0.89"
    PERLBREW_VERSION="0.89"
    PERLVER="5.10.1"
    PERL_INLINE_DIRECTORY="/home/david/.Inline-5.10.1"
    PERL_MM_USE_DEFAULT="1"
    PERL_USE_UNSAFE_INC="0"
  @INC:
    /home/david/cpantesting/perl-5.10.1/lib/5.10.1/x86_64-linux-thread-multi
    /home/david/cpantesting/perl-5.10.1/lib/5.10.1
    /home/david/cpantesting/perl-5.10.1/lib/site_perl/5.10.1/x86_64-linux-thread-multi
    /home/david/cpantesting/perl-5.10.1/lib/site_perl/5.10.1
    .