Report for Taint-0.09

Back
From: metabase:user:322078bc-2aae-11df-837a-5e0a49663a4f
Subject: FAIL Taint-0.09 v5.8.9 FreeBSD
Date: 2010-11-15T08:05:56Z

This distribution has been tested as part of the CPAN Testers
project, supporting the Perl programming language.  See
http://wiki.cpantesters.org/ for more information or email
questions to cpan-testers-discuss@perl.org


--

Dear Tom Phoenix,
    
This is a computer-generated error report created automatically by
CPANPLUS, version 0.9007. Testers personal comments may appear 
at the end of this report.


Thank you for uploading your work to CPAN.  However, it appears that
there were some problems testing your distribution.

TEST RESULTS:

Below is the error stack from stage 'make test':

[MSG] [Mon Nov 15 08:05:45 2010] Module 'Debug::MessageArray' requires 'String::Util' version '1.01' to be installed 
[MSG] [Mon Nov 15 08:05:45 2010] Module 'Debug::MessageArray' requires 'XML::Parser' version '2.34' to be installed 
[MSG] [Mon Nov 15 08:05:47 2010] Using cached file '/usr/home/cpan/pit/thr/conf/perl-5.8.9/.cpanplus/authors/id/M/MI/MIKO/CHECKSUMS' on disk; ttl (3600s) is not exceeded
[MSG] [Mon Nov 15 08:05:47 2010] Checksum matches for 'Data-Default-0.11.tar.gz'
[MSG] [Mon Nov 15 08:05:47 2010] Extracted 'Data::Default' to '/usr/home/cpan/pit/thr/conf/perl-5.8.9/.cpanplus/5.8.9/build/Data-Default-0.11'
[MSG] [Mon Nov 15 08:05:47 2010] CPANPLUS is prefering Build.PL
[MSG] [Mon Nov 15 08:05:47 2010] Checking if your kit is complete...
Looks good
WARNING: Setting ABSTRACT via file 'Default.pm' failed
 at /usr/home/cpan/pit/thr/perl-5.8.9/lib/5.8.9/ExtUtils/MakeMaker.pm line 583
Writing Makefile for Data::Default

[MSG] [Mon Nov 15 08:05:47 2010] DEFAULT 'filter_prereqs' HANDLER RETURNING 'sub return value'
[MSG] [Mon Nov 15 08:05:47 2010] Checking for previous PASS result for "Data-Default-0.11"
[MSG] [Mon Nov 15 08:05:47 2010] Found previous PASS result for "Data-Default-0.11" skipping tests.
[MSG] [Mon Nov 15 08:05:48 2010] cp Default.pm blib/lib/Data/Default.pm
Manifying blib/man3/Data::Default.3

[MSG] [Mon Nov 15 08:05:48 2010] Sending test report for 'Data-Default-0.11'
[MSG] [Mon Nov 15 08:05:48 2010] Ok, not sending test report
[MSG] [Mon Nov 15 08:05:49 2010] Using cached file '/usr/home/cpan/pit/thr/conf/perl-5.8.9/.cpanplus/authors/id/M/MI/MIKO/CHECKSUMS' on disk; ttl (3600s) is not exceeded
[MSG] [Mon Nov 15 08:05:49 2010] Checksum matches for 'Debug-ShowStuff-1.11.tar.gz'
[MSG] [Mon Nov 15 08:05:50 2010] Extracted 'Debug::ShowStuff' to '/usr/home/cpan/pit/thr/conf/perl-5.8.9/.cpanplus/5.8.9/build/Debug-ShowStuff-1.11'
[MSG] [Mon Nov 15 08:05:50 2010] CPANPLUS is prefering Build.PL
[MSG] [Mon Nov 15 08:05:50 2010] Checking if your kit is complete...
Looks good
Warning: prerequisite MemHandle 0.06 not found.
Warning: prerequisite Taint 0.09 not found.
Warning: prerequisite Tie::IxHash 1.1 not found.
Writing Makefile for Debug::ShowStuff

[MSG] [Mon Nov 15 08:05:50 2010] DEFAULT 'filter_prereqs' HANDLER RETURNING 'sub return value'
[MSG] [Mon Nov 15 08:05:50 2010] Checking for previous PASS result for "Debug-ShowStuff-1.11"
[MSG] [Mon Nov 15 08:05:50 2010] Module 'Debug::ShowStuff' requires 'MemHandle' version '0.06' to be installed 
[MSG] [Mon Nov 15 08:05:50 2010] Module 'Debug::ShowStuff' requires 'Taint' version '0.09' to be installed 
[MSG] [Mon Nov 15 08:05:50 2010] Module 'Debug::ShowStuff' requires 'Tie::IxHash' version '1.1' to be installed 
[MSG] [Mon Nov 15 08:05:51 2010] Trying to get 'http://cpan.hexten.net/authors/id/S/SC/SCR/CHECKSUMS'
[MSG] [Mon Nov 15 08:05:51 2010] Checksum matches for 'MemHandle-0.06.tar.gz'
[MSG] [Mon Nov 15 08:05:52 2010] Extracted 'MemHandle' to '/usr/home/cpan/pit/thr/conf/perl-5.8.9/.cpanplus/5.8.9/build/MemHandle-0.06'
[MSG] [Mon Nov 15 08:05:52 2010] CPANPLUS is prefering Build.PL
[MSG] [Mon Nov 15 08:05:52 2010] Checking if your kit is complete...
Looks good
Writing Makefile for MemHandle

[MSG] [Mon Nov 15 08:05:52 2010] DEFAULT 'filter_prereqs' HANDLER RETURNING 'sub return value'
[MSG] [Mon Nov 15 08:05:52 2010] Checking for previous PASS result for "MemHandle-0.06"
[MSG] [Mon Nov 15 08:05:53 2010] cp MemHandle/Tie.pm blib/lib/MemHandle/Tie.pm
cp MemHandle.pm blib/lib/MemHandle.pm
Manifying blib/man3/MemHandle::Tie.3
Manifying blib/man3/MemHandle.3

[MSG] [Mon Nov 15 08:05:53 2010] MAKE TEST passed: PERL_DL_NONLAZY=1 /usr/home/cpan/pit/thr/perl-5.8.9/bin/perl "-Iblib/lib" "-Iblib/arch" test.pl
1..3
ok 1
ok 2
ok 3

[MSG] [Mon Nov 15 08:05:53 2010] Sending test report for 'MemHandle-0.06'
[MSG] [Mon Nov 15 08:05:53 2010] Successfully sent 'pass' report for 'MemHandle-0.06'
[MSG] [Mon Nov 15 08:05:53 2010] Trying to get 'http://cpan.hexten.net/authors/id/P/PH/PHOENIX/CHECKSUMS'
[MSG] [Mon Nov 15 08:05:53 2010] Checksum matches for 'Taint-0.09.tar.gz'
[MSG] [Mon Nov 15 08:05:54 2010] Extracted 'Taint' to '/usr/home/cpan/pit/thr/conf/perl-5.8.9/.cpanplus/5.8.9/build/Taint-0.09'
[MSG] [Mon Nov 15 08:05:54 2010] CPANPLUS is prefering Build.PL
[MSG] [Mon Nov 15 08:05:54 2010] Checking if your kit is complete...
Looks good
Writing Makefile for Taint

[MSG] [Mon Nov 15 08:05:54 2010] DEFAULT 'filter_prereqs' HANDLER RETURNING 'sub return value'
[MSG] [Mon Nov 15 08:05:54 2010] Checking for previous PASS result for "Taint-0.09"
[MSG] [Mon Nov 15 08:05:55 2010] cp Taint.pm blib/lib/Taint.pm
Manifying blib/man3/Taint.3

[ERROR] [Mon Nov 15 08:05:56 2010] MAKE TEST failed: No such file or directory PERL_DL_NONLAZY=1 /usr/home/cpan/pit/thr/perl-5.8.9/bin/perl "-MExtUtils::Command::MM" "-e" "test_harness(0, 'blib/lib', 'blib/arch')" t/*.t
t/0-basic.t .... 
Failed 7/52 subtests 
t/no-taint.t ... ok
t/tied.t ....... 
Failed 2/11 subtests 
t/u-untaint.t .. ok

Test Summary Report
-------------------
t/0-basic.t  (Wstat: 0 Tests: 52 Failed: 7)
  Failed tests:  32, 38-41, 43, 52
t/tied.t     (Wstat: 0 Tests: 12 Failed: 3)
  Failed tests:  8-9, 12
  Parse errors: Bad plan.  You planned 11 tests but ran 12.
Files=4, Tests=78,  1 wallclock secs ( 0.06 usr  0.05 sys +  0.08 cusr  0.04 csys =  0.23 CPU)
Result: FAIL
Failed 2/4 test programs. 10/78 subtests failed.
*** Error code 255

Stop in /usr/home/cpan/pit/thr/conf/perl-5.8.9/.cpanplus/5.8.9/build/Taint-0.09.

[MSG] [Mon Nov 15 08:05:56 2010] DEFAULT 'proceed_on_test_failure' HANDLER RETURNING 'sub return value'


Perl module toolchain versions installed:
	Module Name                        Have
	CPANPLUS                         0.9007
	CPANPLUS::Dist::Build              0.48
	Cwd                                3.33
	ExtUtils::CBuilder               0.2703
	ExtUtils::Command                  1.16
	ExtUtils::Install                  1.54
	ExtUtils::MakeMaker                6.56
	ExtUtils::Manifest                 1.58
	ExtUtils::ParseXS                2.2206
	File::Spec                         3.33
	Module::Build                    0.3607
	Test::Harness                      3.22
	Test::More                         0.96
	version                            0.83

******************************** NOTE ********************************
The comments above are created mechanically, possibly without manual
checking by the sender.  As there are many people performing automatic
tests on each upload to CPAN, it is likely that you will receive 
identical messages about the same problem.

If you believe that the message is mistaken, please reply to the first
one with correction and/or additional informations, and do not take
it personally.  We appreciate your patience. :)
**********************************************************************

Additional comments:
 

This report was machine-generated by CPANPLUS::Dist::YACSmoke 0.58.
Powered by minismokebox version 0.32

------------------------------
ENVIRONMENT AND OTHER CONTEXT
------------------------------

Environment variables:

    AUTOMATED_TESTING = 1
    PATH = /sbin:/bin:/usr/sbin:/usr/bin:/usr/games:/usr/local/sbin:/usr/local/bin:/home/cpan/bin
    PERL5LIB = :/usr/home/cpan/pit/thr/conf/perl-5.8.9/.cpanplus/5.8.9/build/Data-Default-0.11/blib/lib:/usr/home/cpan/pit/thr/conf/perl-5.8.9/.cpanplus/5.8.9/build/Data-Default-0.11/blib/arch:/usr/home/cpan/pit/thr/conf/perl-5.8.9/.cpanplus/5.8.9/build/MemHandle-0.06/blib/lib:/usr/home/cpan/pit/thr/conf/perl-5.8.9/.cpanplus/5.8.9/build/MemHandle-0.06/blib/arch:/usr/home/cpan/pit/thr/conf/perl-5.8.9/.cpanplus/5.8.9/build/Taint-0.09/blib/lib:/usr/home/cpan/pit/thr/conf/perl-5.8.9/.cpanplus/5.8.9/build/Taint-0.09/blib/arch
    PERL5_CPANPLUS_IS_RUNNING = 99613
    PERL5_CPANPLUS_IS_VERSION = 0.9007
    PERL5_MINISMOKEBOX = 0.32
    PERL5_YACSMOKE_BASE = /usr/home/cpan/pit/thr/conf/perl-5.8.9
    PERL_EXTUTILS_AUTOINSTALL = --defaultdeps
    PERL_MM_USE_DEFAULT = 1
    SHELL = /usr/local/bin/bash
    TERM = screen

Perl special variables (and OS-specific diagnostics, for MSWin32):

    Perl: $^X = /usr/home/cpan/pit/thr/perl-5.8.9/bin/perl
    UID:  $<  = 1003
    EUID: $>  = 1003
    GID:  $(  = 1003 1003 1003
    EGID: $)  = 1003 1003 1003


-------------------------------


--

Summary of my perl5 (revision 5 version 8 subversion 9) configuration:
  Platform:
    osname=freebsd, osvers=7.2-release, archname=i386-freebsd-thread-multi
    uname='freebsd wintermute.staffordshire.gov.uk 7.2-release freebsd 7.2-release #0: fri may 1 08:49:13 utc 2009 root@walker.cse.buffalo.edu:usrobjusrsrcsysgeneric i386 '
    config_args='-des -Dprefix=/usr/home/cpan/pit/thr/perl-5.8.9 -Dusethreads'
    hint=recommended, useposix=true, d_sigaction=define
    usethreads=define use5005threads=undef useithreads=define usemultiplicity=define
    useperlio=define d_sfio=undef uselargefiles=define usesocks=undef
    use64bitint=undef use64bitall=undef uselongdouble=undef
    usemymalloc=n, bincompat5005=undef
  Compiler:
    cc='cc', ccflags ='-DHAS_FPSETMASK -DHAS_FLOATINGPOINT_H -fno-strict-aliasing -pipe -I/usr/local/include',
    optimize='-O',
    cppflags='-DHAS_FPSETMASK -DHAS_FLOATINGPOINT_H -fno-strict-aliasing -pipe -I/usr/local/include'
    ccversion='', gccversion='4.2.1 20070719  [FreeBSD]', gccosandvers=''
    intsize=4, longsize=4, ptrsize=4, doublesize=8, byteorder=1234
    d_longlong=define, longlongsize=8, d_longdbl=define, longdblsize=12
    ivtype='long', ivsize=4, nvtype='double', nvsize=8, Off_t='off_t', lseeksize=8
    alignbytes=4, prototype=define
  Linker and Libraries:
    ld='cc', ldflags ='-pthread -Wl,-E  -L/usr/local/lib'
    libpth=/usr/lib /usr/local/lib
    libs=-lgdbm -lm -lcrypt
    perllibs=-lm -lcrypt
    libc=, so=so, useshrplib=false, libperl=libperl.a
    gnulibc_version=''
  Dynamic Linking:
    dlsrc=dl_dlopen.xs, dlext=so, d_dlsymun=undef, ccdlflags=' '
    cccdlflags='-DPIC -fPIC', lddlflags='-shared  -L/usr/local/lib'


Characteristics of this binary (from libperl): 
  Compile-time options: MULTIPLICITY PERL_IMPLICIT_CONTEXT PERL_MALLOC_WRAP
                        USE_FAST_STDIO USE_ITHREADS USE_LARGE_FILES
                        USE_PERLIO USE_REENTRANT_API
  Built under freebsd
  Compiled at Jun  6 2010 09:10:06
  %ENV:
    PERL5LIB=":/usr/home/cpan/pit/thr/conf/perl-5.8.9/.cpanplus/5.8.9/build/Data-Default-0.11/blib/lib:/usr/home/cpan/pit/thr/conf/perl-5.8.9/.cpanplus/5.8.9/build/Data-Default-0.11/blib/arch:/usr/home/cpan/pit/thr/conf/perl-5.8.9/.cpanplus/5.8.9/build/MemHandle-0.06/blib/lib:/usr/home/cpan/pit/thr/conf/perl-5.8.9/.cpanplus/5.8.9/build/MemHandle-0.06/blib/arch:/usr/home/cpan/pit/thr/conf/perl-5.8.9/.cpanplus/5.8.9/build/Taint-0.09/blib/lib:/usr/home/cpan/pit/thr/conf/perl-5.8.9/.cpanplus/5.8.9/build/Taint-0.09/blib/arch"
    PERL5_CPANPLUS_IS_RUNNING="99613"
    PERL5_CPANPLUS_IS_VERSION="0.9007"
    PERL5_MINISMOKEBOX="0.32"
    PERL5_YACSMOKE_BASE="/usr/home/cpan/pit/thr/conf/perl-5.8.9"
    PERL_EXTUTILS_AUTOINSTALL="--defaultdeps"
    PERL_MM_USE_DEFAULT="1"
  @INC:
    /usr/home/cpan/pit/thr/conf/perl-5.8.9/.cpanplus/5.8.9/build/Data-Default-0.11/blib/lib
    /usr/home/cpan/pit/thr/conf/perl-5.8.9/.cpanplus/5.8.9/build/Data-Default-0.11/blib/arch
    /usr/home/cpan/pit/thr/conf/perl-5.8.9/.cpanplus/5.8.9/build/MemHandle-0.06/blib/lib
    /usr/home/cpan/pit/thr/conf/perl-5.8.9/.cpanplus/5.8.9/build/MemHandle-0.06/blib/arch
    /usr/home/cpan/pit/thr/conf/perl-5.8.9/.cpanplus/5.8.9/build/Taint-0.09/blib/lib
    /usr/home/cpan/pit/thr/conf/perl-5.8.9/.cpanplus/5.8.9/build/Taint-0.09/blib/arch
    /usr/home/cpan/pit/thr/perl-5.8.9/lib/5.8.9/i386-freebsd-thread-multi
    /usr/home/cpan/pit/thr/perl-5.8.9/lib/5.8.9
    /usr/home/cpan/pit/thr/perl-5.8.9/lib/site_perl/5.8.9/i386-freebsd-thread-multi
    /usr/home/cpan/pit/thr/perl-5.8.9/lib/site_perl/5.8.9
    .