Back
From: metabase:user:314402c4-2aae-11df-837a-5e0a49663a4f
Subject: FAIL WWW-EFA-0.04 v5.12.5 GNU/Linux
Date: 2014-08-29T19:46:30Z
This distribution has been tested as part of the CPAN Testers
project, supporting the Perl programming language. See
http://wiki.cpantesters.org/ for more information or email
questions to cpan-testers-discuss@perl.org
--
Dear Robin Clarke,
This is a computer-generated report for WWW-EFA-0.04
on perl 5.12.5, created by CPAN-Reporter-1.2011.
Thank you for uploading your work to CPAN. However, there was a problem
testing your distribution.
If you think this report is invalid, please consult the CPAN Testers Wiki
for suggestions on how to avoid getting FAIL reports for missing library
or binary dependencies, unsupported operating systems, and so on:
http://wiki.cpantesters.org/wiki/CPANAuthorNotes
Sections of this report:
* Tester comments
* Program output
* Prerequisites
* Environment and other context
------------------------------
TESTER COMMENTS
------------------------------
Additional comments from tester:
none provided
------------------------------
PROGRAM OUTPUT
------------------------------
Output from '/usr/bin/make test':
PERL_DL_NONLAZY=1 /bbbike/perl-5.12.5/bin/perl "-MExtUtils::Command::MM" "-MTest::Harness" "-e" "undef *Test::Harness::Switches; test_harness(0, 'blib/lib', 'blib/arch')" t/*.t
# Testing WWW::EFA 0.04, Perl 5.012005, /bbbike/perl-5.12.5/bin/perl
t/00-load.t ....... ok
t/boilerplate.t ... ok
t/manifest.t ...... skipped: Author tests not required for installation
t/pod-coverage.t .. ok
# Failed test 'POD test for blib/lib/WWW/EFA/CoordinatesFactory.pm'
# at /opt/perl-5.12.5/lib/site_perl/5.12.5/Test/Pod.pm line 186.
# blib/lib/WWW/EFA/CoordinatesFactory.pm (28): Non-ASCII character seen before =encoding in 'stopName="Donnersbergerbrücke"'. Assuming UTF-8
# Failed test 'POD test for blib/lib/WWW/EFA/LocationFactory.pm'
# at /opt/perl-5.12.5/lib/site_perl/5.12.5/Test/Pod.pm line 186.
# blib/lib/WWW/EFA/LocationFactory.pm (48): Non-ASCII character seen before =encoding in 'matchQuality="100000">Donnersbergerbrücke</odvNameElem>'. Assuming UTF-8
# Failed test 'POD test for blib/lib/WWW/EFA/PlaceFactory.pm'
# at /opt/perl-5.12.5/lib/site_perl/5.12.5/Test/Pod.pm line 186.
# blib/lib/WWW/EFA/PlaceFactory.pm (32): Non-ASCII character seen before =encoding in 'mainPlace="1">München</odvPlaceElem>'. Assuming UTF-8
# Failed test 'POD test for blib/lib/WWW/EFA/DepartureFactory.pm'
# at /opt/perl-5.12.5/lib/site_perl/5.12.5/Test/Pod.pm line 186.
# blib/lib/WWW/EFA/DepartureFactory.pm (61): Non-ASCII character seen before =encoding in 'stopName="Donnersbergerbrücke"'. Assuming UTF-8
# Failed test 'POD test for blib/lib/WWW/EFA/Provider/MVV.pm'
# at /opt/perl-5.12.5/lib/site_perl/5.12.5/Test/Pod.pm line 186.
# blib/lib/WWW/EFA/Provider/MVV.pm (8): Non-ASCII character seen before =encoding in '(Münchner'. Assuming UTF-8
# Looks like you failed 5 tests of 24.
t/pod.t ...........
Dubious, test returned 5 (wstat 1280, 0x500)
Failed 5/24 subtests
Test Summary Report
-------------------
t/boilerplate.t (Wstat: 0 Tests: 3 Failed: 0)
TODO passed: 3
t/pod.t (Wstat: 1280 Tests: 24 Failed: 5)
Failed tests: 4, 8, 15, 21, 24
Non-zero exit status: 5
Files=5, Tests=52, 1 wallclock secs ( 0.02 usr 0.02 sys + 0.71 cusr 0.10 csys = 0.85 CPU)
Result: FAIL
Failed 1/5 test programs. 5/52 subtests failed.
make: *** [test_dynamic] Error 5
------------------------------
PREREQUISITES
------------------------------
Prerequisite modules loaded:
requires:
Module Need Have
---------------------------- ---- --------
Carp 0 1.3301
Class::Date 0 1.1.15
Digest::SHA 0 5.92
File::Spec::Functions 0 3.47
HTTP::Request 0 6.00
LWP::UserAgent 0 6.06
Moose 0 2.1211
Moose::Util::TypeConstraints 0 2.1211
MooseX::Aliases 0 0.11
MooseX::Params::Validate 0 0.18
Test::More 0 1.001003
Try::Tiny 0 0.22
URI 0 1.63
XML::LibXML 0 2.0116
YAML 0 1.09
build_requires:
Module Need Have
---------------------------- ---- --------
ExtUtils::MakeMaker 0 6.98
configure_requires:
Module Need Have
---------------------------- ---- --------
ExtUtils::MakeMaker 0 6.98
------------------------------
ENVIRONMENT AND OTHER CONTEXT
------------------------------
Environment variables:
DBIC_NO_WARN_BAD_PERL = 1
LANG = C
PATH = /usr/local/bin:/usr/bin:/bin:/usr/local/sbin:/usr/sbin:/sbin:/home/eserte/bin/linux-gnu:/home/eserte/bin/sh:/home/eserte/bin:/usr/games:/home/eserte/devel:/home/eserte/src/srezic-misc/scripts
PERL5LIB =
PERL5OPT =
PERL5_CPANPLUS_IS_RUNNING = 20177
PERL5_CPAN_IS_RUNNING = 20177
PERL5_CPAN_IS_RUNNING_IN_RECURSION = 16952,20177
PERLDOC = -MPod::Perldoc::ToTextOverstrike
PERL_BATCH = yes
PERL_CPAN_REPORTER_CONFIG = /var/tmp/cpansmoker-1001/RRSXq0Nf7K_config.ini
PERL_EXTUTILS_AUTOINSTALL = --defaultdeps
PERL_HTML_DISPLAY_CLASS = HTML::Display::Mozilla
SHELL = /bin/zsh
TERM = screen
TMPDIR = /var/tmp/cpansmoker-1001
Perl special variables (and OS-specific diagnostics, for MSWin32):
$^X = /bbbike/perl-5.12.5/bin/perl
$UID/$EUID = 1001 / 1001
$GID = 1001 109 1001
$EGID = 1001 109 1001
Perl module toolchain versions installed:
Module Have
------------------- --------
CPAN 1.94_56
CPAN::Meta 2.142060
Cwd 3.47
ExtUtils::CBuilder 0.280216
ExtUtils::Command 1.16
ExtUtils::Install 1.68
ExtUtils::MakeMaker 6.98
ExtUtils::Manifest 1.65
ExtUtils::ParseXS 3.24
File::Spec 3.47
JSON 2.90
JSON::PP 2.27203
Module::Build 0.4206
Module::Signature 0.73
Parse::CPAN::Meta 1.4414
Test::Harness 3.32
Test::More 1.001003
YAML 1.09
YAML::Syck 1.27
version 0.9909
--
Summary of my perl5 (revision 5 version 12 subversion 5) configuration:
Platform:
osname=linux, osvers=3.2.0-4-amd64, archname=x86_64-linux
uname='linux eserte 3.2.0-4-amd64 #1 smp debian 3.2.57-3 x86_64 gnulinux '
config_args='-ds -e -Dprefix=/opt/perl-5.12.5'
hint=recommended, useposix=true, d_sigaction=define
useithreads=undef, usemultiplicity=undef
useperlio=define, d_sfio=undef, uselargefiles=define, usesocks=undef
use64bitint=define, use64bitall=define, uselongdouble=undef
usemymalloc=n, bincompat5005=undef
Compiler:
cc='cc', ccflags ='-fno-strict-aliasing -pipe -fstack-protector -I/usr/local/include -D_LARGEFILE_SOURCE -D_FILE_OFFSET_BITS=64',
optimize='-O2',
cppflags='-fno-strict-aliasing -pipe -fstack-protector -I/usr/local/include'
ccversion='', gccversion='4.7.2', gccosandvers=''
intsize=4, longsize=8, ptrsize=8, doublesize=8, byteorder=12345678
d_longlong=define, longlongsize=8, d_longdbl=define, longdblsize=16
ivtype='long', ivsize=8, nvtype='double', nvsize=8, Off_t='off_t', lseeksize=8
alignbytes=8, prototype=define
Linker and Libraries:
ld='cc', ldflags =' -fstack-protector -L/usr/local/lib'
libpth=/usr/local/lib /lib/x86_64-linux-gnu /lib/../lib /usr/lib/x86_64-linux-gnu /usr/lib/../lib /lib /usr/lib
libs=-lnsl -ldb -ldl -lm -lcrypt -lutil -lc
perllibs=-lnsl -ldl -lm -lcrypt -lutil -lc
libc=, so=so, useshrplib=false, libperl=libperl.a
gnulibc_version='2.13'
Dynamic Linking:
dlsrc=dl_dlopen.xs, dlext=so, d_dlsymun=undef, ccdlflags='-Wl,-E'
cccdlflags='-fPIC', lddlflags='-shared -O2 -L/usr/local/lib -fstack-protector'
Characteristics of this binary (from libperl):
Compile-time options: PERL_DONT_CREATE_GVSV PERL_MALLOC_WRAP USE_64_BIT_ALL
USE_64_BIT_INT USE_LARGE_FILES USE_PERLIO
USE_PERL_ATOF
Built under linux
Compiled at May 15 2014 14:26:58
%ENV:
PERL5LIB=""
PERL5OPT=""
PERL5_CPANPLUS_IS_RUNNING="20177"
PERL5_CPAN_IS_RUNNING="20177"
PERL5_CPAN_IS_RUNNING_IN_RECURSION="16952,20177"
PERLDOC="-MPod::Perldoc::ToTextOverstrike"
PERL_BATCH="yes"
PERL_CPAN_REPORTER_CONFIG="/var/tmp/cpansmoker-1001/RRSXq0Nf7K_config.ini"
PERL_EXTUTILS_AUTOINSTALL="--defaultdeps"
PERL_HTML_DISPLAY_CLASS="HTML::Display::Mozilla"
@INC:
/opt/perl-5.12.5/lib/site_perl/5.12.5/x86_64-linux
/opt/perl-5.12.5/lib/site_perl/5.12.5
/opt/perl-5.12.5/lib/5.12.5/x86_64-linux
/opt/perl-5.12.5/lib/5.12.5
.