Report for Test-TempDir-0.10

Back
From: metabase:user:fb19509c-17e3-11e3-a14d-fdb79081a995
Subject: FAIL Test-TempDir-0.10 v5.10.0 Mac OS X
Date: 2016-05-24T19:53:22Z

This distribution has been tested as part of the CPAN Testers
project, supporting the Perl programming language.  See
http://wiki.cpantesters.org/ for more information or email
questions to cpan-testers-discuss@perl.org


--
Dear ETHER,

This is a computer-generated report for Test-TempDir-0.10
on perl 5.10.0, created by App::cpanminus::reporter 0.17 (1.7039).

Thank you for uploading your work to CPAN.  However, there was a problem
testing your distribution.

If you think this report is invalid, please consult the CPAN Testers Wiki
for suggestions on how to avoid getting FAIL reports for missing library
or binary dependencies, unsupported operating systems, and so on:

http://wiki.cpantesters.org/wiki/CPANAuthorNotes

Sections of this report:

    * Tester comments
    * Program output
    * Prerequisites
    * Environment and other context

------------------------------
TESTER COMMENTS
------------------------------

Additional comments from tester:

none provided

------------------------------
PROGRAM OUTPUT
------------------------------

Output from '':

Building and testing Test-TempDir-0.10
t/directory_scratch.t .. skipped: Test requires module 'Directory::Scratch' but it's not found
# 
# Versions for all modules listed in MYMETA.json (including optional ones):
# 
# === Configure Requires ===
# 
#     Module               Want  Have
#     ------------------- ----- -----
#     Module::Build::Tiny 0.039 0.039
# 
# === Test Requires ===
# 
#     Module              Want     Have
#     ------------------- ---- --------
#     ExtUtils::MakeMaker  any     7.18
#     File::Path          2.04     2.12
#     File::Spec           any     3.62
#     Test::More          0.88 1.001014
#     Test::Requires       any     0.10
#     ok                   any     0.16
# 
# === Test Recommends ===
# 
#     Module         Want     Have
#     ---------- -------- --------
#     CPAN::Meta 2.120900 2.150005
# 
# === Runtime Requires ===
# 
#     Module                       Want     Have
#     ---------------------------- ---- --------
#     Carp                          any     1.38
#     File::NFSLock                 any     1.27
#     File::Spec                    any     3.62
#     File::Temp                    any   0.2304
#     Moose                         any   2.1801
#     Moose::Util::TypeConstraints  any   2.1801
#     MooseX::Types::Path::Class    any     0.08
#     Path::Class                   any     0.36
#     Sub::Exporter                 any    0.987
#     Test::Builder                 any 1.001014
#     namespace::autoclean         0.08     0.28
#     strict                        any     1.04
#     warnings                      any     1.06
# 
# === Runtime Recommends ===
# 
#     Module             Want    Have
#     ------------------ ---- -------
#     Directory::Scratch  any missing
# 
t/00-report-prereqs.t .. ok
t/basic.t .............. ok
t/00_load.t ............ ok
t/handle.t ............. ok

#   Failed test 'preferred path used'
#   at t/factory.t line 43.

#   Failed test 'created in the right place'
#   at t/factory.t line 75.
# Leaving temporary directory '/private/var/folders/kx/9dgyhhpn2yb7v2mggnr385fr0000gn/T/62H66xCKe1/tmp/n5KcKUMd_R' due to test fails

#   Failed test 'preferred path used'
#   at t/factory.t line 43.

#   Failed test 'created in the right place'
#   at t/factory.t line 75.
# Leaving temporary directory '/private/var/folders/kx/9dgyhhpn2yb7v2mggnr385fr0000gn/T/62H66xCKe1/tmp' due to test fails
# Looks like you failed 4 tests of 41.
t/factory.t ............ 
Dubious, test returned 4 (wstat 1024, 0x400)
Failed 4/41 subtests 

Test Summary Report
-------------------
t/factory.t          (Wstat: 1024 Tests: 41 Failed: 4)
  Failed tests:  8, 18, 28, 38
  Non-zero exit status: 4
Files=6, Tests=70,  1 wallclock secs ( 0.04 usr  0.02 sys +  2.57 cusr  0.16 csys =  2.79 CPU)
Result: FAIL

------------------------------
PREREQUISITES
------------------------------

Prerequisite modules loaded:

    No requirements found

------------------------------
ENVIRONMENT AND OTHER CONTEXT
------------------------------

Environment variables:

    HARNESS_OPTIONS = j5:c
    LANG = en_CA.UTF-8
    NO_NETWORK_TESTING = 1
    PATH = /Users/ether/.perlbrew/libs/10.0@std/bin:/Users/ether/perl5/perlbrew/bin:/Users/ether/perl5/perlbrew/perls/10.0/bin:/Users/ether/bin:/Users/ether/git/misc/install/bourbon/bin:/Users/ether/git/misc/install/generic/bin:/opt/local/bin:/opt/local/sbin:/Users/ether/git/git-hub/lib:/Users/ether/src/CE/devtools:/Users/ether/git/CE/devtools:/Users/ether/src/CE/bin:/Users/ether/git/CE/bin:/usr/bin:/bin:/usr/sbin:/sbin:/usr/local/bin:/opt/local/share/git-core/contrib/workdir
    PERL5LIB = /Users/ether/.perlbrew/libs/10.0@std/lib/perl5
    PERLBREW_BASHRC_VERSION = 0.75
    PERLBREW_HOME = /Users/ether/.perlbrew
    PERLBREW_LIB = std
    PERLBREW_MANPATH = /Users/ether/.perlbrew/libs/10.0@std/man:/Users/ether/perl5/perlbrew/perls/10.0/man
    PERLBREW_PATH = /Users/ether/.perlbrew/libs/10.0@std/bin:/Users/ether/perl5/perlbrew/bin:/Users/ether/perl5/perlbrew/perls/10.0/bin
    PERLBREW_PERL = 10.0
    PERLBREW_ROOT = /Users/ether/perl5/perlbrew
    PERLBREW_VERSION = 0.75
    PERLDOC_PAGER = less -sicMr
    PERL_AUTOINSTALL_PREFER_CPAN = 1
    PERL_INSTALL_QUIET = 1
    PERL_LOCAL_LIB_ROOT = /Users/ether/.perlbrew/libs/10.0@std
    PERL_MB_OPT = --install_base /Users/ether/.perlbrew/libs/10.0@std
    PERL_MM_OPT = INSTALL_BASE=/Users/ether/.perlbrew/libs/10.0@std
    SHELL = /bin/bash
    TERM = xterm-color
    TMPDIR = /var/folders/kx/9dgyhhpn2yb7v2mggnr385fr0000gn/T/

Perl special variables (and OS-specific diagnostics, for MSWin32):

    EGID = 20 20 402 401 12 33 61 79 80 81 98 100 204
    EUID = 501
    EXECUTABLE_NAME = /Users/ether/perl5/perlbrew/perls/10.0/bin/perl
    GID = 20 20 402 401 12 33 61 79 80 81 98 100 204
    UID = 501

Perl module toolchain versions installed:

    Module              Have    
    ------------------- --------
    CPAN                2.13    
    CPAN::Meta          2.150005
    Cwd                 3.62    
    ExtUtils::CBuilder  0.280223
    ExtUtils::Command   7.18    
    ExtUtils::Install   2.04    
    ExtUtils::MakeMaker 7.18    
    ExtUtils::Manifest  1.70    
    ExtUtils::ParseXS   3.24    
    File::Spec          3.62    
    JSON                2.90    
    JSON::PP            2.27300 
    Module::Build       0.4218  
    Module::Signature   n/a     
    Parse::CPAN::Meta   1.4419  
    Test::Harness       3.35    
    Test::More          1.001014
    YAML                1.15    
    YAML::Syck          1.29    
    version             0.9916  


--

Summary of my perl5 (revision 5 version 10 subversion 0) configuration:
  Platform:
    osname=darwin, osvers=12.6.0, archname=darwin-2level
    uname='darwin bourbon 12.6.0 darwin kernel version 12.6.0: wed mar 18 16:23:48 pdt 2015; root:xnu-2050.48.19~1release_x86_64 x86_64 '
    config_args='-de -Dprefix=/Users/ether/perl5/perlbrew/perls/10.0 -Dman1dir=none -Dman3dir=none -Aeval:scriptdir=/Users/ether/perl5/perlbrew/perls/10.0/bin'
    hint=recommended, useposix=true, d_sigaction=define
    useithreads=undef, usemultiplicity=undef
    useperlio=define, d_sfio=undef, uselargefiles=define, usesocks=undef
    use64bitint=define, use64bitall=define, uselongdouble=undef
    usemymalloc=n, bincompat5005=undef
  Compiler:
    cc='cc', ccflags ='-fno-common -DPERL_DARWIN -fno-strict-aliasing -pipe -I/opt/local/include',
    optimize='-O3',
    cppflags='-fno-common -DPERL_DARWIN -fno-strict-aliasing -pipe -I/opt/local/include'
    ccversion='', gccversion='4.2.1 Compatible Apple LLVM 4.2 (clang-425.0.28)', gccosandvers=''
    intsize=4, longsize=8, ptrsize=8, doublesize=8, byteorder=12345678
    d_longlong=define, longlongsize=8, d_longdbl=define, longdblsize=16
    ivtype='long', ivsize=8, nvtype='double', nvsize=8, Off_t='off_t', lseeksize=8
    alignbytes=8, prototype=define
  Linker and Libraries:
    ld='env MACOSX_DEPLOYMENT_TARGET=10.3 cc', ldflags =' -L/opt/local/lib'
    libpth=/opt/local/lib /usr/lib
    libs=-lgdbm -ldbm -ldl -lm -lutil -lc
    perllibs=-ldl -lm -lutil -lc
    libc=, so=dylib, useshrplib=false, libperl=libperl.a
    gnulibc_version=''
  Dynamic Linking:
    dlsrc=dl_dlopen.xs, dlext=bundle, d_dlsymun=undef, ccdlflags=' '
    cccdlflags=' ', lddlflags=' -bundle -undefined dynamic_lookup -L/opt/local/lib'


Characteristics of this binary (from libperl): 
  Compile-time options: PERL_DONT_CREATE_GVSV PERL_MALLOC_WRAP USE_64_BIT_ALL
                        USE_64_BIT_INT USE_LARGE_FILES USE_PERLIO
  Locally applied patches:
	Devel::PatchPerl 1.34
  Built under darwin
  Compiled at Jun 17 2015 11:51:51
  %ENV:
    PERL5LIB="/Users/ether/.perlbrew/libs/10.0@std/lib/perl5"
    PERLBREW_BASHRC_VERSION="0.75"
    PERLBREW_HOME="/Users/ether/.perlbrew"
    PERLBREW_LIB="std"
    PERLBREW_MANPATH="/Users/ether/.perlbrew/libs/10.0@std/man:/Users/ether/perl5/perlbrew/perls/10.0/man"
    PERLBREW_PATH="/Users/ether/.perlbrew/libs/10.0@std/bin:/Users/ether/perl5/perlbrew/bin:/Users/ether/perl5/perlbrew/perls/10.0/bin"
    PERLBREW_PERL="10.0"
    PERLBREW_ROOT="/Users/ether/perl5/perlbrew"
    PERLBREW_VERSION="0.75"
    PERLDOC_PAGER="less -sicMr"
    PERL_AUTOINSTALL_PREFER_CPAN="1"
    PERL_INSTALL_QUIET="1"
    PERL_LOCAL_LIB_ROOT="/Users/ether/.perlbrew/libs/10.0@std"
    PERL_MB_OPT="--install_base /Users/ether/.perlbrew/libs/10.0@std"
    PERL_MM_OPT="INSTALL_BASE=/Users/ether/.perlbrew/libs/10.0@std"
  @INC:
    /Users/ether/.perlbrew/libs/10.0@std/lib/perl5/darwin-2level
    /Users/ether/.perlbrew/libs/10.0@std/lib/perl5
    /Users/ether/perl5/perlbrew/perls/10.0/lib/5.10.0/darwin-2level
    /Users/ether/perl5/perlbrew/perls/10.0/lib/5.10.0
    /Users/ether/perl5/perlbrew/perls/10.0/lib/site_perl/5.10.0/darwin-2level
    /Users/ether/perl5/perlbrew/perls/10.0/lib/site_perl/5.10.0
    .