Orochi v0.00010 Perl 5 v5.34.1 x86_64-linux-thread-multi-ld

Status
Fail
From
Andreas J. König (ANDK)
Dist
Orochi v0.00010
Platform
Perl 5 v5.34.1 x86_64-linux-thread-multi-ld
Date
2022-03-17 00:21:20
ID
2b49b4f6-a588-11ec-9a85-a15655da1828
This distribution has been tested as part of the CPAN Testers
project, supporting the Perl programming language.  See
http://wiki.cpantesters.org/ for more information or email
questions to cpan-testers-discuss@perl.org


--
Dear Daisuke Maki,

This is a computer-generated report for Orochi-0.00010
on perl 5.34.1, created by CPAN-Reporter-1.2018.

Thank you for uploading your work to CPAN.  However, there was a problem
testing your distribution.

If you think this report is invalid, please consult the CPAN Testers Wiki
for suggestions on how to avoid getting FAIL reports for missing library
or binary dependencies, unsupported operating systems, and so on:

http://wiki.cpantesters.org/wiki/CPANAuthorNotes

Sections of this report:

    * Tester comments
    * Program output
    * Prerequisites
    * Environment and other context

------------------------------
TESTER COMMENTS
------------------------------

Additional comments from tester:

this report is from an automated smoke testing program
and was not reviewed by a human for accuracy

------------------------------
PROGRAM OUTPUT
------------------------------

Output from '/usr/bin/make test':

PERL_DL_NONLAZY=1 "/tmp/basesmoker-reloperl-VsSr/bin/perl" "-MExtUtils::Command::MM" "-MTest::Harness" "-e" "undef *Test::Harness::Switches; test_harness(0, 'inc', 'blib/lib', 'blib/arch')" t/*.t
Variable "$__CONTAINER" is not imported at /tmp/loop_over_bdir-30498-HI26IR/Orochi-0.00010-0/blib/lib/Orochi/Declare.pm line 28.
syntax error at /tmp/loop_over_bdir-30498-HI26IR/Orochi-0.00010-0/blib/lib/Orochi/Declare.pm line 12, near "$name qw( bin_value container inject_constructor inject_literal )"
Global symbol "$name" requires explicit package name (did you forget to declare "my $name"?) at /tmp/loop_over_bdir-30498-HI26IR/Orochi-0.00010-0/blib/lib/Orochi/Declare.pm line 15.
Global symbol "$name" requires explicit package name (did you forget to declare "my $name"?) at /tmp/loop_over_bdir-30498-HI26IR/Orochi-0.00010-0/blib/lib/Orochi/Declare.pm line 16.
Global symbol "$name" requires explicit package name (did you forget to declare "my $name"?) at /tmp/loop_over_bdir-30498-HI26IR/Orochi-0.00010-0/blib/lib/Orochi/Declare.pm line 17.
Global symbol "$name" requires explicit package name (did you forget to declare "my $name"?) at /tmp/loop_over_bdir-30498-HI26IR/Orochi-0.00010-0/blib/lib/Orochi/Declare.pm line 19.
syntax error at /tmp/loop_over_bdir-30498-HI26IR/Orochi-0.00010-0/blib/lib/Orochi/Declare.pm line 22, near "}"
Global symbol "$__CONTAINER" requires explicit package name (did you forget to declare "my $__CONTAINER"?) at /tmp/loop_over_bdir-30498-HI26IR/Orochi-0.00010-0/blib/lib/Orochi/Declare.pm line 28.
Compilation failed in require at t/001_constructor.t line 90.
BEGIN failed--compilation aborted at t/001_constructor.t line 90.
t/001_constructor.t ... 
Dubious, test returned 255 (wstat 65280, 0xff00)
No subtests run 
Variable "$__CONTAINER" is not imported at /tmp/loop_over_bdir-30498-HI26IR/Orochi-0.00010-0/blib/lib/Orochi/Declare.pm line 28.
syntax error at /tmp/loop_over_bdir-30498-HI26IR/Orochi-0.00010-0/blib/lib/Orochi/Declare.pm line 12, near "$name qw( bin_value container inject_constructor inject_literal )"
Global symbol "$name" requires explicit package name (did you forget to declare "my $name"?) at /tmp/loop_over_bdir-30498-HI26IR/Orochi-0.00010-0/blib/lib/Orochi/Declare.pm line 15.
Global symbol "$name" requires explicit package name (did you forget to declare "my $name"?) at /tmp/loop_over_bdir-30498-HI26IR/Orochi-0.00010-0/blib/lib/Orochi/Declare.pm line 16.
Global symbol "$name" requires explicit package name (did you forget to declare "my $name"?) at /tmp/loop_over_bdir-30498-HI26IR/Orochi-0.00010-0/blib/lib/Orochi/Declare.pm line 17.
Global symbol "$name" requires explicit package name (did you forget to declare "my $name"?) at /tmp/loop_over_bdir-30498-HI26IR/Orochi-0.00010-0/blib/lib/Orochi/Declare.pm line 19.
syntax error at /tmp/loop_over_bdir-30498-HI26IR/Orochi-0.00010-0/blib/lib/Orochi/Declare.pm line 22, near "}"
Global symbol "$__CONTAINER" requires explicit package name (did you forget to declare "my $__CONTAINER"?) at /tmp/loop_over_bdir-30498-HI26IR/Orochi-0.00010-0/blib/lib/Orochi/Declare.pm line 28.
Compilation failed in require at t/002_declare.t line 4.
BEGIN failed--compilation aborted at t/002_declare.t line 4.
t/002_declare.t ....... 
Dubious, test returned 255 (wstat 65280, 0xff00)
No subtests run 
Class::MOP::is_class_loaded is deprecated at /home/sand/src/perl/repoperls/installed-perls/host/k93bionic/v5.34.1/ebf1/lib/site_perl/5.34.1/x86_64-linux-thread-multi-ld/Class/MOP.pm line 87.
	Class::MOP::is_class_loaded("Orochi::Test::MooseBased1") called at /tmp/loop_over_bdir-30498-HI26IR/Orochi-0.00010-0/blib/lib/Orochi.pm line 213
	Orochi::inject_class(Orochi=HASH(0x55dcf8ba7348), "Orochi::Test::MooseBased1") called at t/300_moosex.t line 10
Class::MOP::load_class is deprecated at /home/sand/src/perl/repoperls/installed-perls/host/k93bionic/v5.34.1/ebf1/lib/site_perl/5.34.1/x86_64-linux-thread-multi-ld/Class/MOP.pm line 69.
	Class::MOP::load_class("Orochi::Test::MooseBased1") called at /tmp/loop_over_bdir-30498-HI26IR/Orochi-0.00010-0/blib/lib/Orochi.pm line 213
	Orochi::inject_class(Orochi=HASH(0x55dcf8ba7348), "Orochi::Test::MooseBased1") called at t/300_moosex.t line 10
Class::MOP::is_class_loaded is deprecated at /home/sand/src/perl/repoperls/installed-perls/host/k93bionic/v5.34.1/ebf1/lib/site_perl/5.34.1/x86_64-linux-thread-multi-ld/Class/MOP.pm line 87.
	Class::MOP::is_class_loaded("Orochi::Injection::Constructor") called at /tmp/loop_over_bdir-30498-HI26IR/Orochi-0.00010-0/blib/lib/MooseX/Orochi.pm line 42
	MooseX::Orochi::bind_constructor(Moose::Meta::Class::__ANON__::SERIAL::1=HASH(0x55dcfae9f850), "/orochi/test/MooseBased1", "args", HASH(0x55dcfada0048)) called at /home/sand/src/perl/repoperls/installed-perls/host/k93bionic/v5.34.1/ebf1/lib/site_perl/5.34.1/x86_64-linux-thread-multi-ld/Moose/Exporter.pm line 418
	MooseX::Orochi::bind_constructor("/orochi/test/MooseBased1", "args", HASH(0x55dcfada0048)) called at t/lib/Orochi/Test/MooseBased1.pm line 5
	require Orochi/Test/MooseBased1.pm called at /home/sand/src/perl/repoperls/installed-perls/host/k93bionic/v5.34.1/ebf1/lib/site_perl/5.34.1/Module/Runtime.pm line 314
	Module::Runtime::require_module("Orochi::Test::MooseBased1") called at /home/sand/src/perl/repoperls/installed-perls/host/k93bionic/v5.34.1/ebf1/lib/site_perl/5.34.1/Class/Load.pm line 174
	Class::Load::try {...} () called at /home/sand/src/perl/repoperls/installed-perls/host/k93bionic/v5.34.1/ebf1/lib/site_perl/5.34.1/Try/Tiny.pm line 98
	eval {...} called at /home/sand/src/perl/repoperls/installed-perls/host/k93bionic/v5.34.1/ebf1/lib/site_perl/5.34.1/Try/Tiny.pm line 93
	Try::Tiny::try(CODE(0x55dcfad5df58), Try::Tiny::Catch=REF(0x55dcfad32358)) called at /home/sand/src/perl/repoperls/installed-perls/host/k93bionic/v5.34.1/ebf1/lib/site_perl/5.34.1/Class/Load.pm line 180
	Class::Load::try_load_class("Orochi::Test::MooseBased1", undef) called at /home/sand/src/perl/repoperls/installed-perls/host/k93bionic/v5.34.1/ebf1/lib/site_perl/5.34.1/Class/Load.pm line 35
	Class::Load::load_class("Orochi::Test::MooseBased1") called at /tmp/loop_over_bdir-30498-HI26IR/Orochi-0.00010-0/blib/lib/Orochi.pm line 213
	Orochi::inject_class(Orochi=HASH(0x55dcf8ba7348), "Orochi::Test::MooseBased1") called at t/300_moosex.t line 10
Class::MOP::is_class_loaded is deprecated at /home/sand/src/perl/repoperls/installed-perls/host/k93bionic/v5.34.1/ebf1/lib/site_perl/5.34.1/x86_64-linux-thread-multi-ld/Class/MOP.pm line 87.
	Class::MOP::is_class_loaded("Orochi::Test::MooseBased1") called at /tmp/loop_over_bdir-30498-HI26IR/Orochi-0.00010-0/blib/lib/Orochi/Injection/Constructor.pm line 58
	Orochi::Injection::Constructor::construct_object(Orochi::Injection::Constructor=HASH(0x55dcfad9a388), Orochi=HASH(0x55dcf8ba7348), ARRAY(0x55dcfa469048)) called at /tmp/loop_over_bdir-30498-HI26IR/Orochi-0.00010-0/blib/lib/Orochi/Injection/Constructor.pm line 50
	Orochi::Injection::Constructor::expand(Orochi::Injection::Constructor=HASH(0x55dcfad9a388), Orochi=HASH(0x55dcf8ba7348)) called at /tmp/loop_over_bdir-30498-HI26IR/Orochi-0.00010-0/blib/lib/Orochi.pm line 88
	eval {...} called at /tmp/loop_over_bdir-30498-HI26IR/Orochi-0.00010-0/blib/lib/Orochi.pm line 87
	Orochi::get(Orochi=HASH(0x55dcf8ba7348), "/orochi/test/MooseBased1") called at t/300_moosex.t line 12
t/300_moosex.t ........ ok
Class::MOP::is_class_loaded is deprecated at /home/sand/src/perl/repoperls/installed-perls/host/k93bionic/v5.34.1/ebf1/lib/site_perl/5.34.1/x86_64-linux-thread-multi-ld/Class/MOP.pm line 87.
	Class::MOP::is_class_loaded("Orochi::Test::MooseBased3") called at /tmp/loop_over_bdir-30498-HI26IR/Orochi-0.00010-0/blib/lib/Orochi.pm line 213
	Orochi::inject_class(Orochi=HASH(0x560084f0da38), "Orochi::Test::MooseBased3") called at t/900_cascade_bind.t line 19
Class::MOP::load_class is deprecated at /home/sand/src/perl/repoperls/installed-perls/host/k93bionic/v5.34.1/ebf1/lib/site_perl/5.34.1/x86_64-linux-thread-multi-ld/Class/MOP.pm line 69.
	Class::MOP::load_class("Orochi::Test::MooseBased3") called at /tmp/loop_over_bdir-30498-HI26IR/Orochi-0.00010-0/blib/lib/Orochi.pm line 213
	Orochi::inject_class(Orochi=HASH(0x560084f0da38), "Orochi::Test::MooseBased3") called at t/900_cascade_bind.t line 19
Class::MOP::is_class_loaded is deprecated at /home/sand/src/perl/repoperls/installed-perls/host/k93bionic/v5.34.1/ebf1/lib/site_perl/5.34.1/x86_64-linux-thread-multi-ld/Class/MOP.pm line 87.
	Class::MOP::is_class_loaded("Orochi::Injection::Setter") called at /tmp/loop_over_bdir-30498-HI26IR/Orochi-0.00010-0/blib/lib/MooseX/Orochi.pm line 42
	MooseX::Orochi::bind_constructor(Moose::Meta::Class::__ANON__::SERIAL::1=HASH(0x560085026c30), "/orochi/test/MooseBased3", "injection_class", "Setter", "setter_params", HASH(0x560082d3c318)) called at /home/sand/src/perl/repoperls/installed-perls/host/k93bionic/v5.34.1/ebf1/lib/site_perl/5.34.1/x86_64-linux-thread-multi-ld/Moose/Exporter.pm line 418
	MooseX::Orochi::bind_constructor("/orochi/test/MooseBased3", "injection_class", "Setter", "setter_params", HASH(0x560082d3c318)) called at t/lib/Orochi/Test/MooseBased3.pm line 5
	require Orochi/Test/MooseBased3.pm called at /home/sand/src/perl/repoperls/installed-perls/host/k93bionic/v5.34.1/ebf1/lib/site_perl/5.34.1/Module/Runtime.pm line 314
	Module::Runtime::require_module("Orochi::Test::MooseBased3") called at /home/sand/src/perl/repoperls/installed-perls/host/k93bionic/v5.34.1/ebf1/lib/site_perl/5.34.1/Class/Load.pm line 174
	Class::Load::try {...} () called at /home/sand/src/perl/repoperls/installed-perls/host/k93bionic/v5.34.1/ebf1/lib/site_perl/5.34.1/Try/Tiny.pm line 98
	eval {...} called at /home/sand/src/perl/repoperls/installed-perls/host/k93bionic/v5.34.1/ebf1/lib/site_perl/5.34.1/Try/Tiny.pm line 93
	Try::Tiny::try(CODE(0x560082d3c528), Try::Tiny::Catch=REF(0x560084eb6d58)) called at /home/sand/src/perl/repoperls/installed-perls/host/k93bionic/v5.34.1/ebf1/lib/site_perl/5.34.1/Class/Load.pm line 180
	Class::Load::try_load_class("Orochi::Test::MooseBased3", undef) called at /home/sand/src/perl/repoperls/installed-perls/host/k93bionic/v5.34.1/ebf1/lib/site_perl/5.34.1/Class/Load.pm line 35
	Class::Load::load_class("Orochi::Test::MooseBased3") called at /tmp/loop_over_bdir-30498-HI26IR/Orochi-0.00010-0/blib/lib/Orochi.pm line 213
	Orochi::inject_class(Orochi=HASH(0x560084f0da38), "Orochi::Test::MooseBased3") called at t/900_cascade_bind.t line 19
Class::MOP::load_class is deprecated at /home/sand/src/perl/repoperls/installed-perls/host/k93bionic/v5.34.1/ebf1/lib/site_perl/5.34.1/x86_64-linux-thread-multi-ld/Class/MOP.pm line 69.
	Class::MOP::load_class("Orochi::Injection::Setter") called at /tmp/loop_over_bdir-30498-HI26IR/Orochi-0.00010-0/blib/lib/MooseX/Orochi.pm line 42
	MooseX::Orochi::bind_constructor(Moose::Meta::Class::__ANON__::SERIAL::1=HASH(0x560085026c30), "/orochi/test/MooseBased3", "injection_class", "Setter", "setter_params", HASH(0x560082d3c318)) called at /home/sand/src/perl/repoperls/installed-perls/host/k93bionic/v5.34.1/ebf1/lib/site_perl/5.34.1/x86_64-linux-thread-multi-ld/Moose/Exporter.pm line 418
	MooseX::Orochi::bind_constructor("/orochi/test/MooseBased3", "injection_class", "Setter", "setter_params", HASH(0x560082d3c318)) called at t/lib/Orochi/Test/MooseBased3.pm line 5
	require Orochi/Test/MooseBased3.pm called at /home/sand/src/perl/repoperls/installed-perls/host/k93bionic/v5.34.1/ebf1/lib/site_perl/5.34.1/Module/Runtime.pm line 314
	Module::Runtime::require_module("Orochi::Test::MooseBased3") called at /home/sand/src/perl/repoperls/installed-perls/host/k93bionic/v5.34.1/ebf1/lib/site_perl/5.34.1/Class/Load.pm line 174
	Class::Load::try {...} () called at /home/sand/src/perl/repoperls/installed-perls/host/k93bionic/v5.34.1/ebf1/lib/site_perl/5.34.1/Try/Tiny.pm line 98
	eval {...} called at /home/sand/src/perl/repoperls/installed-perls/host/k93bionic/v5.34.1/ebf1/lib/site_perl/5.34.1/Try/Tiny.pm line 93
	Try::Tiny::try(CODE(0x560082d3c528), Try::Tiny::Catch=REF(0x560084eb6d58)) called at /home/sand/src/perl/repoperls/installed-perls/host/k93bionic/v5.34.1/ebf1/lib/site_perl/5.34.1/Class/Load.pm line 180
	Class::Load::try_load_class("Orochi::Test::MooseBased3", undef) called at /home/sand/src/perl/repoperls/installed-perls/host/k93bionic/v5.34.1/ebf1/lib/site_perl/5.34.1/Class/Load.pm line 35
	Class::Load::load_class("Orochi::Test::MooseBased3") called at /tmp/loop_over_bdir-30498-HI26IR/Orochi-0.00010-0/blib/lib/Orochi.pm line 213
	Orochi::inject_class(Orochi=HASH(0x560084f0da38), "Orochi::Test::MooseBased3") called at t/900_cascade_bind.t line 19
Class::MOP::is_class_loaded is deprecated at /home/sand/src/perl/repoperls/installed-perls/host/k93bionic/v5.34.1/ebf1/lib/site_perl/5.34.1/x86_64-linux-thread-multi-ld/Class/MOP.pm line 87.
	Class::MOP::is_class_loaded("Orochi::Test::MooseBased3") called at /tmp/loop_over_bdir-30498-HI26IR/Orochi-0.00010-0/blib/lib/Orochi/Injection/Constructor.pm line 58
	Orochi::Injection::Constructor::construct_object(Orochi::Injection::Setter=HASH(0x560084446578), Orochi=HASH(0x560084f0da38), ARRAY(0x5600845f0a58)) called at /tmp/loop_over_bdir-30498-HI26IR/Orochi-0.00010-0/blib/lib/Orochi/Injection/Constructor.pm line 50
	Orochi::Injection::Constructor::expand(Orochi::Injection::Setter=HASH(0x560084446578), Orochi=HASH(0x560084f0da38)) called at /tmp/loop_over_bdir-30498-HI26IR/Orochi-0.00010-0/blib/lib/Orochi.pm line 88
	eval {...} called at /tmp/loop_over_bdir-30498-HI26IR/Orochi-0.00010-0/blib/lib/Orochi.pm line 87
	Orochi::get(Orochi=HASH(0x560084f0da38), "/orochi/test/MooseBased3") called at t/900_cascade_bind.t line 23
	main::__ANON__() called at /home/sand/src/perl/repoperls/installed-perls/host/k93bionic/v5.34.1/ebf1/lib/site_perl/5.34.1/Test/Exception.pm line 353
	eval {...} called at /home/sand/src/perl/repoperls/installed-perls/host/k93bionic/v5.34.1/ebf1/lib/site_perl/5.34.1/Test/Exception.pm line 353
	Test::Exception::lives_and(CODE(0x560085092d48)) called at t/900_cascade_bind.t line 26
t/900_cascade_bind.t .. ok

Test Summary Report
-------------------
t/001_constructor.t (Wstat: 65280 Tests: 0 Failed: 0)
  Non-zero exit status: 255
  Parse errors: No plan found in TAP output
t/002_declare.t     (Wstat: 65280 Tests: 0 Failed: 0)
  Non-zero exit status: 255
  Parse errors: No plan found in TAP output
Files=4, Tests=14,  1 wallclock secs ( 0.03 usr  0.02 sys +  1.32 cusr  0.20 csys =  1.57 CPU)
Result: FAIL
Failed 2/4 test programs. 0/14 subtests failed.
Makefile:793: recipe for target 'test_dynamic' failed
make: *** [test_dynamic] Error 255

------------------------------
PREREQUISITES
------------------------------

Prerequisite modules loaded:

requires:

    Module              Need    Have      
    ------------------- ------- ----------
    Data::Visitor       0       0.31      
    Module::Pluggable   0       5.2       
    Moose               0.93_01 2.2201    
    namespace::clean    0       0.27      
    Path::Router        0       0.15      
    Sub::Exporter       0       0.988     

build_requires:

    Module              Need    Have      
    ------------------- ------- ----------
    ExtUtils::MakeMaker 6.42    7.64      
    Test::MockObject    0       1.20200122
    Test::More          0.88    1.302190  
    UNIVERSAL::can      0       1.20140328
    UNIVERSAL::isa      0       1.20171012

configure_requires:

    Module              Need    Have      
    ------------------- ------- ----------
    ExtUtils::MakeMaker 6.42    7.64      


------------------------------
ENVIRONMENT AND OTHER CONTEXT
------------------------------

Environment variables:

    AUTOMATED_TESTING = 1
    LANG = en_US.utf8
    PATH = /home/sand/bin:/usr/local/bin:/usr/local/sbin:/usr/sbin:/usr/bin:/sbin:/bin:/usr/games:/usr/local/games:/snap/bin:/usr/local/perl/bin:/usr/X11/bin
    PERL = /tmp/basesmoker-reloperl-VsSr/bin/perl
    PERL5LIB = /tmp/loop_over_bdir-30498-HI26IR/RDF-NLP-SPARQLQuery-0.1-0/blib/arch:/tmp/loop_over_bdir-30498-HI26IR/RDF-NLP-SPARQLQuery-0.1-0/blib/lib:/tmp/loop_over_bdir-30498-HI26IR/Debian-Packages-0.03-0/blib/arch:/tmp/loop_over_bdir-30498-HI26IR/Debian-Packages-0.03-0/blib/lib:/tmp/loop_over_bdir-30498-HI26IR/triceps-2.1.0-0/blib/arch:/tmp/loop_over_bdir-30498-HI26IR/triceps-2.1.0-0/blib/lib
    PERL5OPT = 
    PERL5_CPANPLUS_IS_RUNNING = 30507
    PERL5_CPAN_IS_RUNNING = 30507
    PERL_CANARY_STABILITY_NOPROMPT = 1
    PERL_MM_USE_DEFAULT = 1
    PERL_USE_UNSAFE_INC = 1
    SHELL = /usr/bin/zsh
    TERM = screen

Perl special variables (and OS-specific diagnostics, for MSWin32):

    $^X = /tmp/basesmoker-reloperl-VsSr/bin/perl
    $UID/$EUID = 1005 / 1005
    $GID = 1005 1005
    $EGID = 1005 1005

Perl module toolchain versions installed:

    Module              Have    
    ------------------- --------
    CPAN                2.33    
    CPAN::Meta          2.150010
    Cwd                 3.80    
    ExtUtils::CBuilder  0.280236
    ExtUtils::Command   7.64    
    ExtUtils::Install   2.20    
    ExtUtils::MakeMaker 7.64    
    ExtUtils::Manifest  1.73    
    ExtUtils::ParseXS   3.43    
    File::Spec          3.80    
    JSON                4.05    
    JSON::PP            4.06    
    Module::Build       0.4231  
    Module::Signature   0.88    
    Parse::CPAN::Meta   2.150010
    Test::Harness       3.43    
    Test::More          1.302190
    YAML                1.30    
    YAML::Syck          1.34    
    version             0.9929  


--

Summary of my perl5 (revision 5 version 34 subversion 1) configuration:
  Commit id: 1181cf72936404b890ef41362f533fe2c2626f9b
  Platform:
    osname=linux
    osvers=4.15.0-169-generic
    archname=x86_64-linux-thread-multi-ld
    uname='linux k93bionic 4.15.0-169-generic #177-ubuntu smp thu feb 3 10:50:38 utc 2022 x86_64 x86_64 x86_64 gnulinux '
    config_args='-Dprefix=/home/sand/src/perl/repoperls/installed-perls/host/k93bionic/v5.34.1/ebf1 -Dmyhostname=k93bionic -Dinstallusrbinperl=n -Uversiononly -Dusedevel -des -Ui_db -Dlibswanted=cl pthread socket inet nsl gdbm dbm malloc dl ld sun m crypt sec util c cposix posix ucb BSD gdbm_compat -Duseithreads -Duselongdouble -DEBUGGING=-g'
    hint=recommended
    useposix=true
    d_sigaction=define
    useithreads=define
    usemultiplicity=define
    use64bitint=define
    use64bitall=define
    uselongdouble=define
    usemymalloc=n
    default_inc_excludes_dot=define
  Compiler:
    cc='cc'
    ccflags ='-D_REENTRANT -D_GNU_SOURCE -fwrapv -fno-strict-aliasing -pipe -fstack-protector-strong -I/usr/local/include -D_LARGEFILE_SOURCE -D_FILE_OFFSET_BITS=64'
    optimize='-O2 -g'
    cppflags='-D_REENTRANT -D_GNU_SOURCE -fwrapv -fno-strict-aliasing -pipe -fstack-protector-strong -I/usr/local/include'
    ccversion=''
    gccversion='7.5.0'
    gccosandvers=''
    intsize=4
    longsize=8
    ptrsize=8
    doublesize=8
    byteorder=12345678
    doublekind=3
    d_longlong=define
    longlongsize=8
    d_longdbl=define
    longdblsize=16
    longdblkind=3
    ivtype='long'
    ivsize=8
    nvtype='long double'
    nvsize=16
    Off_t='off_t'
    lseeksize=8
    alignbytes=16
    prototype=define
  Linker and Libraries:
    ld='cc'
    ldflags =' -fstack-protector-strong -L/usr/local/lib'
    libpth=/usr/local/lib /usr/lib/x86_64-linux-gnu /usr/lib /lib/x86_64-linux-gnu /lib
    libs=-lpthread -lnsl -ldl -lm -lcrypt -lutil -lc
    perllibs=-lpthread -lnsl -ldl -lm -lcrypt -lutil -lc
    libc=libc-2.27.so
    so=so
    useshrplib=false
    libperl=libperl.a
    gnulibc_version='2.27'
  Dynamic Linking:
    dlsrc=dl_dlopen.xs
    dlext=so
    d_dlsymun=undef
    ccdlflags='-Wl,-E'
    cccdlflags='-fPIC'
    lddlflags='-shared -O2 -g -L/usr/local/lib -fstack-protector-strong'


Characteristics of this binary (from libperl): 
  Compile-time options:
    HAS_TIMES
    MULTIPLICITY
    PERLIO_LAYERS
    PERL_COPY_ON_WRITE
    PERL_DONT_CREATE_GVSV
    PERL_IMPLICIT_CONTEXT
    PERL_MALLOC_WRAP
    PERL_OP_PARENT
    PERL_PRESERVE_IVUV
    PERL_USE_DEVEL
    USE_64_BIT_ALL
    USE_64_BIT_INT
    USE_ITHREADS
    USE_LARGE_FILES
    USE_LOCALE
    USE_LOCALE_COLLATE
    USE_LOCALE_CTYPE
    USE_LOCALE_NUMERIC
    USE_LOCALE_TIME
    USE_LONG_DOUBLE
    USE_PERLIO
    USE_PERL_ATOF
    USE_REENTRANT_API
    USE_THREAD_SAFE_LOCALE
  Built under linux
  Compiled at Mar 14 2022 07:25:30
  %ENV:
    PERL="/tmp/basesmoker-reloperl-VsSr/bin/perl"
    PERL5LIB="/tmp/loop_over_bdir-30498-HI26IR/RDF-NLP-SPARQLQuery-0.1-0/blib/arch:/tmp/loop_over_bdir-30498-HI26IR/RDF-NLP-SPARQLQuery-0.1-0/blib/lib:/tmp/loop_over_bdir-30498-HI26IR/Debian-Packages-0.03-0/blib/arch:/tmp/loop_over_bdir-30498-HI26IR/Debian-Packages-0.03-0/blib/lib:/tmp/loop_over_bdir-30498-HI26IR/triceps-2.1.0-0/blib/arch:/tmp/loop_over_bdir-30498-HI26IR/triceps-2.1.0-0/blib/lib"
    PERL5OPT=""
    PERL5_CPANPLUS_IS_RUNNING="30507"
    PERL5_CPAN_IS_RUNNING="30507"
    PERL_CANARY_STABILITY_NOPROMPT="1"
    PERL_MM_USE_DEFAULT="1"
    PERL_USE_UNSAFE_INC="1"
  @INC:
    /tmp/loop_over_bdir-30498-HI26IR/RDF-NLP-SPARQLQuery-0.1-0/blib/arch
    /tmp/loop_over_bdir-30498-HI26IR/RDF-NLP-SPARQLQuery-0.1-0/blib/lib
    /tmp/loop_over_bdir-30498-HI26IR/Debian-Packages-0.03-0/blib/arch
    /tmp/loop_over_bdir-30498-HI26IR/Debian-Packages-0.03-0/blib/lib
    /tmp/loop_over_bdir-30498-HI26IR/triceps-2.1.0-0/blib/arch
    /tmp/loop_over_bdir-30498-HI26IR/triceps-2.1.0-0/blib/lib
    /home/sand/src/perl/repoperls/installed-perls/host/k93bionic/v5.34.1/ebf1/lib/site_perl/5.34.1/x86_64-linux-thread-multi-ld
    /home/sand/src/perl/repoperls/installed-perls/host/k93bionic/v5.34.1/ebf1/lib/site_perl/5.34.1
    /home/sand/src/perl/repoperls/installed-perls/host/k93bionic/v5.34.1/ebf1/lib/5.34.1/x86_64-linux-thread-multi-ld
    /home/sand/src/perl/repoperls/installed-perls/host/k93bionic/v5.34.1/ebf1/lib/5.34.1
    .