Report for rpm-build-perl-0.82

Back
From: metabase:user:314402c4-2aae-11df-837a-5e0a49663a4f
Subject: FAIL rpm-build-perl-0.82 v5.14.4 GNU/Linux
Date: 2014-08-30T08:10:55Z

This distribution has been tested as part of the CPAN Testers
project, supporting the Perl programming language.  See
http://wiki.cpantesters.org/ for more information or email
questions to cpan-testers-discuss@perl.org


--
Dear Alexey Tourbin,

This is a computer-generated report for rpm-build-perl-0.82
on perl 5.14.4, created by CPAN-Reporter-1.2011.

Thank you for uploading your work to CPAN.  However, there was a problem
testing your distribution.

If you think this report is invalid, please consult the CPAN Testers Wiki
for suggestions on how to avoid getting FAIL reports for missing library
or binary dependencies, unsupported operating systems, and so on:

http://wiki.cpantesters.org/wiki/CPANAuthorNotes

Sections of this report:

    * Tester comments
    * Program output
    * Prerequisites
    * Environment and other context

------------------------------
TESTER COMMENTS
------------------------------

Additional comments from tester:

none provided

------------------------------
PROGRAM OUTPUT
------------------------------

Output from '/usr/bin/make test':

make[1]: Entering directory `/tmpfs/.cpan-build/rpm-build-perl-0.82-fd7Qer/ConstOptree'
Running Mkbootstrap for B::ConstOptree ()
chmod 644 ConstOptree.bs
make[1]: Leaving directory `/tmpfs/.cpan-build/rpm-build-perl-0.82-fd7Qer/ConstOptree'
PERL_DL_NONLAZY=1 /bbbike/perl-5.14.4/bin/perl "-MExtUtils::Command::MM" "-MTest::Harness" "-e" "undef *Test::Harness::Switches; test_harness(0, 'blib/lib', 'blib/arch')" t/*.t
dying at -e line 1
 at /tmpfs/.cpan-build/rpm-build-perl-0.82-fd7Qer/blib/lib/B/PerlReq.pm line 388.
	B::PerlReq::__ANON__("Can't locate object method \"padix\" via package \"B::SVOP\" at /"...) called at /tmpfs/.cpan-build/rpm-build-perl-0.82-fd7Qer/blib/lib/B/PerlReq.pm line 319
	B::PerlReq::grok_entersub(B::UNOP=SCALAR(0x23fc8c8)) called at /tmpfs/.cpan-build/rpm-build-perl-0.82-fd7Qer/blib/lib/B/Walker.pm line 56
	B::Walker::walk_root(B::UNOP=SCALAR(0x23fc8c8)) called at /tmpfs/.cpan-build/rpm-build-perl-0.82-fd7Qer/blib/lib/B/Walker.pm line 64
	B::Walker::walk_root(B::LISTOP=SCALAR(0x23b1f98)) called at /tmpfs/.cpan-build/rpm-build-perl-0.82-fd7Qer/blib/lib/B/Walker.pm line 105
	B::Walker::walk_main() called at /tmpfs/.cpan-build/rpm-build-perl-0.82-fd7Qer/blib/lib/B/PerlReq.pm line 391
	B::PerlReq::__ANON__() called at (eval 2) line 31
	O::CHECK() called at -e line 0
	eval {...} called at -e line 0
Can't locate object method "padix" via package "B::SVOP" at /tmpfs/.cpan-build/rpm-build-perl-0.82-fd7Qer/blib/lib/B/PerlReq.pm line 319.
CHECK failed--call queue aborted.

#   Failed test at t/01-B-PerlReq.t line 93.
#          got: 'perl(Try/Tiny.pm)
# perl(Bar.pm)'
#     expected: ''
dying at -e line 1
 at /tmpfs/.cpan-build/rpm-build-perl-0.82-fd7Qer/blib/lib/B/PerlReq.pm line 388.
	B::PerlReq::__ANON__("Can't locate object method \"padix\" via package \"B::SVOP\" at /"...) called at /tmpfs/.cpan-build/rpm-build-perl-0.82-fd7Qer/blib/lib/B/PerlReq.pm line 319
	B::PerlReq::grok_entersub(B::UNOP=SCALAR(0x1729778)) called at /tmpfs/.cpan-build/rpm-build-perl-0.82-fd7Qer/blib/lib/B/Walker.pm line 56
	B::Walker::walk_root(B::UNOP=SCALAR(0x1729778)) called at /tmpfs/.cpan-build/rpm-build-perl-0.82-fd7Qer/blib/lib/B/Walker.pm line 64
	B::Walker::walk_root(B::LISTOP=SCALAR(0x1729760)) called at /tmpfs/.cpan-build/rpm-build-perl-0.82-fd7Qer/blib/lib/B/Walker.pm line 64
	B::Walker::walk_root(B::UNOP=SCALAR(0x17296d0)) called at /tmpfs/.cpan-build/rpm-build-perl-0.82-fd7Qer/blib/lib/B/Walker.pm line 91
	B::Walker::walk_cv(B::CV=SCALAR(0x1729658)) called at /tmpfs/.cpan-build/rpm-build-perl-0.82-fd7Qer/blib/lib/B/Walker.pm line 116
	B::Walker::walk_gv(B::GV=SCALAR(0x1729628)) called at /tmpfs/.cpan-build/rpm-build-perl-0.82-fd7Qer/blib/lib/B/Walker.pm line 132
	B::Walker::walk_stash(HASH(0x14d5c50), "") called at /tmpfs/.cpan-build/rpm-build-perl-0.82-fd7Qer/blib/lib/B/Walker.pm line 139
	B::Walker::walk_subs() called at /tmpfs/.cpan-build/rpm-build-perl-0.82-fd7Qer/blib/lib/B/PerlReq.pm line 392
	B::PerlReq::__ANON__() called at (eval 2) line 31
	O::CHECK() called at -e line 0
	eval {...} called at -e line 0
Can't locate object method "padix" via package "B::SVOP" at /tmpfs/.cpan-build/rpm-build-perl-0.82-fd7Qer/blib/lib/B/PerlReq.pm line 319.
CHECK failed--call queue aborted.

#   Failed test at t/01-B-PerlReq.t line 94.
#          got: 'perl(Try/Tiny.pm)
# perl(Bar.pm)'
#     expected: ''
dying at -e line 1
 at /tmpfs/.cpan-build/rpm-build-perl-0.82-fd7Qer/blib/lib/B/PerlReq.pm line 388.
	B::PerlReq::__ANON__("Can't locate object method \"padix\" via package \"B::SVOP\" at /"...) called at /tmpfs/.cpan-build/rpm-build-perl-0.82-fd7Qer/blib/lib/B/PerlReq.pm line 319
	B::PerlReq::grok_entersub(B::UNOP=SCALAR(0x18c2f48)) called at /tmpfs/.cpan-build/rpm-build-perl-0.82-fd7Qer/blib/lib/B/Walker.pm line 56
	B::Walker::walk_root(B::UNOP=SCALAR(0x18c2f48)) called at /tmpfs/.cpan-build/rpm-build-perl-0.82-fd7Qer/blib/lib/B/Walker.pm line 64
	B::Walker::walk_root(B::LISTOP=SCALAR(0x18c2ee8)) called at /tmpfs/.cpan-build/rpm-build-perl-0.82-fd7Qer/blib/lib/B/Walker.pm line 105
	B::Walker::walk_main() called at /tmpfs/.cpan-build/rpm-build-perl-0.82-fd7Qer/blib/lib/B/PerlReq.pm line 391
	B::PerlReq::__ANON__() called at (eval 2) line 31
	O::CHECK() called at -e line 0
	eval {...} called at -e line 0
Can't locate object method "padix" via package "B::SVOP" at /tmpfs/.cpan-build/rpm-build-perl-0.82-fd7Qer/blib/lib/B/PerlReq.pm line 319.
CHECK failed--call queue aborted.

#   Failed test at t/01-B-PerlReq.t line 95.
#          got: 'perl(Try/Tiny.pm)
# perl(Baz.pm)'
#     expected: ''
dying at -e line 1
 at /tmpfs/.cpan-build/rpm-build-perl-0.82-fd7Qer/blib/lib/B/PerlReq.pm line 388.
	B::PerlReq::__ANON__("Can't locate object method \"padix\" via package \"B::SVOP\" at /"...) called at /tmpfs/.cpan-build/rpm-build-perl-0.82-fd7Qer/blib/lib/B/PerlReq.pm line 319
	B::PerlReq::grok_entersub(B::UNOP=SCALAR(0x106f280)) called at /tmpfs/.cpan-build/rpm-build-perl-0.82-fd7Qer/blib/lib/B/Walker.pm line 56
	B::Walker::walk_root(B::UNOP=SCALAR(0x106f280)) called at /tmpfs/.cpan-build/rpm-build-perl-0.82-fd7Qer/blib/lib/B/Walker.pm line 64
	B::Walker::walk_root(B::UNOP=SCALAR(0x1102ad0)) called at /tmpfs/.cpan-build/rpm-build-perl-0.82-fd7Qer/blib/lib/B/Walker.pm line 64
	B::Walker::walk_root(B::LISTOP=SCALAR(0x1102b48)) called at /tmpfs/.cpan-build/rpm-build-perl-0.82-fd7Qer/blib/lib/B/Walker.pm line 105
	B::Walker::walk_main() called at /tmpfs/.cpan-build/rpm-build-perl-0.82-fd7Qer/blib/lib/B/PerlReq.pm line 391
	B::PerlReq::__ANON__() called at (eval 2) line 31
	O::CHECK() called at -e line 0
	eval {...} called at -e line 0
Can't locate object method "padix" via package "B::SVOP" at /tmpfs/.cpan-build/rpm-build-perl-0.82-fd7Qer/blib/lib/B/PerlReq.pm line 319.
CHECK failed--call queue aborted.

#   Failed test at t/01-B-PerlReq.t line 128.
#          got: 'perl(File/Glob.pm)'
#     expected: ''
# Looks like you failed 4 tests of 78.
t/01-B-PerlReq.t .. 
Dubious, test returned 4 (wstat 1024, 0x400)
Failed 4/78 subtests 
dying at /opt/perl-5.14.4/lib/5.14.4/AutoLoader.pm line 23
 at /tmpfs/.cpan-build/rpm-build-perl-0.82-fd7Qer/blib/lib/B/PerlReq.pm line 388.
	B::PerlReq::__ANON__("Can't locate object method \"padix\" via package \"B::SVOP\" at /"...) called at /tmpfs/.cpan-build/rpm-build-perl-0.82-fd7Qer/blib/lib/B/PerlReq.pm line 319
	B::PerlReq::grok_entersub(B::UNOP=SCALAR(0x2378a60)) called at /tmpfs/.cpan-build/rpm-build-perl-0.82-fd7Qer/blib/lib/B/Walker.pm line 56
	B::Walker::walk_root(B::UNOP=SCALAR(0x2378a60)) called at /tmpfs/.cpan-build/rpm-build-perl-0.82-fd7Qer/blib/lib/B/Walker.pm line 64
	B::Walker::walk_root(B::BINOP=SCALAR(0x2378760)) called at /tmpfs/.cpan-build/rpm-build-perl-0.82-fd7Qer/blib/lib/B/Walker.pm line 64
	B::Walker::walk_root(B::LISTOP=SCALAR(0x2378748)) called at /tmpfs/.cpan-build/rpm-build-perl-0.82-fd7Qer/blib/lib/B/Walker.pm line 64
	B::Walker::walk_root(B::UNOP=SCALAR(0x23785c8)) called at /tmpfs/.cpan-build/rpm-build-perl-0.82-fd7Qer/blib/lib/B/Walker.pm line 91
	B::Walker::walk_cv(B::CV=SCALAR(0x2378550)) called at /tmpfs/.cpan-build/rpm-build-perl-0.82-fd7Qer/blib/lib/B/Walker.pm line 116
	B::Walker::walk_gv(B::GV=SCALAR(0x23784d8)) called at /tmpfs/.cpan-build/rpm-build-perl-0.82-fd7Qer/blib/lib/B/Walker.pm line 132
	B::Walker::walk_stash(HASH(0x2172ec0), "AutoLoader::") called at /tmpfs/.cpan-build/rpm-build-perl-0.82-fd7Qer/blib/lib/B/Walker.pm line 127
	B::Walker::walk_stash(HASH(0x2154c50), "") called at /tmpfs/.cpan-build/rpm-build-perl-0.82-fd7Qer/blib/lib/B/Walker.pm line 139
	B::Walker::walk_subs() called at /tmpfs/.cpan-build/rpm-build-perl-0.82-fd7Qer/blib/lib/B/PerlReq.pm line 392
	B::PerlReq::__ANON__() called at (eval 3) line 31
	O::CHECK() called at /opt/perl-5.14.4/lib/5.14.4/AutoLoader.pm line 0
	eval {...} called at /opt/perl-5.14.4/lib/5.14.4/AutoLoader.pm line 0
Can't locate object method "padix" via package "B::SVOP" at /tmpfs/.cpan-build/rpm-build-perl-0.82-fd7Qer/blib/lib/B/PerlReq.pm line 319.
CHECK failed--call queue aborted.
# /opt/perl-5.14.4/lib/5.14.4/AutoLoader.pm: deparse failed. prefix=/opt/perl-5.14.4/lib/5.14.4

#   Failed test 'AutoLoader.pm zero exit status'
#   at t/02-perlreq.t line 33.
dying at /opt/perl-5.14.4/lib/site_perl/5.14.4/Exporter.pm line 85
 at /tmpfs/.cpan-build/rpm-build-perl-0.82-fd7Qer/blib/lib/B/PerlReq.pm line 388.
	B::PerlReq::__ANON__("Can't locate object method \"padix\" via package \"B::SVOP\" at /"...) called at /tmpfs/.cpan-build/rpm-build-perl-0.82-fd7Qer/blib/lib/B/PerlReq.pm line 319
	B::PerlReq::grok_entersub(B::UNOP=SCALAR(0x1388960)) called at /tmpfs/.cpan-build/rpm-build-perl-0.82-fd7Qer/blib/lib/B/Walker.pm line 56
	B::Walker::walk_root(B::UNOP=SCALAR(0x1388960)) called at /tmpfs/.cpan-build/rpm-build-perl-0.82-fd7Qer/blib/lib/B/Walker.pm line 64
	B::Walker::walk_root(B::LISTOP=SCALAR(0x139ba28)) called at /tmpfs/.cpan-build/rpm-build-perl-0.82-fd7Qer/blib/lib/B/Walker.pm line 64
	B::Walker::walk_root(B::UNOP=SCALAR(0x139ba40)) called at /tmpfs/.cpan-build/rpm-build-perl-0.82-fd7Qer/blib/lib/B/Walker.pm line 64
	B::Walker::walk_root(B::UNOP=SCALAR(0x139bf38)) called at /tmpfs/.cpan-build/rpm-build-perl-0.82-fd7Qer/blib/lib/B/Walker.pm line 64
	B::Walker::walk_root(B::UNOP=SCALAR(0x139bfb0)) called at /tmpfs/.cpan-build/rpm-build-perl-0.82-fd7Qer/blib/lib/B/Walker.pm line 64
	B::Walker::walk_root(B::UNOP=SCALAR(0x139bf98)) called at /tmpfs/.cpan-build/rpm-build-perl-0.82-fd7Qer/blib/lib/B/Walker.pm line 64
	B::Walker::walk_root(B::UNOP=SCALAR(0x11b9128)) called at /tmpfs/.cpan-build/rpm-build-perl-0.82-fd7Qer/blib/lib/B/Walker.pm line 64
	B::Walker::walk_root(B::UNOP=SCALAR(0x11b9080)) called at /tmpfs/.cpan-build/rpm-build-perl-0.82-fd7Qer/blib/lib/B/Walker.pm line 64
	B::Walker::walk_root(B::LISTOP=SCALAR(0x11b9188)) called at /tmpfs/.cpan-build/rpm-build-perl-0.82-fd7Qer/blib/lib/B/Walker.pm line 64
	B::Walker::walk_root(B::UNOP=SCALAR(0x11b9050)) called at /tmpfs/.cpan-build/rpm-build-perl-0.82-fd7Qer/blib/lib/B/Walker.pm line 91
	B::Walker::walk_cv(B::CV=SCALAR(0x11b90c8)) called at /tmpfs/.cpan-build/rpm-build-perl-0.82-fd7Qer/blib/lib/B/Walker.pm line 116
	B::Walker::walk_gv(B::GV=SCALAR(0x11b9020)) called at /tmpfs/.cpan-build/rpm-build-perl-0.82-fd7Qer/blib/lib/B/Walker.pm line 132
	B::Walker::walk_stash(HASH(0x11afba0), "Exporter::") called at /tmpfs/.cpan-build/rpm-build-perl-0.82-fd7Qer/blib/lib/B/Walker.pm line 127
	B::Walker::walk_stash(HASH(0x119cc50), "") called at /tmpfs/.cpan-build/rpm-build-perl-0.82-fd7Qer/blib/lib/B/Walker.pm line 139
	B::Walker::walk_subs() called at /tmpfs/.cpan-build/rpm-build-perl-0.82-fd7Qer/blib/lib/B/PerlReq.pm line 392
	B::PerlReq::__ANON__() called at (eval 3) line 31
	O::CHECK() called at /opt/perl-5.14.4/lib/site_perl/5.14.4/Exporter.pm line 0
	eval {...} called at /opt/perl-5.14.4/lib/site_perl/5.14.4/Exporter.pm line 0
Can't locate object method "padix" via package "B::SVOP" at /tmpfs/.cpan-build/rpm-build-perl-0.82-fd7Qer/blib/lib/B/PerlReq.pm line 319.
CHECK failed--call queue aborted.
# /opt/perl-5.14.4/lib/site_perl/5.14.4/Exporter.pm: deparse failed. prefix=/opt/perl-5.14.4/lib/site_perl/5.14.4

#   Failed test 'Exporter.pm dependencies'
#   at t/02-perlreq.t line 32.
#          got: ''
#     expected: 'perl(Exporter/Heavy.pm)'

#   Failed test 'Exporter.pm zero exit status'
#   at t/02-perlreq.t line 33.
# Looks like you failed 3 tests of 4.
t/02-perlreq.t .... 
Dubious, test returned 3 (wstat 768, 0x300)
Failed 3/4 subtests 
t/03-perlprov.t ... ok

Test Summary Report
-------------------
t/01-B-PerlReq.t (Wstat: 1024 Tests: 78 Failed: 4)
  Failed tests:  46-48, 75
  Non-zero exit status: 4
t/02-perlreq.t  (Wstat: 768 Tests: 4 Failed: 3)
  Failed tests:  2-4
  Non-zero exit status: 3
Files=3, Tests=112,  5 wallclock secs ( 0.03 usr  0.02 sys +  1.80 cusr  0.80 csys =  2.65 CPU)
Result: FAIL
Failed 2/3 test programs. 7/112 subtests failed.
make: *** [test_dynamic] Error 255

------------------------------
PREREQUISITES
------------------------------

Prerequisite modules loaded:

requires:

    Module              Need Have    
    ------------------- ---- --------
    B                   0    1.29    
    Encode              0    2.62    
    O                   0    1.01    
    Safe                0    2.35    
    Test::More          0    1.001003

build_requires:

    Module              Need Have    
    ------------------- ---- --------
    ExtUtils::MakeMaker 0    6.98    

configure_requires:

    Module              Need Have    
    ------------------- ---- --------
    ExtUtils::MakeMaker 0    6.98    


------------------------------
ENVIRONMENT AND OTHER CONTEXT
------------------------------

Environment variables:

    DBIC_NO_WARN_BAD_PERL = 1
    LANG = C
    PATH = /usr/local/bin:/usr/bin:/bin:/usr/local/sbin:/usr/sbin:/sbin:/home/eserte/bin/linux-gnu:/home/eserte/bin/sh:/home/eserte/bin:/usr/games:/home/eserte/devel:/home/eserte/src/srezic-misc/scripts
    PERL5LIB = 
    PERL5OPT = 
    PERL5_CPANPLUS_IS_RUNNING = 6802
    PERL5_CPAN_IS_RUNNING = 6802
    PERL5_CPAN_IS_RUNNING_IN_RECURSION = 31807,6802
    PERLDOC = -MPod::Perldoc::ToTextOverstrike
    PERL_BATCH = yes
    PERL_CPAN_REPORTER_CONFIG = /var/tmp/cpansmoker-1001/3GYGlAM9P9_config.ini
    PERL_EXTUTILS_AUTOINSTALL = --defaultdeps
    PERL_HTML_DISPLAY_CLASS = HTML::Display::Mozilla
    SHELL = /bin/zsh
    TERM = screen
    TMPDIR = /var/tmp/cpansmoker-1001

Perl special variables (and OS-specific diagnostics, for MSWin32):

    $^X = /bbbike/perl-5.14.4/bin/perl
    $UID/$EUID = 1001 / 1001
    $GID = 1001 109 1001
    $EGID = 1001 109 1001

Perl module toolchain versions installed:

    Module              Have     
    ------------------- ---------
    CPAN                1.9600_01
    CPAN::Meta          2.142060 
    Cwd                 3.47     
    ExtUtils::CBuilder  0.280217 
    ExtUtils::Command   1.17     
    ExtUtils::Install   1.68     
    ExtUtils::MakeMaker 6.98     
    ExtUtils::Manifest  1.65     
    ExtUtils::ParseXS   3.24     
    File::Spec          3.47     
    JSON                2.90     
    JSON::PP            2.27203  
    Module::Build       0.4206   
    Module::Signature   0.73     
    Parse::CPAN::Meta   1.4414   
    Test::Harness       3.33     
    Test::More          1.001003 
    YAML                1.11     
    YAML::Syck          1.27     
    version             0.9909   


--

Summary of my perl5 (revision 5 version 14 subversion 4) configuration:
   
  Platform:
    osname=linux, osvers=3.2.0-4-amd64, archname=x86_64-linux
    uname='linux eserte 3.2.0-4-amd64 #1 smp debian 3.2.57-3 x86_64 gnulinux '
    config_args='-ds -e -Dprefix=/opt/perl-5.14.4'
    hint=recommended, useposix=true, d_sigaction=define
    useithreads=undef, usemultiplicity=undef
    useperlio=define, d_sfio=undef, uselargefiles=define, usesocks=undef
    use64bitint=define, use64bitall=define, uselongdouble=undef
    usemymalloc=n, bincompat5005=undef
  Compiler:
    cc='cc', ccflags ='-fno-strict-aliasing -pipe -fstack-protector -I/usr/local/include -D_LARGEFILE_SOURCE -D_FILE_OFFSET_BITS=64',
    optimize='-O2',
    cppflags='-fno-strict-aliasing -pipe -fstack-protector -I/usr/local/include'
    ccversion='', gccversion='4.7.2', gccosandvers=''
    intsize=4, longsize=8, ptrsize=8, doublesize=8, byteorder=12345678
    d_longlong=define, longlongsize=8, d_longdbl=define, longdblsize=16
    ivtype='long', ivsize=8, nvtype='double', nvsize=8, Off_t='off_t', lseeksize=8
    alignbytes=8, prototype=define
  Linker and Libraries:
    ld='cc', ldflags =' -fstack-protector -L/usr/local/lib'
    libpth=/usr/local/lib /lib/x86_64-linux-gnu /lib/../lib /usr/lib/x86_64-linux-gnu /usr/lib/../lib /lib /usr/lib
    libs=-lnsl -ldb -ldl -lm -lcrypt -lutil -lc
    perllibs=-lnsl -ldl -lm -lcrypt -lutil -lc
    libc=, so=so, useshrplib=false, libperl=libperl.a
    gnulibc_version='2.13'
  Dynamic Linking:
    dlsrc=dl_dlopen.xs, dlext=so, d_dlsymun=undef, ccdlflags='-Wl,-E'
    cccdlflags='-fPIC', lddlflags='-shared -O2 -L/usr/local/lib -fstack-protector'


Characteristics of this binary (from libperl): 
  Compile-time options: PERL_DONT_CREATE_GVSV PERL_MALLOC_WRAP
                        PERL_PRESERVE_IVUV USE_64_BIT_ALL USE_64_BIT_INT
                        USE_LARGE_FILES USE_PERLIO USE_PERL_ATOF
  Built under linux
  Compiled at May 15 2014 16:40:06
  %ENV:
    PERL5LIB=""
    PERL5OPT=""
    PERL5_CPANPLUS_IS_RUNNING="6802"
    PERL5_CPAN_IS_RUNNING="6802"
    PERL5_CPAN_IS_RUNNING_IN_RECURSION="31807,6802"
    PERLDOC="-MPod::Perldoc::ToTextOverstrike"
    PERL_BATCH="yes"
    PERL_CPAN_REPORTER_CONFIG="/var/tmp/cpansmoker-1001/3GYGlAM9P9_config.ini"
    PERL_EXTUTILS_AUTOINSTALL="--defaultdeps"
    PERL_HTML_DISPLAY_CLASS="HTML::Display::Mozilla"
  @INC:
    /opt/perl-5.14.4/lib/site_perl/5.14.4/x86_64-linux
    /opt/perl-5.14.4/lib/site_perl/5.14.4
    /opt/perl-5.14.4/lib/5.14.4/x86_64-linux
    /opt/perl-5.14.4/lib/5.14.4
    .