Back
From: metabase:user:320bfe00-2aae-11df-837a-5e0a49663a4f
Subject: FAIL Genezzo-0.72 v5.16.0 RC0 GNU/Linux
Date: 2012-05-12T04:01:34Z
This distribution has been tested as part of the CPAN Testers
project, supporting the Perl programming language. See
http://wiki.cpantesters.org/ for more information or email
questions to cpan-testers-discuss@perl.org
--
Dear Jeffrey Cohen,
This is a computer-generated report for Genezzo-0.72
on perl 5.16.0, created by CPAN-Reporter-1.2006.
Thank you for uploading your work to CPAN. However, there was a problem
testing your distribution.
If you think this report is invalid, please consult the CPAN Testers Wiki
for suggestions on how to avoid getting FAIL reports for missing library
or binary dependencies, unsupported operating systems, and so on:
http://wiki.cpantesters.org/wiki/CPANAuthorNotes
Sections of this report:
* Tester comments
* Program output
* Prerequisites
* Environment and other context
------------------------------
TESTER COMMENTS
------------------------------
Additional comments from tester:
this report is from an automated smoke testing program
and was not reviewed by a human for accuracy
------------------------------
PROGRAM OUTPUT
------------------------------
Output from '/usr/bin/make test':
PERL_DL_NONLAZY=1 /home/sand/src/perl/repoperls/installed-perls/perl/v5.15.9-327-g006b509/a2da/bin/perl "-MExtUtils::Command::MM" "-e" "test_harness(0, 'blib/lib', 'blib/arch')" t/*.t
Use of qw(...) as parentheses is deprecated at /tmp/loop_over_bdir-p6uhrA/Genezzo-0.72-x6IkkF/blib/lib/Genezzo/Tablespace.pm line 603.
Use of qw(...) as parentheses is deprecated at /tmp/loop_over_bdir-p6uhrA/Genezzo-0.72-x6IkkF/blib/lib/Genezzo/Dict.pm line 4521.
Use of uninitialized value $htype in uc at /tmp/loop_over_bdir-p6uhrA/Genezzo-0.72-x6IkkF/blib/lib/Genezzo/Tablespace.pm line 313.
Use of uninitialized value $htype in uc at /tmp/loop_over_bdir-p6uhrA/Genezzo-0.72-x6IkkF/blib/lib/Genezzo/Tablespace.pm line 313.
t/AAASetup1.t .. ok
t/Block1.t ..... ok
t/Block2.t ..... ok
t/Block3.t ..... ok
t/Block4.t ..... ok
t/BufCa1.t ..... ok
Use of qw(...) as parentheses is deprecated at /tmp/loop_over_bdir-p6uhrA/Genezzo-0.72-x6IkkF/blib/lib/Genezzo/Tablespace.pm line 603.
Use of qw(...) as parentheses is deprecated at /tmp/loop_over_bdir-p6uhrA/Genezzo-0.72-x6IkkF/blib/lib/Genezzo/Dict.pm line 4521.
Use of uninitialized value $htype in uc at /tmp/loop_over_bdir-p6uhrA/Genezzo-0.72-x6IkkF/blib/lib/Genezzo/Tablespace.pm line 313.
Use of uninitialized value $htype in uc at /tmp/loop_over_bdir-p6uhrA/Genezzo-0.72-x6IkkF/blib/lib/Genezzo/Tablespace.pm line 313.
Use of uninitialized value $htype in uc at /tmp/loop_over_bdir-p6uhrA/Genezzo-0.72-x6IkkF/blib/lib/Genezzo/Tablespace.pm line 313.
Use of uninitialized value $htype in uc at /tmp/loop_over_bdir-p6uhrA/Genezzo-0.72-x6IkkF/blib/lib/Genezzo/Tablespace.pm line 313.
t/Cons1.t ...... ok
Use of qw(...) as parentheses is deprecated at /tmp/loop_over_bdir-p6uhrA/Genezzo-0.72-x6IkkF/blib/lib/Genezzo/Tablespace.pm line 603.
Use of qw(...) as parentheses is deprecated at /tmp/loop_over_bdir-p6uhrA/Genezzo-0.72-x6IkkF/blib/lib/Genezzo/Dict.pm line 4521.
Use of uninitialized value $htype in uc at /tmp/loop_over_bdir-p6uhrA/Genezzo-0.72-x6IkkF/blib/lib/Genezzo/Tablespace.pm line 313.
Use of uninitialized value $htype in uc at /tmp/loop_over_bdir-p6uhrA/Genezzo-0.72-x6IkkF/blib/lib/Genezzo/Tablespace.pm line 313.
Use of uninitialized value $htype in uc at /tmp/loop_over_bdir-p6uhrA/Genezzo-0.72-x6IkkF/blib/lib/Genezzo/Tablespace.pm line 313.
Use of uninitialized value $htype in uc at /tmp/loop_over_bdir-p6uhrA/Genezzo-0.72-x6IkkF/blib/lib/Genezzo/Tablespace.pm line 313.
Use of uninitialized value $htype in uc at /tmp/loop_over_bdir-p6uhrA/Genezzo-0.72-x6IkkF/blib/lib/Genezzo/Tablespace.pm line 313.
t/DBI1.t ....... ok
Use of qw(...) as parentheses is deprecated at /tmp/loop_over_bdir-p6uhrA/Genezzo-0.72-x6IkkF/blib/lib/Genezzo/Tablespace.pm line 603.
Use of qw(...) as parentheses is deprecated at /tmp/loop_over_bdir-p6uhrA/Genezzo-0.72-x6IkkF/blib/lib/Genezzo/Dict.pm line 4521.
Use of uninitialized value $htype in uc at /tmp/loop_over_bdir-p6uhrA/Genezzo-0.72-x6IkkF/blib/lib/Genezzo/Tablespace.pm line 313.
Use of uninitialized value $htype in uc at /tmp/loop_over_bdir-p6uhrA/Genezzo-0.72-x6IkkF/blib/lib/Genezzo/Tablespace.pm line 313.
Use of uninitialized value $htype in uc at /tmp/loop_over_bdir-p6uhrA/Genezzo-0.72-x6IkkF/blib/lib/Genezzo/Tablespace.pm line 313.
t/Feeble1.t .... ok
Use of qw(...) as parentheses is deprecated at /tmp/loop_over_bdir-p6uhrA/Genezzo-0.72-x6IkkF/blib/lib/Genezzo/Tablespace.pm line 603.
Use of qw(...) as parentheses is deprecated at /tmp/loop_over_bdir-p6uhrA/Genezzo-0.72-x6IkkF/blib/lib/Genezzo/Dict.pm line 4521.
Use of uninitialized value $htype in uc at /tmp/loop_over_bdir-p6uhrA/Genezzo-0.72-x6IkkF/blib/lib/Genezzo/Tablespace.pm line 313.
Use of uninitialized value $htype in uc at /tmp/loop_over_bdir-p6uhrA/Genezzo-0.72-x6IkkF/blib/lib/Genezzo/Tablespace.pm line 313.
Use of uninitialized value $htype in uc at /tmp/loop_over_bdir-p6uhrA/Genezzo-0.72-x6IkkF/blib/lib/Genezzo/Tablespace.pm line 313.
t/Gnzo1.t ...... ok
Use of qw(...) as parentheses is deprecated at /tmp/loop_over_bdir-p6uhrA/Genezzo-0.72-x6IkkF/blib/lib/Genezzo/Tablespace.pm line 603.
Use of qw(...) as parentheses is deprecated at /tmp/loop_over_bdir-p6uhrA/Genezzo-0.72-x6IkkF/blib/lib/Genezzo/Dict.pm line 4521.
Use of uninitialized value $htype in uc at /tmp/loop_over_bdir-p6uhrA/Genezzo-0.72-x6IkkF/blib/lib/Genezzo/Tablespace.pm line 313.
Use of uninitialized value $htype in uc at /tmp/loop_over_bdir-p6uhrA/Genezzo-0.72-x6IkkF/blib/lib/Genezzo/Tablespace.pm line 313.
Use of uninitialized value $htype in uc at /tmp/loop_over_bdir-p6uhrA/Genezzo-0.72-x6IkkF/blib/lib/Genezzo/Tablespace.pm line 313.
t/Gnzo2.t ...... ok
Use of qw(...) as parentheses is deprecated at /tmp/loop_over_bdir-p6uhrA/Genezzo-0.72-x6IkkF/blib/lib/Genezzo/Tablespace.pm line 603.
Use of qw(...) as parentheses is deprecated at /tmp/loop_over_bdir-p6uhrA/Genezzo-0.72-x6IkkF/blib/lib/Genezzo/Dict.pm line 4521.
Use of uninitialized value $htype in uc at /tmp/loop_over_bdir-p6uhrA/Genezzo-0.72-x6IkkF/blib/lib/Genezzo/Tablespace.pm line 313.
Use of uninitialized value $htype in uc at /tmp/loop_over_bdir-p6uhrA/Genezzo-0.72-x6IkkF/blib/lib/Genezzo/Tablespace.pm line 313.
Use of uninitialized value $htype in uc at /tmp/loop_over_bdir-p6uhrA/Genezzo-0.72-x6IkkF/blib/lib/Genezzo/Tablespace.pm line 313.
Use of uninitialized value $htype in uc at /tmp/loop_over_bdir-p6uhrA/Genezzo-0.72-x6IkkF/blib/lib/Genezzo/Tablespace.pm line 313.
Use of uninitialized value $htype in uc at /tmp/loop_over_bdir-p6uhrA/Genezzo-0.72-x6IkkF/blib/lib/Genezzo/Tablespace.pm line 313.
t/Gnzo3.t ...... ok
Use of qw(...) as parentheses is deprecated at /tmp/loop_over_bdir-p6uhrA/Genezzo-0.72-x6IkkF/blib/lib/Genezzo/Tablespace.pm line 603.
Use of qw(...) as parentheses is deprecated at /tmp/loop_over_bdir-p6uhrA/Genezzo-0.72-x6IkkF/blib/lib/Genezzo/Dict.pm line 4521.
Use of uninitialized value $htype in uc at /tmp/loop_over_bdir-p6uhrA/Genezzo-0.72-x6IkkF/blib/lib/Genezzo/Tablespace.pm line 313.
Use of uninitialized value $htype in uc at /tmp/loop_over_bdir-p6uhrA/Genezzo-0.72-x6IkkF/blib/lib/Genezzo/Tablespace.pm line 313.
Use of uninitialized value $htype in uc at /tmp/loop_over_bdir-p6uhrA/Genezzo-0.72-x6IkkF/blib/lib/Genezzo/Tablespace.pm line 313.
Use of uninitialized value $htype in uc at /tmp/loop_over_bdir-p6uhrA/Genezzo-0.72-x6IkkF/blib/lib/Genezzo/Tablespace.pm line 313.
Use of uninitialized value $htype in uc at /tmp/loop_over_bdir-p6uhrA/Genezzo-0.72-x6IkkF/blib/lib/Genezzo/Tablespace.pm line 313.
Use of uninitialized value $htype in uc at /tmp/loop_over_bdir-p6uhrA/Genezzo-0.72-x6IkkF/blib/lib/Genezzo/Tablespace.pm line 313.
t/GSysHook1.t .. ok
Use of qw(...) as parentheses is deprecated at /tmp/loop_over_bdir-p6uhrA/Genezzo-0.72-x6IkkF/blib/lib/Genezzo/Tablespace.pm line 603.
Use of qw(...) as parentheses is deprecated at /tmp/loop_over_bdir-p6uhrA/Genezzo-0.72-x6IkkF/blib/lib/Genezzo/Dict.pm line 4521.
Use of uninitialized value $htype in uc at /tmp/loop_over_bdir-p6uhrA/Genezzo-0.72-x6IkkF/blib/lib/Genezzo/Tablespace.pm line 313.
t/GSysHook2.t .. ok
Use of qw(...) as parentheses is deprecated at /tmp/loop_over_bdir-p6uhrA/Genezzo-0.72-x6IkkF/blib/lib/Genezzo/Tablespace.pm line 603.
Use of qw(...) as parentheses is deprecated at /tmp/loop_over_bdir-p6uhrA/Genezzo-0.72-x6IkkF/blib/lib/Genezzo/Dict.pm line 4521.
Use of uninitialized value $htype in uc at /tmp/loop_over_bdir-p6uhrA/Genezzo-0.72-x6IkkF/blib/lib/Genezzo/Tablespace.pm line 313.
Use of uninitialized value $htype in uc at /tmp/loop_over_bdir-p6uhrA/Genezzo-0.72-x6IkkF/blib/lib/Genezzo/Tablespace.pm line 313.
Use of uninitialized value $htype in uc at /tmp/loop_over_bdir-p6uhrA/Genezzo-0.72-x6IkkF/blib/lib/Genezzo/Tablespace.pm line 313.
Use of uninitialized value $htype in uc at /tmp/loop_over_bdir-p6uhrA/Genezzo-0.72-x6IkkF/blib/lib/Genezzo/Tablespace.pm line 313.
Use of uninitialized value $htype in uc at /tmp/loop_over_bdir-p6uhrA/Genezzo-0.72-x6IkkF/blib/lib/Genezzo/Tablespace.pm line 313.
t/Havok1.t ..... ok
Use of qw(...) as parentheses is deprecated at /tmp/loop_over_bdir-p6uhrA/Genezzo-0.72-x6IkkF/blib/lib/Genezzo/Tablespace.pm line 603.
Use of qw(...) as parentheses is deprecated at /tmp/loop_over_bdir-p6uhrA/Genezzo-0.72-x6IkkF/blib/lib/Genezzo/Dict.pm line 4521.
t/Index1.t ..... ok
Use of qw(...) as parentheses is deprecated at /tmp/loop_over_bdir-p6uhrA/Genezzo-0.72-x6IkkF/blib/lib/Genezzo/Tablespace.pm line 603.
Use of qw(...) as parentheses is deprecated at /tmp/loop_over_bdir-p6uhrA/Genezzo-0.72-x6IkkF/blib/lib/Genezzo/Dict.pm line 4521.
Use of uninitialized value $htype in uc at /tmp/loop_over_bdir-p6uhrA/Genezzo-0.72-x6IkkF/blib/lib/Genezzo/Tablespace.pm line 313.
Use of uninitialized value $htype in uc at /tmp/loop_over_bdir-p6uhrA/Genezzo-0.72-x6IkkF/blib/lib/Genezzo/Tablespace.pm line 313.
t/Index2.t ..... ok
Use of qw(...) as parentheses is deprecated at /tmp/loop_over_bdir-p6uhrA/Genezzo-0.72-x6IkkF/blib/lib/Genezzo/Tablespace.pm line 603.
Use of qw(...) as parentheses is deprecated at /tmp/loop_over_bdir-p6uhrA/Genezzo-0.72-x6IkkF/blib/lib/Genezzo/Dict.pm line 4521.
Use of uninitialized value $htype in uc at /tmp/loop_over_bdir-p6uhrA/Genezzo-0.72-x6IkkF/blib/lib/Genezzo/Tablespace.pm line 313.
Use of uninitialized value $htype in uc at /tmp/loop_over_bdir-p6uhrA/Genezzo-0.72-x6IkkF/blib/lib/Genezzo/Tablespace.pm line 313.
t/Index3.t ..... ok
Use of qw(...) as parentheses is deprecated at /tmp/loop_over_bdir-p6uhrA/Genezzo-0.72-x6IkkF/blib/lib/Genezzo/Tablespace.pm line 603.
Use of qw(...) as parentheses is deprecated at /tmp/loop_over_bdir-p6uhrA/Genezzo-0.72-x6IkkF/blib/lib/Genezzo/Dict.pm line 4521.
Use of uninitialized value $htype in uc at /tmp/loop_over_bdir-p6uhrA/Genezzo-0.72-x6IkkF/blib/lib/Genezzo/Tablespace.pm line 313.
Use of uninitialized value $htype in uc at /tmp/loop_over_bdir-p6uhrA/Genezzo-0.72-x6IkkF/blib/lib/Genezzo/Tablespace.pm line 313.
Use of uninitialized value $htype in uc at /tmp/loop_over_bdir-p6uhrA/Genezzo-0.72-x6IkkF/blib/lib/Genezzo/Tablespace.pm line 313.
t/Join1.t ...... ok
Use of qw(...) as parentheses is deprecated at /tmp/loop_over_bdir-p6uhrA/Genezzo-0.72-x6IkkF/blib/lib/Genezzo/Tablespace.pm line 603.
Use of qw(...) as parentheses is deprecated at /tmp/loop_over_bdir-p6uhrA/Genezzo-0.72-x6IkkF/blib/lib/Genezzo/Dict.pm line 4521.
Use of uninitialized value $htype in uc at /tmp/loop_over_bdir-p6uhrA/Genezzo-0.72-x6IkkF/blib/lib/Genezzo/Tablespace.pm line 313.
Use of uninitialized value $htype in uc at /tmp/loop_over_bdir-p6uhrA/Genezzo-0.72-x6IkkF/blib/lib/Genezzo/Tablespace.pm line 313.
Use of uninitialized value $htype in uc at /tmp/loop_over_bdir-p6uhrA/Genezzo-0.72-x6IkkF/blib/lib/Genezzo/Tablespace.pm line 313.
Use of uninitialized value $htype in uc at /tmp/loop_over_bdir-p6uhrA/Genezzo-0.72-x6IkkF/blib/lib/Genezzo/Tablespace.pm line 313.
Use of uninitialized value $htype in uc at /tmp/loop_over_bdir-p6uhrA/Genezzo-0.72-x6IkkF/blib/lib/Genezzo/Tablespace.pm line 313.
Use of uninitialized value $htype in uc at /tmp/loop_over_bdir-p6uhrA/Genezzo-0.72-x6IkkF/blib/lib/Genezzo/Tablespace.pm line 313.
Use of uninitialized value $htype in uc at /tmp/loop_over_bdir-p6uhrA/Genezzo-0.72-x6IkkF/blib/lib/Genezzo/Tablespace.pm line 313.
Use of uninitialized value $htype in uc at /tmp/loop_over_bdir-p6uhrA/Genezzo-0.72-x6IkkF/blib/lib/Genezzo/Tablespace.pm line 313.
Use of uninitialized value $htype in uc at /tmp/loop_over_bdir-p6uhrA/Genezzo-0.72-x6IkkF/blib/lib/Genezzo/Tablespace.pm line 313.
Use of uninitialized value $htype in uc at /tmp/loop_over_bdir-p6uhrA/Genezzo-0.72-x6IkkF/blib/lib/Genezzo/Tablespace.pm line 313.
t/Prefs1.t ..... ok
Use of qw(...) as parentheses is deprecated at /tmp/loop_over_bdir-p6uhrA/Genezzo-0.72-x6IkkF/blib/lib/Genezzo/Tablespace.pm line 603.
Use of qw(...) as parentheses is deprecated at /tmp/loop_over_bdir-p6uhrA/Genezzo-0.72-x6IkkF/blib/lib/Genezzo/Dict.pm line 4521.
Use of uninitialized value $htype in uc at /tmp/loop_over_bdir-p6uhrA/Genezzo-0.72-x6IkkF/blib/lib/Genezzo/Tablespace.pm line 313.
Use of uninitialized value $htype in uc at /tmp/loop_over_bdir-p6uhrA/Genezzo-0.72-x6IkkF/blib/lib/Genezzo/Tablespace.pm line 313.
Use of uninitialized value $htype in uc at /tmp/loop_over_bdir-p6uhrA/Genezzo-0.72-x6IkkF/blib/lib/Genezzo/Tablespace.pm line 313.
t/PTPrep1.t .... ok
Use of qw(...) as parentheses is deprecated at t/PushHash1.t line 39.
Use of qw(...) as parentheses is deprecated at t/PushHash1.t line 182.
Use of qw(...) as parentheses is deprecated at t/PushHash1.t line 240.
Use of qw(...) as parentheses is deprecated at t/PushHash1.t line 308.
Use of qw(...) as parentheses is deprecated at t/PushHash1.t line 456.
Use of qw(...) as parentheses is deprecated at t/PushHash1.t line 509.
t/PushHash1.t .. ok
Use of qw(...) as parentheses is deprecated at t/Row1.t line 36.
Use of qw(...) as parentheses is deprecated at t/Row1.t line 179.
Use of qw(...) as parentheses is deprecated at t/Row1.t line 235.
Use of qw(...) as parentheses is deprecated at t/Row1.t line 302.
Use of qw(...) as parentheses is deprecated at t/Row1.t line 448.
Use of qw(...) as parentheses is deprecated at t/Row1.t line 499.
t/Row1.t ....... ok
Use of qw(...) as parentheses is deprecated at /tmp/loop_over_bdir-p6uhrA/Genezzo-0.72-x6IkkF/blib/lib/Genezzo/Tablespace.pm line 603.
Use of qw(...) as parentheses is deprecated at /tmp/loop_over_bdir-p6uhrA/Genezzo-0.72-x6IkkF/blib/lib/Genezzo/Dict.pm line 4521.
Use of uninitialized value $htype in uc at /tmp/loop_over_bdir-p6uhrA/Genezzo-0.72-x6IkkF/blib/lib/Genezzo/Tablespace.pm line 313.
Use of uninitialized value $htype in uc at /tmp/loop_over_bdir-p6uhrA/Genezzo-0.72-x6IkkF/blib/lib/Genezzo/Tablespace.pm line 313.
Replacement list is longer than search list at (eval 509) line 1, <$fh> line 111.
Replacement list is longer than search list at (eval 511) line 1, <$fh> line 111.
Replacement list is longer than search list at (eval 513) line 1, <$fh> line 111.
Use of uninitialized value $htype in uc at /tmp/loop_over_bdir-p6uhrA/Genezzo-0.72-x6IkkF/blib/lib/Genezzo/Tablespace.pm line 313.
t/SQLTest1.t ...
Failed 1/4 subtests
t/Util1.t ...... ok
Test Summary Report
-------------------
t/SQLTest1.t (Wstat: 0 Tests: 5 Failed: 2)
Failed tests: 4-5
Parse errors: Bad plan. You planned 4 tests but ran 5.
Files=25, Tests=1472, 68 wallclock secs ( 0.36 usr 0.01 sys + 66.38 cusr 1.17 csys = 67.92 CPU)
Result: FAIL
Failed 1/25 test programs. 2/1472 subtests failed.
make: *** [test_dynamic] Error 255
------------------------------
PREREQUISITES
------------------------------
Prerequisite modules loaded:
requires:
Module Need Have
------------------- ---- --------
File::Compare 0.0 1.1006
File::Copy 0.0 2.23
File::Path 0.0 2.08_01
File::Spec 0.0 3.39_02
IO::Handle 0.0 1.33
Parse::RecDescent 1.94 1.967009
Term::ReadLine 0.0 1.09
Text::ParseWords 0.0 3.27
Text::Soundex 0.0 3.03_01
build_requires:
Module Need Have
------------------- ---- --------
ExtUtils::MakeMaker 0 6.63_02
------------------------------
ENVIRONMENT AND OTHER CONTEXT
------------------------------
Environment variables:
AUTOMATED_TESTING = 1
LANG = en_US.UTF-8
LANGUAGE = en_US:en
PATH = /home/sand/bin:/usr/local/bin:/usr/bin:/bin:/usr/bin/X11:/usr/games:/usr/local/perl/bin:/usr/X11/bin:/sbin:/usr/sbin
PERL5LIB =
PERL5OPT =
PERL5_CPANPLUS_IS_RUNNING = 12797
PERL5_CPAN_IS_RUNNING = 12797
PERL_MM_USE_DEFAULT = 1
SHELL = /usr/bin/zsh
TERM = screen
Perl special variables (and OS-specific diagnostics, for MSWin32):
$^X = /home/sand/src/perl/repoperls/installed-perls/perl/v5.15.9-327-g006b509/a2da/bin/perl
$UID/$EUID = 1005 / 1005
$GID = 1005 1005
$EGID = 1005 1005
Perl module toolchain versions installed:
Module Have
------------------- --------
CPAN 1.9800
CPAN::Meta 2.120921
Cwd 3.39_02
ExtUtils::CBuilder 0.280206
ExtUtils::Command 1.17
ExtUtils::Install 1.58
ExtUtils::MakeMaker 6.63_02
ExtUtils::Manifest 1.61
ExtUtils::ParseXS 3.16
File::Spec 3.39_02
JSON 2.53
JSON::PP 2.27200
Module::Build 0.40
Module::Signature 0.68
Parse::CPAN::Meta 1.4404
Test::Harness 3.23
Test::More 0.98
YAML 0.81
YAML::Syck 1.20
version 0.99
--
Summary of my perl5 (revision 5 version 16 subversion 0) configuration:
Commit id: 006b5090a2e96f2db9b192b29cedd087197645c1
Platform:
osname=linux, osvers=3.2.0-2-amd64, archname=x86_64-linux-thread-multi-ld
uname='linux k83 3.2.0-2-amd64 #1 smp mon apr 30 05:20:23 utc 2012 x86_64 gnulinux '
config_args='-Dprefix=/home/src/perl/repoperls/installed-perls/perl/v5.15.9-327-g006b509/a2da -Dmyhostname=k83 -Dinstallusrbinperl=n -Uversiononly -Dusedevel -des -Ui_db -Duseithreads -Duselongdouble -DDEBUGGING=-g'
hint=recommended, useposix=true, d_sigaction=define
useithreads=define, usemultiplicity=define
useperlio=define, d_sfio=undef, uselargefiles=define, usesocks=undef
use64bitint=define, use64bitall=define, uselongdouble=define
usemymalloc=n, bincompat5005=undef
Compiler:
cc='cc', ccflags ='-D_REENTRANT -D_GNU_SOURCE -fno-strict-aliasing -pipe -fstack-protector -I/usr/local/include -D_LARGEFILE_SOURCE -D_FILE_OFFSET_BITS=64',
optimize='-O2 -g',
cppflags='-D_REENTRANT -D_GNU_SOURCE -fno-strict-aliasing -pipe -fstack-protector -I/usr/local/include'
ccversion='', gccversion='4.6.3', gccosandvers=''
intsize=4, longsize=8, ptrsize=8, doublesize=8, byteorder=12345678
d_longlong=define, longlongsize=8, d_longdbl=define, longdblsize=16
ivtype='long', ivsize=8, nvtype='long double', nvsize=16, Off_t='off_t', lseeksize=8
alignbytes=16, prototype=define
Linker and Libraries:
ld='cc', ldflags =' -fstack-protector -L/usr/local/lib'
libpth=/usr/local/lib /lib/x86_64-linux-gnu /lib/../lib /usr/lib/x86_64-linux-gnu /usr/lib/../lib /lib /usr/lib
libs=-lnsl -ldb -ldl -lm -lcrypt -lutil -lpthread -lc
perllibs=-lnsl -ldl -lm -lcrypt -lutil -lpthread -lc
libc=, so=so, useshrplib=false, libperl=libperl.a
gnulibc_version='2.13'
Dynamic Linking:
dlsrc=dl_dlopen.xs, dlext=so, d_dlsymun=undef, ccdlflags='-Wl,-E'
cccdlflags='-fPIC', lddlflags='-shared -O2 -g -L/usr/local/lib -fstack-protector'
Characteristics of this binary (from libperl):
Compile-time options: HAS_TIMES MULTIPLICITY PERLIO_LAYERS
PERL_DONT_CREATE_GVSV PERL_IMPLICIT_CONTEXT
PERL_MALLOC_WRAP PERL_PRESERVE_IVUV PERL_USE_DEVEL
USE_64_BIT_ALL USE_64_BIT_INT USE_ITHREADS
USE_LARGE_FILES USE_LOCALE USE_LOCALE_COLLATE
USE_LOCALE_CTYPE USE_LOCALE_NUMERIC USE_LONG_DOUBLE
USE_PERLIO USE_PERL_ATOF USE_REENTRANT_API
Locally applied patches:
RC0
Built under linux
Compiled at May 11 2012 21:08:28
%ENV:
PERL5LIB=""
PERL5OPT=""
PERL5_CPANPLUS_IS_RUNNING="12797"
PERL5_CPAN_IS_RUNNING="12797"
PERL_MM_USE_DEFAULT="1"
@INC:
/home/src/perl/repoperls/installed-perls/perl/v5.15.9-327-g006b509/a2da/lib/site_perl/5.16.0/x86_64-linux-thread-multi-ld
/home/src/perl/repoperls/installed-perls/perl/v5.15.9-327-g006b509/a2da/lib/site_perl/5.16.0
/home/src/perl/repoperls/installed-perls/perl/v5.15.9-327-g006b509/a2da/lib/5.16.0/x86_64-linux-thread-multi-ld
/home/src/perl/repoperls/installed-perls/perl/v5.15.9-327-g006b509/a2da/lib/5.16.0
.