Report for Padre-0.98

Back
From: metabase:user:fcf99560-6bf4-1014-86b3-1cf189224fdf
Subject: FAIL Padre-0.98 v5.17.10 
Date: 2013-05-13T17:08:45Z

This distribution has been tested as part of the CPAN Testers
project, supporting the Perl programming language.  See
http://wiki.cpantesters.org/ for more information or email
questions to cpan-testers-discuss@perl.org


--
Dear Peter Lavender,

This is a computer-generated report for Padre-0.98
on perl 5.17.10, created by CPAN-Reporter-1.2010.

Thank you for uploading your work to CPAN.  However, there was a problem
testing your distribution.

If you think this report is invalid, please consult the CPAN Testers Wiki
for suggestions on how to avoid getting FAIL reports for missing library
or binary dependencies, unsupported operating systems, and so on:

http://wiki.cpantesters.org/wiki/CPANAuthorNotes

Sections of this report:

    * Tester comments
    * Program output
    * Prerequisites
    * Environment and other context

------------------------------
TESTER COMMENTS
------------------------------

Additional comments from tester:

this report is from an automated smoke testing program
and was not reviewed by a human for accuracy

------------------------------
PROGRAM OUTPUT
------------------------------

Output from 'C:\sp51710\c\bin\dmake.exe test':

blib\lib\auto\share\dist\Padre\locale -> blib\lib\auto\share\dist\Padre\locale
blib\lib\auto\share\dist\Padre\locale\pl.po -> blib\lib\auto\share\dist\Padre\locale\pl.mo
blib\lib\auto\share\dist\Padre\locale\fa.po -> blib\lib\auto\share\dist\Padre\locale\fa.mo
blib\lib\auto\share\dist\Padre\locale\nl-nl.po -> blib\lib\auto\share\dist\Padre\locale\nl-nl.mo
blib\lib\auto\share\dist\Padre\locale\zh-cn.po -> blib\lib\auto\share\dist\Padre\locale\zh-cn.mo
blib\lib\auto\share\dist\Padre\locale\cz.po -> blib\lib\auto\share\dist\Padre\locale\cz.mo
blib\lib\auto\share\dist\Padre\locale\zh-tw.po -> blib\lib\auto\share\dist\Padre\locale\zh-tw.mo
blib\lib\auto\share\dist\Padre\locale\ja.po -> blib\lib\auto\share\dist\Padre\locale\ja.mo
blib\lib\auto\share\dist\Padre\locale\he.po -> blib\lib\auto\share\dist\Padre\locale\he.mo
blib\lib\auto\share\dist\Padre\locale\ar.po -> blib\lib\auto\share\dist\Padre\locale\ar.mo
blib\lib\auto\share\dist\Padre\locale\es-es.po -> blib\lib\auto\share\dist\Padre\locale\es-es.mo
blib\lib\auto\share\dist\Padre\locale\it-it.po -> blib\lib\auto\share\dist\Padre\locale\it-it.mo
blib\lib\auto\share\dist\Padre\locale\hu.po -> blib\lib\auto\share\dist\Padre\locale\hu.mo
blib\lib\auto\share\dist\Padre\locale\ko.po -> blib\lib\auto\share\dist\Padre\locale\ko.mo
blib\lib\auto\share\dist\Padre\locale\de.po -> blib\lib\auto\share\dist\Padre\locale\de.mo
blib\lib\auto\share\dist\Padre\locale\ru.po -> blib\lib\auto\share\dist\Padre\locale\ru.mo
blib\lib\auto\share\dist\Padre\locale\no.po -> blib\lib\auto\share\dist\Padre\locale\no.mo
blib\lib\auto\share\dist\Padre\locale\tr.po -> blib\lib\auto\share\dist\Padre\locale\tr.mo
blib\lib\auto\share\dist\Padre\locale\pt-br.po -> blib\lib\auto\share\dist\Padre\locale\pt-br.mo
blib\lib\auto\share\dist\Padre\locale\fr.po -> blib\lib\auto\share\dist\Padre\locale\fr.mo
-blib\lib\auto\share\dist\Padre\locale\messages.pot
C:\sp51710\perl\bin\perl.exe "-MExtUtils::Command::MM" "-e" "test_harness(0, 'inc', 'blib\lib', 'blib\arch')" t/*.t t/perl/*.t t/python/*.t t/ruby/*.t t/java/*.t t/csharp/*.t xt/*.t
# Tests find Wx: 0.9922 wxWidgets 2.8.12
t/01_compile.t ............. ok
t/02_new.t ................. ok
t/03_db.t .................. ok
t/04_config.t .............. ok
t/05_project.t ............. ok
t/06_utils.t ............... ok
t/07_version.t ............. ok
t/08_style.t ............... ok
t/09_search.t .............. ok
t/10_delta.t ............... ok
t/11_svn.t ................. skipped: Not in an SVN checkout

#   Failed test '->detect(zerolengthsvn)'
#   at t/12_mime.t line 75.
#          got: 'text/plain'
#     expected: 'application/x-perl'
# Looks like you failed 1 test of 758.
t/12_mime.t ................ 
Dubious, test returned 1 (wstat 256, 0x100)
Failed 1/758 subtests 
	(less 3 skipped subtests: 754 okay)
t/13_findinfiles.t ......... ok
t/14_warnings.t ............ ok
t/15_locale.t .............. ok
t/16_locale_format.t ....... ok
t/17_messages.t ............ ok
t/18_newline.t ............. ok
t/19_search.t .............. ok
t/20_comment.t ............. ok
t/21_sloc.t ................ ok
t/31_task_queue.t .......... ok
t/32_task_worker.t ......... ok
t/33_task_chain.t .......... ok
t/34_task_master.t ......... ok
t/35_task_handle.t ......... ok
t/36_task_eval.t ........... ok
t/37_task_signal.t ......... ok
t/38_task_manager.t ........ ok
t/39_task_nothreads.t ...... ok
t/40_display.t ............. ok
t/41_editor.t .............. ok
t/42_document.t ............ ok
t/43_frame_html.t .......... ok
t/50_browser.t ............. ok
t/61_directory_path.t ...... ok
t/74_history_combobox.t .... ok
t/75_autocomplete.t ........ ok
t/76_preferences.t ......... ok
t/82_plugin_manager.t ...... ok
t/83_autosave.t ............ ok
t/85_commandline.t ......... ok
t/90_autocomplete.t ........ ok
t/91_vi.t .................. ok
t/92_padre_file.t .......... ok
t/93_padre_filename_win.t .. ok
t/94_padre_file_remote.t ... ok
t/95_edit_patch.t .......... ok
t/96_help_about.t .......... ok
t/97_debug_debugger.t ...... ok
t/98_debug_breakpoints.t ... ok
t/99_debug_debugoutput.t ... ok
t/csharp/functionlist.t .... ok
t/java/functionlist.t ...... ok
t/perl/functionlist.t ...... ok
t/perl/general.t ........... ok
t/perl/project.t ........... ok
t/perl/project_temp.t ...... ok
t/perl/starter.t ........... ok
Useless use of '\'; doesn't escape metacharacter '{' at (eval 1935) line 6.
Useless use of '\'; doesn't escape metacharacter '{' at (eval 1935) line 9.
Useless use of '\'; doesn't escape metacharacter '{' at (eval 1935) line 45.
Useless use of '\'; doesn't escape metacharacter '{' at (eval 1935) line 54.
Useless use of '\'; doesn't escape metacharacter '{' at (eval 1935) line 57.
Useless use of '\'; doesn't escape metacharacter '{' at (eval 1935) line 85.
Useless use of '\'; doesn't escape metacharacter '{' at (eval 1935) line 136.
Useless use of '\'; doesn't escape metacharacter '{' at (eval 1935) line 177.
Useless use of '\'; doesn't escape metacharacter '{' at (eval 1935) line 177.
Useless use of '\'; doesn't escape metacharacter '{' at (eval 1935) line 181.
Useless use of '\'; doesn't escape metacharacter '{' at (eval 1935) line 181.
Useless use of '\'; doesn't escape metacharacter '{' at (eval 1935) line 193.
Useless use of '\'; doesn't escape metacharacter '{' at (eval 1935) line 314.
Useless use of '\'; doesn't escape metacharacter '{' at (eval 1935) line 401.
Useless use of '\'; doesn't escape metacharacter '{' at (eval 1935) line 866.
Useless use of '\'; doesn't escape metacharacter '{' at (eval 1935) line 969.
Useless use of '\'; doesn't escape metacharacter '{' at (eval 1935) line 1332.
Useless use of '\'; doesn't escape metacharacter '{' at (eval 1935) line 1682.
Useless use of '\'; doesn't escape metacharacter '{' at (eval 1935) line 1689.
Useless use of '\'; doesn't escape metacharacter '{' at (eval 1940) line 6.
Useless use of '\'; doesn't escape metacharacter '{' at (eval 1940) line 9.
Useless use of '\'; doesn't escape metacharacter '{' at (eval 1940) line 45.
Useless use of '\'; doesn't escape metacharacter '{' at (eval 1940) line 54.
Useless use of '\'; doesn't escape metacharacter '{' at (eval 1940) line 57.
Useless use of '\'; doesn't escape metacharacter '{' at (eval 1940) line 88.
Useless use of '\'; doesn't escape metacharacter '{' at (eval 1940) line 133.
Useless use of '\'; doesn't escape metacharacter '{' at (eval 1940) line 176.
Useless use of '\'; doesn't escape metacharacter '{' at (eval 1940) line 176.
Useless use of '\'; doesn't escape metacharacter '{' at (eval 1940) line 184.
Useless use of '\'; doesn't escape metacharacter '{' at (eval 1940) line 184.
Useless use of '\'; doesn't escape metacharacter '{' at (eval 1940) line 193.
Useless use of '\'; doesn't escape metacharacter '{' at (eval 1940) line 326.
Useless use of '\'; doesn't escape metacharacter '{' at (eval 1940) line 407.
Useless use of '\'; doesn't escape metacharacter '{' at (eval 1940) line 883.
Useless use of '\'; doesn't escape metacharacter '{' at (eval 1940) line 974.
Useless use of '\'; doesn't escape metacharacter '{' at (eval 1940) line 1316.
Useless use of '\'; doesn't escape metacharacter '{' at (eval 1940) line 1669.
Useless use of '\'; doesn't escape metacharacter '{' at (eval 1940) line 1696.
Useless use of '\'; doesn't escape metacharacter '{' at (eval 1945) line 6.
Useless use of '\'; doesn't escape metacharacter '{' at (eval 1945) line 9.
Useless use of '\'; doesn't escape metacharacter '{' at (eval 1945) line 45.
Useless use of '\'; doesn't escape metacharacter '{' at (eval 1945) line 54.
Useless use of '\'; doesn't escape metacharacter '{' at (eval 1945) line 57.
Useless use of '\'; doesn't escape metacharacter '{' at (eval 1945) line 85.
Useless use of '\'; doesn't escape metacharacter '{' at (eval 1945) line 136.
Useless use of '\'; doesn't escape metacharacter '{' at (eval 1945) line 177.
Useless use of '\'; doesn't escape metacharacter '{' at (eval 1945) line 177.
Useless use of '\'; doesn't escape metacharacter '{' at (eval 1945) line 181.
Useless use of '\'; doesn't escape metacharacter '{' at (eval 1945) line 181.
Useless use of '\'; doesn't escape metacharacter '{' at (eval 1945) line 193.
Useless use of '\'; doesn't escape metacharacter '{' at (eval 1945) line 314.
Useless use of '\'; doesn't escape metacharacter '{' at (eval 1945) line 401.
Useless use of '\'; doesn't escape metacharacter '{' at (eval 1945) line 866.
Useless use of '\'; doesn't escape metacharacter '{' at (eval 1945) line 969.
Useless use of '\'; doesn't escape metacharacter '{' at (eval 1945) line 1332.
Useless use of '\'; doesn't escape metacharacter '{' at (eval 1945) line 1683.
Useless use of '\'; doesn't escape metacharacter '{' at (eval 1945) line 1689.
Useless use of '\'; doesn't escape metacharacter '{' at (eval 1950) line 6.
Useless use of '\'; doesn't escape metacharacter '{' at (eval 1950) line 9.
Useless use of '\'; doesn't escape metacharacter '{' at (eval 1950) line 45.
Useless use of '\'; doesn't escape metacharacter '{' at (eval 1950) line 54.
Useless use of '\'; doesn't escape metacharacter '{' at (eval 1950) line 57.
Useless use of '\'; doesn't escape metacharacter '{' at (eval 1950) line 88.
Useless use of '\'; doesn't escape metacharacter '{' at (eval 1950) line 133.
Useless use of '\'; doesn't escape metacharacter '{' at (eval 1950) line 176.
Useless use of '\'; doesn't escape metacharacter '{' at (eval 1950) line 176.
Useless use of '\'; doesn't escape metacharacter '{' at (eval 1950) line 184.
Useless use of '\'; doesn't escape metacharacter '{' at (eval 1950) line 196.
Useless use of '\'; doesn't escape metacharacter '{' at (eval 1950) line 196.
Useless use of '\'; doesn't escape metacharacter '{' at (eval 1950) line 312.
Useless use of '\'; doesn't escape metacharacter '{' at (eval 1950) line 392.
Useless use of '\'; doesn't escape metacharacter '{' at (eval 1950) line 865.
Useless use of '\'; doesn't escape metacharacter '{' at (eval 1950) line 956.
Useless use of '\'; doesn't escape metacharacter '{' at (eval 1950) line 1340.
Useless use of '\'; doesn't escape metacharacter '{' at (eval 1950) line 1695.
Useless use of '\'; doesn't escape metacharacter '{' at (eval 1950) line 1700.
Useless use of '\'; doesn't escape metacharacter '{' at (eval 1955) line 6.
Useless use of '\'; doesn't escape metacharacter '{' at (eval 1955) line 9.
Useless use of '\'; doesn't escape metacharacter '{' at (eval 1955) line 45.
Useless use of '\'; doesn't escape metacharacter '{' at (eval 1955) line 54.
Useless use of '\'; doesn't escape metacharacter '{' at (eval 1955) line 57.
Useless use of '\'; doesn't escape metacharacter '{' at (eval 1955) line 88.
Useless use of '\'; doesn't escape metacharacter '{' at (eval 1955) line 133.
Useless use of '\'; doesn't escape metacharacter '{' at (eval 1955) line 176.
Useless use of '\'; doesn't escape metacharacter '{' at (eval 1955) line 176.
Useless use of '\'; doesn't escape metacharacter '{' at (eval 1955) line 184.
Useless use of '\'; doesn't escape metacharacter '{' at (eval 1955) line 184.
Useless use of '\'; doesn't escape metacharacter '{' at (eval 1955) line 193.
Useless use of '\'; doesn't escape metacharacter '{' at (eval 1955) line 326.
Useless use of '\'; doesn't escape metacharacter '{' at (eval 1955) line 407.
Useless use of '\'; doesn't escape metacharacter '{' at (eval 1955) line 883.
Useless use of '\'; doesn't escape metacharacter '{' at (eval 1955) line 974.
Useless use of '\'; doesn't escape metacharacter '{' at (eval 1955) line 1316.
Useless use of '\'; doesn't escape metacharacter '{' at (eval 1955) line 1669.
Useless use of '\'; doesn't escape metacharacter '{' at (eval 1955) line 1696.
Useless use of '\'; doesn't escape metacharacter '{' at (eval 1960) line 6.
Useless use of '\'; doesn't escape metacharacter '{' at (eval 1960) line 9.
Useless use of '\'; doesn't escape metacharacter '{' at (eval 1960) line 45.
Useless use of '\'; doesn't escape metacharacter '{' at (eval 1960) line 54.
Useless use of '\'; doesn't escape metacharacter '{' at (eval 1960) line 57.
Useless use of '\'; doesn't escape metacharacter '{' at (eval 1960) line 85.
Useless use of '\'; doesn't escape metacharacter '{' at (eval 1960) line 130.
Useless use of '\'; doesn't escape metacharacter '{' at (eval 1960) line 177.
Useless use of '\'; doesn't escape metacharacter '{' at (eval 1960) line 177.
Useless use of '\'; doesn't escape metacharacter '{' at (eval 1960) line 178.
Useless use of '\'; doesn't escape metacharacter '{' at (eval 1960) line 187.
Useless use of '\'; doesn't escape metacharacter '{' at (eval 1960) line 187.
Useless use of '\'; doesn't escape metacharacter '{' at (eval 1960) line 318.
Useless use of '\'; doesn't escape metacharacter '{' at (eval 1960) line 398.
Useless use of '\'; doesn't escape metacharacter '{' at (eval 1960) line 856.
Useless use of '\'; doesn't escape metacharacter '{' at (eval 1960) line 933.
Useless use of '\'; doesn't escape metacharacter '{' at (eval 1960) line 1346.
Useless use of '\'; doesn't escape metacharacter '{' at (eval 1960) line 1678.
Useless use of '\'; doesn't escape metacharacter '{' at (eval 1960) line 1705.
Useless use of '\'; doesn't escape metacharacter '{' at (eval 1965) line 6.
Useless use of '\'; doesn't escape metacharacter '{' at (eval 1965) line 9.
Useless use of '\'; doesn't escape metacharacter '{' at (eval 1965) line 45.
Useless use of '\'; doesn't escape metacharacter '{' at (eval 1965) line 54.
Useless use of '\'; doesn't escape metacharacter '{' at (eval 1965) line 57.
Useless use of '\'; doesn't escape metacharacter '{' at (eval 1965) line 85.
Useless use of '\'; doesn't escape metacharacter '{' at (eval 1965) line 136.
Useless use of '\'; doesn't escape metacharacter '{' at (eval 1965) line 177.
Useless use of '\'; doesn't escape metacharacter '{' at (eval 1965) line 177.
Useless use of '\'; doesn't escape metacharacter '{' at (eval 1965) line 181.
Useless use of '\'; doesn't escape metacharacter '{' at (eval 1965) line 181.
Useless use of '\'; doesn't escape metacharacter '{' at (eval 1965) line 193.
Useless use of '\'; doesn't escape metacharacter '{' at (eval 1965) line 314.
Useless use of '\'; doesn't escape metacharacter '{' at (eval 1965) line 401.
Useless use of '\'; doesn't escape metacharacter '{' at (eval 1965) line 865.
Useless use of '\'; doesn't escape metacharacter '{' at (eval 1965) line 968.
Useless use of '\'; doesn't escape metacharacter '{' at (eval 1965) line 1329.
Useless use of '\'; doesn't escape metacharacter '{' at (eval 1965) line 1683.
Useless use of '\'; doesn't escape metacharacter '{' at (eval 1965) line 1698.
Useless use of '\'; doesn't escape metacharacter '{' at (eval 1970) line 6.
Useless use of '\'; doesn't escape metacharacter '{' at (eval 1970) line 9.
Useless use of '\'; doesn't escape metacharacter '{' at (eval 1970) line 45.
Useless use of '\'; doesn't escape metacharacter '{' at (eval 1970) line 54.
Useless use of '\'; doesn't escape metacharacter '{' at (eval 1970) line 57.
Useless use of '\'; doesn't escape metacharacter '{' at (eval 1970) line 88.
Useless use of '\'; doesn't escape metacharacter '{' at (eval 1970) line 130.
Useless use of '\'; doesn't escape metacharacter '{' at (eval 1970) line 176.
Useless use of '\'; doesn't escape metacharacter '{' at (eval 1970) line 176.
Useless use of '\'; doesn't escape metacharacter '{' at (eval 1970) line 181.
Useless use of '\'; doesn't escape metacharacter '{' at (eval 1970) line 193.
Useless use of '\'; doesn't escape metacharacter '{' at (eval 1970) line 193.
Useless use of '\'; doesn't escape metacharacter '{' at (eval 1970) line 321.
Useless use of '\'; doesn't escape metacharacter '{' at (eval 1970) line 398.
Useless use of '\'; doesn't escape metacharacter '{' at (eval 1970) line 869.
Useless use of '\'; doesn't escape metacharacter '{' at (eval 1970) line 947.
Useless use of '\'; doesn't escape metacharacter '{' at (eval 1970) line 1335.
Useless use of '\'; doesn't escape metacharacter '{' at (eval 1970) line 1690.
Useless use of '\'; doesn't escape metacharacter '{' at (eval 1970) line 1696.
Useless use of '\'; doesn't escape metacharacter '{' at (eval 1975) line 6.
Useless use of '\'; doesn't escape metacharacter '{' at (eval 1975) line 9.
Useless use of '\'; doesn't escape metacharacter '{' at (eval 1975) line 45.
Useless use of '\'; doesn't escape metacharacter '{' at (eval 1975) line 54.
Useless use of '\'; doesn't escape metacharacter '{' at (eval 1975) line 57.
Useless use of '\'; doesn't escape metacharacter '{' at (eval 1975) line 85.
Useless use of '\'; doesn't escape metacharacter '{' at (eval 1975) line 133.
Useless use of '\'; doesn't escape metacharacter '{' at (eval 1975) line 177.
Useless use of '\'; doesn't escape metacharacter '{' at (eval 1975) line 177.
Useless use of '\'; doesn't escape metacharacter '{' at (eval 1975) line 181.
Useless use of '\'; doesn't escape metacharacter '{' at (eval 1975) line 190.
Useless use of '\'; doesn't escape metacharacter '{' at (eval 1975) line 190.
Useless use of '\'; doesn't escape metacharacter '{' at (eval 1975) line 309.
Useless use of '\'; doesn't escape metacharacter '{' at (eval 1975) line 392.
Useless use of '\'; doesn't escape metacharacter '{' at (eval 1975) line 853.
Useless use of '\'; doesn't escape metacharacter '{' at (eval 1975) line 943.
Useless use of '\'; doesn't escape metacharacter '{' at (eval 1975) line 1354.
Useless use of '\'; doesn't escape metacharacter '{' at (eval 1975) line 1674.
Useless use of '\'; doesn't escape metacharacter '{' at (eval 1975) line 1709.
t/perl/syntax.t ............ ok
t/python/functionlist.t .... ok
t/ruby/functionlist.t ...... ok
Use of uninitialized value $devpl in concatenation (.) or string at xt/actions.t line 53.
Use of uninitialized value $devpl in concatenation (.) or string at xt/actions.t line 53.
Use of uninitialized value $devpl in concatenation (.) or string at xt/actions.t line 53.
Use of uninitialized value $devpl in concatenation (.) or string at xt/actions.t line 53.
Use of uninitialized value $devpl in concatenation (.) or string at xt/actions.t line 53.
Use of uninitialized value $devpl in concatenation (.) or string at xt/actions.t line 53.
'--help' is not recognized as an internal or external command,
operable program or batch file.
# Tests were run but no plan was declared and done_testing() was not seen.
xt/actions.t ............... skipped: Need some Perl for this test
Use of uninitialized value $devpl in concatenation (.) or string at xt/actiontest.t line 96.

#   Failed test 'Check output'
#   at xt/actiontest.t line 109.
#                   'Unrecognized switch: --invisible  (-h will show valid options).
# '
#     doesn't match '(?^:^\s*$)'

#   Failed test 'Check output'
#   at xt/actiontest.t line 109.
#                   'Unrecognized switch: --invisible  (-h will show valid options).
# '
#     doesn't match '(?^:^\s*$)'

#   Failed test 'Check output'
#   at xt/actiontest.t line 109.
#                   'Unrecognized switch: --invisible  (-h will show valid options).
# '
#     doesn't match '(?^:^\s*$)'

#   Failed test 'Check output'
#   at xt/actiontest.t line 109.
#                   'Unrecognized switch: --invisible  (-h will show valid options).
# '
#     doesn't match '(?^:^\s*$)'

#   Failed test 'Check output'
#   at xt/actiontest.t line 109.
#                   'Unrecognized switch: --invisible  (-h will show valid options).
# '
#     doesn't match '(?^:^\s*$)'

#   Failed test 'Check output'
#   at xt/actiontest.t line 109.
#                   'Unrecognized switch: --invisible  (-h will show valid options).
# '
#     doesn't match '(?^:^\s*$)'

#   Failed test 'Check output'
#   at xt/actiontest.t line 109.
#                   'Unrecognized switch: --invisible  (-h will show valid options).
# '
#     doesn't match '(?^:^\s*$)'

#   Failed test 'Check output'
#   at xt/actiontest.t line 109.
#                   'Unrecognized switch: --invisible  (-h will show valid options).
# '
#     doesn't match '(?^:^\s*$)'

#   Failed test 'Check output'
#   at xt/actiontest.t line 109.
#                   'Unrecognized switch: --invisible  (-h will show valid options).
# '
#     doesn't match '(?^:^\s*$)'

#   Failed test 'Check output'
#   at xt/actiontest.t line 109.
#                   'Unrecognized switch: --invisible  (-h will show valid options).
# '
#     doesn't match '(?^:^\s*$)'

#   Failed test 'Check output'
#   at xt/actiontest.t line 109.
#                   'Unrecognized switch: --invisible  (-h will show valid options).
# '
#     doesn't match '(?^:^\s*$)'

#   Failed test 'Check output'
#   at xt/actiontest.t line 109.
#                   'Unrecognized switch: --invisible  (-h will show valid options).
# '
#     doesn't match '(?^:^\s*$)'

#   Failed test 'Check output'
#   at xt/actiontest.t line 109.
#                   'Unrecognized switch: --invisible  (-h will show valid options).
# '
#     doesn't match '(?^:^\s*$)'

#   Failed test 'Check output'
#   at xt/actiontest.t line 109.
#                   'Unrecognized switch: --invisible  (-h will show valid options).
# '
#     doesn't match '(?^:^\s*$)'

#   Failed test 'Check output'
#   at xt/actiontest.t line 109.
#                   'Unrecognized switch: --invisible  (-h will show valid options).
# '
#     doesn't match '(?^:^\s*$)'

#   Failed test 'Check output'
#   at xt/actiontest.t line 109.
#                   'Unrecognized switch: --invisible  (-h will show valid options).
# '
#     doesn't match '(?^:^\s*$)'

#   Failed test 'Check output'
#   at xt/actiontest.t line 109.
#                   'Unrecognized switch: --invisible  (-h will show valid options).
# '
#     doesn't match '(?^:^\s*$)'

#   Failed test 'Check output'
#   at xt/actiontest.t line 109.
#                   'Unrecognized switch: --invisible  (-h will show valid options).
# '
#     doesn't match '(?^:^\s*$)'

#   Failed test 'Check output'
#   at xt/actiontest.t line 109.
#                   'Unrecognized switch: --invisible  (-h will show valid options).
# '
#     doesn't match '(?^:^\s*$)'

#   Failed test 'Check output'
#   at xt/actiontest.t line 109.
#                   'Unrecognized switch: --invisible  (-h will show valid options).
# '
#     doesn't match '(?^:^\s*$)'

#   Failed test 'Check output'
#   at xt/actiontest.t line 109.
#                   'Unrecognized switch: --invisible  (-h will show valid options).
# '
#     doesn't match '(?^:^\s*$)'

#   Failed test 'Check output'
#   at xt/actiontest.t line 109.
#                   'Unrecognized switch: --invisible  (-h will show valid options).
# '
#     doesn't match '(?^:^\s*$)'

#   Failed test 'Check output'
#   at xt/actiontest.t line 109.
#                   'Unrecognized switch: --invisible  (-h will show valid options).
# '
#     doesn't match '(?^:^\s*$)'

#   Failed test 'Check output'
#   at xt/actiontest.t line 109.
#                   'Unrecognized switch: --invisible  (-h will show valid options).
# '
#     doesn't match '(?^:^\s*$)'

#   Failed test 'Check output'
#   at xt/actiontest.t line 109.
#                   'Unrecognized switch: --invisible  (-h will show valid options).
# '
#     doesn't match '(?^:^\s*$)'

#   Failed test 'Check output'
#   at xt/actiontest.t line 109.
#                   'Unrecognized switch: --invisible  (-h will show valid options).
# '
#     doesn't match '(?^:^\s*$)'

#   Failed test 'Check output'
#   at xt/actiontest.t line 109.
#                   'Unrecognized switch: --invisible  (-h will show valid options).
# '
#     doesn't match '(?^:^\s*$)'

#   Failed test 'Check output'
#   at xt/actiontest.t line 109.
#                   'Unrecognized switch: --invisible  (-h will show valid options).
# '
#     doesn't match '(?^:^\s*$)'

#   Failed test 'Check output'
#   at xt/actiontest.t line 109.
#                   'Unrecognized switch: --invisible  (-h will show valid options).
# '
#     doesn't match '(?^:^\s*$)'

#   Failed test 'Check output'
#   at xt/actiontest.t line 109.
#                   'Unrecognized switch: --invisible  (-h will show valid options).
# '
#     doesn't match '(?^:^\s*$)'

#   Failed test 'Check output'
#   at xt/actiontest.t line 109.
#                   'Unrecognized switch: --invisible  (-h will show valid options).
# '
#     doesn't match '(?^:^\s*$)'

#   Failed test 'Check output'
#   at xt/actiontest.t line 109.
#                   'Unrecognized switch: --invisible  (-h will show valid options).
# '
#     doesn't match '(?^:^\s*$)'
# Looks like you failed 32 tests of 97.
xt/actiontest.t ............ 
Dubious, test returned 32 (wstat 8192, 0x2000)
Failed 32/97 subtests 
xt/badcode.t ............... ok
xt/blockers.t .............. ok
xt/compile.t ............... ok
xt/copyright.t ............. ok
xt/crashtest.t ............. skipped: Crashing currently blocks the entire test suite on Win32
xt/critic-core.t ........... skipped: Author tests not required for installation
xt/critic-util.t ........... skipped: Author tests not required for installation
xt/eol.t ................... ok
xt/meta.t .................. skipped: Test::CPAN::Meta 0.12 not available for testing

#   Failed test 'broken.bin without filename'
#   at xt/mimetype.t line 116.
#          got: 'application/x-perl'
#     expected: ''
# Looks like you failed 1 test of 618.
xt/mimetype.t .............. 
Dubious, test returned 1 (wstat 256, 0x100)
Failed 1/618 subtests 
xt/perl-beginner.t ......... ok
xt/pmv.t ................... skipped: Perl::MinimumVersion 1.32 not available for testing
xt/pod.t ................... skipped: Test::Pod 1.26 not available for testing
xt/pragmas.t ............... ok
xt/test-plugin.t ........... skipped: Required mechanism that violated encapsulation

Test Summary Report
-------------------
t/12_mime.t              (Wstat: 256 Tests: 758 Failed: 1)
  Failed test:  757
  Non-zero exit status: 1
xt/actions.t             (Wstat: 0 Tests: 1 Failed: 0)
  Parse errors: Bad plan.  You planned 0 tests but ran 1.
xt/actiontest.t          (Wstat: 8192 Tests: 97 Failed: 32)
  Failed tests:  4, 7, 10, 13, 16, 19, 22, 25, 28, 31, 34
                37, 40, 43, 46, 49, 52, 55, 58, 61, 64
                67, 70, 73, 76, 79, 82, 85, 88, 91, 94
                97
  Non-zero exit status: 32
xt/badcode.t             (Wstat: 0 Tests: 3628 Failed: 0)
  TODO passed:   1219, 1319, 1809
xt/mimetype.t            (Wstat: 256 Tests: 618 Failed: 1)
  Failed test:  617
  Non-zero exit status: 1
Files=79, Tests=9182, 618 wallclock secs ( 1.67 usr +  0.22 sys =  1.89 CPU)
Result: FAIL
Failed 4/79 test programs. 34/9182 subtests failed.
dmake.exe:  Error code 255, while making 'test_dynamic'

------------------------------
PREREQUISITES
------------------------------

Prerequisite modules loaded:

requires:

    Module                   Need     Have      
    ------------------------ -------- ----------
    Algorithm::Diff          1.19     1.1902    
    App::cpanminus           0.9923   1.6103    
    B::Deparse               0        1.19      
    Capture::Tiny            0.06     0.22      
    CGI                      3.47     3.63      
    Class::Adapter           1.05     1.08      
    Class::Inspector         1.22     1.28      
    Class::XSAccessor        1.13     1.16      
    Cwd                      3.2701   3.40      
    Data::Dumper             2.101    2.145     
    DBD::SQLite              1.35     1.37      
    DBI                      1.58     1.625     
    Debug::Client            0.24     0.25      
    Devel::Dumpvar           0.04     1.06      
    Devel::Refactor          0.05     0.05      
    Encode                   2.26     2.51      
    ExtUtils::MakeMaker      6.56     6.65_01   
    ExtUtils::Manifest       1.56     1.63      
    File::Basename           0        2.84      
    File::Copy::Recursive    0.37     0.38      
    File::Find::Rule         0.30     0.33      
    File::Glob               0        1.19      
    File::Glob::Windows      v0.1.3   0.1.5     
    File::HomeDir            0.98     1.00      
    File::Path               2.08     2.09      
    File::pushd              1.00     1.005     
    File::Remove             1.49     1.52      
    File::ShareDir           1.00     1.03      
    File::Spec               3.2701   3.40      
    File::Spec::Functions    3.2701   3.40      
    File::Temp               0.20     0.2301    
    File::Which              1.08     1.09      
    FindBin                  0        1.51      
    Getopt::Long             0        2.39      
    HTML::Entities           3.57     3.69      
    HTML::Parser             3.58     3.70      
    IO::Scalar               2.110    2.110     
    IO::Socket               1.30     1.35      
    IO::String               1.08     1.08      
    IPC::Open2               0        1.04      
    IPC::Open3               0        1.13      
    IPC::Run                 0.83     0.92      
    JSON::XS                 2.29     2.33      
    List::MoreUtils          0.22     0.33      
    List::Util               1.18     1.27      
    LWP                      5.815    6.05      
    LWP::UserAgent           5.815    6.05      
    Module::Build            0.3603   0.4004    
    Module::CoreList         2.22     2.85      
    Module::Manifest         0.07     1.08      
    Module::Starter          1.60     1.60      
    ORLite                   1.98     1.98      
    ORLite::Migrate          1.10     1.10      
    Params::Util             0.33     1.07      
    Parse::ErrorString::Perl 0.14     0.15      
    Parse::ExuberantCTags    1.00     1.02      
    perl                     5.008005 5.017010  
    POD2::Base               0.043    0.043     
    Pod::Abstract            0.16     0.20      
    Pod::Functions           0        1.06      
    Pod::Perldoc             3.15     3.19      
    Pod::POM                 0.17     0.27      
    Pod::Simple              3.07     3.26      
    Pod::Simple::XHTML       3.04     3.26      
    POSIX                    0        1.32      
    PPI                      1.215    1.215     
    PPIx::EditorTools        0.18     0.18      
    PPIx::Regexp             0.011    0.034     
    Probe::Perl              0.01     0.01      
    Sort::Versions           1.5      1.5       
    Storable                 2.16     2.40      
    Template::Tiny           0.11     1.12      
    Term::ReadLine           0        1.12      
    Text::Balanced           2.01     2.02      
    Text::Diff               1.41     1.41      
    Text::FindIndent         0.10     0.10      
    Text::Patch              1.8      1.8       
    threads                  1.71     1.86      
    threads::shared          1.33     1.43      
    Time::HiRes              1.9718   1.9725    
    URI                      0        1.60      
    version                  0.80     0.9902    
    Win32                    0.31     0.47      
    Win32::Shortcut          0.07     0.07      
    Win32::TieRegistry       0.26     0.26      
    Wx                       0.9916   0.9922    
    Wx::Perl::ProcessStream  0.32     0.32      
    Wx::Scintilla            0.39     0.39      
    YAML::Tiny               1.32     1.51      

build_requires:

    Module                   Need     Have      
    ------------------------ -------- ----------
    Alien::wxWidgets         0.62     0.64      
    ExtUtils::Embed          1.250601 1.30      
    ExtUtils::MakeMaker      6.59     6.65_01   
    Locale::Msgfmt           0.15     0.15      
    Test::Exception          0.27     0.31      
    Test::MockObject         1.09     1.20120301
    Test::More               0.98     0.98      
    Test::NoWarnings         1.04     1.04      
    Test::Script             1.07     1.07      
    Test::Warn               0.24     0.24      

configure_requires:

    Module                   Need     Have      
    ------------------------ -------- ----------
    Alien::wxWidgets         0.62     0.64      
    ExtUtils::Embed          1.250601 1.30      
    ExtUtils::MakeMaker      6.59     6.65_01   


------------------------------
ENVIRONMENT AND OTHER CONTEXT
------------------------------

Environment variables:

    AUTOMATED_TESTING = 1
    COMSPEC = C:\windows\system32\cmd.exe
    NUMBER_OF_PROCESSORS = 4
    PATH = C:\sp51710\perl\site\bin;C:\sp51710\perl\bin;C:\sp51710\c\bin;C:\windows\system32;C:\windows;C:\windows\System32\Wbem;C:\windows\System32\WindowsPowerShell\v1.0\;
    PERL5LIB = C:\sp51710\cpan\build\Parse-ErrorString-Perl-0.15-sHn627/blib/arch;C:\sp51710\cpan\build\Parse-ErrorString-Perl-0.15-sHn627/blib/lib;C:\sp51710\cpan\build\Win32-Shortcut-0.07-t7M6J9/blib/arch;C:\sp51710\cpan\build\Win32-Shortcut-0.07-t7M6J9/blib/lib;C:\sp51710\cpan\build\Wx-Scintilla-0.39-DzrDM1/blib/arch;C:\sp51710\cpan\build\Wx-Scintilla-0.39-DzrDM1/blib/lib;C:\sp51710\cpan\build\Module-Starter-1.60-JLPYGq/blib/arch;C:\sp51710\cpan\build\Module-Starter-1.60-JLPYGq/blib/lib;C:\sp51710\cpan\build\Path-Class-0.32-FzSaQM/blib/arch;C:\sp51710\cpan\build\Path-Class-0.32-FzSaQM/blib/lib;C:\sp51710\cpan\build\Pod-Abstract-0.20-egkQJc/blib/arch;C:\sp51710\cpan\build\Pod-Abstract-0.20-egkQJc/blib/lib;C:\sp51710\cpan\build\PPIx-EditorTools-0.18-yB9_sm/blib/arch;C:\sp51710\cpan\build\PPIx-EditorTools-0.18-yB9_sm/blib/lib;C:\sp51710\cpan\build\Class-XSAccessor-1.16-7W8yO9/blib/arch;C:\sp51710\cpan\build\Class-XSAccessor-1.16-7W8yO9/blib/lib;C:\sp51710\cpan\build\Test-Most-0.31-hAFZyF/blib/arch;C:\sp51710\cpan\build\Test-Most-0.31-hAFZyF/blib/lib;C:\sp51710\cpan\build\Exception-Class-1.37-ykRCrv/blib/arch;C:\sp51710\cpan\build\Exception-Class-1.37-ykRCrv/blib/lib;C:\sp51710\cpan\build\Devel-StackTrace-1.30-0i7ERr/blib/arch;C:\sp51710\cpan\build\Devel-StackTrace-1.30-0i7ERr/blib/lib;C:\sp51710\cpan\build\Class-Data-Inheritable-0.08-7NP_1v/blib/arch;C:\sp51710\cpan\build\Class-Data-Inheritable-0.08-7NP_1v/blib/lib;C:\sp51710\cpan\build\POD2-Base-0.043-sqS7_l/blib/arch;C:\sp51710\cpan\build\POD2-Base-0.043-sqS7_l/blib/lib;C:\sp51710\cpan\build\PPIx-Regexp-0.034-FVpIL8/blib/arch;C:\sp51710\cpan\build\PPIx-Regexp-0.034-FVpIL8/blib/lib;C:\sp51710\cpan\build\Devel-Dumpvar-1.06-FMXmcP/blib/arch;C:\sp51710\cpan\build\Devel-Dumpvar-1.06-FMXmcP/blib/lib;C:\sp51710\cpan\build\Devel-Refactor-0.05-MmFcZU/blib/arch;C:\sp51710\cpan\build\Devel-Refactor-0.05-MmFcZU/blib/lib;C:\sp51710\cpan\build\File-Glob-Windows-0.1.5-QCh0Yk/blib/arch;C:\sp51710\cpan\build\File-Glob-Windows-0.1.5-QCh0Yk/blib/lib;C:\sp51710\cpan\build\ORLite-Migrate-1.10-4e4lvA/blib/arch;C:\sp51710\cpan\build\ORLite-Migrate-1.10-4e4lvA/blib/lib;C:\sp51710\cpan\build\ORLite-1.98-o8iv5Z/blib/arch;C:\sp51710\cpan\build\ORLite-1.98-o8iv5Z/blib/lib;C:\sp51710\cpan\build\Wx-Perl-ProcessStream-0.32-C7Mhub/blib/arch;C:\sp51710\cpan\build\Wx-Perl-ProcessStream-0.32-C7Mhub/blib/lib;C:\sp51710\cpan\build\Wx-0.9922-LmJOxf/blib/arch;C:\sp51710\cpan\build\Wx-0.9922-LmJOxf/blib/lib;C:\sp51710\cpan\build\ExtUtils-XSpp-0.1700-ZI4fPB/blib/arch;C:\sp51710\cpan\build\ExtUtils-XSpp-0.1700-ZI4fPB/blib/lib;C:\sp51710\cpan\build\Test-Base-0.60-cu7RZG/blib/arch;C:\sp51710\cpan\build\Test-Base-0.60-cu7RZG/blib/lib;C:\sp51710\cpan\build\Spiffy-0.31-ilKaIq/blib/arch;C:\sp51710\cpan\build\Spiffy-0.31-ilKaIq/blib/lib;C:\sp51710\cpan\build\Test-MockObject-1.20120301-J8mQcJ/blib/arch;C:\sp51710\cpan\build\Test-MockObject-1.20120301-J8mQcJ/blib/lib;C:\sp51710\cpan\build\UNIVERSAL-can-1.20120726-pKphF8/blib/arch;C:\sp51710\cpan\build\UNIVERSAL-can-1.20120726-pKphF8/blib/lib;C:\sp51710\cpan\build\UNIVERSAL-isa-1.20120726-6D_Zuk/blib/arch;C:\sp51710\cpan\build\UNIVERSAL-isa-1.20120726-6D_Zuk/blib/lib;C:\sp51710\cpan\build\Pod-POM-0.27-h0w9Vl/blib/arch;C:\sp51710\cpan\build\Pod-POM-0.27-h0w9Vl/blib/lib;C:\sp51710\cpan\build\Debug-Client-0.25-KDZHqn/blib/arch;C:\sp51710\cpan\build\Debug-Client-0.25-KDZHqn/blib/lib;C:\sp51710\cpan\build\Test-Class-0.39-vXg8qy/blib/arch;C:\sp51710\cpan\build\Test-Class-0.39-vXg8qy/blib/lib;C:\sp51710\cpan\build\PadWalker-1.96-lFpcU7/blib/arch;C:\sp51710\cpan\build\PadWalker-1.96-lFpcU7/blib/lib;C:\sp51710\cpan\build\File-Temp-0.2301-CbG6Bn/blib/arch;C:\sp51710\cpan\build\File-Temp-0.2301-CbG6Bn/blib/lib;C:\sp51710\cpan\build\IO-Socket-IP-0.21-qH2jwY/blib/arch;C:\sp51710\cpan\build\IO-Socket-IP-0.21-qH2jwY/blib/lib;C:\sp51710\cpan\build\Locale-Msgfmt-0.15-bPhk03/blib/arch;C:\sp51710\cpan\build\Locale-Msgfmt-0.15-bPhk03/blib/lib;C:\sp51710\cpan\build\Locale-Maketext-Gettext-1.28-esNhdd/blib/arch;C:\sp51710\cpan\build\Locale-Maketext-Gettext-1.28-esNhdd/blib/lib;C:\sp51710\cpan\build\Module-Manifest-1.08-LYWalh/blib/arch;C:\sp51710\cpan\build\Module-Manifest-1.08-LYWalh/blib/lib;C:\sp51710\cpan\build\Text-FindIndent-0.10-7Y0dCK/blib/arch;C:\sp51710\cpan\build\Text-FindIndent-0.10-7Y0dCK/blib/lib;C:\sp51710\cpan\build\Parse-ExuberantCTags-1.02-DPAsNm/blib/arch;C:\sp51710\cpan\build\Parse-ExuberantCTags-1.02-DPAsNm/blib/lib;C:\sp51710\cpan\build\Alien-wxWidgets-0.64-weUs4k/blib/arch;C:\sp51710\cpan\build\Alien-wxWidgets-0.64-weUs4k/blib/lib
    PERL5OPT = 
    PERL5_CPANPLUS_IS_RUNNING = 6200
    PERL5_CPAN_IS_RUNNING = 6200
    PERL5_CPAN_IS_RUNNING_IN_RECURSION = 3924,6200
    PERL_CR_SMOKER_CURRENT = Padre-Plugin-YAML-0.08
    PERL_EXTUTILS_AUTOINSTALL = --defaultdeps
    PERL_MM_USE_DEFAULT = 1
    PROCESSOR_IDENTIFIER = Intel64 Family 6 Model 42 Stepping 7, GenuineIntel
    TEMP = C:\Users\training\AppData\Local\Temp
    TERM = dumb

Perl special variables (and OS-specific diagnostics, for MSWin32):

    $^X = C:\sp51710\perl\bin\perl.exe
    $UID/$EUID = 0 / 0
    $GID = 0
    $EGID = 0
    Win32::GetOSName = Win7
    Win32::GetOSVersion = Service Pack 1, 6, 1, 7601, 2, 1, 0, 768, 1
    Win32::FsType = NTFS
    Win32::IsAdminUser = 0

Perl module toolchain versions installed:

    Module              Have    
    ------------------- --------
    CPAN                2.00    
    CPAN::Meta          2.130880
    Cwd                 3.40    
    ExtUtils::CBuilder  0.280209
    ExtUtils::Command   1.17    
    ExtUtils::Install   1.59    
    ExtUtils::MakeMaker 6.65_01 
    ExtUtils::Manifest  1.63    
    ExtUtils::ParseXS   3.18    
    File::Spec          3.40    
    JSON                2.53    
    JSON::PP            2.27202 
    Module::Build       0.4004  
    Module::Signature   n/a     
    Parse::CPAN::Meta   1.4404  
    Test::Harness       3.26    
    Test::More          0.98    
    YAML                0.84    
    YAML::Syck          n/a     
    version             0.9902  


--

Summary of my perl5 (revision 5 version 17 subversion 10) configuration:
   
  Platform:
    osname=MSWin32, osvers=4.0, archname=MSWin32-x86-multi-thread-64int
    uname='Win32 strawberry-perl 5.18.0.1-beta1 #1 Mon Apr  1 23:03:07 2013 i386'
    config_args='undef'
    hint=recommended, useposix=true, d_sigaction=undef
    useithreads=define, usemultiplicity=define
    useperlio=define, d_sfio=undef, uselargefiles=define, usesocks=undef
    use64bitint=define, use64bitall=undef, uselongdouble=undef
    usemymalloc=n, bincompat5005=undef
  Compiler:
    cc='gcc', ccflags =' -s -O2 -DWIN32  -DPERL_TEXTMODE_SCRIPTS -DPERL_IMPLICIT_CONTEXT -DPERL_IMPLICIT_SYS -fno-strict-aliasing -mms-bitfields',
    optimize='-s -O2',
    cppflags='-DWIN32'
    ccversion='', gccversion='4.6.3', gccosandvers=''
    intsize=4, longsize=4, ptrsize=4, doublesize=8, byteorder=12345678
    d_longlong=define, longlongsize=8, d_longdbl=define, longdblsize=12
    ivtype='long long', ivsize=8, nvtype='double', nvsize=8, Off_t='long long', lseeksize=8
    alignbytes=8, prototype=define
  Linker and Libraries:
    ld='g++.exe', ldflags ='-s -L"C:\sp51710\perl\lib\CORE" -L"C:\sp51710\c\lib"'
    libpth=C:\sp51710\c\lib C:\sp51710\c\i686-w64-mingw32\lib
    libs=-lmoldname -lkernel32 -luser32 -lgdi32 -lwinspool -lcomdlg32 -ladvapi32 -lshell32 -lole32 -loleaut32 -lnetapi32 -luuid -lws2_32 -lmpr -lwinmm -lversion -lodbc32 -lodbccp32 -lcomctl32
    perllibs=-lmoldname -lkernel32 -luser32 -lgdi32 -lwinspool -lcomdlg32 -ladvapi32 -lshell32 -lole32 -loleaut32 -lnetapi32 -luuid -lws2_32 -lmpr -lwinmm -lversion -lodbc32 -lodbccp32 -lcomctl32
    libc=, so=dll, useshrplib=true, libperl=libperl517.a
    gnulibc_version=''
  Dynamic Linking:
    dlsrc=dl_win32.xs, dlext=dll, d_dlsymun=undef, ccdlflags=' '
    cccdlflags=' ', lddlflags='-mdll -s -L"C:\sp51710\perl\lib\CORE" -L"C:\sp51710\c\lib"'


Characteristics of this binary (from libperl): 
  Compile-time options: HAS_TIMES HAVE_INTERP_INTERN MULTIPLICITY
                        PERLIO_LAYERS PERL_DONT_CREATE_GVSV
                        PERL_IMPLICIT_CONTEXT PERL_IMPLICIT_SYS
                        PERL_MALLOC_WRAP PERL_PRESERVE_IVUV PERL_SAWAMPERSAND
                        USE_64_BIT_INT USE_ITHREADS USE_LARGE_FILES
                        USE_LOCALE USE_LOCALE_COLLATE USE_LOCALE_CTYPE
                        USE_LOCALE_NUMERIC USE_PERLIO USE_PERL_ATOF
  Built under MSWin32
  Compiled at Apr  1 2013 23:13:43
  %ENV:
    PERL5LIB="C:\sp51710\cpan\build\Parse-ErrorString-Perl-0.15-sHn627/blib/arch;C:\sp51710\cpan\build\Parse-ErrorString-Perl-0.15-sHn627/blib/lib;C:\sp51710\cpan\build\Win32-Shortcut-0.07-t7M6J9/blib/arch;C:\sp51710\cpan\build\Win32-Shortcut-0.07-t7M6J9/blib/lib;C:\sp51710\cpan\build\Wx-Scintilla-0.39-DzrDM1/blib/arch;C:\sp51710\cpan\build\Wx-Scintilla-0.39-DzrDM1/blib/lib;C:\sp51710\cpan\build\Module-Starter-1.60-JLPYGq/blib/arch;C:\sp51710\cpan\build\Module-Starter-1.60-JLPYGq/blib/lib;C:\sp51710\cpan\build\Path-Class-0.32-FzSaQM/blib/arch;C:\sp51710\cpan\build\Path-Class-0.32-FzSaQM/blib/lib;C:\sp51710\cpan\build\Pod-Abstract-0.20-egkQJc/blib/arch;C:\sp51710\cpan\build\Pod-Abstract-0.20-egkQJc/blib/lib;C:\sp51710\cpan\build\PPIx-EditorTools-0.18-yB9_sm/blib/arch;C:\sp51710\cpan\build\PPIx-EditorTools-0.18-yB9_sm/blib/lib;C:\sp51710\cpan\build\Class-XSAccessor-1.16-7W8yO9/blib/arch;C:\sp51710\cpan\build\Class-XSAccessor-1.16-7W8yO9/blib/lib;C:\sp51710\cpan\build\Test-Most-0.31-hAFZyF/blib/arch;C:\sp51710\cpan\build\Test-Most-0.31-hAFZyF/blib/lib;C:\sp51710\cpan\build\Exception-Class-1.37-ykRCrv/blib/arch;C:\sp51710\cpan\build\Exception-Class-1.37-ykRCrv/blib/lib;C:\sp51710\cpan\build\Devel-StackTrace-1.30-0i7ERr/blib/arch;C:\sp51710\cpan\build\Devel-StackTrace-1.30-0i7ERr/blib/lib;C:\sp51710\cpan\build\Class-Data-Inheritable-0.08-7NP_1v/blib/arch;C:\sp51710\cpan\build\Class-Data-Inheritable-0.08-7NP_1v/blib/lib;C:\sp51710\cpan\build\POD2-Base-0.043-sqS7_l/blib/arch;C:\sp51710\cpan\build\POD2-Base-0.043-sqS7_l/blib/lib;C:\sp51710\cpan\build\PPIx-Regexp-0.034-FVpIL8/blib/arch;C:\sp51710\cpan\build\PPIx-Regexp-0.034-FVpIL8/blib/lib;C:\sp51710\cpan\build\Devel-Dumpvar-1.06-FMXmcP/blib/arch;C:\sp51710\cpan\build\Devel-Dumpvar-1.06-FMXmcP/blib/lib;C:\sp51710\cpan\build\Devel-Refactor-0.05-MmFcZU/blib/arch;C:\sp51710\cpan\build\Devel-Refactor-0.05-MmFcZU/blib/lib;C:\sp51710\cpan\build\File-Glob-Windows-0.1.5-QCh0Yk/blib/arch;C:\sp51710\cpan\build\File-Glob-Windows-0.1.5-QCh0Yk/blib/lib;C:\sp51710\cpan\build\ORLite-Migrate-1.10-4e4lvA/blib/arch;C:\sp51710\cpan\build\ORLite-Migrate-1.10-4e4lvA/blib/lib;C:\sp51710\cpan\build\ORLite-1.98-o8iv5Z/blib/arch;C:\sp51710\cpan\build\ORLite-1.98-o8iv5Z/blib/lib;C:\sp51710\cpan\build\Wx-Perl-ProcessStream-0.32-C7Mhub/blib/arch;C:\sp51710\cpan\build\Wx-Perl-ProcessStream-0.32-C7Mhub/blib/lib;C:\sp51710\cpan\build\Wx-0.9922-LmJOxf/blib/arch;C:\sp51710\cpan\build\Wx-0.9922-LmJOxf/blib/lib;C:\sp51710\cpan\build\ExtUtils-XSpp-0.1700-ZI4fPB/blib/arch;C:\sp51710\cpan\build\ExtUtils-XSpp-0.1700-ZI4fPB/blib/lib;C:\sp51710\cpan\build\Test-Base-0.60-cu7RZG/blib/arch;C:\sp51710\cpan\build\Test-Base-0.60-cu7RZG/blib/lib;C:\sp51710\cpan\build\Spiffy-0.31-ilKaIq/blib/arch;C:\sp51710\cpan\build\Spiffy-0.31-ilKaIq/blib/lib;C:\sp51710\cpan\build\Test-MockObject-1.20120301-J8mQcJ/blib/arch;C:\sp51710\cpan\build\Test-MockObject-1.20120301-J8mQcJ/blib/lib;C:\sp51710\cpan\build\UNIVERSAL-can-1.20120726-pKphF8/blib/arch;C:\sp51710\cpan\build\UNIVERSAL-can-1.20120726-pKphF8/blib/lib;C:\sp51710\cpan\build\UNIVERSAL-isa-1.20120726-6D_Zuk/blib/arch;C:\sp51710\cpan\build\UNIVERSAL-isa-1.20120726-6D_Zuk/blib/lib;C:\sp51710\cpan\build\Pod-POM-0.27-h0w9Vl/blib/arch;C:\sp51710\cpan\build\Pod-POM-0.27-h0w9Vl/blib/lib;C:\sp51710\cpan\build\Debug-Client-0.25-KDZHqn/blib/arch;C:\sp51710\cpan\build\Debug-Client-0.25-KDZHqn/blib/lib;C:\sp51710\cpan\build\Test-Class-0.39-vXg8qy/blib/arch;C:\sp51710\cpan\build\Test-Class-0.39-vXg8qy/blib/lib;C:\sp51710\cpan\build\PadWalker-1.96-lFpcU7/blib/arch;C:\sp51710\cpan\build\PadWalker-1.96-lFpcU7/blib/lib;C:\sp51710\cpan\build\File-Temp-0.2301-CbG6Bn/blib/arch;C:\sp51710\cpan\build\File-Temp-0.2301-CbG6Bn/blib/lib;C:\sp51710\cpan\build\IO-Socket-IP-0.21-qH2jwY/blib/arch;C:\sp51710\cpan\build\IO-Socket-IP-0.21-qH2jwY/blib/lib;C:\sp51710\cpan\build\Locale-Msgfmt-0.15-bPhk03/blib/arch;C:\sp51710\cpan\build\Locale-Msgfmt-0.15-bPhk03/blib/lib;C:\sp51710\cpan\build\Locale-Maketext-Gettext-1.28-esNhdd/blib/arch;C:\sp51710\cpan\build\Locale-Maketext-Gettext-1.28-esNhdd/blib/lib;C:\sp51710\cpan\build\Module-Manifest-1.08-LYWalh/blib/arch;C:\sp51710\cpan\build\Module-Manifest-1.08-LYWalh/blib/lib;C:\sp51710\cpan\build\Text-FindIndent-0.10-7Y0dCK/blib/arch;C:\sp51710\cpan\build\Text-FindIndent-0.10-7Y0dCK/blib/lib;C:\sp51710\cpan\build\Parse-ExuberantCTags-1.02-DPAsNm/blib/arch;C:\sp51710\cpan\build\Parse-ExuberantCTags-1.02-DPAsNm/blib/lib;C:\sp51710\cpan\build\Alien-wxWidgets-0.64-weUs4k/blib/arch;C:\sp51710\cpan\build\Alien-wxWidgets-0.64-weUs4k/blib/lib"
    PERL5_CPANPLUS_IS_RUNNING="6200"
    PERL5_CPAN_IS_RUNNING="6200"
    PERL5_CPAN_IS_RUNNING_IN_RECURSION="3924,6200"
    PERL_CR_SMOKER_CURRENT="Padre-Plugin-YAML-0.08"
    PERL_EXTUTILS_AUTOINSTALL="--defaultdeps"
    PERL_MM_USE_DEFAULT="1"
  @INC:
    C:\sp51710\cpan\build\Parse-ErrorString-Perl-0.15-sHn627/blib/arch
    C:\sp51710\cpan\build\Parse-ErrorString-Perl-0.15-sHn627/blib/lib
    C:\sp51710\cpan\build\Win32-Shortcut-0.07-t7M6J9/blib/arch
    C:\sp51710\cpan\build\Win32-Shortcut-0.07-t7M6J9/blib/lib
    C:\sp51710\cpan\build\Wx-Scintilla-0.39-DzrDM1/blib/arch
    C:\sp51710\cpan\build\Wx-Scintilla-0.39-DzrDM1/blib/lib
    C:\sp51710\cpan\build\Module-Starter-1.60-JLPYGq/blib/arch
    C:\sp51710\cpan\build\Module-Starter-1.60-JLPYGq/blib/lib
    C:\sp51710\cpan\build\Path-Class-0.32-FzSaQM/blib/arch
    C:\sp51710\cpan\build\Path-Class-0.32-FzSaQM/blib/lib
    C:\sp51710\cpan\build\Pod-Abstract-0.20-egkQJc/blib/arch
    C:\sp51710\cpan\build\Pod-Abstract-0.20-egkQJc/blib/lib
    C:\sp51710\cpan\build\PPIx-EditorTools-0.18-yB9_sm/blib/arch
    C:\sp51710\cpan\build\PPIx-EditorTools-0.18-yB9_sm/blib/lib
    C:\sp51710\cpan\build\Class-XSAccessor-1.16-7W8yO9/blib/arch
    C:\sp51710\cpan\build\Class-XSAccessor-1.16-7W8yO9/blib/lib
    C:\sp51710\cpan\build\Test-Most-0.31-hAFZyF/blib/arch
    C:\sp51710\cpan\build\Test-Most-0.31-hAFZyF/blib/lib
    C:\sp51710\cpan\build\Exception-Class-1.37-ykRCrv/blib/arch
    C:\sp51710\cpan\build\Exception-Class-1.37-ykRCrv/blib/lib
    C:\sp51710\cpan\build\Devel-StackTrace-1.30-0i7ERr/blib/arch
    C:\sp51710\cpan\build\Devel-StackTrace-1.30-0i7ERr/blib/lib
    C:\sp51710\cpan\build\Class-Data-Inheritable-0.08-7NP_1v/blib/arch
    C:\sp51710\cpan\build\Class-Data-Inheritable-0.08-7NP_1v/blib/lib
    C:\sp51710\cpan\build\POD2-Base-0.043-sqS7_l/blib/arch
    C:\sp51710\cpan\build\POD2-Base-0.043-sqS7_l/blib/lib
    C:\sp51710\cpan\build\PPIx-Regexp-0.034-FVpIL8/blib/arch
    C:\sp51710\cpan\build\PPIx-Regexp-0.034-FVpIL8/blib/lib
    C:\sp51710\cpan\build\Devel-Dumpvar-1.06-FMXmcP/blib/arch
    C:\sp51710\cpan\build\Devel-Dumpvar-1.06-FMXmcP/blib/lib
    C:\sp51710\cpan\build\Devel-Refactor-0.05-MmFcZU/blib/arch
    C:\sp51710\cpan\build\Devel-Refactor-0.05-MmFcZU/blib/lib
    C:\sp51710\cpan\build\File-Glob-Windows-0.1.5-QCh0Yk/blib/arch
    C:\sp51710\cpan\build\File-Glob-Windows-0.1.5-QCh0Yk/blib/lib
    C:\sp51710\cpan\build\ORLite-Migrate-1.10-4e4lvA/blib/arch
    C:\sp51710\cpan\build\ORLite-Migrate-1.10-4e4lvA/blib/lib
    C:\sp51710\cpan\build\ORLite-1.98-o8iv5Z/blib/arch
    C:\sp51710\cpan\build\ORLite-1.98-o8iv5Z/blib/lib
    C:\sp51710\cpan\build\Wx-Perl-ProcessStream-0.32-C7Mhub/blib/arch
    C:\sp51710\cpan\build\Wx-Perl-ProcessStream-0.32-C7Mhub/blib/lib
    C:\sp51710\cpan\build\Wx-0.9922-LmJOxf/blib/arch
    C:\sp51710\cpan\build\Wx-0.9922-LmJOxf/blib/lib
    C:\sp51710\cpan\build\ExtUtils-XSpp-0.1700-ZI4fPB/blib/arch
    C:\sp51710\cpan\build\ExtUtils-XSpp-0.1700-ZI4fPB/blib/lib
    C:\sp51710\cpan\build\Test-Base-0.60-cu7RZG/blib/arch
    C:\sp51710\cpan\build\Test-Base-0.60-cu7RZG/blib/lib
    C:\sp51710\cpan\build\Spiffy-0.31-ilKaIq/blib/arch
    C:\sp51710\cpan\build\Spiffy-0.31-ilKaIq/blib/lib
    C:\sp51710\cpan\build\Test-MockObject-1.20120301-J8mQcJ/blib/arch
    C:\sp51710\cpan\build\Test-MockObject-1.20120301-J8mQcJ/blib/lib
    C:\sp51710\cpan\build\UNIVERSAL-can-1.20120726-pKphF8/blib/arch
    C:\sp51710\cpan\build\UNIVERSAL-can-1.20120726-pKphF8/blib/lib
    C:\sp51710\cpan\build\UNIVERSAL-isa-1.20120726-6D_Zuk/blib/arch
    C:\sp51710\cpan\build\UNIVERSAL-isa-1.20120726-6D_Zuk/blib/lib
    C:\sp51710\cpan\build\Pod-POM-0.27-h0w9Vl/blib/arch
    C:\sp51710\cpan\build\Pod-POM-0.27-h0w9Vl/blib/lib
    C:\sp51710\cpan\build\Debug-Client-0.25-KDZHqn/blib/arch
    C:\sp51710\cpan\build\Debug-Client-0.25-KDZHqn/blib/lib
    C:\sp51710\cpan\build\Test-Class-0.39-vXg8qy/blib/arch
    C:\sp51710\cpan\build\Test-Class-0.39-vXg8qy/blib/lib
    C:\sp51710\cpan\build\PadWalker-1.96-lFpcU7/blib/arch
    C:\sp51710\cpan\build\PadWalker-1.96-lFpcU7/blib/lib
    C:\sp51710\cpan\build\File-Temp-0.2301-CbG6Bn/blib/arch
    C:\sp51710\cpan\build\File-Temp-0.2301-CbG6Bn/blib/lib
    C:\sp51710\cpan\build\IO-Socket-IP-0.21-qH2jwY/blib/arch
    C:\sp51710\cpan\build\IO-Socket-IP-0.21-qH2jwY/blib/lib
    C:\sp51710\cpan\build\Locale-Msgfmt-0.15-bPhk03/blib/arch
    C:\sp51710\cpan\build\Locale-Msgfmt-0.15-bPhk03/blib/lib
    C:\sp51710\cpan\build\Locale-Maketext-Gettext-1.28-esNhdd/blib/arch
    C:\sp51710\cpan\build\Locale-Maketext-Gettext-1.28-esNhdd/blib/lib
    C:\sp51710\cpan\build\Module-Manifest-1.08-LYWalh/blib/arch
    C:\sp51710\cpan\build\Module-Manifest-1.08-LYWalh/blib/lib
    C:\sp51710\cpan\build\Text-FindIndent-0.10-7Y0dCK/blib/arch
    C:\sp51710\cpan\build\Text-FindIndent-0.10-7Y0dCK/blib/lib
    C:\sp51710\cpan\build\Parse-ExuberantCTags-1.02-DPAsNm/blib/arch
    C:\sp51710\cpan\build\Parse-ExuberantCTags-1.02-DPAsNm/blib/lib
    C:\sp51710\cpan\build\Alien-wxWidgets-0.64-weUs4k/blib/arch
    C:\sp51710\cpan\build\Alien-wxWidgets-0.64-weUs4k/blib/lib
    C:/sp51710/perl/site/lib
    C:/sp51710/perl/vendor/lib
    C:/sp51710/perl/lib
    .