Test-Class-Moose v0.98 Perl 5 v5.18.2 x86_64-linux-gnu-thread-multi

Status
Fail
From
Gregor Goldbach
Dist
Test-Class-Moose v0.98
Platform
Perl 5 v5.18.2 x86_64-linux-gnu-thread-multi
Date
2019-11-14 08:10:02
ID
28f1a25e-06b6-11ea-a697-d1f50acc162a
This distribution has been tested as part of the CPAN Testers
project, supporting the Perl programming language.  See
http://wiki.cpantesters.org/ for more information or email
questions to cpan-testers-discuss@perl.org


--
Dear DROLSKY,

This is a computer-generated report for Test-Class-Moose-0.98
on perl 5.18.2, created by App::cpanminus::reporter 0.17 (1.7001).

Thank you for uploading your work to CPAN.  However, there was a problem
testing your distribution.

If you think this report is invalid, please consult the CPAN Testers Wiki
for suggestions on how to avoid getting FAIL reports for missing library
or binary dependencies, unsupported operating systems, and so on:

http://wiki.cpantesters.org/wiki/CPANAuthorNotes

Sections of this report:

    * Tester comments
    * Program output
    * Prerequisites
    * Environment and other context

------------------------------
TESTER COMMENTS
------------------------------

Additional comments from tester:

none provided

------------------------------
PROGRAM OUTPUT
------------------------------

Output from '':

Building and testing Test-Class-Moose-0.98
cp lib/Test/Class/Moose/Role/AutoUse.pm blib/lib/Test/Class/Moose/Role/AutoUse.pm
cp lib/Test/Class/Moose/Config.pm blib/lib/Test/Class/Moose/Config.pm
cp lib/Test/Class/Moose/Util.pm blib/lib/Test/Class/Moose/Util.pm
cp lib/Test/Class/Moose/Report/Instance.pm blib/lib/Test/Class/Moose/Report/Instance.pm
cp lib/Test/Class/Moose.pm blib/lib/Test/Class/Moose.pm
cp lib/Test/Class/Moose/Role/HasTimeReport.pm blib/lib/Test/Class/Moose/Role/HasTimeReport.pm
cp lib/Test/Class/Moose/Report/Method.pm blib/lib/Test/Class/Moose/Report/Method.pm
cp lib/Test/Class/Moose/Report/Class.pm blib/lib/Test/Class/Moose/Report/Class.pm
cp lib/Test/Class/Moose/Role/ParameterizedInstances.pm blib/lib/Test/Class/Moose/Role/ParameterizedInstances.pm
cp lib/Test/Class/Moose/Role.pm blib/lib/Test/Class/Moose/Role.pm
cp lib/Test/Class/Moose/Tutorial.pm blib/lib/Test/Class/Moose/Tutorial.pm
cp lib/Test/Class/Moose/Role/Executor.pm blib/lib/Test/Class/Moose/Role/Executor.pm
cp lib/Test/Class/Moose/Executor/Parallel.pm blib/lib/Test/Class/Moose/Executor/Parallel.pm
cp lib/Test/Class/Moose/Role/Reporting.pm blib/lib/Test/Class/Moose/Role/Reporting.pm
cp lib/Test/Class/Moose/Report/Time.pm blib/lib/Test/Class/Moose/Report/Time.pm
cp lib/Test/Class/Moose/Runner.pm blib/lib/Test/Class/Moose/Runner.pm
cp lib/Test/Class/Moose/AttributeRegistry.pm blib/lib/Test/Class/Moose/AttributeRegistry.pm
cp lib/Test/Class/Moose/Executor/Sequential.pm blib/lib/Test/Class/Moose/Executor/Sequential.pm
cp lib/Test/Class/Moose/Deprecated.pm blib/lib/Test/Class/Moose/Deprecated.pm
cp lib/Test/Class/Moose/Load.pm blib/lib/Test/Class/Moose/Load.pm
cp lib/Test/Class/Moose/CLI.pm blib/lib/Test/Class/Moose/CLI.pm
cp lib/Test/Class/Moose/Role/CLI.pm blib/lib/Test/Class/Moose/Role/CLI.pm
cp lib/Test/Class/Moose/Report.pm blib/lib/Test/Class/Moose/Report.pm
Manifying blib/man3/Test::Class::Moose::Report::Time.3pm
Manifying blib/man3/Test::Class::Moose::Report::Instance.3pm
Manifying blib/man3/Test::Class::Moose.3pm
Manifying blib/man3/Test::Class::Moose::Executor::Sequential.3pm
Manifying blib/man3/Test::Class::Moose::Util.3pm
Manifying blib/man3/Test::Class::Moose::Role.3pm
Manifying blib/man3/Test::Class::Moose::Report::Class.3pm
Manifying blib/man3/Test::Class::Moose::Report::Method.3pm
Manifying blib/man3/Test::Class::Moose::Executor::Parallel.3pm
Manifying blib/man3/Test::Class::Moose::Role::Executor.3pm
Manifying blib/man3/Test::Class::Moose::CLI.3pm
Manifying blib/man3/Test::Class::Moose::AttributeRegistry.3pm
Manifying blib/man3/Test::Class::Moose::Role::CLI.3pm
Manifying blib/man3/Test::Class::Moose::Runner.3pm
Manifying blib/man3/Test::Class::Moose::Role::ParameterizedInstances.3pm
Manifying blib/man3/Test::Class::Moose::Role::AutoUse.3pm
Manifying blib/man3/Test::Class::Moose::Report.3pm
Manifying blib/man3/Test::Class::Moose::Config.3pm
Manifying blib/man3/Test::Class::Moose::Role::HasTimeReport.3pm
Manifying blib/man3/Test::Class::Moose::Tutorial.3pm
Manifying blib/man3/Test::Class::Moose::Deprecated.3pm
Manifying blib/man3/Test::Class::Moose::Load.3pm
Manifying blib/man3/Test::Class::Moose::Role::Reporting.3pm
PERL_DL_NONLAZY=1 /usr/bin/perl "-MExtUtils::Command::MM" "-e" "test_harness(0, 'blib/lib', 'blib/arch')" t/*.t
# 
# Versions for all modules listed in MYMETA.json (including optional ones):
# 
# === Configure Requires ===
# 
#     Module              Want Have
#     ------------------- ---- ----
#     ExtUtils::MakeMaker  any 6.66
# 
# === Build Requires ===
# 
#     Module              Want Have
#     ------------------- ---- ----
#     ExtUtils::MakeMaker  any 6.66
# 
# === Test Requires ===
# 
#     Module                    Want     Have
#     --------------------- -------- --------
#     ExtUtils::MakeMaker        any     6.66
#     File::Spec                 any     3.40
#     File::Temp                 any     0.23
#     Test2::Tools::Basic        any 0.000127
#     Test2::Tools::Class        any 0.000127
#     Test2::Tools::Compare      any 0.000127
#     Test2::Tools::Subtest      any 0.000127
#     Test2::V0                  any 0.000127
#     Test::Builder              any 1.302168
#     Test::More            1.302015 1.302168
#     Test::Requires             any     0.07
#     Test::Warnings             any    0.027
#     lib                        any     0.63
# 
# === Test Recommends ===
# 
#     Module           Want     Have
#     ------------ -------- --------
#     CPAN::Meta   2.120900 2.133380
#     Test::Output   0.0005  missing
# 
# === Runtime Requires ===
# 
#     Module                           Want     Have
#     ---------------------------- -------- --------
#     Benchmark                         any     1.15
#     Carp                              any     1.29
#     Class::MOP                        any   2.1005
#     Exporter                          any     5.68
#     File::Find                        any     1.23
#     File::Spec                        any     3.40
#     Import::Into                      any 1.002000
#     JSON::MaybeXS                     any 1.001000
#     List::SomeUtils                   any     0.58
#     List::Util                        any     1.53
#     Module::Runtime                   any    0.013
#     Module::Util                      any     1.09
#     Moose                          2.0000   2.1005
#     Moose::Role                    2.0000   2.1005
#     Moose::Util                       any   2.1005
#     Moose::Util::TypeConstraints      any   2.1005
#     MooseX::Getopt                   0.71     0.74
#     MooseX::Getopt::Dashes            any     0.74
#     Package::DeprecationManager      0.16     0.17
#     Parallel::ForkManager             any     2.02
#     Scalar::Util                      any     1.53
#     Sub::Attribute                    any     0.07
#     TAP::Formatter::Color            3.29     3.30
#     Test2                        1.302118 1.302168
#     Test2::API                        any 1.302168
#     Test2::AsyncSubtest          0.000018 0.000127
#     Test2::IPC                        any 1.302168
#     Test2::Tools::AsyncSubtest        any 0.000127
#     Test::Most                        any     0.33
#     Try::Tiny                         any     0.19
#     namespace::autoclean              any     0.15
#     strict                            any     1.07
#     warnings                          any     1.18
# 
# === Runtime Recommends ===
# 
#     Module                  Want Have
#     --------------------- ------ ----
#     Parallel::ForkManager v0.7.6 2.02
# 
t/00-report-prereqs.t .......... ok
t/autouse.t .................... ok

# Failed test 'error message mentions 1 base class(es) - single parent that does not exist'
# at t/bad_subclass.t line 49.
# +---------------------------------+----+---------------------------------+
# | GOT                             | OP | CHECK                           |
# +---------------------------------+----+---------------------------------+
# | Can't locate This/Class/Does/No | =~ | (?^x:\bParentDoesNotExist\b  #  |
# | t/Exist.pm in @INC (you may nee |    | Bogus module\n                  |
# | d to install the This::Class::D |    |                    .*?\bThis::C |
# | oes::Not::Exist module) (@INC c |    | lass::Does::Not::Exist\b      # |
# | ontains: t/badlib t/lib /home/g |    |  Base classes\n                 |
# | regor/.cpanm/work/1573718977.25 |    |                    .*?\bTest::C |
# | 977/Test-Class-Moose-0.98/blib/ |    | lass::Moose\b # Required parent |
# | lib /home/gregor/.cpanm/work/15 |    | \n                              |
# | 73718977.25977/Test-Class-Moose |    |                    .*?ParentDoe |
# | -0.98/blib/arch /home/gregor/pe |    | sNotExist)                      |
# | rl5/CI-188/lib/perl5/x86_64-lin |    |                                 |
# | ux-gnu-thread-multi /home/grego |    |                                 |
# | r/perl5/CI-188/lib/perl5 /adzun |    |                                 |
# | a /etc/perl /usr/local/lib/perl |    |                                 |
# | /5.18.2 /usr/local/share/perl/5 |    |                                 |
# | .18.2 /usr/lib/perl5 /usr/share |    |                                 |
# | /perl5 /usr/lib/perl/5.18 /usr/ |    |                                 |
# | share/perl/5.18 /usr/local/lib/ |    |                                 |
# | site_perl .) at t/badlib/Parent |    |                                 |
# | DoesNotExist.pm line 7.\n       |    |                                 |
# | BEGIN failed--compilation abort |    |                                 |
# | ed at t/badlib/ParentDoesNotExi |    |                                 |
# | st.pm line 7.\n                 |    |                                 |
# | Compilation failed in require a |    |                                 |
# | t (eval 400) line 1.\n          |    |                                 |
# | BEGIN failed--compilation abort |    |                                 |
# | ed at (eval 400) line 1.\n      |    |                                 |
# +---------------------------------+----+---------------------------------+
# Seeded srand with seed '20191114' from local date.
# Looks like you failed 1 test of 4.

You have loaded versions of test modules known to have problems with Test2.
This could explain some test failures.
 * Module 'Test::Exception' is outdated, we recommend updating above 0.42.

t/bad_subclass.t ............... 
Dubious, test returned 1 (wstat 256, 0x100)
Failed 1/4 subtests 
Subroutine main::warnings redefined at t/bare.t line 5.
t/bare.t ....................... ok
t/basic.t ...................... ok
Can't stat t/lib/Local: No such file or directory
 at /home/gregor/.cpanm/work/1573718977.25977/Test-Class-Moose-0.98/blib/lib/Test/Class/Moose/Load.pm line 73.
t/cli.t ........................ ok
t/environment.t ................ ok
t/executor_roles.t ............. ok
t/include_classes.t ............ ok
t/include_exclude.t ............ ok
t/load-special-characters.t .... ok
t/load.t ....................... ok
t/no_tests_run.t ............... ok
t/non_randomize_classes.t ...... ok
....................X.X...t/parallel.t ................... ok
t/parameterized.t .............. ok
t/plans.t ...................... ok
t/process_name.t ............... ok
t/reportpassed.t ............... ok
t/skip.t ....................... ok
You can only consume roles, TestsFor::Basic::Role is not a Moose role at /usr/lib/perl5/Moose/Util.pm line 138.
	Moose::Util::_apply_all_roles('Moose::Meta::Class=HASH(0x43b8d18)', undef, 'TestsFor::Basic::Role') called at /usr/lib/perl5/Moose/Util.pm line 99
	Moose::Util::apply_all_roles('Moose::Meta::Class=HASH(0x43b8d18)', 'TestsFor::Basic::Role') called at /usr/lib/perl5/Moose.pm line 66
	Moose::with('Moose::Meta::Class=HASH(0x43b8d18)', 'TestsFor::Basic::Role') called at /usr/lib/perl5/Moose/Exporter.pm line 409
	Moose::with('TestsFor::Basic::Role') called at t/taglib/TestsFor/Basic/WithRole.pm line 4
	require TestsFor/Basic/WithRole.pm called at (eval 368) line 1
	Test::Class::Moose::Load::BEGIN() called at t/taglib/TestsFor/Basic/WithRole.pm line 0
	eval {...} called at t/taglib/TestsFor/Basic/WithRole.pm line 0
	eval 'use TestsFor::Basic::WithRole ()' called at /home/gregor/.cpanm/work/1573718977.25977/Test-Class-Moose-0.98/blib/lib/Test/Class/Moose/Load.pm line 54
	Test::Class::Moose::Load::_load('Test::Class::Moose::Load', 't/taglib/TestsFor/Basic/WithRole.pm', 't/taglib') called at /home/gregor/.cpanm/work/1573718977.25977/Test-Class-Moose-0.98/blib/lib/Test/Class/Moose/Load.pm line 68
	Test::Class::Moose::Load::__ANON__() called at /usr/share/perl/5.18/File/Find.pm line 758
	File::Find::_find_dir('HASH(0x3ad83d8)', 't/taglib', 3) called at /usr/share/perl/5.18/File/Find.pm line 578
	File::Find::_find_opt('HASH(0x3ad83d8)', 't/taglib') called at /usr/share/perl/5.18/File/Find.pm line 1079
	File::Find::find('HASH(0x3ad83d8)', 't/taglib') called at /home/gregor/.cpanm/work/1573718977.25977/Test-Class-Moose-0.98/blib/lib/Test/Class/Moose/Load.pm line 73
	Test::Class::Moose::Load::import('Test::Class::Moose::Load', 't/taglib') called at t/tags.t line 8
	main::BEGIN() called at t/taglib/TestsFor/Basic/WithRole.pm line 0
	eval {...} called at t/taglib/TestsFor/Basic/WithRole.pm line 0
Compilation failed in require at (eval 368) line 1.
BEGIN failed--compilation aborted at (eval 368) line 1.
BEGIN failed--compilation aborted at t/tags.t line 8.
# Seeded srand with seed '20191114' from local date.

You have loaded versions of test modules known to have problems with Test2.
This could explain some test failures.
 * Module 'Test::Exception' is outdated, we recommend updating above 0.42.

t/tags.t ....................... 
Dubious, test returned 255 (wstat 65280, 0xff00)
No subtests run 
t/test_class_is_not_loaded.t ... ok
t/test_control_methods.t ....... ok
t/test_control_methods_skip.t .. ok
t/timing.t ..................... ok
t/todo.t ....................... ok

Test Summary Report
-------------------
t/bad_subclass.t             (Wstat: 256 Tests: 4 Failed: 1)
  Failed test:  4
  Non-zero exit status: 1
t/tags.t                     (Wstat: 65280 Tests: 0 Failed: 0)
  Non-zero exit status: 255
  Parse errors: No plan found in TAP output
Files=26, Tests=209, 18 wallclock secs ( 0.33 usr  0.03 sys + 10.39 cusr  1.29 csys = 12.04 CPU)
Result: FAIL

------------------------------
PREREQUISITES
------------------------------

Prerequisite modules loaded:

    No requirements found

------------------------------
ENVIRONMENT AND OTHER CONTEXT
------------------------------

Environment variables:

    LANG = en_US.UTF-8
    LC_CTYPE = en_US.UTF-8
    PATH = /home/gregor/perl5/CI-188/bin:/usr/local/sbin:/usr/local/bin:/usr/sbin:/usr/bin:/sbin:/bin:/usr/games:/usr/local/games:/usr/local/awscli/bin:/usr/local/berkeleydb/bin:/usr/local/openldap/bin
    PERL5LIB = /home/gregor/perl5/CI-188/lib/perl5:/adzuna
    PERL_LOCAL_LIB_ROOT = :/home/gregor/perl5/CI-188
    PERL_MB_OPT = --install_base /home/gregor/perl5/CI-188
    PERL_MM_OPT = INSTALL_BASE=/home/gregor/perl5/CI-188
    SHELL = /bin/bash
    TERM = xterm-256color

Perl special variables (and OS-specific diagnostics, for MSWin32):

    EGID = 1013 27 1013
    EUID = 1013
    EXECUTABLE_NAME = /usr/bin/perl
    GID = 1013 27 1013
    UID = 1013

Perl module toolchain versions installed:

    Module              Have    
    ------------------- --------
    CPAN                2.00    
    CPAN::Meta          2.133380
    Cwd                 3.40    
    ExtUtils::CBuilder  0.280210
    ExtUtils::Command   1.17    
    ExtUtils::Install   1.59    
    ExtUtils::MakeMaker 6.66    
    ExtUtils::Manifest  1.63    
    ExtUtils::ParseXS   3.18    
    File::Spec          3.40    
    JSON                2.61    
    JSON::PP            2.27203 
    Module::Build       0.4204  
    Module::Signature   0.73    
    Parse::CPAN::Meta   1.4409  
    Test::Harness       3.30    
    Test::More          1.302168
    YAML                0.84    
    YAML::Syck          1.27    
    version             0.9902  


--

Summary of my perl5 (revision 5 version 18 subversion 2) configuration:
   
  Platform:
    osname=linux, osvers=4.4.0-139-generic, archname=x86_64-linux-gnu-thread-multi
    uname='linux lgw01-amd64-015 4.4.0-139-generic #165-ubuntu smp wed oct 24 10:58:50 utc 2018 x86_64 x86_64 x86_64 gnulinux '
    config_args='-Dusethreads -Duselargefiles -Dccflags=-DDEBIAN -D_FORTIFY_SOURCE=2 -g -O2 -fstack-protector --param=ssp-buffer-size=4 -Wformat -Werror=format-security -Dldflags= -Wl,-Bsymbolic-functions -Wl,-z,relro -Dlddlflags=-shared -Wl,-Bsymbolic-functions -Wl,-z,relro -Dcccdlflags=-fPIC -Darchname=x86_64-linux-gnu -Dprefix=/usr -Dprivlib=/usr/share/perl/5.18 -Darchlib=/usr/lib/perl/5.18 -Dvendorprefix=/usr -Dvendorlib=/usr/share/perl5 -Dvendorarch=/usr/lib/perl5 -Dsiteprefix=/usr/local -Dsitelib=/usr/local/share/perl/5.18.2 -Dsitearch=/usr/local/lib/perl/5.18.2 -Dman1dir=/usr/share/man/man1 -Dman3dir=/usr/share/man/man3 -Dsiteman1dir=/usr/local/man/man1 -Dsiteman3dir=/usr/local/man/man3 -Duse64bitint -Dman1ext=1 -Dman3ext=3perl -Dpager=/usr/bin/sensible-pager -Uafs -Ud_csh -Ud_ualarm -Uusesfio -Uusenm -Ui_libutil -Uversiononly -DDEBUGGING=-g -Doptimize=-O2 -Duseshrplib -Dlibperl=libperl.so.5.18.2 -des'
    hint=recommended, useposix=true, d_sigaction=define
    useithreads=define, usemultiplicity=define
    useperlio=define, d_sfio=undef, uselargefiles=define, usesocks=undef
    use64bitint=define, use64bitall=define, uselongdouble=undef
    usemymalloc=n, bincompat5005=undef
  Compiler:
    cc='cc', ccflags ='-D_REENTRANT -D_GNU_SOURCE -DDEBIAN -fstack-protector -fno-strict-aliasing -pipe -I/usr/local/include -D_LARGEFILE_SOURCE -D_FILE_OFFSET_BITS=64',
    optimize='-O2 -g',
    cppflags='-D_REENTRANT -D_GNU_SOURCE -DDEBIAN -fstack-protector -fno-strict-aliasing -pipe -I/usr/local/include'
    ccversion='', gccversion='4.8.4', gccosandvers=''
    intsize=4, longsize=8, ptrsize=8, doublesize=8, byteorder=12345678
    d_longlong=define, longlongsize=8, d_longdbl=define, longdblsize=16
    ivtype='long', ivsize=8, nvtype='double', nvsize=8, Off_t='off_t', lseeksize=8
    alignbytes=8, prototype=define
  Linker and Libraries:
    ld='cc', ldflags =' -fstack-protector -L/usr/local/lib'
    libpth=/usr/local/lib /lib/x86_64-linux-gnu /lib/../lib /usr/lib/x86_64-linux-gnu /usr/lib/../lib /lib /usr/lib
    libs=-lgdbm -lgdbm_compat -ldb -ldl -lm -lpthread -lc -lcrypt
    perllibs=-ldl -lm -lpthread -lc -lcrypt
    libc=, so=so, useshrplib=true, libperl=libperl.so.5.18.2
    gnulibc_version='2.19'
  Dynamic Linking:
    dlsrc=dl_dlopen.xs, dlext=so, d_dlsymun=undef, ccdlflags='-Wl,-E'
    cccdlflags='-fPIC', lddlflags='-shared -L/usr/local/lib -fstack-protector'


Characteristics of this binary (from libperl): 
  Compile-time options: HAS_TIMES MULTIPLICITY PERLIO_LAYERS
                        PERL_DONT_CREATE_GVSV
                        PERL_HASH_FUNC_ONE_AT_A_TIME_HARD
                        PERL_IMPLICIT_CONTEXT PERL_MALLOC_WRAP
                        PERL_PRESERVE_IVUV PERL_SAWAMPERSAND USE_64_BIT_ALL
                        USE_64_BIT_INT USE_ITHREADS USE_LARGE_FILES
                        USE_LOCALE USE_LOCALE_COLLATE USE_LOCALE_CTYPE
                        USE_LOCALE_NUMERIC USE_PERLIO USE_PERL_ATOF
                        USE_REENTRANT_API
  Locally applied patches:
	DEBPKG:debian/cpan_definstalldirs - Provide a sensible INSTALLDIRS default for modules installed from CPAN.
	DEBPKG:debian/db_file_ver - http://bugs.debian.org/340047 Remove overly restrictive DB_File version check.
	DEBPKG:debian/doc_info - Replace generic man(1) instructions with Debian-specific information.
	DEBPKG:debian/enc2xs_inc - http://bugs.debian.org/290336 Tweak enc2xs to follow symlinks and ignore missing @INC directories.
	DEBPKG:debian/errno_ver - http://bugs.debian.org/343351 Remove Errno version check due to upgrade problems with long-running processes.
	DEBPKG:debian/libperl_embed_doc - http://bugs.debian.org/186778 Note that libperl-dev package is required for embedded linking
	DEBPKG:fixes/respect_umask - Respect umask during installation
	DEBPKG:debian/writable_site_dirs - Set umask approproately for site install directories
	DEBPKG:debian/extutils_set_libperl_path - EU:MM: Set location of libperl.a to /usr/lib
	DEBPKG:debian/no_packlist_perllocal - Don't install .packlist or perllocal.pod for perl or vendor
	DEBPKG:debian/prefix_changes - Fiddle with *PREFIX and variables written to the makefile
	DEBPKG:debian/fakeroot - Postpone LD_LIBRARY_PATH evaluation to the binary targets.
	DEBPKG:debian/instmodsh_doc - Debian policy doesn't install .packlist files for core or vendor.
	DEBPKG:debian/ld_run_path - Remove standard libs from LD_RUN_PATH as per Debian policy.
	DEBPKG:debian/libnet_config_path - Set location of libnet.cfg to /etc/perl/Net as /usr may not be writable.
	DEBPKG:debian/mod_paths - Tweak @INC ordering for Debian
	DEBPKG:debian/module_build_man_extensions - http://bugs.debian.org/479460 Adjust Module::Build manual page extensions for the Debian Perl policy
	DEBPKG:debian/prune_libs - http://bugs.debian.org/128355 Prune the list of libraries wanted to what we actually need.
	DEBPKG:fixes/net_smtp_docs - [rt.cpan.org #36038] http://bugs.debian.org/100195 Document the Net::SMTP 'Port' option
	DEBPKG:debian/perlivp - http://bugs.debian.org/510895 Make perlivp skip include directories in /usr/local
	DEBPKG:debian/cpanplus_definstalldirs - http://bugs.debian.org/533707 Configure CPANPLUS to use the site directories by default.
	DEBPKG:debian/cpanplus_config_path - Save local versions of CPANPLUS::Config::System into /etc/perl.
	DEBPKG:debian/deprecate-with-apt - http://bugs.debian.org/702096 Point users to Debian packages of deprecated core modules
	DEBPKG:debian/squelch-locale-warnings - http://bugs.debian.org/508764 Squelch locale warnings in Debian package maintainer scripts
	DEBPKG:debian/skip-upstream-git-tests - Skip tests specific to the upstream Git repository
	DEBPKG:debian/patchlevel - http://bugs.debian.org/567489 List packaged patches for 5.18.2-2ubuntu1.7 in patchlevel.h
	DEBPKG:debian/skip-kfreebsd-crash - http://bugs.debian.org/628493 [perl #96272] Skip a crashing test case in t/op/threads.t on GNU/kFreeBSD
	DEBPKG:fixes/document_makemaker_ccflags - http://bugs.debian.org/628522 [rt.cpan.org #68613] Document that CCFLAGS should include $Config{ccflags}
	DEBPKG:debian/find_html2text - http://bugs.debian.org/640479 Configure CPAN::Distribution with correct name of html2text
	DEBPKG:debian/hurd_test_skip_stack - http://bugs.debian.org/650175 Disable failing GNU/Hurd tests dist/threads/t/stack.t
	DEBPKG:fixes/manpage_name_Test-Harness - http://bugs.debian.org/650451 [rt.cpan.org #73399] cpan/Test-Harness: add NAME headings in modules with POD
	DEBPKG:debian/makemaker-pasthru - http://bugs.debian.org/660195 [rt.cpan.org #28632] Make EU::MM pass LD through to recursive Makefile.PL invocations
	DEBPKG:debian/perl5db-x-terminal-emulator.patch - http://bugs.debian.org/668490 Invoke x-terminal-emulator rather than xterm in perl5db.pl
	DEBPKG:debian/cpan-missing-site-dirs - http://bugs.debian.org/688842 Fix CPAN::FirstTime defaults with nonexisting site dirs if a parent is writable
	DEBPKG:fixes/memoize_storable_nstore - [rt.cpan.org #77790] http://bugs.debian.org/587650 Memoize::Storable: respect 'nstore' option not respected
	DEBPKG:fixes/net_ftp_failed_command - [rt.cpan.org #37700] http://bugs.debian.org/491062 Net::FTP: cope gracefully with a failed command
	DEBPKG:fixes/perlbug-patchlist - [3541c11] http://bugs.debian.org/710842 [perl #118433] Make perlbug look up the list of local patches at run time
	DEBPKG:fixes/module_metadata_security_doc - [68cdd4b] CVE-2013-1437 documentation fix
	DEBPKG:fixes/module_metadata_taint_fix - [bff978f] http://bugs.debian.org/722210 [rt.cpan.org #88576] untaint version, if needed, in Module::Metadata
	DEBPKG:fixes/IPC-SysV-spelling - http://bugs.debian.org/730558 [rt.cpan.org #86736] Fix spelling of IPC_CREAT in IPC-SysV documentation
	DEBPKG:fixes/fix-undef-source -
	DEBPKG:fixes/CVE-2013-7422.patch - [PATCH] [perl #119505] Segfault from bad backreference
	DEBPKG:fixes/CVE-2014-4330.patch - [PATCH] don't recurse infinitely in Data::Dumper
	DEBPKG:fixes/CVE-2016-2381.patch - [PATCH 1/2] remove duplicate environment variables from environ
	DEBPKG:fixes/CVE-2017-12837.patch - [PATCH] regcomp [perl #131582]
	DEBPKG:fixes/CVE-2017-12883.patch - [PATCH] PATCH: [perl #131598]
	DEBPKG:fixes/CVE-2015-8853-1.patch - [PATCH] PATCH [perl #123562] Regexp-matching "hangs"
	DEBPKG:fixes/CVE-2015-8853-2.patch - [PATCH] regexec.c: Use Perl_croak_nocontext()
	DEBPKG:fixes/CVE-2016-6185.patch - [PATCH] =?utf8?q?Don=E2=80=99t=20let=20XSLoader=20load=20relative?= =?utf8?q?=20paths?=
	DEBPKG:fixes/CVE-2017-6512-pre.patch - [PATCH] Correct the order of tests of chmod(). (#294)
	DEBPKG:fixes/CVE-2017-6512.patch - http://bugs.debian.org/863870 [rt.cpan.org #121951] Prevent directory chmod race attack.
	DEBPKG:fixes/CVE-2018-6913.patch - (perl #131844) fix various space calculation issues in pp_pack.c
	DEBPKG:fixes/CVE-2018-12015.patch - [PATCH] [PATCH] Remove existing files before overwriting them
	DEBPKG:fixes/CVE-2018-18311.patch - [PATCH] Perl_my_setenv(); handle integer wrap
	DEBPKG:fixes/CVE-2018-18313.patch - [PATCH] regcomp.c: Convert some strchr to memchr
  Built under linux
  Compiled at Nov 20 2018 17:02:48
  %ENV:
    PERL5LIB="/home/gregor/perl5/CI-188/lib/perl5:/adzuna"
    PERL_LOCAL_LIB_ROOT=":/home/gregor/perl5/CI-188"
    PERL_MB_OPT="--install_base /home/gregor/perl5/CI-188"
    PERL_MM_OPT="INSTALL_BASE=/home/gregor/perl5/CI-188"
  @INC:
    /home/gregor/perl5/CI-188/lib/perl5/x86_64-linux-gnu-thread-multi
    /home/gregor/perl5/CI-188/lib/perl5
    /adzuna
    /etc/perl
    /usr/local/lib/perl/5.18.2
    /usr/local/share/perl/5.18.2
    /usr/lib/perl5
    /usr/share/perl5
    /usr/lib/perl/5.18
    /usr/share/perl/5.18
    /usr/local/lib/site_perl
    .