Back
From: metabase:user:314402c4-2aae-11df-837a-5e0a49663a4f
Subject: FAIL Test-Unit-0.25 v5.22.0 RC2 GNU/Linux
Date: 2015-05-30T13:52:49Z
This distribution has been tested as part of the CPAN Testers
project, supporting the Perl programming language. See
http://wiki.cpantesters.org/ for more information or email
questions to cpan-testers-discuss@perl.org
--
Dear Matthew Astley,
This is a computer-generated report for Test-Unit-0.25
on perl 5.22.0, created by CPAN-Reporter-1.2014.
Thank you for uploading your work to CPAN. However, there was a problem
testing your distribution.
If you think this report is invalid, please consult the CPAN Testers Wiki
for suggestions on how to avoid getting FAIL reports for missing library
or binary dependencies, unsupported operating systems, and so on:
http://wiki.cpantesters.org/wiki/CPANAuthorNotes
Sections of this report:
* Tester comments
* Program output
* Prerequisites
* Environment and other context
------------------------------
TESTER COMMENTS
------------------------------
Additional comments from tester:
none provided
------------------------------
PROGRAM OUTPUT
------------------------------
Output from '/usr/bin/make test':
PERL_DL_NONLAZY=1 "/opt/perl-5.22.0-RC2/bin/perl" "-MExtUtils::Command::MM" "-MTest::Harness" "-e" "undef *Test::Harness::Switches; test_harness(0, 'blib/lib', 'blib/arch')" t/*.t
Can't use 'defined(@array)' (Maybe you should just omit the defined()?) at /tmpfs/.cpan-build/Test-Unit-0.25-EqaRa2/blib/lib/Test/Unit/TestCase.pm line 106.
Compilation failed in require at /tmpfs/.cpan-build/Test-Unit-0.25-EqaRa2/blib/lib/Test/Unit/TestSuite.pm line 15.
BEGIN failed--compilation aborted at /tmpfs/.cpan-build/Test-Unit-0.25-EqaRa2/blib/lib/Test/Unit/TestSuite.pm line 15.
Compilation failed in require at /tmpfs/.cpan-build/Test-Unit-0.25-EqaRa2/blib/lib/Test/Unit/Loader.pm line 7.
BEGIN failed--compilation aborted at /tmpfs/.cpan-build/Test-Unit-0.25-EqaRa2/blib/lib/Test/Unit/Loader.pm line 7.
Compilation failed in require at /tmpfs/.cpan-build/Test-Unit-0.25-EqaRa2/blib/lib/Test/Unit/Listener.pm line 2.
BEGIN failed--compilation aborted at /tmpfs/.cpan-build/Test-Unit-0.25-EqaRa2/blib/lib/Test/Unit/Listener.pm line 2.
Compilation failed in require at /opt/perl-5.22.0-RC2/lib/5.22.0/base.pm line 99.
...propagated at /opt/perl-5.22.0-RC2/lib/5.22.0/base.pm line 108.
BEGIN failed--compilation aborted at /tmpfs/.cpan-build/Test-Unit-0.25-EqaRa2/blib/lib/Test/Unit/Runner.pm line 25.
Compilation failed in require at /opt/perl-5.22.0-RC2/lib/5.22.0/base.pm line 99.
...propagated at /opt/perl-5.22.0-RC2/lib/5.22.0/base.pm line 108.
BEGIN failed--compilation aborted at /tmpfs/.cpan-build/Test-Unit-0.25-EqaRa2/blib/lib/Test/Unit/HarnessUnit.pm line 6.
Compilation failed in require at t/all_tests.t line 6.
BEGIN failed--compilation aborted at t/all_tests.t line 6.
t/all_tests.t .....
Dubious, test returned 255 (wstat 65280, 0xff00)
No subtests run
Can't use 'defined(@array)' (Maybe you should just omit the defined()?) at /tmpfs/.cpan-build/Test-Unit-0.25-EqaRa2/blib/lib/Test/Unit/TestCase.pm line 106.
Compilation failed in require at /tmpfs/.cpan-build/Test-Unit-0.25-EqaRa2/blib/lib/Test/Unit/TestSuite.pm line 15.
BEGIN failed--compilation aborted at /tmpfs/.cpan-build/Test-Unit-0.25-EqaRa2/blib/lib/Test/Unit/TestSuite.pm line 15.
Compilation failed in require at /tmpfs/.cpan-build/Test-Unit-0.25-EqaRa2/blib/lib/Test/Unit/Loader.pm line 7.
BEGIN failed--compilation aborted at /tmpfs/.cpan-build/Test-Unit-0.25-EqaRa2/blib/lib/Test/Unit/Loader.pm line 7.
Compilation failed in require at /tmpfs/.cpan-build/Test-Unit-0.25-EqaRa2/blib/lib/Test/Unit/Listener.pm line 2.
BEGIN failed--compilation aborted at /tmpfs/.cpan-build/Test-Unit-0.25-EqaRa2/blib/lib/Test/Unit/Listener.pm line 2.
Compilation failed in require at /opt/perl-5.22.0-RC2/lib/5.22.0/base.pm line 99.
...propagated at /opt/perl-5.22.0-RC2/lib/5.22.0/base.pm line 108.
BEGIN failed--compilation aborted at /tmpfs/.cpan-build/Test-Unit-0.25-EqaRa2/blib/lib/Test/Unit/Runner.pm line 25.
Compilation failed in require at /opt/perl-5.22.0-RC2/lib/5.22.0/base.pm line 99.
...propagated at /opt/perl-5.22.0-RC2/lib/5.22.0/base.pm line 108.
BEGIN failed--compilation aborted at /tmpfs/.cpan-build/Test-Unit-0.25-EqaRa2/blib/lib/Test/Unit/HarnessUnit.pm line 6.
Compilation failed in require at t/assert.t line 5.
BEGIN failed--compilation aborted at t/assert.t line 5.
t/assert.t ........
Dubious, test returned 255 (wstat 65280, 0xff00)
No subtests run
# Test 1 got: "Can't use 'defined(@array)' (Maybe you should just omit the defined()?) at /tmpfs/.cpan-build/Test-Unit-0.25-EqaRa2/blib/lib/Test/Unit/TestCase.pm line 106.\n# Compilation failed in require at /tmpfs/.cpan-build/Test-Unit-0.25-EqaRa2/blib/lib/Test/Unit/TestSuite.pm line 15.\n# BEGIN failed--compilation aborted at /tmpfs/.cpan-build/Test-Unit-0.25-EqaRa2/blib/lib/Test/Unit/TestSuite.pm line 15.\n# Compilation failed in require at /tmpfs/.cpan-build/Test-Unit-0.25-EqaRa2/blib/lib/Test/Unit/Loader.pm line 7.\n# BEGIN failed--compilation aborted at /tmpfs/.cpan-build/Test-Unit-0.25-EqaRa2/blib/lib/Test/Unit/Loader.pm line 7.\n# Compilation failed in require at /tmpfs/.cpan-build/Test-Unit-0.25-EqaRa2/blib/lib/Test/Unit/Listener.pm line 2.\n# BEGIN failed--compilation aborted at /tmpfs/.cpan-build/Test-Unit-0.25-EqaRa2/blib/lib/Test/Unit/Listener.pm line 2.\n# Compilation failed in require at /opt/perl-5.22.0-RC2/lib/5.22.0/base.pm line 99.\n# \t...propagated at /opt/perl-5.22.0-RC2/lib/5.22.0/base.pm line 108.\n# BEGIN failed--compilation aborted at /tmpfs/.cpan-build/Test-Unit-0.25-EqaRa2/blib/lib/Test/Unit/Runner.pm line 25.\n# Compilation failed in require at /opt/perl-5.22.0-RC2/lib/5.22.0/base.pm line 99.\n# \t...propagated at /opt/perl-5.22.0-RC2/lib/5.22.0/base.pm line 108.\n# BEGIN failed--compilation aborted at /tmpfs/.cpan-build/Test-Unit-0.25-EqaRa2/blib/lib/Test/Unit/TestRunner.pm line 4.\n# Compilation failed in require at ./TestRunner.pl line 6.\n# BEGIN failed--compilation aborted at ./TestRunner.pl line 6.\n# " (t/try_examples.t at line 106)
# Expected: "Suite setup\n# TEST-RUN-SUMMARY\n# \n# TIME-SUMMARY\n# \n# !!!FAILURES!!!\n# Test Results:\n# Run: 2, Failures: 1, Errors: 0\n# \n# There was 1 failure:\n# 1) examples/fail_example.pm:19 - test_fail(fail_example)\n# Born to lose ...\n# \n# Test was not successful.\n# "
# Lines 1-14 are changed:
# - "Suite setup\n"
# + "Can't use 'defined(@array)' (Maybe you should just omit the defined()?) at /tmpfs/.cpan-build/Test-Unit-0.25-EqaRa2/blib/lib/Test/Unit/TestCase.pm line 106.\n"
# - "# TEST-RUN-SUMMARY\n"
# + "# Compilation failed in require at /tmpfs/.cpan-build/Test-Unit-0.25-EqaRa2/blib/lib/Test/Unit/TestSuite.pm line 15.\n"
# - "# \n"
# + "# BEGIN failed--compilation aborted at /tmpfs/.cpan-build/Test-Unit-0.25-EqaRa2/blib/lib/Test/Unit/TestSuite.pm line 15.\n"
# - "# TIME-SUMMARY\n"
# + "# Compilation failed in require at /tmpfs/.cpan-build/Test-Unit-0.25-EqaRa2/blib/lib/Test/Unit/Loader.pm line 7.\n"
# - "# \n"
# + "# BEGIN failed--compilation aborted at /tmpfs/.cpan-build/Test-Unit-0.25-EqaRa2/blib/lib/Test/Unit/Loader.pm line 7.\n"
# - "# !!!FAILURES!!!\n"
# + "# Compilation failed in require at /tmpfs/.cpan-build/Test-Unit-0.25-EqaRa2/blib/lib/Test/Unit/Listener.pm line 2.\n"
# - "# Test Results:\n"
# + "# BEGIN failed--compilation aborted at /tmpfs/.cpan-build/Test-Unit-0.25-EqaRa2/blib/lib/Test/Unit/Listener.pm line 2.\n"
# - "# Run: 2, Failures: 1, Errors: 0\n"
# + "# Compilation failed in require at /opt/perl-5.22.0-RC2/lib/5.22.0/base.pm line 99.\n"
# - "# \n"
# + "# \t...propagated at /opt/perl-5.22.0-RC2/lib/5.22.0/base.pm line 108.\n"
# - "# There was 1 failure:\n"
# + "# BEGIN failed--compilation aborted at /tmpfs/.cpan-build/Test-Unit-0.25-EqaRa2/blib/lib/Test/Unit/Runner.pm line 25.\n"
# - "# 1) examples/fail_example.pm:19 - test_fail(fail_example)\n"
# + "# Compilation failed in require at /opt/perl-5.22.0-RC2/lib/5.22.0/base.pm line 99.\n"
# - "# Born to lose ...\n"
# + "# \t...propagated at /opt/perl-5.22.0-RC2/lib/5.22.0/base.pm line 108.\n"
# - "# \n"
# + "# BEGIN failed--compilation aborted at /tmpfs/.cpan-build/Test-Unit-0.25-EqaRa2/blib/lib/Test/Unit/TestRunner.pm line 4.\n"
# - "# Test was not successful.\n"
# + "# Compilation failed in require at ./TestRunner.pl line 6.\n"
# Got 1 extra line at line 15:
# + "# BEGIN failed--compilation aborted at ./TestRunner.pl line 6.\n"
# t/try_examples.t line 106 is: ok($out, $guru_checked{$e});
# Test 2 got: "Can't use 'defined(@array)' (Maybe you should just omit the defined()?) at /tmpfs/.cpan-build/Test-Unit-0.25-EqaRa2/blib/lib/Test/Unit/TestCase.pm line 106.\n# Compilation failed in require at /tmpfs/.cpan-build/Test-Unit-0.25-EqaRa2/blib/lib/Test/Unit/TestSuite.pm line 15.\n# BEGIN failed--compilation aborted at /tmpfs/.cpan-build/Test-Unit-0.25-EqaRa2/blib/lib/Test/Unit/TestSuite.pm line 15.\n# Compilation failed in require at /tmpfs/.cpan-build/Test-Unit-0.25-EqaRa2/blib/lib/Test/Unit/Procedural.pm line 5.\n# BEGIN failed--compilation aborted at /tmpfs/.cpan-build/Test-Unit-0.25-EqaRa2/blib/lib/Test/Unit/Procedural.pm line 5.\n# Compilation failed in require at examples/patch100132 line 6.\n# BEGIN failed--compilation aborted at examples/patch100132 line 6.\n# " (t/try_examples.t at line 106 fail #2)
# Expected: "...\n# TIME-SUMMARY\n# \n# OK (3 tests)\n# "
# Lines 1-4 are changed:
# - "...\n"
# + "Can't use 'defined(@array)' (Maybe you should just omit the defined()?) at /tmpfs/.cpan-build/Test-Unit-0.25-EqaRa2/blib/lib/Test/Unit/TestCase.pm line 106.\n"
# - "# TIME-SUMMARY\n"
# + "# Compilation failed in require at /tmpfs/.cpan-build/Test-Unit-0.25-EqaRa2/blib/lib/Test/Unit/TestSuite.pm line 15.\n"
# - "# \n"
# + "# BEGIN failed--compilation aborted at /tmpfs/.cpan-build/Test-Unit-0.25-EqaRa2/blib/lib/Test/Unit/TestSuite.pm line 15.\n"
# - "# OK (3 tests)\n"
# + "# Compilation failed in require at /tmpfs/.cpan-build/Test-Unit-0.25-EqaRa2/blib/lib/Test/Unit/Procedural.pm line 5.\n"
# Got 3 extra lines at line 5:
# + "# BEGIN failed--compilation aborted at /tmpfs/.cpan-build/Test-Unit-0.25-EqaRa2/blib/lib/Test/Unit/Procedural.pm line 5.\n"
# + "# Compilation failed in require at examples/patch100132 line 6.\n"
# + "# BEGIN failed--compilation aborted at examples/patch100132 line 6.\n"
# Test 3 got: "Can't use 'defined(@array)' (Maybe you should just omit the defined()?) at /tmpfs/.cpan-build/Test-Unit-0.25-EqaRa2/blib/lib/Test/Unit/TestCase.pm line 106.\n# Compilation failed in require at /tmpfs/.cpan-build/Test-Unit-0.25-EqaRa2/blib/lib/Test/Unit/TestSuite.pm line 15.\n# BEGIN failed--compilation aborted at /tmpfs/.cpan-build/Test-Unit-0.25-EqaRa2/blib/lib/Test/Unit/TestSuite.pm line 15.\n# Compilation failed in require at /tmpfs/.cpan-build/Test-Unit-0.25-EqaRa2/blib/lib/Test/Unit/Procedural.pm line 5.\n# BEGIN failed--compilation aborted at /tmpfs/.cpan-build/Test-Unit-0.25-EqaRa2/blib/lib/Test/Unit/Procedural.pm line 5.\n# Compilation failed in require at examples/patch100132-1 line 6.\n# BEGIN failed--compilation aborted at examples/patch100132-1 line 6.\n# " (t/try_examples.t at line 106 fail #3)
# Expected: "...\n# TIME-SUMMARY\n# \n# OK (3 tests)\n# "
# Lines 1-4 are changed:
# - "...\n"
# + "Can't use 'defined(@array)' (Maybe you should just omit the defined()?) at /tmpfs/.cpan-build/Test-Unit-0.25-EqaRa2/blib/lib/Test/Unit/TestCase.pm line 106.\n"
# - "# TIME-SUMMARY\n"
# + "# Compilation failed in require at /tmpfs/.cpan-build/Test-Unit-0.25-EqaRa2/blib/lib/Test/Unit/TestSuite.pm line 15.\n"
# - "# \n"
# + "# BEGIN failed--compilation aborted at /tmpfs/.cpan-build/Test-Unit-0.25-EqaRa2/blib/lib/Test/Unit/TestSuite.pm line 15.\n"
# - "# OK (3 tests)\n"
# + "# Compilation failed in require at /tmpfs/.cpan-build/Test-Unit-0.25-EqaRa2/blib/lib/Test/Unit/Procedural.pm line 5.\n"
# Got 3 extra lines at line 5:
# + "# BEGIN failed--compilation aborted at /tmpfs/.cpan-build/Test-Unit-0.25-EqaRa2/blib/lib/Test/Unit/Procedural.pm line 5.\n"
# + "# Compilation failed in require at examples/patch100132-1 line 6.\n"
# + "# BEGIN failed--compilation aborted at examples/patch100132-1 line 6.\n"
# Test 4 got: "Can't use 'defined(@array)' (Maybe you should just omit the defined()?) at /tmpfs/.cpan-build/Test-Unit-0.25-EqaRa2/blib/lib/Test/Unit/TestCase.pm line 106.\n# Compilation failed in require at /tmpfs/.cpan-build/Test-Unit-0.25-EqaRa2/blib/lib/Test/Unit/TestSuite.pm line 15.\n# BEGIN failed--compilation aborted at /tmpfs/.cpan-build/Test-Unit-0.25-EqaRa2/blib/lib/Test/Unit/TestSuite.pm line 15.\n# Compilation failed in require at /tmpfs/.cpan-build/Test-Unit-0.25-EqaRa2/blib/lib/Test/Unit/Procedural.pm line 5.\n# BEGIN failed--compilation aborted at /tmpfs/.cpan-build/Test-Unit-0.25-EqaRa2/blib/lib/Test/Unit/Procedural.pm line 5.\n# Compilation failed in require at examples/patch100132-2 line 6.\n# BEGIN failed--compilation aborted at examples/patch100132-2 line 6.\n# " (t/try_examples.t at line 106 fail #4)
# Expected: "...\n# TIME-SUMMARY\n# \n# OK (3 tests)\n# "
# Lines 1-4 are changed:
# - "...\n"
# + "Can't use 'defined(@array)' (Maybe you should just omit the defined()?) at /tmpfs/.cpan-build/Test-Unit-0.25-EqaRa2/blib/lib/Test/Unit/TestCase.pm line 106.\n"
# - "# TIME-SUMMARY\n"
# + "# Compilation failed in require at /tmpfs/.cpan-build/Test-Unit-0.25-EqaRa2/blib/lib/Test/Unit/TestSuite.pm line 15.\n"
# - "# \n"
# + "# BEGIN failed--compilation aborted at /tmpfs/.cpan-build/Test-Unit-0.25-EqaRa2/blib/lib/Test/Unit/TestSuite.pm line 15.\n"
# - "# OK (3 tests)\n"
# + "# Compilation failed in require at /tmpfs/.cpan-build/Test-Unit-0.25-EqaRa2/blib/lib/Test/Unit/Procedural.pm line 5.\n"
# Got 3 extra lines at line 5:
# + "# BEGIN failed--compilation aborted at /tmpfs/.cpan-build/Test-Unit-0.25-EqaRa2/blib/lib/Test/Unit/Procedural.pm line 5.\n"
# + "# Compilation failed in require at examples/patch100132-2 line 6.\n"
# + "# BEGIN failed--compilation aborted at examples/patch100132-2 line 6.\n"
t/try_examples.t ..
Failed 4/4 subtests
Test Summary Report
-------------------
t/all_tests.t (Wstat: 65280 Tests: 0 Failed: 0)
Non-zero exit status: 255
Parse errors: No plan found in TAP output
t/assert.t (Wstat: 65280 Tests: 0 Failed: 0)
Non-zero exit status: 255
Parse errors: No plan found in TAP output
t/try_examples.t (Wstat: 0 Tests: 4 Failed: 4)
Failed tests: 1-4
Files=3, Tests=4, 0 wallclock secs ( 0.02 usr 0.01 sys + 0.14 cusr 0.06 csys = 0.23 CPU)
Result: FAIL
Failed 3/3 test programs. 4/4 subtests failed.
make: *** [test_dynamic] Fehler 255
------------------------------
PREREQUISITES
------------------------------
Prerequisite modules loaded:
requires:
Module Need Have
------------------- ---- --------
base 1 2.22
Class::Inner 0 0.200001
Devel::Symdump 0 2.14
Error 0 0.17023
build_requires:
Module Need Have
------------------- ---- --------
ExtUtils::MakeMaker 0 7.04_01
------------------------------
ENVIRONMENT AND OTHER CONTEXT
------------------------------
Environment variables:
DBIC_NO_WARN_BAD_PERL = 1
LANG = C
LC_ALL = de_DE.UTF-8
PATH = /usr/local/bin:/usr/bin:/bin:/usr/local/sbin:/usr/sbin:/sbin:/home/eserte/bin/linux-gnu:/home/eserte/bin/sh:/home/eserte/bin:/usr/games:/home/eserte/devel:/home/eserte/src/srezic-misc/scripts
PERL5LIB =
PERL5OPT =
PERL5_CPANPLUS_IS_RUNNING = 16360
PERL5_CPAN_IS_RUNNING = 16360
PERL5_CPAN_IS_RUNNING_IN_RECURSION = 17529,16360
PERLDOC = -MPod::Perldoc::ToTextOverstrike
PERL_BATCH = yes
PERL_CPAN_REPORTER_CONFIG = /var/tmp/cpansmoker-1001/cpanreporter_022_config.ini
PERL_EXTUTILS_AUTOINSTALL = --defaultdeps
PERL_HTML_DISPLAY_CLASS = HTML::Display::Mozilla
PERL_PARALLEL_SMOKER = yes
SHELL = /bin/zsh
TERM = screen
TMPDIR = /var/tmp/cpansmoker-1001
Perl special variables (and OS-specific diagnostics, for MSWin32):
$^X = /opt/perl-5.22.0-RC2/bin/perl
$UID/$EUID = 1001 / 1001
$GID = 1001 109 1001
$EGID = 1001 109 1001
Perl module toolchain versions installed:
Module Have
------------------- --------
CPAN 2.11
CPAN::Meta 2.150001
Cwd 3.56
ExtUtils::CBuilder 0.280221
ExtUtils::Command 1.20
ExtUtils::Install 2.04
ExtUtils::MakeMaker 7.04_01
ExtUtils::Manifest 1.70
ExtUtils::ParseXS 3.28
File::Spec 3.56
JSON 2.90
JSON::PP 2.27300
Module::Build 0.4212
Module::Signature 0.79
Parse::CPAN::Meta 1.4414
Test::Harness 3.35
Test::More 1.001014
YAML 1.15
YAML::Syck 1.29
version 0.9912
--
Summary of my perl5 (revision 5 version 22 subversion 0) configuration:
Platform:
osname=linux, osvers=3.2.0-4-amd64, archname=x86_64-linux
uname='linux eserte 3.2.0-4-amd64 #1 smp debian 3.2.68-1+deb7u1 x86_64 gnulinux '
config_args='-ds -e -Dprefix=/opt/perl-5.22.0-RC2 -Dcf_email=srezic@cpan.org'
hint=recommended, useposix=true, d_sigaction=define
useithreads=undef, usemultiplicity=undef
use64bitint=define, use64bitall=define, uselongdouble=undef
usemymalloc=n, bincompat5005=undef
Compiler:
cc='cc', ccflags ='-fwrapv -fno-strict-aliasing -pipe -fstack-protector -I/usr/local/include -D_LARGEFILE_SOURCE -D_FILE_OFFSET_BITS=64 -D_FORTIFY_SOURCE=2',
optimize='-O2',
cppflags='-fwrapv -fno-strict-aliasing -pipe -fstack-protector -I/usr/local/include'
ccversion='', gccversion='4.7.2', gccosandvers=''
intsize=4, longsize=8, ptrsize=8, doublesize=8, byteorder=12345678, doublekind=3
d_longlong=define, longlongsize=8, d_longdbl=define, longdblsize=16, longdblkind=3
ivtype='long', ivsize=8, nvtype='double', nvsize=8, Off_t='off_t', lseeksize=8
alignbytes=8, prototype=define
Linker and Libraries:
ld='cc', ldflags =' -fstack-protector -L/usr/local/lib'
libpth=/usr/local/lib /usr/lib/gcc/x86_64-linux-gnu/4.7/include-fixed /usr/include/x86_64-linux-gnu /usr/lib /lib/x86_64-linux-gnu /lib/../lib /usr/lib/x86_64-linux-gnu /usr/lib/../lib /lib
libs=-lpthread -lnsl -ldb -ldl -lm -lcrypt -lutil -lc
perllibs=-lpthread -lnsl -ldl -lm -lcrypt -lutil -lc
libc=libc-2.13.so, so=so, useshrplib=false, libperl=libperl.a
gnulibc_version='2.13'
Dynamic Linking:
dlsrc=dl_dlopen.xs, dlext=so, d_dlsymun=undef, ccdlflags='-Wl,-E'
cccdlflags='-fPIC', lddlflags='-shared -O2 -L/usr/local/lib -fstack-protector'
Characteristics of this binary (from libperl):
Compile-time options: HAS_TIMES PERLIO_LAYERS PERL_DONT_CREATE_GVSV
PERL_HASH_FUNC_ONE_AT_A_TIME_HARD PERL_MALLOC_WRAP
PERL_NEW_COPY_ON_WRITE PERL_PRESERVE_IVUV
USE_64_BIT_ALL USE_64_BIT_INT USE_LARGE_FILES
USE_LOCALE USE_LOCALE_COLLATE USE_LOCALE_CTYPE
USE_LOCALE_NUMERIC USE_LOCALE_TIME USE_PERLIO
USE_PERL_ATOF
Locally applied patches:
RC2
Built under linux
Compiled at May 27 2015 23:09:28
%ENV:
PERL5LIB=""
PERL5OPT=""
PERL5_CPANPLUS_IS_RUNNING="16360"
PERL5_CPAN_IS_RUNNING="16360"
PERL5_CPAN_IS_RUNNING_IN_RECURSION="17529,16360"
PERLDOC="-MPod::Perldoc::ToTextOverstrike"
PERL_BATCH="yes"
PERL_CPAN_REPORTER_CONFIG="/var/tmp/cpansmoker-1001/cpanreporter_022_config.ini"
PERL_EXTUTILS_AUTOINSTALL="--defaultdeps"
PERL_HTML_DISPLAY_CLASS="HTML::Display::Mozilla"
PERL_PARALLEL_SMOKER="yes"
@INC:
/opt/perl-5.22.0-RC2/lib/site_perl/5.22.0/x86_64-linux
/opt/perl-5.22.0-RC2/lib/site_perl/5.22.0
/opt/perl-5.22.0-RC2/lib/5.22.0/x86_64-linux
/opt/perl-5.22.0-RC2/lib/5.22.0
.