Connector v1.55 Perl 5 v5.20.1 amd64-freebsd
- Status
- Fail
- From
- Slaven Rezić
- Dist
-
Connector v1.55
- Platform
- Perl 5 v5.20.1 amd64-freebsd
- Date
- 2025-05-09 05:12:09
- ID
- 2884bcd4-2c94-11f0-bcb4-1cd86d8775ea
This distribution has been tested as part of the CPAN Testers
project, supporting the Perl programming language. See
http://wiki.cpantesters.org/ for more information or email
questions to cpan-testers-discuss@perl.org
--
Dear Scott T. Hardin,
This is a computer-generated report for Connector-1.55
on perl 5.20.1, created by CPAN-Reporter-1.2019.
Thank you for uploading your work to CPAN. However, there was a problem
testing your distribution.
If you think this report is invalid, please consult the CPAN Testers Wiki
for suggestions on how to avoid getting FAIL reports for missing library
or binary dependencies, unsupported operating systems, and so on:
http://wiki.cpantesters.org/wiki/CPANAuthorNotes
Sections of this report:
* Tester comments
* Program output
* Prerequisites
* Environment and other context
------------------------------
TESTER COMMENTS
------------------------------
Additional comments from tester:
none provided
------------------------------
PROGRAM OUTPUT
------------------------------
Output from './Build test':
t/00-base.t ..................... ok
t/01-builtin-env.t .............. ok
t/01-builtin-file-path.t ........ ok
t/01-builtin-file-scp.t ......... skipped: Skipping SCP tests - setup ssh-key auth and set CONN_HAVE_SSH_CONFIG=1
t/01-builtin-file-simple.t ...... ok
t/01-builtin-inline.t ........... ok
t/01-builtin-memory.t ........... ok
t/01-builtin-null.t ............. ok
t/01-builtin-password-scheme.t .. ok
t/01-builtin-password.t ......... ok
t/01-builtin-static.t ........... ok
t/01-iterator.t ................. ok
t/01-multi-merge.t .............. ok
t/01-multi-reference.t .......... ok
t/01-multi.t .................... ok
t/01-proxy-config-std.t ......... ok
t/01-proxy-ftp.t ................ ok
t/01-proxy-http.t ............... ok
t/01-proxy-json.t ............... ok
t/01-proxy-net-ldap.t ........... skipped: Skipping LDAP tests because there might be no server
# Failed test 'Creating file'
# at t/01-proxy-proc-safeexec.t line 138.
# '/var/tmp/cpansmoker-1023/2025050820/pTq7Yjrd0Q/XNNboeeRQX'
# doesn't match '(?^:/tmp/\w+/\w+)'
# Looks like you failed 1 test of 24.
t/01-proxy-proc-safeexec.t ......
Dubious, test returned 1 (wstat 256, 0x100)
Failed 1/24 subtests
t/01-proxy-yaml.t ............... ok
t/01-tee.t ...................... ok
t/01-wrapper.t .................. ok
2025/05/08 20:47:42 Ambiguous (multi-valued) result
2025/05/08 20:47:42 Ambiguous (multi-valued) result
2025/05/08 20:47:42 Ambiguous (multi-valued) result
t/10-proxy-dbi.t ................ ok
Test Summary Report
-------------------
t/01-proxy-proc-safeexec.t (Wstat: 256 (exited 1) Tests: 24 Failed: 1)
Failed test: 23
Non-zero exit status: 1
Files=25, Tests=429, 13 wallclock secs ( 0.07 usr 0.09 sys + 4.83 cusr 2.99 csys = 7.98 CPU)
Result: FAIL
------------------------------
PREREQUISITES
------------------------------
Prerequisite modules loaded:
requires:
Module Need Have
-------------------- -------- --------
Log::Log4perl 0 1.57
Moose 0 2.2207
perl 5.010001 5.020001
build_requires:
Module Need Have
-------------------- -------- --------
Config::Merge 0 1.04
Config::Std 0 0.903
DBD::SQLite 0 1.76
DBI 0 1.647
ExtUtils::MakeMaker 6.59 7.74
IO::Socket::SSL 0 2.088
JSON 0 4.10
LWP::Protocol::https 0 6.14
LWP::UserAgent 0 6.78
Proc::SafeExec 0 1.5
Syntax::Keyword::Try 0 0.30
Template 0 3.102
Test::More 0 1.302211
YAML 0 1.30
configure_requires:
Module Need Have
-------------------- -------- --------
Module::Build::Tiny 0.035 0.051
------------------------------
ENVIRONMENT AND OTHER CONTEXT
------------------------------
Environment variables:
LC_ALL = de_DE.ISO8859-1
PATH = /usr/local/bin:/usr/bin:/bin:/usr/local/sbin:/usr/sbin:/sbin:/home/cpansand/bin/freebsd10.3:/home/cpansand/bin/sh:/home/cpansand/bin:/usr/games:/home/cpansand/devel:/home/eserte/src/srezic-misc/scripts
PERL5LIB =
PERL5OPT =
PERL5_CPANPLUS_IS_RUNNING = 76388
PERL5_CPAN_IS_RUNNING = 76388
PERL5_CPAN_IS_RUNNING_IN_RECURSION = 70790,76388
PERLDOC = -MPod::Perldoc::ToTextOverstrike
PERL_BATCH = yes
PERL_CANARY_STABILITY_NOPROMPT = 1
PERL_CPAN_REPORTER_CONFIG = /var/tmp/cpansmoker-1023/2025050820/cpanreporter_000_config.ini
PERL_EXTUTILS_AUTOINSTALL = --defaultdeps
PERL_USE_UNSAFE_INC = 1
SHELL = /usr/local/bin/zsh
TERM = screen
TMPDIR = /var/tmp/cpansmoker-1023/2025050820
Perl special variables (and OS-specific diagnostics, for MSWin32):
$^X = /usr/perl5.20.1p/bin/perl
$UID/$EUID = 1023 / 1023
$GID = 1023 1023
$EGID = 1023 1023
Perl module toolchain versions installed:
Module Have
------------------- --------
CPAN 2.37
CPAN::Meta 2.150010
Cwd 3.75
ExtUtils::CBuilder 0.280236
ExtUtils::Command 7.74
ExtUtils::Install 2.20
ExtUtils::MakeMaker 7.74
ExtUtils::Manifest 1.75
ExtUtils::ParseXS 3.51
File::Spec 3.75
JSON 4.10
JSON::PP 4.16
Module::Build 0.4234
Module::Signature 0.89
Parse::CPAN::Meta 2.150010
Test2 1.302211
Test::Harness 3.50
Test::More 1.302211
YAML 1.30
YAML::Syck 1.34
version 0.9933
--
Summary of my perl5 (revision 5 version 20 subversion 1) configuration:
Platform:
osname=freebsd, osvers=10.1-release, archname=amd64-freebsd
uname='freebsd cvrsnica-freebsd-101.herceg.de 10.1-release freebsd 10.1-release #0 r274401: tue nov 11 21:02:49 utc 2014 root@releng1.nyi.freebsd.org:usrobjusrsrcsysgeneric amd64 '
config_args='-ds -e -Dprefix=/usr/perl5.20.1p'
hint=recommended, useposix=true, d_sigaction=define
useithreads=undef, usemultiplicity=undef
use64bitint=define, use64bitall=define, uselongdouble=undef
usemymalloc=n, bincompat5005=undef
Compiler:
cc='cc', ccflags ='-DHAS_FPSETMASK -DHAS_FLOATINGPOINT_H -fno-strict-aliasing -pipe -fstack-protector -I/usr/local/include',
optimize='-O',
cppflags='-DHAS_FPSETMASK -DHAS_FLOATINGPOINT_H -fno-strict-aliasing -pipe -fstack-protector -I/usr/local/include'
ccversion='', gccversion='4.2.1 Compatible FreeBSD Clang 3.4.1 (tags/RELEASE_34/dot1-final 208032)', gccosandvers=''
intsize=4, longsize=8, ptrsize=8, doublesize=8, byteorder=12345678
d_longlong=define, longlongsize=8, d_longdbl=define, longdblsize=16
ivtype='long', ivsize=8, nvtype='double', nvsize=8, Off_t='off_t', lseeksize=8
alignbytes=8, prototype=define
Linker and Libraries:
ld='cc', ldflags ='-pthread -Wl,-E -fstack-protector -L/usr/local/lib'
libpth=/usr/lib /usr/local/lib /usr/include/clang/3.4.1 /usr/lib
libs=-lm -lcrypt -lutil -lc
perllibs=-lm -lcrypt -lutil -lc
libc=, so=so, useshrplib=false, libperl=libperl.a
gnulibc_version=''
Dynamic Linking:
dlsrc=dl_dlopen.xs, dlext=so, d_dlsymun=undef, ccdlflags=' '
cccdlflags='-DPIC -fPIC', lddlflags='-shared -L/usr/local/lib -fstack-protector'
Characteristics of this binary (from libperl):
Compile-time options: HAS_TIMES PERLIO_LAYERS PERL_DONT_CREATE_GVSV
PERL_HASH_FUNC_ONE_AT_A_TIME_HARD PERL_MALLOC_WRAP
PERL_NEW_COPY_ON_WRITE PERL_PRESERVE_IVUV
USE_64_BIT_ALL USE_64_BIT_INT USE_LARGE_FILES
USE_LOCALE USE_LOCALE_COLLATE USE_LOCALE_CTYPE
USE_LOCALE_NUMERIC USE_PERLIO USE_PERL_ATOF
Built under freebsd
Compiled at Jan 29 2015 08:45:50
%ENV:
PERL5LIB=""
PERL5OPT=""
PERL5_CPANPLUS_IS_RUNNING="76388"
PERL5_CPAN_IS_RUNNING="76388"
PERL5_CPAN_IS_RUNNING_IN_RECURSION="70790,76388"
PERLDOC="-MPod::Perldoc::ToTextOverstrike"
PERL_BATCH="yes"
PERL_CANARY_STABILITY_NOPROMPT="1"
PERL_CPAN_REPORTER_CONFIG="/var/tmp/cpansmoker-1023/2025050820/cpanreporter_000_config.ini"
PERL_EXTUTILS_AUTOINSTALL="--defaultdeps"
PERL_USE_UNSAFE_INC="1"
@INC:
/usr/perl5.20.1p/lib/site_perl/5.20.1/amd64-freebsd
/usr/perl5.20.1p/lib/site_perl/5.20.1
/usr/perl5.20.1p/lib/5.20.1/amd64-freebsd
/usr/perl5.20.1p/lib/5.20.1
.