Report for Date-Piece-v0.0.3

Back
From: metabase:user:314402c4-2aae-11df-837a-5e0a49663a4f
Subject: FAIL Date-Piece-v0.0.3 v5.25.5 GNU/Linux
Date: 2016-09-29T00:39:16Z

This distribution has been tested as part of the CPAN Testers
project, supporting the Perl programming language.  See
http://wiki.cpantesters.org/ for more information or email
questions to cpan-testers-discuss@perl.org


--
Dear Eric Wilhelm,

This is a computer-generated report for Date-Piece-v0.0.3
on perl 5.25.5, created by CPAN-Reporter-1.2018.

Thank you for uploading your work to CPAN.  However, there was a problem
testing your distribution.

If you think this report is invalid, please consult the CPAN Testers Wiki
for suggestions on how to avoid getting FAIL reports for missing library
or binary dependencies, unsupported operating systems, and so on:

http://wiki.cpantesters.org/wiki/CPANAuthorNotes

Sections of this report:

    * Tester comments
    * Program output
    * Prerequisites
    * Environment and other context

------------------------------
TESTER COMMENTS
------------------------------

Additional comments from tester:

none provided

------------------------------
PROGRAM OUTPUT
------------------------------

Output from './Build test':

# Testing Date::Piece v0.0.3
t/00-load.t ... ok
t/basic.t ..... ok

#   Failed test at t/overload.t line 11.
# An error occurred while using eq:
# ------------------------------------
# Operation "eq": no method found,
# 	left argument in overloaded package Date::Piece::week_unit,
# 	right argument has no overloaded magic at (eval in cmp_ok) t/overload.t line 11.
# 
# ------------------------------------
#          got: '7weeks'
#     expected: '7weeks'

#   Failed test at t/overload.t line 14.
# An error occurred while using eq:
# ------------------------------------
# Operation "eq": no method found,
# 	left argument in overloaded package Date::Piece::week_unit,
# 	right argument has no overloaded magic at (eval in cmp_ok) t/overload.t line 14.
# 
# ------------------------------------
#          got: '8weeks'
#     expected: '8weeks'

#   Failed test at t/overload.t line 16.
# An error occurred while using eq:
# ------------------------------------
# Operation "eq": no method found,
# 	left argument in overloaded package Date::Piece::week_unit,
# 	right argument has no overloaded magic at (eval in cmp_ok) t/overload.t line 16.
# 
# ------------------------------------
#          got: '16weeks'
#     expected: '16weeks'

#   Failed test at t/overload.t line 17.
# An error occurred while using eq:
# ------------------------------------
# Operation "eq": no method found,
# 	left argument in overloaded package Date::Piece::week_unit,
# 	right argument has no overloaded magic at (eval in cmp_ok) t/overload.t line 17.
# 
# ------------------------------------
#          got: '7weeks'
#     expected: '7weeks'

#   Failed test at t/overload.t line 30.
# An error occurred while using eq:
# ------------------------------------
# Operation "eq": no method found,
# 	left argument in overloaded package Date::Piece::month_unit,
# 	right argument has no overloaded magic at (eval in cmp_ok) t/overload.t line 30.
# 
# ------------------------------------
#          got: '7months'
#     expected: '7months'

#   Failed test at t/overload.t line 33.
# An error occurred while using eq:
# ------------------------------------
# Operation "eq": no method found,
# 	left argument in overloaded package Date::Piece::month_unit,
# 	right argument has no overloaded magic at (eval in cmp_ok) t/overload.t line 33.
# 
# ------------------------------------
#          got: '8months'
#     expected: '8months'

#   Failed test at t/overload.t line 35.
# An error occurred while using eq:
# ------------------------------------
# Operation "eq": no method found,
# 	left argument in overloaded package Date::Piece::month_unit,
# 	right argument has no overloaded magic at (eval in cmp_ok) t/overload.t line 35.
# 
# ------------------------------------
#          got: '16months'
#     expected: '16months'

#   Failed test at t/overload.t line 37.
# An error occurred while using eq:
# ------------------------------------
# Operation "eq": no method found,
# 	left argument in overloaded package Date::Piece::month_unit,
# 	right argument has no overloaded magic at (eval in cmp_ok) t/overload.t line 37.
# 
# ------------------------------------
#          got: '8months'
#     expected: '8months'

#   Failed test 'untouched'
#   at t/overload.t line 38.
# An error occurred while using eq:
# ------------------------------------
# Operation "eq": no method found,
# 	left argument in overloaded package Date::Piece::month_unit,
# 	right argument has no overloaded magic at (eval in cmp_ok) t/overload.t line 38.
# 
# ------------------------------------
#          got: '7months'
#     expected: '7months'

#   Failed test at t/overload.t line 46.
# An error occurred while using eq:
# ------------------------------------
# Operation "eq": no method found,
# 	left argument in overloaded package Date::Piece::year_unit,
# 	right argument has no overloaded magic at (eval in cmp_ok) t/overload.t line 46.
# 
# ------------------------------------
#          got: '7years'
#     expected: '7years'

#   Failed test at t/overload.t line 49.
# An error occurred while using eq:
# ------------------------------------
# Operation "eq": no method found,
# 	left argument in overloaded package Date::Piece::year_unit,
# 	right argument has no overloaded magic at (eval in cmp_ok) t/overload.t line 49.
# 
# ------------------------------------
#          got: '8years'
#     expected: '8years'

#   Failed test at t/overload.t line 51.
# An error occurred while using eq:
# ------------------------------------
# Operation "eq": no method found,
# 	left argument in overloaded package Date::Piece::year_unit,
# 	right argument has no overloaded magic at (eval in cmp_ok) t/overload.t line 51.
# 
# ------------------------------------
#          got: '16years'
#     expected: '16years'

#   Failed test at t/overload.t line 53.
# An error occurred while using eq:
# ------------------------------------
# Operation "eq": no method found,
# 	left argument in overloaded package Date::Piece::year_unit,
# 	right argument has no overloaded magic at (eval in cmp_ok) t/overload.t line 53.
# 
# ------------------------------------
#          got: '8years'
#     expected: '8years'

#   Failed test 'untouched'
#   at t/overload.t line 54.
# An error occurred while using eq:
# ------------------------------------
# Operation "eq": no method found,
# 	left argument in overloaded package Date::Piece::year_unit,
# 	right argument has no overloaded magic at (eval in cmp_ok) t/overload.t line 54.
# 
# ------------------------------------
#          got: '7years'
#     expected: '7years'

#   Failed test at t/overload.t line 59.
# An error occurred while using eq:
# ------------------------------------
# Operation "eq": no method found,
# 	left argument in overloaded package Date::Piece::year_unit,
# 	right argument has no overloaded magic at (eval in cmp_ok) t/overload.t line 59.
# 
# ------------------------------------
#          got: '8years'
#     expected: '8years'
# Looks like you failed 15 tests of 34.
t/overload.t .. 
Dubious, test returned 15 (wstat 3840, 0xf00)
Failed 15/34 subtests 

Test Summary Report
-------------------
t/overload.t (Wstat: 3840 Tests: 34 Failed: 15)
  Failed tests:  1-4, 7-11, 13-17, 19
  Non-zero exit status: 15
Files=3, Tests=112,  0 wallclock secs ( 0.03 usr  0.02 sys +  0.11 cusr  0.05 csys =  0.21 CPU)
Result: FAIL
Failed 1/3 test programs. 15/112 subtests failed.

------------------------------
PREREQUISITES
------------------------------

Prerequisite modules loaded:

requires:

    Module        Need   Have    
    ------------- ------ --------
    Date::Simple  0      3.03    
    perl          v5.8.2 5.025005
    Time::Local   0      1.24    
    Time::Piece   0      1.31    

build_requires:

    Module        Need   Have    
    ------------- ------ --------
    Module::Build 0.26   0.4220  
    Test::More    0      1.302059

configure_requires:

    Module        Need   Have    
    ------------- ------ --------
    Module::Build 0.3303 0.4220  


------------------------------
ENVIRONMENT AND OTHER CONTEXT
------------------------------

Environment variables:

    LANG = C
    LC_ALL = de_DE.UTF-8
    PATH = /usr/local/bin:/usr/bin:/bin:/usr/local/sbin:/usr/sbin:/sbin:/home/cpansand/bin/linux-gnu:/home/cpansand/bin/sh:/home/cpansand/bin:/usr/games:/home/cpansand/devel:/home/eserte/src/srezic-misc/scripts
    PERL5LIB = 
    PERL5OPT = 
    PERL5_CPANPLUS_IS_RUNNING = 8672
    PERL5_CPAN_IS_RUNNING = 8672
    PERL5_CPAN_IS_RUNNING_IN_RECURSION = 16333,8672
    PERLDOC = -MPod::Perldoc::ToTextOverstrike
    PERL_BATCH = yes
    PERL_CANARY_STABILITY_NOPROMPT = 1
    PERL_CPAN_REPORTER_CONFIG = /run/user/1023/cpansmoker/2016092821/cpanreporter_001_config.ini
    PERL_EXTUTILS_AUTOINSTALL = --defaultdeps
    PERL_PARALLEL_SMOKER = yes
    PERL_USE_UNSAFE_INC = 1
    SHELL = /bin/zsh
    TERM = screen
    TMPDIR = /run/user/1023/cpansmoker/2016092821

Perl special variables (and OS-specific diagnostics, for MSWin32):

    $^X = /bbbike/perl-5.25.5/bin/perl5.25.5
    $UID/$EUID = 1023 / 1023
    $GID = 1023 1023
    $EGID = 1023 1023

Perl module toolchain versions installed:

    Module              Have    
    ------------------- --------
    CPAN                2.14    
    CPAN::Meta          2.150010
    Cwd                 3.62    
    ExtUtils::CBuilder  0.280224
    ExtUtils::Command   7.24    
    ExtUtils::Install   2.04    
    ExtUtils::MakeMaker 7.24    
    ExtUtils::Manifest  1.70    
    ExtUtils::ParseXS   3.30    
    File::Spec          3.62    
    JSON                2.90    
    JSON::PP            2.27400 
    Module::Build       0.4220  
    Module::Signature   0.81    
    Parse::CPAN::Meta   2.150010
    Test::Harness       3.36    
    Test::More          1.302059
    YAML                1.18    
    YAML::Syck          1.29    
    version             0.9917  


--

Summary of my perl5 (revision 5 version 25 subversion 5) configuration:
   
  Platform:
    osname=linux
    osvers=3.16.0-4-amd64
    archname=x86_64-linux
    uname='linux eserte 3.16.0-4-amd64 #1 smp debian 3.16.36-1+deb8u1 (2016-09-03) x86_64 gnulinux '
    config_args='-ds -e -Dprefix=/opt/perl-5.25.5 -Dusedevel -Dusemallocwrap=no -Dcf_email=srezic@cpan.org'
    hint=recommended
    useposix=true
    d_sigaction=define
    useithreads=undef
    usemultiplicity=undef
    use64bitint=define
    use64bitall=define
    uselongdouble=undef
    usemymalloc=n
    bincompat5005=undef
  Compiler:
    cc='cc'
    ccflags ='-fwrapv -fno-strict-aliasing -pipe -fstack-protector-strong -I/usr/local/include -D_LARGEFILE_SOURCE -D_FILE_OFFSET_BITS=64 -D_FORTIFY_SOURCE=2'
    optimize='-O2'
    cppflags='-fwrapv -fno-strict-aliasing -pipe -fstack-protector-strong -I/usr/local/include'
    ccversion=''
    gccversion='4.9.2'
    gccosandvers=''
    intsize=4
    longsize=8
    ptrsize=8
    doublesize=8
    byteorder=12345678
    doublekind=3
    d_longlong=define
    longlongsize=8
    d_longdbl=define
    longdblsize=16
    longdblkind=3
    ivtype='long'
    ivsize=8
    nvtype='double'
    nvsize=8
    Off_t='off_t'
    lseeksize=8
    alignbytes=8
    prototype=define
  Linker and Libraries:
    ld='cc'
    ldflags =' -fstack-protector-strong -L/usr/local/lib'
    libpth=/usr/local/lib /usr/lib/gcc/x86_64-linux-gnu/4.9/include-fixed /usr/include/x86_64-linux-gnu /usr/lib /lib/x86_64-linux-gnu /lib/../lib /usr/lib/x86_64-linux-gnu /usr/lib/../lib /lib
    libs=-lpthread -lnsl -lgdbm -ldb -ldl -lm -lcrypt -lutil -lc -lgdbm_compat
    perllibs=-lpthread -lnsl -ldl -lm -lcrypt -lutil -lc
    libc=libc-2.19.so
    so=so
    useshrplib=false
    libperl=libperl.a
    gnulibc_version='2.19'
  Dynamic Linking:
    dlsrc=dl_dlopen.xs
    dlext=so
    d_dlsymun=undef
    ccdlflags='-Wl,-E'
    cccdlflags='-fPIC'
    lddlflags='-shared -O2 -L/usr/local/lib -fstack-protector-strong'


Characteristics of this binary (from libperl): 
  Compile-time options:
    HAS_TIMES
    PERLIO_LAYERS
    PERL_COPY_ON_WRITE
    PERL_DONT_CREATE_GVSV
    PERL_HASH_FUNC_ONE_AT_A_TIME_HARD
    PERL_OP_PARENT
    PERL_PRESERVE_IVUV
    PERL_USE_DEVEL
    USE_64_BIT_ALL
    USE_64_BIT_INT
    USE_LARGE_FILES
    USE_LOCALE
    USE_LOCALE_COLLATE
    USE_LOCALE_CTYPE
    USE_LOCALE_NUMERIC
    USE_LOCALE_TIME
    USE_PERLIO
    USE_PERL_ATOF
  Built under linux
  Compiled at Sep 20 2016 21:12:13
  %ENV:
    PERL5LIB=""
    PERL5OPT=""
    PERL5_CPANPLUS_IS_RUNNING="8672"
    PERL5_CPAN_IS_RUNNING="8672"
    PERL5_CPAN_IS_RUNNING_IN_RECURSION="16333,8672"
    PERLDOC="-MPod::Perldoc::ToTextOverstrike"
    PERL_BATCH="yes"
    PERL_CANARY_STABILITY_NOPROMPT="1"
    PERL_CPAN_REPORTER_CONFIG="/run/user/1023/cpansmoker/2016092821/cpanreporter_001_config.ini"
    PERL_EXTUTILS_AUTOINSTALL="--defaultdeps"
    PERL_PARALLEL_SMOKER="yes"
    PERL_USE_UNSAFE_INC="1"
  @INC:
    /opt/perl-5.25.5/lib/site_perl/5.25.5/x86_64-linux
    /opt/perl-5.25.5/lib/site_perl/5.25.5
    /opt/perl-5.25.5/lib/5.25.5/x86_64-linux
    /opt/perl-5.25.5/lib/5.25.5
    .