Test-Unit v0.25 Perl 5 v5.26.2 OpenBSD.amd64-openbsd-thread-multi

Status
Fail
From
Nigel Horne
Dist
Test-Unit v0.25
Platform
Perl 5 v5.26.2 OpenBSD.amd64-openbsd-thread-multi
Date
2018-07-05 22:09:55
ID
263e246c-80a0-11e8-8fb1-ef5133556b3f
This distribution has been tested as part of the CPAN Testers
project, supporting the Perl programming language.  See
http://wiki.cpantesters.org/ for more information or email
questions to cpan-testers-discuss@perl.org


--
Dear Matthew Astley,

This is a computer-generated report for Test-Unit-0.25
on perl 5.26.2, created by CPAN-Reporter-1.2018.

Thank you for uploading your work to CPAN.  However, there was a problem
testing your distribution.

If you think this report is invalid, please consult the CPAN Testers Wiki
for suggestions on how to avoid getting FAIL reports for missing library
or binary dependencies, unsupported operating systems, and so on:

http://wiki.cpantesters.org/wiki/CPANAuthorNotes

Sections of this report:

    * Tester comments
    * Program output
    * Prerequisites
    * Environment and other context

------------------------------
TESTER COMMENTS
------------------------------

Additional comments from tester:

this report is from an automated smoke testing program
and was not reviewed by a human for accuracy

------------------------------
PROGRAM OUTPUT
------------------------------

Output from '/usr/bin/make test':

PERL_DL_NONLAZY=1 "/home/njh/perl5/perlbrew/perls/cperl-5.26.2/bin/cperl5.26.2" "-MExtUtils::Command::MM" "-MTest::Harness" "-e" "undef *Test::Harness::Switches; test_harness(0, 'blib/lib', 'blib/arch')" t/*.t
Can't use 'defined(@array)' (Maybe you should just omit the defined()?) at /tmp/build/Test-Unit-0.25-2/blib/lib/Test/Unit/TestCase.pm line 106.
Compilation failed in require at /tmp/build/Test-Unit-0.25-2/blib/lib/Test/Unit/TestSuite.pm line 15.
BEGIN failed--compilation aborted at /tmp/build/Test-Unit-0.25-2/blib/lib/Test/Unit/TestSuite.pm line 15.
Compilation failed in require at /tmp/build/Test-Unit-0.25-2/blib/lib/Test/Unit/Loader.pm line 7.
BEGIN failed--compilation aborted at /tmp/build/Test-Unit-0.25-2/blib/lib/Test/Unit/Loader.pm line 7.
Compilation failed in require at /tmp/build/Test-Unit-0.25-2/blib/lib/Test/Unit/Listener.pm line 2.
BEGIN failed--compilation aborted at /tmp/build/Test-Unit-0.25-2/blib/lib/Test/Unit/Listener.pm line 2.
Compilation failed in require at /home/njh/perl5/perlbrew/perls/cperl-5.26.2/lib/5.26.2/base.pm line 103.
	...propagated at /home/njh/perl5/perlbrew/perls/cperl-5.26.2/lib/5.26.2/base.pm line 113.
BEGIN failed--compilation aborted at /tmp/build/Test-Unit-0.25-2/blib/lib/Test/Unit/Runner.pm line 25.
Compilation failed in require at /home/njh/perl5/perlbrew/perls/cperl-5.26.2/lib/5.26.2/base.pm line 103.
	...propagated at /home/njh/perl5/perlbrew/perls/cperl-5.26.2/lib/5.26.2/base.pm line 113.
BEGIN failed--compilation aborted at /tmp/build/Test-Unit-0.25-2/blib/lib/Test/Unit/HarnessUnit.pm line 6.
Compilation failed in require at t/all_tests.t line 6.
BEGIN failed--compilation aborted at t/all_tests.t line 6.
t/all_tests.t ..... 
Dubious, test returned 255 (wstat 65280, 0xff00)
No subtests run 
Can't use 'defined(@array)' (Maybe you should just omit the defined()?) at /tmp/build/Test-Unit-0.25-2/blib/lib/Test/Unit/TestCase.pm line 106.
Compilation failed in require at /tmp/build/Test-Unit-0.25-2/blib/lib/Test/Unit/TestSuite.pm line 15.
BEGIN failed--compilation aborted at /tmp/build/Test-Unit-0.25-2/blib/lib/Test/Unit/TestSuite.pm line 15.
Compilation failed in require at /tmp/build/Test-Unit-0.25-2/blib/lib/Test/Unit/Loader.pm line 7.
BEGIN failed--compilation aborted at /tmp/build/Test-Unit-0.25-2/blib/lib/Test/Unit/Loader.pm line 7.
Compilation failed in require at /tmp/build/Test-Unit-0.25-2/blib/lib/Test/Unit/Listener.pm line 2.
BEGIN failed--compilation aborted at /tmp/build/Test-Unit-0.25-2/blib/lib/Test/Unit/Listener.pm line 2.
Compilation failed in require at /home/njh/perl5/perlbrew/perls/cperl-5.26.2/lib/5.26.2/base.pm line 103.
	...propagated at /home/njh/perl5/perlbrew/perls/cperl-5.26.2/lib/5.26.2/base.pm line 113.
BEGIN failed--compilation aborted at /tmp/build/Test-Unit-0.25-2/blib/lib/Test/Unit/Runner.pm line 25.
Compilation failed in require at /home/njh/perl5/perlbrew/perls/cperl-5.26.2/lib/5.26.2/base.pm line 103.
	...propagated at /home/njh/perl5/perlbrew/perls/cperl-5.26.2/lib/5.26.2/base.pm line 113.
BEGIN failed--compilation aborted at /tmp/build/Test-Unit-0.25-2/blib/lib/Test/Unit/HarnessUnit.pm line 6.
Compilation failed in require at t/assert.t line 5.
BEGIN failed--compilation aborted at t/assert.t line 5.
t/assert.t ........ 
Dubious, test returned 255 (wstat 65280, 0xff00)
No subtests run 
# Test 1 got: "Can't use 'defined(@array)' (Maybe you should just omit the defined()?) at /tmp/build/Test-Unit-0.25-2/blib/lib/Test/Unit/TestCase.pm line 106.\n# Compilation failed in require at /tmp/build/Test-Unit-0.25-2/blib/lib/Test/Unit/TestSuite.pm line 15.\n# BEGIN failed--compilation aborted at /tmp/build/Test-Unit-0.25-2/blib/lib/Test/Unit/TestSuite.pm line 15.\n# Compilation failed in require at /tmp/build/Test-Unit-0.25-2/blib/lib/Test/Unit/Loader.pm line 7.\n# BEGIN failed--compilation aborted at /tmp/build/Test-Unit-0.25-2/blib/lib/Test/Unit/Loader.pm line 7.\n# Compilation failed in require at /tmp/build/Test-Unit-0.25-2/blib/lib/Test/Unit/Listener.pm line 2.\n# BEGIN failed--compilation aborted at /tmp/build/Test-Unit-0.25-2/blib/lib/Test/Unit/Listener.pm line 2.\n# Compilation failed in require at /home/njh/perl5/perlbrew/perls/cperl-5.26.2/lib/5.26.2/base.pm line 103.\n# \t...propagated at /home/njh/perl5/perlbrew/perls/cperl-5.26.2/lib/5.26.2/base.pm line 113.\n# BEGIN failed--compilation aborted at /tmp/build/Test-Unit-0.25-2/blib/lib/Test/Unit/Runner.pm line 25.\n# Compilation failed in require at /home/njh/perl5/perlbrew/perls/cperl-5.26.2/lib/5.26.2/base.pm line 103.\n# \t...propagated at /home/njh/perl5/perlbrew/perls/cperl-5.26.2/lib/5.26.2/base.pm line 113.\n# BEGIN failed--compilation aborted at /tmp/build/Test-Unit-0.25-2/blib/lib/Test/Unit/TestRunner.pm line 4.\n# Compilation failed in require at ./TestRunner.pl line 6.\n# BEGIN failed--compilation aborted at ./TestRunner.pl line 6.\n# " (t/try_examples.t at line 105)
#   Expected: "Suite setup\n# TEST-RUN-SUMMARY\n# \n# TIME-SUMMARY\n# \n# !!!FAILURES!!!\n# Test Results:\n# Run: 2, Failures: 1, Errors: 0\n# \n# There was 1 failure:\n# 1) examples/fail_example.pm:19 - test_fail(fail_example)\n# Born to lose ...\n# \n# Test was not successful.\n# "
#   Lines 1-14 are changed:
#    - "Suite setup\n"
#    + "Can't use 'defined(@array)' (Maybe you should just omit the defined()?) at /tmp/build/Test-Unit-0.25-2/blib/lib/Test/Unit/TestCase.pm line 106.\n"
#    - "# TEST-RUN-SUMMARY\n"
#    + "# Compilation failed in require at /tmp/build/Test-Unit-0.25-2/blib/lib/Test/Unit/TestSuite.pm line 15.\n"
#    - "# \n"
#    + "# BEGIN failed--compilation aborted at /tmp/build/Test-Unit-0.25-2/blib/lib/Test/Unit/TestSuite.pm line 15.\n"
#    - "# TIME-SUMMARY\n"
#    + "# Compilation failed in require at /tmp/build/Test-Unit-0.25-2/blib/lib/Test/Unit/Loader.pm line 7.\n"
#    - "# \n"
#    + "# BEGIN failed--compilation aborted at /tmp/build/Test-Unit-0.25-2/blib/lib/Test/Unit/Loader.pm line 7.\n"
#    - "# !!!FAILURES!!!\n"
#    + "# Compilation failed in require at /tmp/build/Test-Unit-0.25-2/blib/lib/Test/Unit/Listener.pm line 2.\n"
#    - "# Test Results:\n"
#    + "# BEGIN failed--compilation aborted at /tmp/build/Test-Unit-0.25-2/blib/lib/Test/Unit/Listener.pm line 2.\n"
#    - "# Run: 2, Failures: 1, Errors: 0\n"
#    + "# Compilation failed in require at /home/njh/perl5/perlbrew/perls/cperl-5.26.2/lib/5.26.2/base.pm line 103.\n"
#    - "# \n"
#    + "# \t...propagated at /home/njh/perl5/perlbrew/perls/cperl-5.26.2/lib/5.26.2/base.pm line 113.\n"
#    - "# There was 1 failure:\n"
#    + "# BEGIN failed--compilation aborted at /tmp/build/Test-Unit-0.25-2/blib/lib/Test/Unit/Runner.pm line 25.\n"
#    - "# 1) examples/fail_example.pm:19 - test_fail(fail_example)\n"
#    + "# Compilation failed in require at /home/njh/perl5/perlbrew/perls/cperl-5.26.2/lib/5.26.2/base.pm line 103.\n"
#    - "# Born to lose ...\n"
#    + "# \t...propagated at /home/njh/perl5/perlbrew/perls/cperl-5.26.2/lib/5.26.2/base.pm line 113.\n"
#    - "# \n"
#    + "# BEGIN failed--compilation aborted at /tmp/build/Test-Unit-0.25-2/blib/lib/Test/Unit/TestRunner.pm line 4.\n"
#    - "# Test was not successful.\n"
#    + "# Compilation failed in require at ./TestRunner.pl line 6.\n"
#   Got 1 extra line at line 15:
#    + "# BEGIN failed--compilation aborted at ./TestRunner.pl line 6.\n"
# Test 2 got: "Can't use 'defined(@array)' (Maybe you should just omit the defined()?) at /tmp/build/Test-Unit-0.25-2/blib/lib/Test/Unit/TestCase.pm line 106.\n# Compilation failed in require at /tmp/build/Test-Unit-0.25-2/blib/lib/Test/Unit/TestSuite.pm line 15.\n# BEGIN failed--compilation aborted at /tmp/build/Test-Unit-0.25-2/blib/lib/Test/Unit/TestSuite.pm line 15.\n# Compilation failed in require at /tmp/build/Test-Unit-0.25-2/blib/lib/Test/Unit/Procedural.pm line 5.\n# BEGIN failed--compilation aborted at /tmp/build/Test-Unit-0.25-2/blib/lib/Test/Unit/Procedural.pm line 5.\n# Compilation failed in require at examples/patch100132 line 6.\n# BEGIN failed--compilation aborted at examples/patch100132 line 6.\n# " (t/try_examples.t at line 105 fail #2)
#   Expected: "...\n# TIME-SUMMARY\n# \n# OK (3 tests)\n# "
#   Lines 1-4 are changed:
#    - "...\n"
#    + "Can't use 'defined(@array)' (Maybe you should just omit the defined()?) at /tmp/build/Test-Unit-0.25-2/blib/lib/Test/Unit/TestCase.pm line 106.\n"
#    - "# TIME-SUMMARY\n"
#    + "# Compilation failed in require at /tmp/build/Test-Unit-0.25-2/blib/lib/Test/Unit/TestSuite.pm line 15.\n"
#    - "# \n"
#    + "# BEGIN failed--compilation aborted at /tmp/build/Test-Unit-0.25-2/blib/lib/Test/Unit/TestSuite.pm line 15.\n"
#    - "# OK (3 tests)\n"
#    + "# Compilation failed in require at /tmp/build/Test-Unit-0.25-2/blib/lib/Test/Unit/Procedural.pm line 5.\n"
#   Got 3 extra lines at line 5:
#    + "# BEGIN failed--compilation aborted at /tmp/build/Test-Unit-0.25-2/blib/lib/Test/Unit/Procedural.pm line 5.\n"
#    + "# Compilation failed in require at examples/patch100132 line 6.\n"
#    + "# BEGIN failed--compilation aborted at examples/patch100132 line 6.\n"
# Test 3 got: "Can't use 'defined(@array)' (Maybe you should just omit the defined()?) at /tmp/build/Test-Unit-0.25-2/blib/lib/Test/Unit/TestCase.pm line 106.\n# Compilation failed in require at /tmp/build/Test-Unit-0.25-2/blib/lib/Test/Unit/TestSuite.pm line 15.\n# BEGIN failed--compilation aborted at /tmp/build/Test-Unit-0.25-2/blib/lib/Test/Unit/TestSuite.pm line 15.\n# Compilation failed in require at /tmp/build/Test-Unit-0.25-2/blib/lib/Test/Unit/Procedural.pm line 5.\n# BEGIN failed--compilation aborted at /tmp/build/Test-Unit-0.25-2/blib/lib/Test/Unit/Procedural.pm line 5.\n# Compilation failed in require at examples/patch100132-1 line 6.\n# BEGIN failed--compilation aborted at examples/patch100132-1 line 6.\n# " (t/try_examples.t at line 105 fail #3)
#   Expected: "...\n# TIME-SUMMARY\n# \n# OK (3 tests)\n# "
#   Lines 1-4 are changed:
#    - "...\n"
#    + "Can't use 'defined(@array)' (Maybe you should just omit the defined()?) at /tmp/build/Test-Unit-0.25-2/blib/lib/Test/Unit/TestCase.pm line 106.\n"
#    - "# TIME-SUMMARY\n"
#    + "# Compilation failed in require at /tmp/build/Test-Unit-0.25-2/blib/lib/Test/Unit/TestSuite.pm line 15.\n"
#    - "# \n"
#    + "# BEGIN failed--compilation aborted at /tmp/build/Test-Unit-0.25-2/blib/lib/Test/Unit/TestSuite.pm line 15.\n"
#    - "# OK (3 tests)\n"
#    + "# Compilation failed in require at /tmp/build/Test-Unit-0.25-2/blib/lib/Test/Unit/Procedural.pm line 5.\n"
#   Got 3 extra lines at line 5:
#    + "# BEGIN failed--compilation aborted at /tmp/build/Test-Unit-0.25-2/blib/lib/Test/Unit/Procedural.pm line 5.\n"
#    + "# Compilation failed in require at examples/patch100132-1 line 6.\n"
#    + "# BEGIN failed--compilation aborted at examples/patch100132-1 line 6.\n"
# Test 4 got: "Can't use 'defined(@array)' (Maybe you should just omit the defined()?) at /tmp/build/Test-Unit-0.25-2/blib/lib/Test/Unit/TestCase.pm line 106.\n# Compilation failed in require at /tmp/build/Test-Unit-0.25-2/blib/lib/Test/Unit/TestSuite.pm line 15.\n# BEGIN failed--compilation aborted at /tmp/build/Test-Unit-0.25-2/blib/lib/Test/Unit/TestSuite.pm line 15.\n# Compilation failed in require at /tmp/build/Test-Unit-0.25-2/blib/lib/Test/Unit/Procedural.pm line 5.\n# BEGIN failed--compilation aborted at /tmp/build/Test-Unit-0.25-2/blib/lib/Test/Unit/Procedural.pm line 5.\n# Compilation failed in require at examples/patch100132-2 line 6.\n# BEGIN failed--compilation aborted at examples/patch100132-2 line 6.\n# " (t/try_examples.t at line 105 fail #4)
#   Expected: "...\n# TIME-SUMMARY\n# \n# OK (3 tests)\n# "
#   Lines 1-4 are changed:
#    - "...\n"
#    + "Can't use 'defined(@array)' (Maybe you should just omit the defined()?) at /tmp/build/Test-Unit-0.25-2/blib/lib/Test/Unit/TestCase.pm line 106.\n"
#    - "# TIME-SUMMARY\n"
#    + "# Compilation failed in require at /tmp/build/Test-Unit-0.25-2/blib/lib/Test/Unit/TestSuite.pm line 15.\n"
#    - "# \n"
#    + "# BEGIN failed--compilation aborted at /tmp/build/Test-Unit-0.25-2/blib/lib/Test/Unit/TestSuite.pm line 15.\n"
#    - "# OK (3 tests)\n"
#    + "# Compilation failed in require at /tmp/build/Test-Unit-0.25-2/blib/lib/Test/Unit/Procedural.pm line 5.\n"
#   Got 3 extra lines at line 5:
#    + "# BEGIN failed--compilation aborted at /tmp/build/Test-Unit-0.25-2/blib/lib/Test/Unit/Procedural.pm line 5.\n"
#    + "# Compilation failed in require at examples/patch100132-2 line 6.\n"
#    + "# BEGIN failed--compilation aborted at examples/patch100132-2 line 6.\n"
t/try_examples.t .. 
Failed 4/4 subtests 

Test Summary Report
-------------------
t/all_tests.t   (Wstat: 65280 Tests: 0 Failed: 0)
  Non-zero exit status: 255
  Parse errors: No plan found in TAP output
t/assert.t      (Wstat: 65280 Tests: 0 Failed: 0)
  Non-zero exit status: 255
  Parse errors: No plan found in TAP output
t/try_examples.t (Wstat: 0 Tests: 4 Failed: 4)
  Failed tests:  1-4
Files=3, Tests=4,  3 wallclock secs ( 0.13 usr  0.10 sys +  1.27 cusr  0.49 csys =  1.99 CPU)
Result: FAIL
Failed 3/3 test programs. 4/4 subtests failed.
*** Error 255 in /tmp/build/Test-Unit-0.25-2 (Makefile:872 'test_dynamic')

------------------------------
PREREQUISITES
------------------------------

Prerequisite modules loaded:

requires:

    Module              Need Have    
    ------------------- ---- --------
    base                1    2.25c   
    Class::Inner        0    0.200001
    Devel::Symdump      0    2.18    
    Error               0    0.17026 

build_requires:

    Module              Need Have    
    ------------------- ---- --------
    ExtUtils::MakeMaker 0    8.30_04 


------------------------------
ENVIRONMENT AND OTHER CONTEXT
------------------------------

Environment variables:

    AUTOMATED_TESTING = 1
    PATH = /home/njh/perl5/perlbrew/bin:/home/njh/perl5/perlbrew/perls/cperl-5.26.2/bin:/usr/bin:/bin:/usr/sbin:/sbin:/usr/X11R6/bin:/usr/local/bin:/usr/local/sbin:src/njh/smoker/bin
    PERL5LIB = /tmp/build/Error-0.17026-2/blib/arch:/tmp/build/Error-0.17026-2/blib/lib:/tmp/build/Class-Inner-0.200001-2/blib/arch:/tmp/build/Class-Inner-0.200001-2/blib/lib:/tmp/build/Spreadsheet-WriteExcel-2.40-2/blib/arch:/tmp/build/Spreadsheet-WriteExcel-2.40-2/blib/lib:/tmp/build/OLE-Storage_Lite-0.19-2/blib/arch:/tmp/build/OLE-Storage_Lite-0.19-2/blib/lib
    PERL5OPT = 
    PERL5_CPANPLUS_IS_RUNNING = 92566
    PERL5_CPAN_IS_RUNNING = 92566
    PERLBREW_HOME = /home/njh/.perlbrew
    PERLBREW_MANPATH = /home/njh/perl5/perlbrew/perls/cperl-5.26.2/man
    PERLBREW_PATH = /home/njh/perl5/perlbrew/bin:/home/njh/perl5/perlbrew/perls/cperl-5.26.2/bin
    PERLBREW_PERL = cperl-5.26.2
    PERLBREW_ROOT = /home/njh/perl5/perlbrew
    PERLBREW_SHELLRC_VERSION = 0.82
    PERLBREW_VERSION = 0.82
    PERL_USE_UNSAFE_INC = 1
    SHELL = /bin/sh
    TMPDIR = /tmp/testwrapper.53556

Perl special variables (and OS-specific diagnostics, for MSWin32):

    $^X = /home/njh/perl5/perlbrew/perls/cperl-5.26.2/bin/cperl5.26.2
    $UID/$EUID = 1000 / 1000
    $GID = 1000 1000 0
    $EGID = 1000 1000 0

Perl module toolchain versions installed:

    Module              Have      
    ------------------- ----------
    CPAN                2.18_01   
    CPAN::Meta          2.150010c 
    Cwd                 4.68c     
    ExtUtils::CBuilder  0.280230  
    ExtUtils::Command   7.30      
    ExtUtils::Install   2.14      
    ExtUtils::MakeMaker 8.30_04   
    ExtUtils::Manifest  1.70      
    ExtUtils::ParseXS   3.36_03   
    File::Spec          4.68c     
    JSON                n/a       
    JSON::PP            2.97001_04
    Module::Build       0.4224    
    Module::Signature   n/a       
    Parse::CPAN::Meta   1.5000c   
    Test::Harness       3.39_01   
    Test::More          1.401015c 
    YAML                1.26      
    YAML::Syck          n/a       
    version             0.9918_02c


--

Summary of my cperl (revision 5 version 26 subversion 2) configuration:
   
  Platform:
    osname=openbsd, osvers=6.2, archname=OpenBSD.amd64-openbsd-thread-multi
    uname='openbsd netgate1.bandsman.co.uk 6.2 generic.mp#5 amd64 '
    config_args='-de -Dprefix=/home/njh/perl5/perlbrew/perls/cperl-5.26.2 -Dusedevel -Dusethreads -Dusemultiplicity -Dusecperl -Accflags= -Aeval:scriptdir=/home/njh/perl5/perlbrew/perls/cperl-5.26.2/bin'
    hint=recommended, useposix=true, d_sigaction=define
    useithreads=define, usemultiplicity=define
    use64bitint=define, use64bitall=define, uselongdouble=undef
    usemymalloc=n, bincompat5005=undef default_inc_excludes_dot=define
  Compiler:
    cc='cc', ccflags ='-pthread -fno-strict-aliasing -pipe -fstack-protector-strong -I/usr/local/include -D_FORTIFY_SOURCE=2',
    optimize='-O2',
    cppflags='-pthread -fno-strict-aliasing -pipe -fstack-protector-strong -I/usr/local/include'
    ccversion='', gccversion='4.2.1 Compatible OpenBSD Clang 4.0.0 (tags/RELEASE_400/final)', gccosandvers=''
    intsize=4, longsize=8, ptrsize=8, doublesize=8, byteorder=12345678, doublekind=3
    d_longlong=define, longlongsize=8, d_longdbl=define, longdblsize=16, longdblkind=3
    ivtype='long', ivsize=8, nvtype='double', nvsize=8, Off_t='off_t', lseeksize=8
    alignbytes=8, prototype=define
  Linker and Libraries:
    ld='cc', ldflags ='-pthread -Wl,-E  -fstack-protector-strong -L/usr/local/lib'
    libpth=/usr/bin/../lib /usr/lib /usr/local/lib
    libs=-lpthread -lm -lutil -lc
    perllibs=-lpthread -lm -lutil -lc
    libc=/usr/bin/../lib/libc.so.90.0, so=so, useshrplib=false, libperl=libperl.a
    gnulibc_version=''
  Dynamic Linking:
    dlsrc=dl_dlopen.xs, dlext=so, d_dlsymun=undef, ccdlflags=' '
    cccdlflags='-DPIC -fPIC ', lddlflags='-shared -fPIC  -L/usr/local/lib -fstack-protector-strong'


Characteristics of this binary (from libperl): 
  Compile-time options: HAS_TIMES MULTIPLICITY PERLIO_LAYERS
                        PERL_COPY_ON_WRITE PERL_DONT_CREATE_GVSV
                        PERL_HASH_FUNC_FNV1A PERL_IMPLICIT_CONTEXT
                        PERL_MALLOC_WRAP PERL_OP_PARENT PERL_PERTURB_KEYS_TOP
                        PERL_PRESERVE_IVUV PERL_USE_DEVEL USE_64_BIT_ALL
                        USE_64_BIT_INT USE_CPERL USE_ITHREADS USE_LARGE_FILES
                        USE_LOCALE USE_LOCALE_COLLATE USE_LOCALE_CTYPE
                        USE_LOCALE_NUMERIC USE_LOCALE_TIME USE_PERLIO
                        USE_PERL_ATOF USE_REENTRANT_API
  Built under openbsd
  Compiled at Thu Apr 19 09:26:51 UTC 2018
  %ENV:
    PERL5LIB="/tmp/build/Error-0.17026-2/blib/arch:/tmp/build/Error-0.17026-2/blib/lib:/tmp/build/Class-Inner-0.200001-2/blib/arch:/tmp/build/Class-Inner-0.200001-2/blib/lib:/tmp/build/Spreadsheet-WriteExcel-2.40-2/blib/arch:/tmp/build/Spreadsheet-WriteExcel-2.40-2/blib/lib:/tmp/build/OLE-Storage_Lite-0.19-2/blib/arch:/tmp/build/OLE-Storage_Lite-0.19-2/blib/lib"
    PERL5OPT=""
    PERL5_CPANPLUS_IS_RUNNING="92566"
    PERL5_CPAN_IS_RUNNING="92566"
    PERLBREW_HOME="/home/njh/.perlbrew"
    PERLBREW_MANPATH="/home/njh/perl5/perlbrew/perls/cperl-5.26.2/man"
    PERLBREW_PATH="/home/njh/perl5/perlbrew/bin:/home/njh/perl5/perlbrew/perls/cperl-5.26.2/bin"
    PERLBREW_PERL="cperl-5.26.2"
    PERLBREW_ROOT="/home/njh/perl5/perlbrew"
    PERLBREW_SHELLRC_VERSION="0.82"
    PERLBREW_VERSION="0.82"
    PERL_USE_UNSAFE_INC="1"
  @INC:
    /tmp/build/Error-0.17026-2/blib/arch
    /tmp/build/Error-0.17026-2/blib/lib
    /tmp/build/Class-Inner-0.200001-2/blib/arch
    /tmp/build/Class-Inner-0.200001-2/blib/lib
    /tmp/build/Spreadsheet-WriteExcel-2.40-2/blib/arch
    /tmp/build/Spreadsheet-WriteExcel-2.40-2/blib/lib
    /tmp/build/OLE-Storage_Lite-0.19-2/blib/arch
    /tmp/build/OLE-Storage_Lite-0.19-2/blib/lib
    /home/njh/perl5/perlbrew/perls/cperl-5.26.2/lib/site_cperl/5.26.2/OpenBSD.amd64-openbsd-thread-multi
    /home/njh/perl5/perlbrew/perls/cperl-5.26.2/lib/site_cperl/5.26.2
    /home/njh/perl5/perlbrew/perls/cperl-5.26.2/lib/5.26.2/OpenBSD.amd64-openbsd-thread-multi
    /home/njh/perl5/perlbrew/perls/cperl-5.26.2/lib/5.26.2
    .