Media-Convert v1.4.1 Perl 5 v5.24.4 i686-linux-thread-multi-64int-ld

Status
Fail
From
Chris Williams (BINGOS)
Dist
Media-Convert v1.4.1
Platform
Perl 5 v5.24.4 i686-linux-thread-multi-64int-ld
Date
2024-12-29 05:52:54
ID
25f6b032-c5a9-11ef-98b0-b3c3213a625c
This distribution has been tested as part of the CPAN Testers
project, supporting the Perl programming language.  See
http://wiki.cpantesters.org/ for more information or email
questions to cpan-testers-discuss@perl.org


--

Dear WOUTER,

This is a computer-generated error report created automatically by
CPANPLUS, version 0.9914. Testers personal comments may appear
at the end of this report.


Thank you for uploading your work to CPAN.  However, it appears that
there were some problems testing your distribution.

TEST RESULTS:

Below is the error stack from stage 'make test':

PERL_DL_NONLAZY=1 "/home/cpan/pit/rel-ld/perl-5.24.4/bin/perl" "-MExtUtils::Command::MM" "-MTest::Harness" "-e" "undef *Test::Harness::Switches; test_harness(0, 'blib/lib', 'blib/arch')" t/*.t
Can't exec "ffmpeg": No such file or directory at /home/cpan/pit/rel-ld/conf/perl-5.24.4/.cpanplus/5.24.4/build/gMeQK6v4Ch/Media-Convert-1.4.1/blib/lib/Media/Convert/CodecMap.pm line 19.
readline() on closed filehandle $check_fdk at /home/cpan/pit/rel-ld/conf/perl-5.24.4/.cpanplus/5.24.4/build/gMeQK6v4Ch/Media-Convert-1.4.1/blib/lib/Media/Convert/CodecMap.pm line 20.
Use of uninitialized value $check_fdk in pattern match (m//) at /home/cpan/pit/rel-ld/conf/perl-5.24.4/.cpanplus/5.24.4/build/gMeQK6v4Ch/Media-Convert-1.4.1/blib/lib/Media/Convert/CodecMap.pm line 20.
Can't exec "ffprobe": No such file or directory at (eval 283) line 149.
	(in cleanup) object destructor for Media::Convert::Pipe object entered without having seen a run! at /home/cpan/pit/rel-ld/conf/perl-5.24.4/.cpanplus/5.24.4/build/gMeQK6v4Ch/Media-Convert-1.4.1/blib/lib/Media/Convert/Pipe.pm line 368.
	Media::Convert::Pipe::DESTROY(Media::Convert::Pipe=HASH(0x17d662c)) called at t/aac_channels.t line 18
	eval {...} called at t/aac_channels.t line 18
	eval {...} called at t/aac_channels.t line 16

#   Failed test 'running a map failed'
#   at t/aac_channels.t line 20.
# Looks like you failed 1 test of 4.
t/aac_channels.t .. 
Dubious, test returned 1 (wstat 256, 0x100)
Failed 1/4 subtests 
Can't exec "ffmpeg": No such file or directory at /home/cpan/pit/rel-ld/conf/perl-5.24.4/.cpanplus/5.24.4/build/gMeQK6v4Ch/Media-Convert-1.4.1/blib/lib/Media/Convert/CodecMap.pm line 19.
readline() on closed filehandle $check_fdk at /home/cpan/pit/rel-ld/conf/perl-5.24.4/.cpanplus/5.24.4/build/gMeQK6v4Ch/Media-Convert-1.4.1/blib/lib/Media/Convert/CodecMap.pm line 20.
Use of uninitialized value $check_fdk in pattern match (m//) at /home/cpan/pit/rel-ld/conf/perl-5.24.4/.cpanplus/5.24.4/build/gMeQK6v4Ch/Media-Convert-1.4.1/blib/lib/Media/Convert/CodecMap.pm line 20.
Use of uninitialized value $codeclist in split at /home/cpan/pit/rel-ld/conf/perl-5.24.4/.cpanplus/5.24.4/build/gMeQK6v4Ch/Media-Convert-1.4.1/blib/lib/Media/Convert/FfmpegInfo.pm line 21.
t/av1.t ........... ok
Can't exec "ffmpeg": No such file or directory at /home/cpan/pit/rel-ld/conf/perl-5.24.4/.cpanplus/5.24.4/build/gMeQK6v4Ch/Media-Convert-1.4.1/blib/lib/Media/Convert/CodecMap.pm line 19.
readline() on closed filehandle $check_fdk at /home/cpan/pit/rel-ld/conf/perl-5.24.4/.cpanplus/5.24.4/build/gMeQK6v4Ch/Media-Convert-1.4.1/blib/lib/Media/Convert/CodecMap.pm line 20.
Use of uninitialized value $check_fdk in pattern match (m//) at /home/cpan/pit/rel-ld/conf/perl-5.24.4/.cpanplus/5.24.4/build/gMeQK6v4Ch/Media-Convert-1.4.1/blib/lib/Media/Convert/CodecMap.pm line 20.
Can't exec "ffprobe": No such file or directory at (eval 293) line 149.
Can't open($fh, '-|:encoding(UTF-8)', 'ffprobe', '-loglevel', 'quiet', '-print_format', 'json', '-show_format', '-show_streams', 't/testvids/bbb.mp4'): No such file or directory at /home/cpan/pit/rel-ld/conf/perl-5.24.4/.cpanplus/5.24.4/build/gMeQK6v4Ch/Media-Convert-1.4.1/blib/lib/Media/Convert/Asset.pm line 1078
	(in cleanup) object destructor for Media::Convert::Pipe object entered without having seen a run! at /home/cpan/pit/rel-ld/conf/perl-5.24.4/.cpanplus/5.24.4/build/gMeQK6v4Ch/Media-Convert-1.4.1/blib/lib/Media/Convert/Pipe.pm line 368.
	Media::Convert::Pipe::DESTROY(Media::Convert::Pipe=HASH(0x1686e00)) called at t/avsync.t line 0
	eval {...} called at t/avsync.t line 0
# Looks like your test exited with 255 just after 5.
t/avsync.t ........ 
Dubious, test returned 255 (wstat 65280, 0xff00)
Failed 9/14 subtests 
Use of uninitialized value $codeclist in split at /home/cpan/pit/rel-ld/conf/perl-5.24.4/.cpanplus/5.24.4/build/gMeQK6v4Ch/Media-Convert-1.4.1/blib/lib/Media/Convert/FfmpegInfo.pm line 21.

#   Failed test 'at least some codecs were detected'
#   at t/codecs.t line 10.
# Looks like you failed 1 test of 1.
t/codecs.t ........ 
Dubious, test returned 1 (wstat 256, 0x100)
Failed 1/1 subtests 
Can't exec "ffmpeg": No such file or directory at /home/cpan/pit/rel-ld/conf/perl-5.24.4/.cpanplus/5.24.4/build/gMeQK6v4Ch/Media-Convert-1.4.1/blib/lib/Media/Convert/CodecMap.pm line 19.
readline() on closed filehandle $check_fdk at /home/cpan/pit/rel-ld/conf/perl-5.24.4/.cpanplus/5.24.4/build/gMeQK6v4Ch/Media-Convert-1.4.1/blib/lib/Media/Convert/CodecMap.pm line 20.
Use of uninitialized value $check_fdk in pattern match (m//) at /home/cpan/pit/rel-ld/conf/perl-5.24.4/.cpanplus/5.24.4/build/gMeQK6v4Ch/Media-Convert-1.4.1/blib/lib/Media/Convert/CodecMap.pm line 20.
Can't exec "ffprobe": No such file or directory at (eval 285) line 149.
Can't open($fh, '-|:encoding(UTF-8)', 'ffprobe', '-loglevel', 'quiet', '-print_format', 'json', '-show_format', '-show_streams', 't/testvids/bbb.mp4'): No such file or directory at /home/cpan/pit/rel-ld/conf/perl-5.24.4/.cpanplus/5.24.4/build/gMeQK6v4Ch/Media-Convert-1.4.1/blib/lib/Media/Convert/Asset.pm line 1078
	(in cleanup) object destructor for Media::Convert::Pipe object entered without having seen a run! at /home/cpan/pit/rel-ld/conf/perl-5.24.4/.cpanplus/5.24.4/build/gMeQK6v4Ch/Media-Convert-1.4.1/blib/lib/Media/Convert/Pipe.pm line 368.
	Media::Convert::Pipe::DESTROY(Media::Convert::Pipe=HASH(0x35cc210)) called at t/concat.t line 0
	eval {...} called at t/concat.t line 0
# Looks like your test exited with 255 just after 8.
t/concat.t ........ 
Dubious, test returned 255 (wstat 65280, 0xff00)
Failed 1/9 subtests 
Can't exec "ffmpeg": No such file or directory at /home/cpan/pit/rel-ld/conf/perl-5.24.4/.cpanplus/5.24.4/build/gMeQK6v4Ch/Media-Convert-1.4.1/blib/lib/Media/Convert/CodecMap.pm line 19.
readline() on closed filehandle $check_fdk at /home/cpan/pit/rel-ld/conf/perl-5.24.4/.cpanplus/5.24.4/build/gMeQK6v4Ch/Media-Convert-1.4.1/blib/lib/Media/Convert/CodecMap.pm line 20.
Use of uninitialized value $check_fdk in pattern match (m//) at /home/cpan/pit/rel-ld/conf/perl-5.24.4/.cpanplus/5.24.4/build/gMeQK6v4Ch/Media-Convert-1.4.1/blib/lib/Media/Convert/CodecMap.pm line 20.
Can't exec "ffprobe": No such file or directory at (eval 279) line 149.
Can't open($fh, '-|:encoding(UTF-8)', 'ffprobe', '-loglevel', 'quiet', '-print_format', 'json', '-show_format', '-show_streams', 't/testvids/bbb.mp4'): No such file or directory at /home/cpan/pit/rel-ld/conf/perl-5.24.4/.cpanplus/5.24.4/build/gMeQK6v4Ch/Media-Convert-1.4.1/blib/lib/Media/Convert/Asset.pm line 1078
	(in cleanup) object destructor for Media::Convert::Pipe object entered without having seen a run! at /home/cpan/pit/rel-ld/conf/perl-5.24.4/.cpanplus/5.24.4/build/gMeQK6v4Ch/Media-Convert-1.4.1/blib/lib/Media/Convert/Pipe.pm line 368.
	Media::Convert::Pipe::DESTROY(Media::Convert::Pipe=HASH(0x25fbd68)) called at (eval 279) line 154
	eval {...} called at (eval 279) line 154
# Looks like your test exited with 255 just after 5.
t/convert.t ....... 
Dubious, test returned 255 (wstat 65280, 0xff00)
Failed 5/10 subtests 
Can't exec "ffmpeg": No such file or directory at /home/cpan/pit/rel-ld/conf/perl-5.24.4/.cpanplus/5.24.4/build/gMeQK6v4Ch/Media-Convert-1.4.1/blib/lib/Media/Convert/CodecMap.pm line 19.
readline() on closed filehandle $check_fdk at /home/cpan/pit/rel-ld/conf/perl-5.24.4/.cpanplus/5.24.4/build/gMeQK6v4Ch/Media-Convert-1.4.1/blib/lib/Media/Convert/CodecMap.pm line 20.
Use of uninitialized value $check_fdk in pattern match (m//) at /home/cpan/pit/rel-ld/conf/perl-5.24.4/.cpanplus/5.24.4/build/gMeQK6v4Ch/Media-Convert-1.4.1/blib/lib/Media/Convert/CodecMap.pm line 20.
Can't exec "ffprobe": No such file or directory at (eval 279) line 149.
Can't open($fh, '-|:encoding(UTF-8)', 'ffprobe', '-loglevel', 'quiet', '-print_format', 'json', '-show_format', '-show_streams', 't/testvids/bbb.mp4'): No such file or directory at /home/cpan/pit/rel-ld/conf/perl-5.24.4/.cpanplus/5.24.4/build/gMeQK6v4Ch/Media-Convert-1.4.1/blib/lib/Media/Convert/Asset.pm line 1078
	(in cleanup) object destructor for Media::Convert::Pipe object entered without having seen a run! at /home/cpan/pit/rel-ld/conf/perl-5.24.4/.cpanplus/5.24.4/build/gMeQK6v4Ch/Media-Convert-1.4.1/blib/lib/Media/Convert/Pipe.pm line 368.
	Media::Convert::Pipe::DESTROY(Media::Convert::Pipe=HASH(0x19e0ddc)) called at (eval 279) line 154
	eval {...} called at (eval 279) line 154
# Looks like your test exited with 255 just after 5.
t/copy.t .......... 
Dubious, test returned 255 (wstat 65280, 0xff00)
Failed 5/10 subtests 
Can't exec "ffmpeg": No such file or directory at /home/cpan/pit/rel-ld/conf/perl-5.24.4/.cpanplus/5.24.4/build/gMeQK6v4Ch/Media-Convert-1.4.1/blib/lib/Media/Convert/CodecMap.pm line 19.
readline() on closed filehandle $check_fdk at /home/cpan/pit/rel-ld/conf/perl-5.24.4/.cpanplus/5.24.4/build/gMeQK6v4Ch/Media-Convert-1.4.1/blib/lib/Media/Convert/CodecMap.pm line 20.
Use of uninitialized value $check_fdk in pattern match (m//) at /home/cpan/pit/rel-ld/conf/perl-5.24.4/.cpanplus/5.24.4/build/gMeQK6v4Ch/Media-Convert-1.4.1/blib/lib/Media/Convert/CodecMap.pm line 20.
Can't exec "ffprobe": No such file or directory at (eval 251) line 149.
Can't open($fh, '-|:encoding(UTF-8)', 'ffprobe', '-loglevel', 'quiet', '-print_format', 'json', '-select_streams', 'v', '-skip_frame', 'nokey', '-show_frames', '-show_entries', 'frame=pts_time,pict_type,best_effort_timestamp_time', 't/testvids/bbb.mp4'): No such file or directory at /home/cpan/pit/rel-ld/conf/perl-5.24.4/.cpanplus/5.24.4/build/gMeQK6v4Ch/Media-Convert-1.4.1/blib/lib/Media/Convert/KeyframeFinder.pm line 25
# Tests were run but no plan was declared and done_testing() was not seen.
# Looks like your test exited with 255 just after 2.
t/keyframes.t ..... 
Dubious, test returned 255 (wstat 65280, 0xff00)
All 2 subtests passed 
Can't exec "ffmpeg": No such file or directory at /home/cpan/pit/rel-ld/conf/perl-5.24.4/.cpanplus/5.24.4/build/gMeQK6v4Ch/Media-Convert-1.4.1/blib/lib/Media/Convert/CodecMap.pm line 19.
readline() on closed filehandle $check_fdk at /home/cpan/pit/rel-ld/conf/perl-5.24.4/.cpanplus/5.24.4/build/gMeQK6v4Ch/Media-Convert-1.4.1/blib/lib/Media/Convert/CodecMap.pm line 20.
Use of uninitialized value $check_fdk in pattern match (m//) at /home/cpan/pit/rel-ld/conf/perl-5.24.4/.cpanplus/5.24.4/build/gMeQK6v4Ch/Media-Convert-1.4.1/blib/lib/Media/Convert/CodecMap.pm line 20.
open3: exec of ffmpeg -y -i t/testvids/bbb.mp4 -af loudnorm=i=-23.0:print_format=json -f null - failed: No such file or directory at /home/cpan/pit/rel-ld/conf/perl-5.24.4/.cpanplus/5.24.4/build/gMeQK6v4Ch/Media-Convert-1.4.1/blib/lib/Media/Convert/Normalizer/Ffmpeg.pm line 46.
# Looks like your test exited with 2 just after 5.
t/normalize.t ..... 
Dubious, test returned 2 (wstat 512, 0x200)
Failed 4/9 subtests 
Can't exec "ffmpeg": No such file or directory at /home/cpan/pit/rel-ld/conf/perl-5.24.4/.cpanplus/5.24.4/build/gMeQK6v4Ch/Media-Convert-1.4.1/blib/lib/Media/Convert/CodecMap.pm line 19.
readline() on closed filehandle $check_fdk at /home/cpan/pit/rel-ld/conf/perl-5.24.4/.cpanplus/5.24.4/build/gMeQK6v4Ch/Media-Convert-1.4.1/blib/lib/Media/Convert/CodecMap.pm line 20.
Use of uninitialized value $check_fdk in pattern match (m//) at /home/cpan/pit/rel-ld/conf/perl-5.24.4/.cpanplus/5.24.4/build/gMeQK6v4Ch/Media-Convert-1.4.1/blib/lib/Media/Convert/CodecMap.pm line 20.
Can't exec "ffprobe": No such file or directory at (eval 284) line 149.
Can't open($fh, '-|:encoding(UTF-8)', 'ffprobe', '-loglevel', 'quiet', '-print_format', 'json', '-show_format', '-show_streams', 't/testvids/m-c.png'): No such file or directory at /home/cpan/pit/rel-ld/conf/perl-5.24.4/.cpanplus/5.24.4/build/gMeQK6v4Ch/Media-Convert-1.4.1/blib/lib/Media/Convert/Asset.pm line 1078
	(in cleanup) object destructor for Media::Convert::Pipe object entered without having seen a run! at /home/cpan/pit/rel-ld/conf/perl-5.24.4/.cpanplus/5.24.4/build/gMeQK6v4Ch/Media-Convert-1.4.1/blib/lib/Media/Convert/Pipe.pm line 368.
	Media::Convert::Pipe::DESTROY(Media::Convert::Pipe=HASH(0x22f0354)) called at t/pnggen.t line 0
	eval {...} called at t/pnggen.t line 0
# Looks like your test exited with 255 just after 6.
t/pnggen.t ........ 
Dubious, test returned 255 (wstat 65280, 0xff00)
Failed 2/8 subtests 
Can't exec "ffmpeg": No such file or directory at /home/cpan/pit/rel-ld/conf/perl-5.24.4/.cpanplus/5.24.4/build/gMeQK6v4Ch/Media-Convert-1.4.1/blib/lib/Media/Convert/CodecMap.pm line 19.
readline() on closed filehandle $check_fdk at /home/cpan/pit/rel-ld/conf/perl-5.24.4/.cpanplus/5.24.4/build/gMeQK6v4Ch/Media-Convert-1.4.1/blib/lib/Media/Convert/CodecMap.pm line 20.
Use of uninitialized value $check_fdk in pattern match (m//) at /home/cpan/pit/rel-ld/conf/perl-5.24.4/.cpanplus/5.24.4/build/gMeQK6v4Ch/Media-Convert-1.4.1/blib/lib/Media/Convert/CodecMap.pm line 20.
Can't exec "ffprobe": No such file or directory at (eval 245) line 149.
Can't open($fh, '-|:encoding(UTF-8)', 'ffprobe', '-loglevel', 'quiet', '-print_format', 'json', '-show_format', '-show_streams', 't/testvids/bbb.mp4'): No such file or directory at /home/cpan/pit/rel-ld/conf/perl-5.24.4/.cpanplus/5.24.4/build/gMeQK6v4Ch/Media-Convert-1.4.1/blib/lib/Media/Convert/Asset.pm line 1078
# Looks like your test exited with 255 just after 2.
t/probe.t ......... 
Dubious, test returned 255 (wstat 65280, 0xff00)
Failed 9/11 subtests 
Can't exec "ffmpeg": No such file or directory at /home/cpan/pit/rel-ld/conf/perl-5.24.4/.cpanplus/5.24.4/build/gMeQK6v4Ch/Media-Convert-1.4.1/blib/lib/Media/Convert/CodecMap.pm line 19.
readline() on closed filehandle $check_fdk at /home/cpan/pit/rel-ld/conf/perl-5.24.4/.cpanplus/5.24.4/build/gMeQK6v4Ch/Media-Convert-1.4.1/blib/lib/Media/Convert/CodecMap.pm line 20.
Use of uninitialized value $check_fdk in pattern match (m//) at /home/cpan/pit/rel-ld/conf/perl-5.24.4/.cpanplus/5.24.4/build/gMeQK6v4Ch/Media-Convert-1.4.1/blib/lib/Media/Convert/CodecMap.pm line 20.
Can't exec "ffprobe": No such file or directory at (eval 294) line 149.
Can't open($fh, '-|:encoding(UTF-8)', 'ffprobe', '-loglevel', 'quiet', '-print_format', 'json', '-show_format', '-show_streams', 't/testvids/bbb.mp4'): No such file or directory at /home/cpan/pit/rel-ld/conf/perl-5.24.4/.cpanplus/5.24.4/build/gMeQK6v4Ch/Media-Convert-1.4.1/blib/lib/Media/Convert/Asset.pm line 1078
	(in cleanup) object destructor for Media::Convert::Pipe object entered without having seen a run! at /home/cpan/pit/rel-ld/conf/perl-5.24.4/.cpanplus/5.24.4/build/gMeQK6v4Ch/Media-Convert-1.4.1/blib/lib/Media/Convert/Pipe.pm line 368.
	Media::Convert::Pipe::DESTROY(Media::Convert::Pipe=HASH(0x1f63ea0)) called at t/profiles.t line 0
	eval {...} called at t/profiles.t line 0
# Looks like your test exited with 255 just after 9.
t/profiles.t ...... 
Dubious, test returned 255 (wstat 65280, 0xff00)
Failed 36/45 subtests 
Can't exec "ffmpeg": No such file or directory at /home/cpan/pit/rel-ld/conf/perl-5.24.4/.cpanplus/5.24.4/build/gMeQK6v4Ch/Media-Convert-1.4.1/blib/lib/Media/Convert/CodecMap.pm line 19.
readline() on closed filehandle $check_fdk at /home/cpan/pit/rel-ld/conf/perl-5.24.4/.cpanplus/5.24.4/build/gMeQK6v4Ch/Media-Convert-1.4.1/blib/lib/Media/Convert/CodecMap.pm line 20.
Use of uninitialized value $check_fdk in pattern match (m//) at /home/cpan/pit/rel-ld/conf/perl-5.24.4/.cpanplus/5.24.4/build/gMeQK6v4Ch/Media-Convert-1.4.1/blib/lib/Media/Convert/CodecMap.pm line 20.
Can't exec "ffprobe": No such file or directory at (eval 279) line 149.
Can't open($fh, '-|:encoding(UTF-8)', 'ffprobe', '-loglevel', 'quiet', '-print_format', 'json', '-show_format', '-show_streams', 't/testvids/bbb.mp4'): No such file or directory at /home/cpan/pit/rel-ld/conf/perl-5.24.4/.cpanplus/5.24.4/build/gMeQK6v4Ch/Media-Convert-1.4.1/blib/lib/Media/Convert/Asset.pm line 1078
	(in cleanup) object destructor for Media::Convert::Pipe object entered without having seen a run! at /home/cpan/pit/rel-ld/conf/perl-5.24.4/.cpanplus/5.24.4/build/gMeQK6v4Ch/Media-Convert-1.4.1/blib/lib/Media/Convert/Pipe.pm line 368.
	Media::Convert::Pipe::DESTROY(Media::Convert::Pipe=HASH(0x1aecd18)) called at (eval 279) line 154
	eval {...} called at (eval 279) line 154
# Looks like your test exited with 255 just after 3.
t/reporting.t ..... 
Dubious, test returned 255 (wstat 65280, 0xff00)
Failed 4/7 subtests 
Attempt to reload Scalar/Util.pm aborted.
Compilation failed in require at /usr/share/perl/5.36/Fatal.pm line 11.
BEGIN failed--compilation aborted at /usr/share/perl/5.36/Fatal.pm line 11.
Compilation failed in require at /usr/lib/i386-linux-gnu/perl-base/parent.pm line 16.
BEGIN failed--compilation aborted at /usr/share/perl/5.36/autodie.pm line 6.
Compilation failed in require at /home/cpan/pit/rel-ld/conf/perl-5.24.4/.cpanplus/5.24.4/build/gMeQK6v4Ch/Media-Convert-1.4.1/blib/lib/Media/Convert/Asset.pm line 12.
BEGIN failed--compilation aborted at /home/cpan/pit/rel-ld/conf/perl-5.24.4/.cpanplus/5.24.4/build/gMeQK6v4Ch/Media-Convert-1.4.1/blib/lib/Media/Convert/Asset.pm line 12.
Compilation failed in require at ./scripts/mc-encode line 16.
BEGIN failed--compilation aborted at ./scripts/mc-encode line 16.
system perl -I /home/cpan/pit/rel-ld/conf/perl-5.24.4/.cpanplus/5.24.4/build/gMeQK6v4Ch/Media-Convert-1.4.1/blib/lib ./scripts/mc-encode --input t/testvids/bbb.mp4 --output bbb.webm --multipass --profile webm failed: 65280 at t/script.t line 20.
t/script.t ........ 
Dubious, test returned 2 (wstat 512, 0x200)
No subtests run 

Test Summary Report
-------------------
t/aac_channels.t (Wstat: 256 (exited 1) Tests: 4 Failed: 1)
  Failed test:  4
  Non-zero exit status: 1
t/avsync.t      (Wstat: 65280 (exited 255) Tests: 5 Failed: 0)
  Non-zero exit status: 255
  Parse errors: Bad plan.  You planned 14 tests but ran 5.
t/codecs.t      (Wstat: 256 (exited 1) Tests: 1 Failed: 1)
  Failed test:  1
  Non-zero exit status: 1
t/concat.t      (Wstat: 65280 (exited 255) Tests: 8 Failed: 0)
  Non-zero exit status: 255
  Parse errors: Bad plan.  You planned 9 tests but ran 8.
t/convert.t     (Wstat: 65280 (exited 255) Tests: 5 Failed: 0)
  Non-zero exit status: 255
  Parse errors: Bad plan.  You planned 10 tests but ran 5.
t/copy.t        (Wstat: 65280 (exited 255) Tests: 5 Failed: 0)
  Non-zero exit status: 255
  Parse errors: Bad plan.  You planned 10 tests but ran 5.
t/keyframes.t   (Wstat: 65280 (exited 255) Tests: 2 Failed: 0)
  Non-zero exit status: 255
  Parse errors: No plan found in TAP output
t/normalize.t   (Wstat: 512 (exited 2) Tests: 5 Failed: 0)
  Non-zero exit status: 2
  Parse errors: Bad plan.  You planned 9 tests but ran 5.
t/pnggen.t      (Wstat: 65280 (exited 255) Tests: 6 Failed: 0)
  Non-zero exit status: 255
  Parse errors: Bad plan.  You planned 8 tests but ran 6.
t/probe.t       (Wstat: 65280 (exited 255) Tests: 2 Failed: 0)
  Non-zero exit status: 255
  Parse errors: Bad plan.  You planned 11 tests but ran 2.
t/profiles.t    (Wstat: 65280 (exited 255) Tests: 9 Failed: 0)
  Non-zero exit status: 255
  Parse errors: Bad plan.  You planned 45 tests but ran 9.
t/reporting.t   (Wstat: 65280 (exited 255) Tests: 3 Failed: 0)
  Non-zero exit status: 255
  Parse errors: Bad plan.  You planned 7 tests but ran 3.
t/script.t      (Wstat: 512 (exited 2) Tests: 0 Failed: 0)
  Non-zero exit status: 2
  Parse errors: No plan found in TAP output
Files=14, Tests=64,  4 wallclock secs ( 0.05 usr  0.03 sys +  3.90 cusr  0.26 csys =  4.24 CPU)
Result: FAIL
Failed 13/14 test programs. 2/64 subtests failed.
make: *** [Makefile:946: test_dynamic] Error 2


PREREQUISITES:

Here is a list of prerequisites you specified and versions we
managed to load:

	  Module Name                        Have     Want
	  Alien::ffmpeg                     0.105        0
	  ExtUtils::MakeMaker                7.70        0
	  IPC::System::Simple                1.30        0
	  JSON::MaybeXS                  1.004008        0
	  Moose                            2.2207        0
	  MooseX::Singleton                  0.30        0
	  SemVer                           0.10.0        0
	  Test::More                     1.302207        0

Perl module toolchain versions installed:
	Module Name                        Have
	CPANPLUS                         0.9914
	CPANPLUS::Dist::Build              0.90
	Cwd                                3.75
	ExtUtils::CBuilder             0.280236
	ExtUtils::Command                  7.70
	ExtUtils::Install                  2.22
	ExtUtils::MakeMaker                7.70
	ExtUtils::Manifest                 1.75
	ExtUtils::ParseXS                  3.51
	File::Spec                         3.75
	Module::Build                    0.4234
	Pod::Parser                        1.63
	Pod::Simple                        3.32
	Test2                          1.302207
	Test::Harness                      3.48
	Test::More                     1.302207
	version                          0.9932

******************************** NOTE ********************************
The comments above are created mechanically, possibly without manual
checking by the sender.  As there are many people performing automatic
tests on each upload to CPAN, it is likely that you will receive
identical messages about the same problem.

If you believe that the message is mistaken, please reply to the first
one with correction and/or additional informations, and do not take
it personally.  We appreciate your patience. :)
**********************************************************************

Additional comments:


This report was machine-generated by CPANPLUS::Dist::YACSmoke 1.08.
Powered by minismokebox version 0.68

CPANPLUS is prefering Build.PL

------------------------------
ENVIRONMENT AND OTHER CONTEXT
------------------------------

Environment variables:

    AUTOMATED_TESTING = 1
    LANG = en_GB.UTF-8
    LANGUAGE = en_GB:en
    NONINTERACTIVE_TESTING = 1
    PATH = /home/cpan/pit/rel-ld/conf/perl-5.24.4/.cpanplus/5.24.4/build/gMeQK6v4Ch/Media-Convert-1.4.1/blib/script:/usr/local/bin:/usr/bin:/bin:/usr/local/games:/usr/games
    PERL5LIB = /home/cpan/pit/jail/2VTWerKvp5/lib/perl5:/home/cpan/pit/rel-ld/conf/perl-5.24.4/.cpanplus/5.24.4/build/mr5i_Hafwo/Module-Build-Tiny-0.051/blib/lib:/home/cpan/pit/rel-ld/conf/perl-5.24.4/.cpanplus/5.24.4/build/mr5i_Hafwo/Module-Build-Tiny-0.051/blib/arch:/home/cpan/pit/rel-ld/conf/perl-5.24.4/.cpanplus/5.24.4/build/VzpY_zwvIw/MooseX-Singleton-0.30/blib/lib:/home/cpan/pit/rel-ld/conf/perl-5.24.4/.cpanplus/5.24.4/build/VzpY_zwvIw/MooseX-Singleton-0.30/blib/arch:/home/cpan/pit/rel-ld/conf/perl-5.24.4/.cpanplus/5.24.4/build/7b_LDHMk31/SemVer-v0.10.0/blib/lib:/home/cpan/pit/rel-ld/conf/perl-5.24.4/.cpanplus/5.24.4/build/7b_LDHMk31/SemVer-v0.10.0/blib/arch:/home/cpan/pit/rel-ld/conf/perl-5.24.4/.cpanplus/5.24.4/build/gMeQK6v4Ch/Media-Convert-1.4.1/blib/lib:/home/cpan/pit/rel-ld/conf/perl-5.24.4/.cpanplus/5.24.4/build/gMeQK6v4Ch/Media-Convert-1.4.1/blib/arch
    PERL5_CPANPLUS_IS_RUNNING = 13429
    PERL5_CPANPLUS_IS_VERSION = 0.9914
    PERL5_MINISMOKEBOX = 0.68
    PERL5_YACSMOKE_BASE = /home/cpan/pit/rel-ld/conf/perl-5.24.4
    PERL_EXTUTILS_AUTOINSTALL = --defaultdeps
    PERL_LOCAL_LIB_ROOT = /home/cpan/pit/jail/2VTWerKvp5
    PERL_MB_OPT = --install_base "/home/cpan/pit/jail/2VTWerKvp5"
    PERL_MM_OPT = INSTALL_BASE=/home/cpan/pit/jail/2VTWerKvp5
    PERL_MM_USE_DEFAULT = 1
    SHELL = /bin/bash
    TERM = screen.xterm-256color

Perl special variables (and OS-specific diagnostics, for MSWin32):

    Perl: $^X = /home/cpan/pit/rel-ld/perl-5.24.4/bin/perl
    UID:  $<  = 1001
    EUID: $>  = 1001
    GID:  $(  = 1001 1001
    EGID: $)  = 1001 1001


-------------------------------


--

Summary of my perl5 (revision 5 version 24 subversion 4) configuration:
   
  Platform:
    osname=linux, osvers=5.10.0-12-686, archname=i686-linux-thread-multi-64int-ld
    uname='linux dagobah 5.10.0-12-686 #1 smp debian 5.10.103-1 (2022-03-07) i686 gnulinux '
    config_args='-des -Dprefix=/home/cpan/pit/rel-ld/perl-5.24.4 -Dusethreads -Duse64bitint -Duselongdouble'
    hint=recommended, useposix=true, d_sigaction=define
    useithreads=define, usemultiplicity=define
    use64bitint=define, use64bitall=undef, uselongdouble=define
    usemymalloc=n, bincompat5005=undef
  Compiler:
    cc='cc', ccflags ='-D_REENTRANT -D_GNU_SOURCE -fwrapv -fno-strict-aliasing -pipe -fstack-protector-strong -I/usr/local/include -D_LARGEFILE_SOURCE -D_FILE_OFFSET_BITS=64 -D_FORTIFY_SOURCE=2',
    optimize='-O2',
    cppflags='-D_REENTRANT -D_GNU_SOURCE -fwrapv -fno-strict-aliasing -pipe -fstack-protector-strong -I/usr/local/include'
    ccversion='', gccversion='10.2.1 20210110', gccosandvers=''
    intsize=4, longsize=4, ptrsize=4, doublesize=8, byteorder=12345678, doublekind=3
    d_longlong=define, longlongsize=8, d_longdbl=define, longdblsize=12, longdblkind=3
    ivtype='long long', ivsize=8, nvtype='long double', nvsize=12, Off_t='off_t', lseeksize=8
    alignbytes=4, prototype=define
  Linker and Libraries:
    ld='cc', ldflags =' -fstack-protector-strong -L/usr/local/lib'
    libpth=/usr/local/lib /usr/include/i386-linux-gnu /usr/lib /lib/i386-linux-gnu /lib/../lib /usr/lib/i386-linux-gnu /usr/lib/../lib /lib /lib64 /usr/lib64
    libs=-lpthread -lnsl -lgdbm -ldl -lm -lcrypt -lutil -lc
    perllibs=-lpthread -lnsl -ldl -lm -lcrypt -lutil -lc
    libc=libc-2.31.so, so=so, useshrplib=false, libperl=libperl.a
    gnulibc_version='2.31'
  Dynamic Linking:
    dlsrc=dl_dlopen.xs, dlext=so, d_dlsymun=undef, ccdlflags='-Wl,-E'
    cccdlflags='-fPIC', lddlflags='-shared -O2 -L/usr/local/lib -fstack-protector-strong'


Characteristics of this binary (from libperl): 
  Compile-time options: HAS_TIMES MULTIPLICITY PERLIO_LAYERS
                        PERL_COPY_ON_WRITE PERL_DONT_CREATE_GVSV
                        PERL_HASH_FUNC_ONE_AT_A_TIME_HARD
                        PERL_IMPLICIT_CONTEXT PERL_MALLOC_WRAP
                        PERL_PRESERVE_IVUV USE_64_BIT_INT USE_ITHREADS
                        USE_LARGE_FILES USE_LOCALE USE_LOCALE_COLLATE
                        USE_LOCALE_CTYPE USE_LOCALE_NUMERIC USE_LOCALE_TIME
                        USE_LONG_DOUBLE USE_PERLIO USE_PERL_ATOF
                        USE_REENTRANT_API
  Locally applied patches:
	Devel::PatchPerl 2.08
  Built under linux
  Compiled at Mar 20 2022 01:06:22
  %ENV:
    PERL5LIB="/home/cpan/pit/jail/2VTWerKvp5/lib/perl5:/home/cpan/pit/rel-ld/conf/perl-5.24.4/.cpanplus/5.24.4/build/mr5i_Hafwo/Module-Build-Tiny-0.051/blib/lib:/home/cpan/pit/rel-ld/conf/perl-5.24.4/.cpanplus/5.24.4/build/mr5i_Hafwo/Module-Build-Tiny-0.051/blib/arch:/home/cpan/pit/rel-ld/conf/perl-5.24.4/.cpanplus/5.24.4/build/VzpY_zwvIw/MooseX-Singleton-0.30/blib/lib:/home/cpan/pit/rel-ld/conf/perl-5.24.4/.cpanplus/5.24.4/build/VzpY_zwvIw/MooseX-Singleton-0.30/blib/arch:/home/cpan/pit/rel-ld/conf/perl-5.24.4/.cpanplus/5.24.4/build/7b_LDHMk31/SemVer-v0.10.0/blib/lib:/home/cpan/pit/rel-ld/conf/perl-5.24.4/.cpanplus/5.24.4/build/7b_LDHMk31/SemVer-v0.10.0/blib/arch:/home/cpan/pit/rel-ld/conf/perl-5.24.4/.cpanplus/5.24.4/build/gMeQK6v4Ch/Media-Convert-1.4.1/blib/lib:/home/cpan/pit/rel-ld/conf/perl-5.24.4/.cpanplus/5.24.4/build/gMeQK6v4Ch/Media-Convert-1.4.1/blib/arch"
    PERL5_CPANPLUS_IS_RUNNING="13429"
    PERL5_CPANPLUS_IS_VERSION="0.9914"
    PERL5_MINISMOKEBOX="0.68"
    PERL5_YACSMOKE_BASE="/home/cpan/pit/rel-ld/conf/perl-5.24.4"
    PERL_EXTUTILS_AUTOINSTALL="--defaultdeps"
    PERL_LOCAL_LIB_ROOT="/home/cpan/pit/jail/2VTWerKvp5"
    PERL_MB_OPT="--install_base "/home/cpan/pit/jail/2VTWerKvp5""
    PERL_MM_OPT="INSTALL_BASE=/home/cpan/pit/jail/2VTWerKvp5"
    PERL_MM_USE_DEFAULT="1"
  @INC:
    /home/cpan/pit/jail/2VTWerKvp5/lib/perl5/5.24.4/i686-linux-thread-multi-64int-ld
    /home/cpan/pit/jail/2VTWerKvp5/lib/perl5/5.24.4
    /home/cpan/pit/jail/2VTWerKvp5/lib/perl5/i686-linux-thread-multi-64int-ld
    /home/cpan/pit/jail/2VTWerKvp5/lib/perl5
    /home/cpan/pit/rel-ld/conf/perl-5.24.4/.cpanplus/5.24.4/build/mr5i_Hafwo/Module-Build-Tiny-0.051/blib/lib
    /home/cpan/pit/rel-ld/conf/perl-5.24.4/.cpanplus/5.24.4/build/mr5i_Hafwo/Module-Build-Tiny-0.051/blib/arch
    /home/cpan/pit/rel-ld/conf/perl-5.24.4/.cpanplus/5.24.4/build/VzpY_zwvIw/MooseX-Singleton-0.30/blib/lib
    /home/cpan/pit/rel-ld/conf/perl-5.24.4/.cpanplus/5.24.4/build/VzpY_zwvIw/MooseX-Singleton-0.30/blib/arch
    /home/cpan/pit/rel-ld/conf/perl-5.24.4/.cpanplus/5.24.4/build/7b_LDHMk31/SemVer-v0.10.0/blib/lib
    /home/cpan/pit/rel-ld/conf/perl-5.24.4/.cpanplus/5.24.4/build/7b_LDHMk31/SemVer-v0.10.0/blib/arch
    /home/cpan/pit/rel-ld/conf/perl-5.24.4/.cpanplus/5.24.4/build/gMeQK6v4Ch/Media-Convert-1.4.1/blib/lib
    /home/cpan/pit/rel-ld/conf/perl-5.24.4/.cpanplus/5.24.4/build/gMeQK6v4Ch/Media-Convert-1.4.1/blib/arch
    /home/cpan/pit/rel-ld/perl-5.24.4/lib/site_perl/5.24.4/i686-linux-thread-multi-64int-ld
    /home/cpan/pit/rel-ld/perl-5.24.4/lib/site_perl/5.24.4
    /home/cpan/pit/rel-ld/perl-5.24.4/lib/5.24.4/i686-linux-thread-multi-64int-ld
    /home/cpan/pit/rel-ld/perl-5.24.4/lib/5.24.4
    .