DateTime-Format-Intl vv0.1.7 Perl 5 v5.32.1 OpenBSD.amd64-openbsd
- Status
- Fail
- From
- David Cantrell (DCANTRELL)
- Dist
-
DateTime-Format-Intl vv0.1.7
- Platform
- Perl 5 v5.32.1 OpenBSD.amd64-openbsd
- Date
- 2025-01-06 02:08:40
- ID
- 25b1654c-cbd3-11ef-9ae9-f5b10a09daa8
This distribution has been tested as part of the CPAN Testers
project, supporting the Perl programming language. See
http://wiki.cpantesters.org/ for more information or email
questions to cpan-testers-discuss@perl.org
--
Dear Jacques Deguest,
This is a computer-generated report for DateTime-Format-Intl-v0.1.7
on perl 5.32.1, created by CPAN-Reporter-1.2020.
Thank you for uploading your work to CPAN. However, there was a problem
testing your distribution.
If you think this report is invalid, please consult the CPAN Testers Wiki
for suggestions on how to avoid getting FAIL reports for missing library
or binary dependencies, unsupported operating systems, and so on:
http://wiki.cpantesters.org/wiki/CPANAuthorNotes
Sections of this report:
* Tester comments
* Program output
* Prerequisites
* Environment and other context
------------------------------
TESTER COMMENTS
------------------------------
Additional comments from tester:
this report is from an automated smoke testing program
and was not reviewed by a human for accuracy
------------------------------
PROGRAM OUTPUT
------------------------------
Output from '/usr/bin/make test':
PERL_DL_NONLAZY=1 "/home/david/cpantesting/perl-5.32.1/bin/perl" "-MExtUtils::Command::MM" "-MTest::Harness" "-e" "undef *Test::Harness::Switches; test_harness(0, 'blib/lib', 'blib/arch')" t/*.t
t/001_load.t ....................... ok
t/002_methods.t ....................
All 18 subtests passed
Warning only: unsupported numbering system provided (jpanfin) via the locale "nu" extension (ja-Kana-JP-u-ca-gregory-nu-jpanfin-tz-jptyo). at lib/DateTime/Format/Intl.pm line 357.
Warning only: unsupported numbering system provided (jpanfin) via the locale "nu" extension (ja-Kana-JP-u-ca-gregory-nu-jpanfin-tz-jptyo). at lib/DateTime/Format/Intl.pm line 357.
Warning only: unsupported numbering system provided (arab) via the locale "nu" extension (ar-EG-u-ca-gregory-nu-arab-tz-egcai). at lib/DateTime/Format/Intl.pm line 357.
t/003_resolved_options.t ........... ok
t/004_supported_locales_of.t ....... ok
t/005_select_best_pattern.t ........ ok
t/006_format.t ..................... ok
Use of uninitialized value in join or string at /home/david/cpantesting/perl-5.32.1/lib/site_perl/5.32.1/DateTime/Locale/FromCLDR.pm line 471.
Warning: something's wrong at /home/david/cpantesting/perl-5.32.1/lib/site_perl/5.32.1/DateTime/Locale/FromCLDR.pm line 482.
Use of uninitialized value in join or string at /home/david/cpantesting/perl-5.32.1/lib/site_perl/5.32.1/DateTime/Locale/FromCLDR.pm line 471.
Warning: something's wrong at /home/david/cpantesting/perl-5.32.1/lib/site_perl/5.32.1/DateTime/Locale/FromCLDR.pm line 482.
Use of uninitialized value in join or string at /home/david/cpantesting/perl-5.32.1/lib/site_perl/5.32.1/DateTime/Locale/FromCLDR.pm line 471.
Warning: something's wrong at /home/david/cpantesting/perl-5.32.1/lib/site_perl/5.32.1/DateTime/Locale/FromCLDR.pm line 482.
Use of uninitialized value in join or string at /home/david/cpantesting/perl-5.32.1/lib/site_perl/5.32.1/DateTime/Locale/FromCLDR.pm line 471.
Warning: something's wrong at /home/david/cpantesting/perl-5.32.1/lib/site_perl/5.32.1/DateTime/Locale/FromCLDR.pm line 482.
Use of uninitialized value in join or string at /home/david/cpantesting/perl-5.32.1/lib/site_perl/5.32.1/DateTime/Locale/FromCLDR.pm line 471.
Warning: something's wrong at /home/david/cpantesting/perl-5.32.1/lib/site_perl/5.32.1/DateTime/Locale/FromCLDR.pm line 482.
Use of uninitialized value in join or string at /home/david/cpantesting/perl-5.32.1/lib/site_perl/5.32.1/DateTime/Locale/FromCLDR.pm line 471.
Warning: something's wrong at /home/david/cpantesting/perl-5.32.1/lib/site_perl/5.32.1/DateTime/Locale/FromCLDR.pm line 482.
Use of uninitialized value in join or string at /home/david/cpantesting/perl-5.32.1/lib/site_perl/5.32.1/DateTime/Locale/FromCLDR.pm line 471.
Warning: something's wrong at /home/david/cpantesting/perl-5.32.1/lib/site_perl/5.32.1/DateTime/Locale/FromCLDR.pm line 482.
Use of uninitialized value in join or string at /home/david/cpantesting/perl-5.32.1/lib/site_perl/5.32.1/DateTime/Locale/FromCLDR.pm line 471.
Warning: something's wrong at /home/david/cpantesting/perl-5.32.1/lib/site_perl/5.32.1/DateTime/Locale/FromCLDR.pm line 482.
t/007_select_best_range_pattern.t .. ok
Use of uninitialized value in join or string at /home/david/cpantesting/perl-5.32.1/lib/site_perl/5.32.1/DateTime/Locale/FromCLDR.pm line 471.
Warning: something's wrong at /home/david/cpantesting/perl-5.32.1/lib/site_perl/5.32.1/DateTime/Locale/FromCLDR.pm line 482.
Use of uninitialized value in join or string at /home/david/cpantesting/perl-5.32.1/lib/site_perl/5.32.1/DateTime/Locale/FromCLDR.pm line 471.
Warning: something's wrong at /home/david/cpantesting/perl-5.32.1/lib/site_perl/5.32.1/DateTime/Locale/FromCLDR.pm line 482.
Use of uninitialized value in join or string at /home/david/cpantesting/perl-5.32.1/lib/site_perl/5.32.1/DateTime/Locale/FromCLDR.pm line 471.
Warning: something's wrong at /home/david/cpantesting/perl-5.32.1/lib/site_perl/5.32.1/DateTime/Locale/FromCLDR.pm line 482.
Use of uninitialized value in join or string at /home/david/cpantesting/perl-5.32.1/lib/site_perl/5.32.1/DateTime/Locale/FromCLDR.pm line 471.
Warning: something's wrong at /home/david/cpantesting/perl-5.32.1/lib/site_perl/5.32.1/DateTime/Locale/FromCLDR.pm line 482.
Use of uninitialized value in join or string at /home/david/cpantesting/perl-5.32.1/lib/site_perl/5.32.1/DateTime/Locale/FromCLDR.pm line 471.
Warning: something's wrong at /home/david/cpantesting/perl-5.32.1/lib/site_perl/5.32.1/DateTime/Locale/FromCLDR.pm line 482.
Use of uninitialized value in join or string at /home/david/cpantesting/perl-5.32.1/lib/site_perl/5.32.1/DateTime/Locale/FromCLDR.pm line 471.
Warning: something's wrong at /home/david/cpantesting/perl-5.32.1/lib/site_perl/5.32.1/DateTime/Locale/FromCLDR.pm line 482.
Use of uninitialized value in join or string at /home/david/cpantesting/perl-5.32.1/lib/site_perl/5.32.1/DateTime/Locale/FromCLDR.pm line 471.
Warning: something's wrong at /home/david/cpantesting/perl-5.32.1/lib/site_perl/5.32.1/DateTime/Locale/FromCLDR.pm line 482.
Use of uninitialized value in join or string at /home/david/cpantesting/perl-5.32.1/lib/site_perl/5.32.1/DateTime/Locale/FromCLDR.pm line 471.
Warning: something's wrong at /home/david/cpantesting/perl-5.32.1/lib/site_perl/5.32.1/DateTime/Locale/FromCLDR.pm line 482.
t/008_format_range.t ............... ok
t/009_date_time_combination.t ...... ok
t/010_format_to_parts.t ............ ok
Use of uninitialized value in join or string at /home/david/cpantesting/perl-5.32.1/lib/site_perl/5.32.1/DateTime/Locale/FromCLDR.pm line 471.
Warning: something's wrong at /home/david/cpantesting/perl-5.32.1/lib/site_perl/5.32.1/DateTime/Locale/FromCLDR.pm line 482.
Use of uninitialized value in join or string at /home/david/cpantesting/perl-5.32.1/lib/site_perl/5.32.1/DateTime/Locale/FromCLDR.pm line 471.
Warning: something's wrong at /home/david/cpantesting/perl-5.32.1/lib/site_perl/5.32.1/DateTime/Locale/FromCLDR.pm line 482.
Use of uninitialized value in join or string at /home/david/cpantesting/perl-5.32.1/lib/site_perl/5.32.1/DateTime/Locale/FromCLDR.pm line 471.
Warning: something's wrong at /home/david/cpantesting/perl-5.32.1/lib/site_perl/5.32.1/DateTime/Locale/FromCLDR.pm line 482.
Use of uninitialized value in join or string at /home/david/cpantesting/perl-5.32.1/lib/site_perl/5.32.1/DateTime/Locale/FromCLDR.pm line 471.
Warning: something's wrong at /home/david/cpantesting/perl-5.32.1/lib/site_perl/5.32.1/DateTime/Locale/FromCLDR.pm line 482.
Use of uninitialized value in join or string at /home/david/cpantesting/perl-5.32.1/lib/site_perl/5.32.1/DateTime/Locale/FromCLDR.pm line 471.
Warning: something's wrong at /home/david/cpantesting/perl-5.32.1/lib/site_perl/5.32.1/DateTime/Locale/FromCLDR.pm line 482.
Use of uninitialized value in join or string at /home/david/cpantesting/perl-5.32.1/lib/site_perl/5.32.1/DateTime/Locale/FromCLDR.pm line 471.
Warning: something's wrong at /home/david/cpantesting/perl-5.32.1/lib/site_perl/5.32.1/DateTime/Locale/FromCLDR.pm line 482.
Use of uninitialized value in join or string at /home/david/cpantesting/perl-5.32.1/lib/site_perl/5.32.1/DateTime/Locale/FromCLDR.pm line 471.
Warning: something's wrong at /home/david/cpantesting/perl-5.32.1/lib/site_perl/5.32.1/DateTime/Locale/FromCLDR.pm line 482.
Use of uninitialized value in join or string at /home/david/cpantesting/perl-5.32.1/lib/site_perl/5.32.1/DateTime/Locale/FromCLDR.pm line 471.
Warning: something's wrong at /home/david/cpantesting/perl-5.32.1/lib/site_perl/5.32.1/DateTime/Locale/FromCLDR.pm line 482.
t/011_format_range_to_parts.t ...... ok
t/900_pod.t ........................ skipped: These tests are for author or release candidate testing
t/910_coverage.t ................... skipped: These tests are for author or release candidate testing
t/920_manifest.t ................... skipped: Author tests not required for installation
t/930_signature.t .................. skipped: Set the environment variable AUTHOR_TESTING to enable this test.
t/999_kwalitee.t ................... skipped: These tests are for author or release candidate testing
Test Summary Report
-------------------
t/002_methods.t (Wstat: 139 (Signal: SEGV, dumped core) Tests: 18 Failed: 0)
Non-zero wait status: 139
Files=16, Tests=467, 188 wallclock secs ( 1.05 usr 0.54 sys + 77.33 cusr 8.51 csys = 87.43 CPU)
Result: FAIL
Failed 1/16 test programs. 0/467 subtests failed.
*** Error 255 in /home/david/cpantesting/perl-5.32.1/.cpan/build/DateTime-Format-Intl-v0.1.7-0 (Makefile:897 'test_dynamic')
------------------------------
PREREQUISITES
------------------------------
Prerequisite modules loaded:
requires:
Module Need Have
-------------------------- -------- --------
DateTime 0.42 1.65
DateTime::Format::Unicode v0.1.5 v0.1.6
DateTime::Locale::FromCLDR v0.6.0 v0.6.1
Locale::Intl v0.1.2 v0.1.3
Locale::Unicode::Data v1.3.0 v1.3.1
parent 0 0.244
perl 5.010001 5.032001
Scalar::Util 0 1.68
strict 0 1.11
vars 0 1.05
Want 0.17 0.29
warnings 0 1.47
warnings::register 0 1.04
build_requires:
Module Need Have
-------------------------- -------- --------
ExtUtils::MakeMaker 0 7.70
lib 0.63 0.65
open 0 1.12
Test::More 1.302120 1.302207
Test::Pod 1.52 1.52
utf8 0 1.22
configure_requires:
Module Need Have
-------------------------- -------- --------
ExtUtils::MakeMaker 0 7.70
------------------------------
ENVIRONMENT AND OTHER CONTEXT
------------------------------
Environment variables:
AUTOMATED_TESTING = 1
NONINTERACTIVE_TESTING = 1
PATH = /home/david/perl5/perlbrew/bin:/home/david/perl5/perlbrew/perls/perl-5.32.0/bin:/home/david/bin:/bin:/sbin:/usr/bin:/usr/sbin:/usr/X11R6/bin:/usr/local/bin:/usr/local/sbin:/usr/games:/home/david/.fzf/bin
PERL = 5.32.1
PERL5LIB =
PERL5OPT =
PERL5_CPANPLUS_IS_RUNNING = 87117
PERL5_CPAN_IS_RUNNING = 87117
PERLBREW_HOME = /home/david/.perlbrew
PERLBREW_MANPATH = /home/david/perl5/perlbrew/perls/perl-5.32.0/man
PERLBREW_PATH = /home/david/perl5/perlbrew/bin:/home/david/perl5/perlbrew/perls/perl-5.32.0/bin
PERLBREW_PERL = perl-5.32.0
PERLBREW_ROOT = /home/david/perl5/perlbrew
PERLBREW_SHELLRC_VERSION = 1.00
PERLBREW_VERSION = 1.00
PERLVER = 5.32.1
PERL_INLINE_DIRECTORY = /home/david/.Inline-5.32.1
PERL_MM_USE_DEFAULT = 1
PERL_USE_UNSAFE_INC = 0
SHELL = /usr/local/bin/bash
TERM = screen
Perl special variables (and OS-specific diagnostics, for MSWin32):
$^X = /home/david/cpantesting/perl-5.32.1/bin/perl
$UID/$EUID = 1000 / 1000
$GID = 1000 1000 0
$EGID = 1000 1000 0
Perl module toolchain versions installed:
Module Have
------------------- --------
CPAN 2.37
CPAN::Meta 2.150010
Cwd 3.75
ExtUtils::CBuilder 0.280236
ExtUtils::Command 7.70
ExtUtils::Install 2.22
ExtUtils::MakeMaker 7.70
ExtUtils::Manifest 1.75
ExtUtils::ParseXS 3.51
File::Spec 3.75
JSON 4.10
JSON::PP 4.16
Module::Build 0.4234
Module::Signature n/a
Parse::CPAN::Meta 2.150010
Test2 1.302207
Test::Harness 3.50
Test::More 1.302207
YAML 1.31
YAML::Syck n/a
version 0.9933
--
Summary of my perl5 (revision 5 version 32 subversion 1) configuration:
Platform:
osname=openbsd
osvers=7.6
archname=OpenBSD.amd64-openbsd
uname='openbsd cpantesting-openbsd 7.6 generic#332 amd64 '
config_args='-de -Dprefix=/home/david/cpantesting/perl-5.32.1'
hint=recommended
useposix=true
d_sigaction=define
useithreads=undef
usemultiplicity=undef
use64bitint=define
use64bitall=define
uselongdouble=undef
usemymalloc=n
default_inc_excludes_dot=define
bincompat5005=undef
Compiler:
cc='cc'
ccflags ='-fno-strict-aliasing -pipe -fstack-protector-strong -I/usr/local/include'
optimize='-O2'
cppflags='-fno-strict-aliasing -pipe -fstack-protector-strong -I/usr/local/include'
ccversion=''
gccversion='OpenBSD Clang 16.0.6'
gccosandvers=''
intsize=4
longsize=8
ptrsize=8
doublesize=8
byteorder=12345678
doublekind=3
d_longlong=define
longlongsize=8
d_longdbl=define
longdblsize=16
longdblkind=3
ivtype='long'
ivsize=8
nvtype='double'
nvsize=8
Off_t='off_t'
lseeksize=8
alignbytes=8
prototype=define
Linker and Libraries:
ld='cc'
ldflags ='-Wl,-E -fstack-protector-strong -L/usr/local/lib'
libpth=/usr/lib/clang/16/lib /usr/lib /usr/local/lib
libs=-lpthread -lm -lutil -lc
perllibs=-lpthread -lm -lutil -lc
libc=/usr/lib/libc.so.100.3
so=so
useshrplib=false
libperl=libperl.a
gnulibc_version=''
Dynamic Linking:
dlsrc=dl_dlopen.xs
dlext=so
d_dlsymun=undef
ccdlflags=' '
cccdlflags='-DPIC -fPIC '
lddlflags='-shared -fPIC -L/usr/local/lib -fstack-protector-strong'
Characteristics of this binary (from libperl):
Compile-time options:
HAS_TIMES
PERLIO_LAYERS
PERL_COPY_ON_WRITE
PERL_DONT_CREATE_GVSV
PERL_MALLOC_WRAP
PERL_OP_PARENT
PERL_PRESERVE_IVUV
USE_64_BIT_ALL
USE_64_BIT_INT
USE_LARGE_FILES
USE_LOCALE
USE_LOCALE_COLLATE
USE_LOCALE_CTYPE
USE_LOCALE_NUMERIC
USE_LOCALE_TIME
USE_PERLIO
USE_PERL_ATOF
Built under openbsd
Compiled at Oct 31 2024 21:39:36
%ENV:
PERL="5.32.1"
PERL5LIB=""
PERL5OPT=""
PERL5_CPANPLUS_IS_RUNNING="87117"
PERL5_CPAN_IS_RUNNING="87117"
PERLBREW_HOME="/home/david/.perlbrew"
PERLBREW_MANPATH="/home/david/perl5/perlbrew/perls/perl-5.32.0/man"
PERLBREW_PATH="/home/david/perl5/perlbrew/bin:/home/david/perl5/perlbrew/perls/perl-5.32.0/bin"
PERLBREW_PERL="perl-5.32.0"
PERLBREW_ROOT="/home/david/perl5/perlbrew"
PERLBREW_SHELLRC_VERSION="1.00"
PERLBREW_VERSION="1.00"
PERLVER="5.32.1"
PERL_INLINE_DIRECTORY="/home/david/.Inline-5.32.1"
PERL_MM_USE_DEFAULT="1"
PERL_USE_UNSAFE_INC="0"
@INC:
/home/david/cpantesting/perl-5.32.1/lib/site_perl/5.32.1/OpenBSD.amd64-openbsd
/home/david/cpantesting/perl-5.32.1/lib/site_perl/5.32.1
/home/david/cpantesting/perl-5.32.1/lib/5.32.1/OpenBSD.amd64-openbsd
/home/david/cpantesting/perl-5.32.1/lib/5.32.1