DateTime-Format-Intl vv0.1.0 Perl 5 v5.14.3 i686-linux-ld

Status
Fail
From
Chris Williams (BINGOS)
Dist
DateTime-Format-Intl vv0.1.0
Platform
Perl 5 v5.14.3 i686-linux-ld
Date
2024-10-15 14:52:47
ID
24663d66-8b05-11ef-98b0-b3c3213a625c
This distribution has been tested as part of the CPAN Testers
project, supporting the Perl programming language.  See
http://wiki.cpantesters.org/ for more information or email
questions to cpan-testers-discuss@perl.org


--

Dear JDEGUEST,

This is a computer-generated error report created automatically by
CPANPLUS, version 0.9914. Testers personal comments may appear
at the end of this report.


Thank you for uploading your work to CPAN.  However, it appears that
there were some problems testing your distribution.

TEST RESULTS:

Below is the error stack from stage 'make test':

PERL_DL_NONLAZY=1 "/home/cpan/pit/bare-ld/perl-5.14.3/bin/perl" "-MExtUtils::Command::MM" "-MTest::Harness" "-e" "undef *Test::Harness::Switches; test_harness(0, 'blib/lib', 'blib/arch')" t/*.t
t/001_load.t ....................... ok
t/002_methods.t .................... ok

    #   Failed test 'Option "timeZone" value expected was "Asia/Tokyo", but got "Europe/London".'
    #   at t/003_resolved_options.t line 928.
    # Looks like you failed 1 test of 2.

#   Failed test 'DateTime::Format::Intl->new( en, {dayPeriod, hour} )'
#   at t/003_resolved_options.t line 934.

    #   Failed test 'Option "timeZone" value expected was "Asia/Tokyo", but got "Europe/London".'
    #   at t/003_resolved_options.t line 928.
    # Looks like you failed 1 test of 2.

#   Failed test 'DateTime::Format::Intl->new( en, {dayPeriod, hour, minute} )'
#   at t/003_resolved_options.t line 934.

    #   Failed test 'Option "timeZone" value expected was "Asia/Tokyo", but got "Europe/London".'
    #   at t/003_resolved_options.t line 928.
    # Looks like you failed 1 test of 2.

#   Failed test 'DateTime::Format::Intl->new( en, {dayPeriod, hour, minute, second} )'
#   at t/003_resolved_options.t line 934.

    #   Failed test 'Option "timeZone" value expected was "Asia/Tokyo", but got "Europe/London".'
    #   at t/003_resolved_options.t line 928.
    # Looks like you failed 1 test of 2.

#   Failed test 'DateTime::Format::Intl->new( en, {weekday} )'
#   at t/003_resolved_options.t line 934.

    #   Failed test 'Option "timeZone" value expected was "Asia/Tokyo", but got "Europe/London".'
    #   at t/003_resolved_options.t line 928.
    # Looks like you failed 1 test of 2.

#   Failed test 'DateTime::Format::Intl->new( en, {dayPeriod, hour, minute, weekday} )'
#   at t/003_resolved_options.t line 934.

    #   Failed test 'Option "timeZone" value expected was "Asia/Tokyo", but got "Europe/London".'
    #   at t/003_resolved_options.t line 928.
    # Looks like you failed 1 test of 2.

#   Failed test 'DateTime::Format::Intl->new( en, {dayPeriod, hour, minute, second, weekday} )'
#   at t/003_resolved_options.t line 934.

    #   Failed test 'Option "timeZone" value expected was "Asia/Tokyo", but got "Europe/London".'
    #   at t/003_resolved_options.t line 928.
    # Looks like you failed 1 test of 2.

#   Failed test 'DateTime::Format::Intl->new( en, {hour, hour12, minute, weekday} )'
#   at t/003_resolved_options.t line 934.

    #   Failed test 'Option "timeZone" value expected was "Asia/Tokyo", but got "Europe/London".'
    #   at t/003_resolved_options.t line 928.
    # Looks like you failed 1 test of 2.

#   Failed test 'DateTime::Format::Intl->new( en, {hour, hour12, minute, second, weekday} )'
#   at t/003_resolved_options.t line 934.

    #   Failed test 'Option "timeZone" value expected was "Asia/Tokyo", but got "Europe/London".'
    #   at t/003_resolved_options.t line 928.
    # Looks like you failed 1 test of 2.

#   Failed test 'DateTime::Format::Intl->new( en, {day, weekday} )'
#   at t/003_resolved_options.t line 934.

    #   Failed test 'Option "timeZone" value expected was "Asia/Tokyo", but got "Europe/London".'
    #   at t/003_resolved_options.t line 928.
    # Looks like you failed 1 test of 2.

#   Failed test 'DateTime::Format::Intl->new( en, {era, year} )'
#   at t/003_resolved_options.t line 934.

    #   Failed test 'Option "timeZone" value expected was "Asia/Tokyo", but got "Europe/London".'
    #   at t/003_resolved_options.t line 928.
    # Looks like you failed 1 test of 2.

#   Failed test 'DateTime::Format::Intl->new( en, {era, month, year} )'
#   at t/003_resolved_options.t line 934.

    #   Failed test 'Option "timeZone" value expected was "Asia/Tokyo", but got "Europe/London".'
    #   at t/003_resolved_options.t line 928.
    # Looks like you failed 1 test of 2.

#   Failed test 'DateTime::Format::Intl->new( en, {day, era, month, weekday, year} )'
#   at t/003_resolved_options.t line 934.

    #   Failed test 'Option "timeZone" value expected was "Asia/Tokyo", but got "Europe/London".'
    #   at t/003_resolved_options.t line 928.
    # Looks like you failed 1 test of 2.

#   Failed test 'DateTime::Format::Intl->new( en, {day, era, month, year} )'
#   at t/003_resolved_options.t line 934.

    #   Failed test 'Option "timeZone" value expected was "Asia/Tokyo", but got "Europe/London".'
    #   at t/003_resolved_options.t line 928.
    # Looks like you failed 1 test of 2.

#   Failed test 'DateTime::Format::Intl->new( en, {day, era, month, year} )'
#   at t/003_resolved_options.t line 934.

    #   Failed test 'Option "timeZone" value expected was "Asia/Tokyo", but got "Europe/London".'
    #   at t/003_resolved_options.t line 928.
    # Looks like you failed 1 test of 2.

#   Failed test 'DateTime::Format::Intl->new( en, {hour, hour12} )'
#   at t/003_resolved_options.t line 934.

    #   Failed test 'Option "timeZone" value expected was "Asia/Tokyo", but got "Europe/London".'
    #   at t/003_resolved_options.t line 928.
    # Looks like you failed 1 test of 2.

#   Failed test 'DateTime::Format::Intl->new( en, {hour, hour12, minute} )'
#   at t/003_resolved_options.t line 934.

    #   Failed test 'Option "timeZone" value expected was "Asia/Tokyo", but got "Europe/London".'
    #   at t/003_resolved_options.t line 928.
    # Looks like you failed 1 test of 2.

#   Failed test 'DateTime::Format::Intl->new( en, {hour, hour12, minute, second} )'
#   at t/003_resolved_options.t line 934.

    #   Failed test 'Option "timeZone" value expected was "Asia/Tokyo", but got "Europe/London".'
    #   at t/003_resolved_options.t line 928.
    # Looks like you failed 1 test of 2.

#   Failed test 'DateTime::Format::Intl->new( en, {hour, hour12, minute, second, timeZoneName} )'
#   at t/003_resolved_options.t line 934.

    #   Failed test 'Option "timeZone" value expected was "Asia/Tokyo", but got "Europe/London".'
    #   at t/003_resolved_options.t line 928.
    # Looks like you failed 1 test of 2.

#   Failed test 'DateTime::Format::Intl->new( en, {hour, hour12, minute, timeZoneName} )'
#   at t/003_resolved_options.t line 934.

    #   Failed test 'Option "timeZone" value expected was "Asia/Tokyo", but got "Europe/London".'
    #   at t/003_resolved_options.t line 928.
    # Looks like you failed 1 test of 2.

#   Failed test 'DateTime::Format::Intl->new( en, {day, month} )'
#   at t/003_resolved_options.t line 934.

    #   Failed test 'Option "timeZone" value expected was "Asia/Tokyo", but got "Europe/London".'
    #   at t/003_resolved_options.t line 928.
    # Looks like you failed 1 test of 2.

#   Failed test 'DateTime::Format::Intl->new( en, {month} )'
#   at t/003_resolved_options.t line 934.

    #   Failed test 'Option "timeZone" value expected was "Asia/Tokyo", but got "Europe/London".'
    #   at t/003_resolved_options.t line 928.
    # Looks like you failed 1 test of 2.

#   Failed test 'DateTime::Format::Intl->new( en, {day, month, weekday} )'
#   at t/003_resolved_options.t line 934.

    #   Failed test 'Option "timeZone" value expected was "Asia/Tokyo", but got "Europe/London".'
    #   at t/003_resolved_options.t line 928.
    # Looks like you failed 1 test of 2.

#   Failed test 'DateTime::Format::Intl->new( en, {month} )'
#   at t/003_resolved_options.t line 934.

    #   Failed test 'Option "timeZone" value expected was "Asia/Tokyo", but got "Europe/London".'
    #   at t/003_resolved_options.t line 928.
    # Looks like you failed 1 test of 2.

#   Failed test 'DateTime::Format::Intl->new( en, {day, month, weekday} )'
#   at t/003_resolved_options.t line 934.

    #   Failed test 'Option "timeZone" value expected was "Asia/Tokyo", but got "Europe/London".'
    #   at t/003_resolved_options.t line 928.
    # Looks like you failed 1 test of 2.

#   Failed test 'DateTime::Format::Intl->new( en, {day, month} )'
#   at t/003_resolved_options.t line 934.

    #   Failed test 'Option "timeZone" value expected was "Asia/Tokyo", but got "Europe/London".'
    #   at t/003_resolved_options.t line 928.
    # Looks like you failed 1 test of 2.

#   Failed test 'DateTime::Format::Intl->new( en, {day, month, year} )'
#   at t/003_resolved_options.t line 934.

    #   Failed test 'Option "timeZone" value expected was "Asia/Tokyo", but got "Europe/London".'
    #   at t/003_resolved_options.t line 928.
    # Looks like you failed 1 test of 2.

#   Failed test 'DateTime::Format::Intl->new( en, {day, month} )'
#   at t/003_resolved_options.t line 934.

    #   Failed test 'Option "timeZone" value expected was "Asia/Tokyo", but got "Europe/London".'
    #   at t/003_resolved_options.t line 928.
    # Looks like you failed 1 test of 2.

#   Failed test 'DateTime::Format::Intl->new( en, {day} )'
#   at t/003_resolved_options.t line 934.

    #   Failed test 'Option "timeZone" value expected was "Asia/Tokyo", but got "Europe/London".'
    #   at t/003_resolved_options.t line 928.
    # Looks like you failed 1 test of 2.

#   Failed test 'DateTime::Format::Intl->new( en, {hour, hour12} )'
#   at t/003_resolved_options.t line 934.

    #   Failed test 'Option "timeZone" value expected was "Asia/Tokyo", but got "Europe/London".'
    #   at t/003_resolved_options.t line 928.
    # Looks like you failed 1 test of 2.

#   Failed test 'DateTime::Format::Intl->new( en, {hour, hour12, minute} )'
#   at t/003_resolved_options.t line 934.

    #   Failed test 'Option "timeZone" value expected was "Asia/Tokyo", but got "Europe/London".'
    #   at t/003_resolved_options.t line 928.
    # Looks like you failed 1 test of 2.

#   Failed test 'DateTime::Format::Intl->new( en, {hour, hour12, minute, second} )'
#   at t/003_resolved_options.t line 934.

    #   Failed test 'Option "timeZone" value expected was "Asia/Tokyo", but got "Europe/London".'
    #   at t/003_resolved_options.t line 928.
    # Looks like you failed 1 test of 2.

#   Failed test 'DateTime::Format::Intl->new( en, {hour, hour12, minute, second, timeZoneName} )'
#   at t/003_resolved_options.t line 934.

    #   Failed test 'Option "timeZone" value expected was "Asia/Tokyo", but got "Europe/London".'
    #   at t/003_resolved_options.t line 928.
    # Looks like you failed 1 test of 2.

#   Failed test 'DateTime::Format::Intl->new( en, {hour, hour12, minute, timeZoneName} )'
#   at t/003_resolved_options.t line 934.

    #   Failed test 'Option "timeZone" value expected was "Asia/Tokyo", but got "Europe/London".'
    #   at t/003_resolved_options.t line 928.
    # Looks like you failed 1 test of 2.

#   Failed test 'DateTime::Format::Intl->new( en, {minute, second} )'
#   at t/003_resolved_options.t line 934.

    #   Failed test 'Option "timeZone" value expected was "Asia/Tokyo", but got "Europe/London".'
    #   at t/003_resolved_options.t line 928.
    # Looks like you failed 1 test of 2.

#   Failed test 'DateTime::Format::Intl->new( en, {year} )'
#   at t/003_resolved_options.t line 934.

    #   Failed test 'Option "timeZone" value expected was "Asia/Tokyo", but got "Europe/London".'
    #   at t/003_resolved_options.t line 928.
    # Looks like you failed 1 test of 2.

#   Failed test 'DateTime::Format::Intl->new( en, {month, year} )'
#   at t/003_resolved_options.t line 934.

    #   Failed test 'Option "timeZone" value expected was "Asia/Tokyo", but got "Europe/London".'
    #   at t/003_resolved_options.t line 928.
    # Looks like you failed 1 test of 2.

#   Failed test 'DateTime::Format::Intl->new( en, {day, month, weekday, year} )'
#   at t/003_resolved_options.t line 934.

    #   Failed test 'Option "timeZone" value expected was "Asia/Tokyo", but got "Europe/London".'
    #   at t/003_resolved_options.t line 928.
    # Looks like you failed 1 test of 2.

#   Failed test 'DateTime::Format::Intl->new( en, {month, year} )'
#   at t/003_resolved_options.t line 934.

    #   Failed test 'Option "timeZone" value expected was "Asia/Tokyo", but got "Europe/London".'
    #   at t/003_resolved_options.t line 928.
    # Looks like you failed 1 test of 2.

#   Failed test 'DateTime::Format::Intl->new( en, {day, month, weekday, year} )'
#   at t/003_resolved_options.t line 934.

    #   Failed test 'Option "timeZone" value expected was "Asia/Tokyo", but got "Europe/London".'
    #   at t/003_resolved_options.t line 928.
    # Looks like you failed 1 test of 2.

#   Failed test 'DateTime::Format::Intl->new( en, {month, year} )'
#   at t/003_resolved_options.t line 934.

    #   Failed test 'Option "timeZone" value expected was "Asia/Tokyo", but got "Europe/London".'
    #   at t/003_resolved_options.t line 928.
    # Looks like you failed 1 test of 2.

#   Failed test 'DateTime::Format::Intl->new( en, {day, month, year} )'
#   at t/003_resolved_options.t line 934.

    #   Failed test 'Option "timeZone" value expected was "Asia/Tokyo", but got "Europe/London".'
    #   at t/003_resolved_options.t line 928.
    # Looks like you failed 1 test of 2.

#   Failed test 'DateTime::Format::Intl->new( en, {day, month, year} )'
#   at t/003_resolved_options.t line 934.

    #   Failed test 'Option "timeZone" value expected was "Asia/Tokyo", but got "Europe/London".'
    #   at t/003_resolved_options.t line 928.
    # Looks like you failed 1 test of 2.

#   Failed test 'DateTime::Format::Intl->new( en, {month, year} )'
#   at t/003_resolved_options.t line 934.

    #   Failed test 'Option "timeZone" value expected was "Asia/Tokyo", but got "Europe/London".'
    #   at t/003_resolved_options.t line 928.
    # Looks like you failed 1 test of 2.

#   Failed test 'DateTime::Format::Intl->new( en, {month, year} )'
#   at t/003_resolved_options.t line 934.

    #   Failed test 'Option "timeZone" value expected was "Asia/Tokyo", but got "Europe/London".'
    #   at t/003_resolved_options.t line 928.
    # Looks like you failed 1 test of 2.

#   Failed test 'DateTime::Format::Intl->new( en, {day, month, year} )'
#   at t/003_resolved_options.t line 934.

    #   Failed test 'Option "timeZone" value expected was "Asia/Tokyo", but got "Europe/London".'
    #   at t/003_resolved_options.t line 928.
    # Looks like you failed 1 test of 2.

#   Failed test 'DateTime::Format::Intl->new( en, {minute} )'
#   at t/003_resolved_options.t line 934.

    #   Failed test 'Option "timeZone" value expected was "Asia/Tokyo", but got "Europe/London".'
    #   at t/003_resolved_options.t line 928.
    # Looks like you failed 1 test of 2.

#   Failed test 'DateTime::Format::Intl->new( en, {second} )'
#   at t/003_resolved_options.t line 934.
# Looks like you failed 47 tests of 54.
t/003_resolved_options.t ........... 
Dubious, test returned 47 (wstat 12032, 0x2f00)
Failed 47/54 subtests 
t/004_supported_locales_of.t ....... ok
t/005_select_best_pattern.t ........ ok
t/006_format.t ..................... ok
t/007_select_best_range_pattern.t .. ok
t/008_format_range.t ............... ok
    # Test No 5 died: Can't locate auto/POSIX/fmax.al in @INC (@INC contains: ./lib /home/cpan/pit/bare-ld/conf/perl-5.14.3/.cpanplus/5.14.3/build/KAUTAiztJg/DateTime-Format-Intl-v0.1.0/blib/lib /home/cpan/pit/bare-ld/conf/perl-5.14.3/.cpanplus/5.14.3/build/KAUTAiztJg/DateTime-Format-Intl-v0.1.0/blib/arch /home/cpan/pit/jail/Ah7zkn0_Zw/lib/perl5/5.14.3/i686-linux-ld /home/cpan/pit/jail/Ah7zkn0_Zw/lib/perl5/5.14.3 /home/cpan/pit/jail/Ah7zkn0_Zw/lib/perl5/i686-linux-ld /home/cpan/pit/jail/Ah7zkn0_Zw/lib/perl5 /home/cpan/pit/bare-ld/perl-5.14.3/lib/site_perl/5.14.3/i686-linux-ld /home/cpan/pit/bare-ld/perl-5.14.3/lib/site_perl/5.14.3 /home/cpan/pit/bare-ld/perl-5.14.3/lib/5.14.3/i686-linux-ld /home/cpan/pit/bare-ld/perl-5.14.3/lib/5.14.3 .) at lib/DateTime/Format/Intl.pm line 3084
    # No tests run!

#   Failed test 'No tests run for subtest "DateTime::Format::Intl->new( en, {hour, minute, month, timeZoneName, weekday, year} )"'
#   at t/009_date_time_combination.t line 305.
Can't locate auto/POSIX/fmax.al in @INC (@INC contains: ./lib /home/cpan/pit/bare-ld/conf/perl-5.14.3/.cpanplus/5.14.3/build/KAUTAiztJg/DateTime-Format-Intl-v0.1.0/blib/lib /home/cpan/pit/bare-ld/conf/perl-5.14.3/.cpanplus/5.14.3/build/KAUTAiztJg/DateTime-Format-Intl-v0.1.0/blib/arch /home/cpan/pit/jail/Ah7zkn0_Zw/lib/perl5/5.14.3/i686-linux-ld /home/cpan/pit/jail/Ah7zkn0_Zw/lib/perl5/5.14.3 /home/cpan/pit/jail/Ah7zkn0_Zw/lib/perl5/i686-linux-ld /home/cpan/pit/jail/Ah7zkn0_Zw/lib/perl5 /home/cpan/pit/bare-ld/perl-5.14.3/lib/site_perl/5.14.3/i686-linux-ld /home/cpan/pit/bare-ld/perl-5.14.3/lib/site_perl/5.14.3 /home/cpan/pit/bare-ld/perl-5.14.3/lib/5.14.3/i686-linux-ld /home/cpan/pit/bare-ld/perl-5.14.3/lib/5.14.3 .) at lib/DateTime/Format/Intl.pm line 3084
# Tests were run but no plan was declared and done_testing() was not seen.
# Looks like your test exited with 2 just after 8.
t/009_date_time_combination.t ...... 
Dubious, test returned 2 (wstat 512, 0x200)
Failed 1/8 subtests 
t/010_format_to_parts.t ............ ok
t/011_format_range_to_parts.t ...... ok
t/900_pod.t ........................ skipped: These tests are for author or release candidate testing
t/910_coverage.t ................... skipped: These tests are for author or release candidate testing
t/920_manifest.t ................... skipped: Author tests not required for installation
t/930_signature.t .................. skipped: Set the environment variable AUTHOR_TESTING to enable this test.
t/999_kwalitee.t ................... skipped: These tests are for author or release candidate testing

Test Summary Report
-------------------
t/003_resolved_options.t         (Wstat: 12032 (exited 47) Tests: 54 Failed: 47)
  Failed tests:  8-54
  Non-zero exit status: 47
t/009_date_time_combination.t    (Wstat: 512 (exited 2) Tests: 8 Failed: 1)
  Failed test:  8
  Non-zero exit status: 2
  Parse errors: No plan found in TAP output
Files=16, Tests=439, 14 wallclock secs ( 0.29 usr  0.01 sys + 13.79 cusr  0.48 csys = 14.57 CPU)
Result: FAIL
Failed 2/16 test programs. 48/439 subtests failed.
make: *** [Makefile:903: test_dynamic] Error 255



MISSING PREREQUISITES:

It was observed that the test suite seem to fail without these modules:

auto::POSIX::fmax.al

As such, adding the prerequisite module(s) to 'PREREQ_PM' in your
Makefile.PL should solve this problem.  For example:

WriteMakefile(
    AUTHOR      => 'JDEGUEST (cpanplus-info@lists.sf.net)',
    ... # other information
    PREREQ_PM   => {
	'auto::POSIX::fmax.al'	=> '0', # or a minimum working version
    }
);

Thanks! :-)

PREREQUISITES:

Here is a list of prerequisites you specified and versions we
managed to load:

	  Module Name                        Have     Want
	  DateTime                           1.65     0.42
	  DateTime::Format::Unicode        v0.1.5   v0.1.3
	  DateTime::Locale::FromCLDR       v0.6.0   v0.4.3
	  ExtUtils::MakeMaker                7.70        0
	  Locale::Intl                     v0.1.2   v0.1.0
	  Locale::Unicode::Data            v1.0.4   v1.0.4
	  POSIX                              1.24        0
	  Scalar::Util                       1.66        0
	  Test::More                     1.302204 1.302120
	  Test::Pod                          1.52     1.52
	  Want                               0.29     0.17
	  lib                                0.63     0.63
	  open                               1.08        0
	  parent                            0.225        0
	  strict                             1.04        0
	  utf8                               1.09        0
	  vars                               1.02        0
	  warnings                           1.12        0
	  warnings::register                 1.02        0

Perl module toolchain versions installed:
	Module Name                        Have
	CPANPLUS                         0.9914
	CPANPLUS::Dist::Build              0.90
	Cwd                                3.75
	ExtUtils::CBuilder             0.280236
	ExtUtils::Command                  7.70
	ExtUtils::Install                  2.22
	ExtUtils::MakeMaker                7.70
	ExtUtils::Manifest                 1.75
	ExtUtils::ParseXS                  3.51
	File::Spec                         3.75
	Module::Build                    0.4234
	Pod::Parser                        1.37
	Pod::Simple                        3.16
	Test2                          1.302204
	Test::Harness                      3.48
	Test::More                     1.302204
	version                          0.9932

******************************** NOTE ********************************
The comments above are created mechanically, possibly without manual
checking by the sender.  As there are many people performing automatic
tests on each upload to CPAN, it is likely that you will receive
identical messages about the same problem.

If you believe that the message is mistaken, please reply to the first
one with correction and/or additional informations, and do not take
it personally.  We appreciate your patience. :)
**********************************************************************

Additional comments:


This report was machine-generated by CPANPLUS::Dist::YACSmoke 1.08.
Powered by minismokebox version 0.68

CPANPLUS is prefering Build.PL

------------------------------
ENVIRONMENT AND OTHER CONTEXT
------------------------------

Environment variables:

    AUTOMATED_TESTING = 1
    LANG = en_GB.UTF-8
    LANGUAGE = en_GB:en
    NONINTERACTIVE_TESTING = 1
    PATH = /usr/local/bin:/usr/bin:/bin:/usr/local/games:/usr/games
    PERL5LIB = /home/cpan/pit/jail/Ah7zkn0_Zw/lib/perl5:/home/cpan/pit/bare-ld/conf/perl-5.14.3/.cpanplus/5.14.3/build/KAUTAiztJg/DateTime-Format-Intl-v0.1.0/blib/lib:/home/cpan/pit/bare-ld/conf/perl-5.14.3/.cpanplus/5.14.3/build/KAUTAiztJg/DateTime-Format-Intl-v0.1.0/blib/arch
    PERL5_CPANPLUS_IS_RUNNING = 13735
    PERL5_CPANPLUS_IS_VERSION = 0.9914
    PERL5_MINISMOKEBOX = 0.68
    PERL5_YACSMOKE_BASE = /home/cpan/pit/bare-ld/conf/perl-5.14.3
    PERL_EXTUTILS_AUTOINSTALL = --defaultdeps
    PERL_LOCAL_LIB_ROOT = /home/cpan/pit/jail/Ah7zkn0_Zw
    PERL_MB_OPT = --install_base "/home/cpan/pit/jail/Ah7zkn0_Zw"
    PERL_MM_OPT = INSTALL_BASE=/home/cpan/pit/jail/Ah7zkn0_Zw
    PERL_MM_USE_DEFAULT = 1
    SHELL = /bin/bash
    TERM = screen.xterm-256color

Perl special variables (and OS-specific diagnostics, for MSWin32):

    Perl: $^X = /home/cpan/pit/bare-ld/perl-5.14.3/bin/perl
    UID:  $<  = 1001
    EUID: $>  = 1001
    GID:  $(  = 1001 1001
    EGID: $)  = 1001 1001


-------------------------------


--

Summary of my perl5 (revision 5 version 14 subversion 3) configuration:
   
  Platform:
    osname=linux, osvers=5.10.0-12-686, archname=i686-linux-ld
    uname='linux dagobah 5.10.0-12-686 #1 smp debian 5.10.103-1 (2022-03-07) i686 gnulinux '
    config_args='-des -Dprefix=/home/cpan/pit/bare-ld/perl-5.14.3 -Duselongdouble'
    hint=recommended, useposix=true, d_sigaction=define
    useithreads=undef, usemultiplicity=undef
    useperlio=define, d_sfio=undef, uselargefiles=define, usesocks=undef
    use64bitint=undef, use64bitall=undef, uselongdouble=define
    usemymalloc=n, bincompat5005=undef
  Compiler:
    cc='cc', ccflags ='-fwrapv -fno-strict-aliasing -pipe -fstack-protector -I/usr/local/include -D_LARGEFILE_SOURCE -D_FILE_OFFSET_BITS=64',
    optimize='-O2',
    cppflags='-fwrapv -fno-strict-aliasing -pipe -fstack-protector -I/usr/local/include'
    ccversion='', gccversion='10.2.1 20210110', gccosandvers=''
    intsize=4, longsize=4, ptrsize=4, doublesize=8, byteorder=1234
    d_longlong=define, longlongsize=8, d_longdbl=define, longdblsize=12
    ivtype='long', ivsize=4, nvtype='long double', nvsize=12, Off_t='off_t', lseeksize=8
    alignbytes=4, prototype=define
  Linker and Libraries:
    ld='cc', ldflags =' -fstack-protector -L/usr/local/lib'
    libpth=/usr/local/lib /lib/i386-linux-gnu /lib/../lib /usr/lib/i386-linux-gnu /usr/lib/../lib /lib /usr/lib /lib64 /usr/lib64
    libs=-lnsl -lgdbm -ldl -lm -lcrypt -lutil -lc
    perllibs=-lnsl -ldl -lm -lcrypt -lutil -lc
    libc=libc-2.31.so, so=so, useshrplib=false, libperl=libperl.a
    gnulibc_version='2.31'
  Dynamic Linking:
    dlsrc=dl_dlopen.xs, dlext=so, d_dlsymun=undef, ccdlflags='-Wl,-E'
    cccdlflags='-fPIC', lddlflags='-shared -O2 -L/usr/local/lib -fstack-protector'


Characteristics of this binary (from libperl): 
  Compile-time options: PERL_DONT_CREATE_GVSV PERL_MALLOC_WRAP
                        PERL_PRESERVE_IVUV USE_LARGE_FILES USE_LONG_DOUBLE
                        USE_PERLIO USE_PERL_ATOF
  Locally applied patches:
	Devel::PatchPerl 2.08
  Built under linux
  Compiled at Mar 19 2022 03:42:04
  %ENV:
    PERL5LIB="/home/cpan/pit/jail/Ah7zkn0_Zw/lib/perl5:/home/cpan/pit/bare-ld/conf/perl-5.14.3/.cpanplus/5.14.3/build/KAUTAiztJg/DateTime-Format-Intl-v0.1.0/blib/lib:/home/cpan/pit/bare-ld/conf/perl-5.14.3/.cpanplus/5.14.3/build/KAUTAiztJg/DateTime-Format-Intl-v0.1.0/blib/arch"
    PERL5_CPANPLUS_IS_RUNNING="13735"
    PERL5_CPANPLUS_IS_VERSION="0.9914"
    PERL5_MINISMOKEBOX="0.68"
    PERL5_YACSMOKE_BASE="/home/cpan/pit/bare-ld/conf/perl-5.14.3"
    PERL_EXTUTILS_AUTOINSTALL="--defaultdeps"
    PERL_LOCAL_LIB_ROOT="/home/cpan/pit/jail/Ah7zkn0_Zw"
    PERL_MB_OPT="--install_base "/home/cpan/pit/jail/Ah7zkn0_Zw""
    PERL_MM_OPT="INSTALL_BASE=/home/cpan/pit/jail/Ah7zkn0_Zw"
    PERL_MM_USE_DEFAULT="1"
  @INC:
    /home/cpan/pit/jail/Ah7zkn0_Zw/lib/perl5/5.14.3/i686-linux-ld
    /home/cpan/pit/jail/Ah7zkn0_Zw/lib/perl5/5.14.3
    /home/cpan/pit/jail/Ah7zkn0_Zw/lib/perl5/i686-linux-ld
    /home/cpan/pit/jail/Ah7zkn0_Zw/lib/perl5
    /home/cpan/pit/bare-ld/conf/perl-5.14.3/.cpanplus/5.14.3/build/KAUTAiztJg/DateTime-Format-Intl-v0.1.0/blib/lib
    /home/cpan/pit/bare-ld/conf/perl-5.14.3/.cpanplus/5.14.3/build/KAUTAiztJg/DateTime-Format-Intl-v0.1.0/blib/arch
    /home/cpan/pit/bare-ld/perl-5.14.3/lib/site_perl/5.14.3/i686-linux-ld
    /home/cpan/pit/bare-ld/perl-5.14.3/lib/site_perl/5.14.3
    /home/cpan/pit/bare-ld/perl-5.14.3/lib/5.14.3/i686-linux-ld
    /home/cpan/pit/bare-ld/perl-5.14.3/lib/5.14.3
    .