Report for Pod-Perldoc-3.28

Back
From: metabase:user:322078bc-2aae-11df-837a-5e0a49663a4f
Subject: FAIL Pod-Perldoc-3.28 v5.20.0 GNU Hurd
Date: 2017-05-14T15:15:16Z

This distribution has been tested as part of the CPAN Testers
project, supporting the Perl programming language.  See
http://wiki.cpantesters.org/ for more information or email
questions to cpan-testers-discuss@perl.org


--

Dear Mark Allen,

This is a computer-generated error report created automatically by
CPANPLUS, version 0.9156. Testers personal comments may appear
at the end of this report.


Thank you for uploading your work to CPAN.  However, it appears that
there were some problems testing your distribution.

TEST RESULTS:

Below is the error stack from stage 'make test':

PERL_DL_NONLAZY=1 "/opt/perl-5.20.0/bin/perl" "-MExtUtils::Command::MM" "-MTest::Harness" "-e" "undef *Test::Harness::Switches; test_harness(0, 'blib/lib', 'blib/arch')" t/*.t t/*/*.t
t/00_load.t ............... ok
t/01_about_verbose.t ...... ok

#   Failed test 'got expected output in STDOUT'
#   at t/02_module_pod_output.t line 47.
#                   undef
#     doesn't match '(?^:Look up Perl documentation)'
t/02_module_pod_output.t .. 
Dubious, test returned 2 (wstat 512, 0x200)
Failed 2/7 subtests 

#   Failed test 'got expected output in STDERR'
#   at t/02_module_pod_output.t line 80.
#                   'Can't find any loadable formatter class in Pod::Perldoc::Toterm Pod::Perldoc::Toterm Pod::Perldoc::ToTerm Pod::Perldoc::ToTERM Pod::Simple::term Pod::Simple::term Pod::Simple::Term Pod::Simple::TERM Pod::term Pod::term Pod::Term Pod::TERM Pod::Perldoc::Totext Pod::Perldoc::Totext Pod::Perldoc::ToText Pod::Perldoc::ToTEXT Pod::Simple::text Pod::Simple::text Pod::Simple::Text Pod::Simple::TEXT Pod::text Pod::text Pod::Text Pod::TEXT Pod::Perldoc::ToPod?!
# Aborting
#  at /opt/perl-5.20.0/.cpanplus/5.20.0/build/_2c8lcLH4s/Pod-Perldoc-3.28/blib/script/perldoc line 6.
# '
#     doesn't match '(?^:No documentation)'
# Looks like you failed 2 tests of 7.
t/man/_get_columns.t ...... ok
t/pod.t ................... skipped: Pod tests not required for installation.

Test Summary Report
-------------------
t/02_module_pod_output.t (Wstat: 512 Tests: 7 Failed: 2)
  Failed tests:  3, 7
  Non-zero exit status: 2
Files=5, Tests=56,  0 wallclock secs ( 0.04 usr +  0.02 sys =  0.06 CPU)
Result: FAIL
Makefile:955: recipe for target 'test_dynamic' failed
Failed 1/5 test programs. 2/56 subtests failed.
make: *** [test_dynamic] Error 255


PREREQUISITES:

Here is a list of prerequisites you specified and versions we
managed to load:

	  Module Name                        Have     Want
	  Encode                             2.89        0
	  ExtUtils::MakeMaker                7.24        0
	  Fcntl                              1.11        0
	  File::Spec::Functions              3.62        0
	  File::Temp                       0.2304     0.22
	  IO::Select                         1.22        0
	  Pod::Man                           4.09     2.18
	  Pod::Simple::RTF                   3.31     3.16
	  Pod::Simple::XMLOutStream          3.31     3.16
	  Pod::Text                          4.09        0
	  Symbol                             1.07        0
	  Test::More                     1.001014        0
	  Text::ParseWords                   3.30        0
	  parent                            0.234        0
	  strict                             1.08        0
	  warnings                           1.23        0

Perl module toolchain versions installed:
	Module Name                        Have
	CPANPLUS                         0.9168
	CPANPLUS::Dist::Build              0.86
	Cwd                                3.62
	ExtUtils::CBuilder             0.280224
	ExtUtils::Command                  7.24
	ExtUtils::Install                  2.08
	ExtUtils::MakeMaker                7.24
	ExtUtils::Manifest                 1.70
	ExtUtils::ParseXS                  3.30
	File::Spec                         3.62
	Module::Build                    0.4222
	Pod::Parser                        1.63
	Pod::Simple                        3.31
	Test::Harness                      3.39
	Test::More                     1.001014
	version                          0.9912

******************************** NOTE ********************************
The comments above are created mechanically, possibly without manual
checking by the sender.  As there are many people performing automatic
tests on each upload to CPAN, it is likely that you will receive
identical messages about the same problem.

If you believe that the message is mistaken, please reply to the first
one with correction and/or additional informations, and do not take
it personally.  We appreciate your patience. :)
**********************************************************************

Additional comments:


This report was machine-generated by CPANPLUS::Dist::YACSmoke 0.94.

------------------------------
ENVIRONMENT AND OTHER CONTEXT
------------------------------

Environment variables:

    AUTOMATED_TESTING = 1
    PATH = /opt/perl-5.20.0/.cpanplus/5.20.0/build/_2c8lcLH4s/Pod-Perldoc-3.28/blib/script:/usr/local/sbin:/usr/local/bin:/usr/sbin:/usr/bin:/sbin:/bin
    PERL5LIB = :/opt/perl-5.20.0/.cpanplus/5.20.0/build/_2c8lcLH4s/Pod-Perldoc-3.28/blib/lib:/opt/perl-5.20.0/.cpanplus/5.20.0/build/_2c8lcLH4s/Pod-Perldoc-3.28/blib/arch
    PERL5_CPANIDX_URL = http://cpan.mirror.local/cpanidx/
    PERL5_CPANPLUS_HOME = /opt/perl-5.20.0
    PERL5_CPANPLUS_IS_RUNNING = 18225
    PERL5_CPANPLUS_IS_VERSION = 0.9156
    PERL_EXTUTILS_AUTOINSTALL = --defaultdeps
    PERL_INSTALL_QUIET = 1
    PERL_MM_USE_DEFAULT = 1
    SHELL = /bin/bash
    TERM = hurd

Perl special variables (and OS-specific diagnostics, for MSWin32):

    Perl: $^X = /opt/perl-5.20.0/bin/perl
    UID:  $<  = 0
    EUID: $>  = 0
    GID:  $(  = 0 0
    EGID: $)  = 0 0


-------------------------------


--

Summary of my perl5 (revision 5 version 20 subversion 0) configuration:
   
  Platform:
    osname=gnu, osvers=0.5, archname=i686-AT386-gnu-64int
    uname='gnu houri 0.5 gnu-mach 1.4-486hurd-0.5 i686-at386 gnu '
    config_args='-des -Duse64bitint -Dprefix=/opt/perl-5.20.0'
    hint=recommended, useposix=true, d_sigaction=define
    useithreads=undef, usemultiplicity=undef
    use64bitint=define, use64bitall=undef, uselongdouble=undef
    usemymalloc=y, bincompat5005=undef
  Compiler:
    cc='cc', ccflags ='-D_GNU_SOURCE -fwrapv -fno-strict-aliasing -pipe -fstack-protector -I/usr/local/include -D_LARGEFILE_SOURCE -D_FILE_OFFSET_BITS=64',
    optimize='-O2',
    cppflags='-D_GNU_SOURCE -fwrapv -fno-strict-aliasing -pipe -fstack-protector -I/usr/local/include'
    ccversion='', gccversion='4.9.0', gccosandvers=''
    intsize=4, longsize=4, ptrsize=4, doublesize=8, byteorder=12345678
    d_longlong=define, longlongsize=8, d_longdbl=define, longdblsize=12
    ivtype='long long', ivsize=8, nvtype='double', nvsize=8, Off_t='off_t', lseeksize=8
    alignbytes=4, prototype=define
  Linker and Libraries:
    ld='cc', ldflags =' -fstack-protector -L/usr/local/lib'
    libpth=/usr/local/lib /usr/lib/gcc/i486-gnu/4.9/include-fixed /usr/include/i386-gnu /usr/lib /lib/i386-gnu /lib /usr/lib/i386-gnu
    libs=-lgdbm -ldl -lm -lcrypt -lutil -lpthread -lgdbm_compat
    perllibs=-ldl -lm -lcrypt -lutil -lpthread
    libc=, so=so, useshrplib=false, libperl=libperl.a
    gnulibc_version='2.19'
  Dynamic Linking:
    dlsrc=dl_dlopen.xs, dlext=so, d_dlsymun=undef, ccdlflags='-Wl,-E'
    cccdlflags='-fpic', lddlflags='-shared -L/usr/local/lib -fstack-protector'


Characteristics of this binary (from libperl): 
  Compile-time options: HAS_TIMES MYMALLOC PERLIO_LAYERS
                        PERL_DONT_CREATE_GVSV
                        PERL_HASH_FUNC_ONE_AT_A_TIME_HARD
                        PERL_NEW_COPY_ON_WRITE PERL_PRESERVE_IVUV
                        USE_64_BIT_INT USE_LARGE_FILES USE_LOCALE
                        USE_LOCALE_COLLATE USE_LOCALE_CTYPE
                        USE_LOCALE_NUMERIC USE_PERLIO USE_PERL_ATOF
  Built under gnu
  Compiled at Jun 17 2014 13:12:17
  %ENV:
    PERL5LIB=":/opt/perl-5.20.0/.cpanplus/5.20.0/build/_2c8lcLH4s/Pod-Perldoc-3.28/blib/lib:/opt/perl-5.20.0/.cpanplus/5.20.0/build/_2c8lcLH4s/Pod-Perldoc-3.28/blib/arch"
    PERL5_CPANIDX_URL="http://cpan.mirror.local/cpanidx/"
    PERL5_CPANPLUS_HOME="/opt/perl-5.20.0"
    PERL5_CPANPLUS_IS_RUNNING="18225"
    PERL5_CPANPLUS_IS_VERSION="0.9156"
    PERL_EXTUTILS_AUTOINSTALL="--defaultdeps"
    PERL_INSTALL_QUIET="1"
    PERL_MM_USE_DEFAULT="1"
  @INC:
    /opt/perl-5.20.0/.cpanplus/5.20.0/build/_2c8lcLH4s/Pod-Perldoc-3.28/blib/lib
    /opt/perl-5.20.0/.cpanplus/5.20.0/build/_2c8lcLH4s/Pod-Perldoc-3.28/blib/arch
    /opt/perl-5.20.0/lib/site_perl/5.20.0/i686-AT386-gnu-64int
    /opt/perl-5.20.0/lib/site_perl/5.20.0
    /opt/perl-5.20.0/lib/5.20.0/i686-AT386-gnu-64int
    /opt/perl-5.20.0/lib/5.20.0
    .