Music-Tag-MusicBrainz v0.4101 Perl 5 v5.26.0 x86_64-linux-thread-multi
- Status
- Fail
- From
- Slaven Rezić (SREZIC)
- Dist
-
Music-Tag-MusicBrainz v0.4101
- Platform
- Perl 5 v5.26.0 x86_64-linux-thread-multi
- Date
- 2017-08-16 17:34:20
- ID
- 22b64bd0-82a9-11e7-988d-dbb3fb27af5a
This distribution has been tested as part of the CPAN Testers
project, supporting the Perl programming language. See
http://wiki.cpantesters.org/ for more information or email
questions to cpan-testers-discuss@perl.org
--
Dear Edward J. Allen III,
This is a computer-generated report for Music-Tag-MusicBrainz-0.4101
on perl 5.26.0, created by CPAN-Reporter-1.2018.
Thank you for uploading your work to CPAN. However, there was a problem
testing your distribution.
If you think this report is invalid, please consult the CPAN Testers Wiki
for suggestions on how to avoid getting FAIL reports for missing library
or binary dependencies, unsupported operating systems, and so on:
http://wiki.cpantesters.org/wiki/CPANAuthorNotes
Sections of this report:
* Tester comments
* Program output
* Prerequisites
* Environment and other context
------------------------------
TESTER COMMENTS
------------------------------
Additional comments from tester:
none provided
------------------------------
PROGRAM OUTPUT
------------------------------
Output from '/usr/bin/make test':
PERL_DL_NONLAZY=1 "/bbbike/perl-5.26.0t/bin/perl" "-MExtUtils::Command::MM" "-MTest::Harness" "-e" "undef *Test::Harness::Switches; test_harness(0, 'blib/lib', 'blib/arch')" t/*.t
# Failed test at t/1-musicbranz.t line 17.
# Failed test 'track set'
# at t/1-musicbranz.t line 19.
# got: undef
# expected: '4'
# Failed test 'mb_albumid set'
# at t/1-musicbranz.t line 20.
# got: undef
# expected: 'c2174ef2-de71-4f54-be69-af60091ac2f4'
# Looks like you failed 3 tests of 6.
t/1-musicbranz.t ....
Dubious, test returned 3 (wstat 768, 0x300)
Failed 3/6 subtests
# Failed test 'POD test for blib/lib/Music/Tag/MusicBrainz.pm'
# at /opt/perl-5.26.0t/lib/site_perl/5.26.0/Test/Pod.pm line 187.
# blib/lib/Music/Tag/MusicBrainz.pm (771): Non-ASCII character seen before =encoding in '©'. Assuming UTF-8
# Looks like you failed 1 test of 1.
t/2-pod.t ...........
Dubious, test returned 1 (wstat 256, 0x100)
Failed 1/1 subtests
# Failed test 'Pod coverage on Music::Tag::MusicBrainz'
# at /opt/perl-5.26.0t/lib/site_perl/5.26.0/Test/Pod/Coverage.pm line 133.
# Music::Tag::MusicBrainz: requiring 'Music::Tag::MusicBrainz' failed
# Looks like you failed 1 test of 1.
t/3-pod-coverage.t ..
Dubious, test returned 1 (wstat 256, 0x100)
Failed 1/1 subtests
Test Summary Report
-------------------
t/1-musicbranz.t (Wstat: 768 Tests: 6 Failed: 3)
Failed tests: 3, 5-6
Non-zero exit status: 3
t/2-pod.t (Wstat: 256 Tests: 1 Failed: 1)
Failed test: 1
Non-zero exit status: 1
t/3-pod-coverage.t (Wstat: 256 Tests: 1 Failed: 1)
Failed test: 1
Non-zero exit status: 1
Files=3, Tests=8, 2 wallclock secs ( 0.00 usr 0.04 sys + 0.66 cusr 0.11 csys = 0.81 CPU)
Result: FAIL
Failed 3/3 test programs. 5/8 subtests failed.
Makefile:847: recipe for target 'test_dynamic' failed
make: *** [test_dynamic] Error 1
------------------------------
PREREQUISITES
------------------------------
Prerequisite modules loaded:
requires:
Module Need Have
----------------------- ------ ------
Cache::FileCache 0 0
Music::Tag 0.4101 0.4103
Text::Levenshtein 0 0.13
WebService::MusicBrainz 0.07 1.0.2
build_requires:
Module Need Have
----------------------- ------ ------
ExtUtils::MakeMaker 0 7.28
configure_requires:
Module Need Have
----------------------- ------ ------
ExtUtils::MakeMaker 0 7.28
------------------------------
ENVIRONMENT AND OTHER CONTEXT
------------------------------
Environment variables:
LANG = C
PATH = /usr/local/bin:/usr/bin:/bin:/usr/local/sbin:/usr/sbin:/sbin:/home/cpansand/bin/linux-gnu:/home/cpansand/bin/sh:/home/cpansand/bin:/usr/games:/home/cpansand/devel:/home/eserte/src/srezic-misc/scripts
PERL5LIB = /home/cpansand/.cpan/build/2017081615/Text-Levenshtein-0.13-0/blib/arch:/home/cpansand/.cpan/build/2017081615/Text-Levenshtein-0.13-0/blib/lib:/home/cpansand/.cpan/build/2017081615/Music-Tag-0.4103-7/blib/arch:/home/cpansand/.cpan/build/2017081615/Music-Tag-0.4103-7/blib/lib:/home/cpansand/.cpan/build/2017081615/DateTimeX-Easy-0.089-0/blib/arch:/home/cpansand/.cpan/build/2017081615/DateTimeX-Easy-0.089-0/blib/lib:/home/cpansand/.cpan/build/2017081615/DateTime-Format-ICal-0.09-0/blib/arch:/home/cpansand/.cpan/build/2017081615/DateTime-Format-ICal-0.09-0/blib/lib:/home/cpansand/.cpan/build/2017081615/DateTime-Event-ICal-0.13-0/blib/arch:/home/cpansand/.cpan/build/2017081615/DateTime-Event-ICal-0.13-0/blib/lib:/home/cpansand/.cpan/build/2017081615/DateTime-Format-Flexible-0.28-0/blib/arch:/home/cpansand/.cpan/build/2017081615/DateTime-Format-Flexible-0.28-0/blib/lib:/home/cpansand/.cpan/build/2017081615/Config-Options-0.08-7/blib/arch:/home/cpansand/.cpan/build/2017081615/Config-Options-0.08-7/blib/lib
PERL5OPT =
PERL5_CPANPLUS_IS_RUNNING = 27514
PERL5_CPAN_IS_RUNNING = 27514
PERL5_CPAN_IS_RUNNING_IN_RECURSION = 3144,27514
PERLDOC = -MPod::Perldoc::ToTextOverstrike
PERL_BATCH = yes
PERL_CANARY_STABILITY_NOPROMPT = 1
PERL_CPAN_REPORTER_CONFIG = /var/tmp/cpansmoker-1023/2017081612/cpanreporter_001_config.ini
PERL_EXTUTILS_AUTOINSTALL = --defaultdeps
PERL_USE_UNSAFE_INC = 1
SHELL = /bin/zsh
TERM = screen
TMPDIR = /var/tmp/cpansmoker-1023/2017081612
Perl special variables (and OS-specific diagnostics, for MSWin32):
$^X = /bbbike/perl-5.26.0t/bin/perl
$UID/$EUID = 1023 / 1023
$GID = 1023 1023
$EGID = 1023 1023
Perl module toolchain versions installed:
Module Have
------------------- --------
CPAN 2.18
CPAN::Meta 2.150010
Cwd 3.67
ExtUtils::CBuilder 0.280225
ExtUtils::Command 7.28
ExtUtils::Install 2.14
ExtUtils::MakeMaker 7.28
ExtUtils::Manifest 1.70
ExtUtils::ParseXS 3.34
File::Spec 3.67
JSON 2.94
JSON::PP 2.94
Module::Build 0.4224
Module::Signature n/a
Parse::CPAN::Meta 2.150010
Test::Harness 3.38
Test::More 1.302085
YAML 1.23
YAML::Syck 1.30
version 0.9917
--
Summary of my perl5 (revision 5 version 26 subversion 0) configuration:
Platform:
osname=linux
osvers=3.16.0-4-amd64
archname=x86_64-linux-thread-multi
uname='linux eserte 3.16.0-4-amd64 #1 smp debian 3.16.43-2 (2017-04-30) x86_64 gnulinux '
config_args='-ds -e -Dprefix=/opt/perl-5.26.0t -Dusethreads -Dcf_email=srezic@cpan.org'
hint=recommended
useposix=true
d_sigaction=define
useithreads=define
usemultiplicity=define
use64bitint=define
use64bitall=define
uselongdouble=undef
usemymalloc=n
default_inc_excludes_dot=define
bincompat5005=undef
Compiler:
cc='cc'
ccflags ='-D_REENTRANT -D_GNU_SOURCE -fwrapv -fno-strict-aliasing -pipe -fstack-protector-strong -I/usr/local/include -D_LARGEFILE_SOURCE -D_FILE_OFFSET_BITS=64 -D_FORTIFY_SOURCE=2'
optimize='-O2'
cppflags='-D_REENTRANT -D_GNU_SOURCE -fwrapv -fno-strict-aliasing -pipe -fstack-protector-strong -I/usr/local/include'
ccversion=''
gccversion='4.9.2'
gccosandvers=''
intsize=4
longsize=8
ptrsize=8
doublesize=8
byteorder=12345678
doublekind=3
d_longlong=define
longlongsize=8
d_longdbl=define
longdblsize=16
longdblkind=3
ivtype='long'
ivsize=8
nvtype='double'
nvsize=8
Off_t='off_t'
lseeksize=8
alignbytes=8
prototype=define
Linker and Libraries:
ld='cc'
ldflags =' -fstack-protector-strong -L/usr/local/lib'
libpth=/usr/local/lib /usr/lib/gcc/x86_64-linux-gnu/4.9/include-fixed /usr/include/x86_64-linux-gnu /usr/lib /lib/x86_64-linux-gnu /lib/../lib /usr/lib/x86_64-linux-gnu /usr/lib/../lib /lib
libs=-lpthread -lnsl -lgdbm -ldb -ldl -lm -lcrypt -lutil -lc -lgdbm_compat
perllibs=-lpthread -lnsl -ldl -lm -lcrypt -lutil -lc
libc=libc-2.19.so
so=so
useshrplib=false
libperl=libperl.a
gnulibc_version='2.19'
Dynamic Linking:
dlsrc=dl_dlopen.xs
dlext=so
d_dlsymun=undef
ccdlflags='-Wl,-E'
cccdlflags='-fPIC'
lddlflags='-shared -O2 -L/usr/local/lib -fstack-protector-strong'
Characteristics of this binary (from libperl):
Compile-time options:
HAS_TIMES
MULTIPLICITY
PERLIO_LAYERS
PERL_COPY_ON_WRITE
PERL_DONT_CREATE_GVSV
PERL_IMPLICIT_CONTEXT
PERL_MALLOC_WRAP
PERL_OP_PARENT
PERL_PRESERVE_IVUV
USE_64_BIT_ALL
USE_64_BIT_INT
USE_ITHREADS
USE_LARGE_FILES
USE_LOCALE
USE_LOCALE_COLLATE
USE_LOCALE_CTYPE
USE_LOCALE_NUMERIC
USE_LOCALE_TIME
USE_PERLIO
USE_PERL_ATOF
USE_REENTRANT_API
Built under linux
Compiled at Jun 3 2017 21:12:25
%ENV:
PERL5LIB="/home/cpansand/.cpan/build/2017081615/Text-Levenshtein-0.13-0/blib/arch:/home/cpansand/.cpan/build/2017081615/Text-Levenshtein-0.13-0/blib/lib:/home/cpansand/.cpan/build/2017081615/Music-Tag-0.4103-7/blib/arch:/home/cpansand/.cpan/build/2017081615/Music-Tag-0.4103-7/blib/lib:/home/cpansand/.cpan/build/2017081615/DateTimeX-Easy-0.089-0/blib/arch:/home/cpansand/.cpan/build/2017081615/DateTimeX-Easy-0.089-0/blib/lib:/home/cpansand/.cpan/build/2017081615/DateTime-Format-ICal-0.09-0/blib/arch:/home/cpansand/.cpan/build/2017081615/DateTime-Format-ICal-0.09-0/blib/lib:/home/cpansand/.cpan/build/2017081615/DateTime-Event-ICal-0.13-0/blib/arch:/home/cpansand/.cpan/build/2017081615/DateTime-Event-ICal-0.13-0/blib/lib:/home/cpansand/.cpan/build/2017081615/DateTime-Format-Flexible-0.28-0/blib/arch:/home/cpansand/.cpan/build/2017081615/DateTime-Format-Flexible-0.28-0/blib/lib:/home/cpansand/.cpan/build/2017081615/Config-Options-0.08-7/blib/arch:/home/cpansand/.cpan/build/2017081615/Config-Options-0.08-7/blib/lib"
PERL5OPT=""
PERL5_CPANPLUS_IS_RUNNING="27514"
PERL5_CPAN_IS_RUNNING="27514"
PERL5_CPAN_IS_RUNNING_IN_RECURSION="3144,27514"
PERLDOC="-MPod::Perldoc::ToTextOverstrike"
PERL_BATCH="yes"
PERL_CANARY_STABILITY_NOPROMPT="1"
PERL_CPAN_REPORTER_CONFIG="/var/tmp/cpansmoker-1023/2017081612/cpanreporter_001_config.ini"
PERL_EXTUTILS_AUTOINSTALL="--defaultdeps"
PERL_USE_UNSAFE_INC="1"
@INC:
/home/cpansand/.cpan/build/2017081615/Text-Levenshtein-0.13-0/blib/arch
/home/cpansand/.cpan/build/2017081615/Text-Levenshtein-0.13-0/blib/lib
/home/cpansand/.cpan/build/2017081615/Music-Tag-0.4103-7/blib/arch
/home/cpansand/.cpan/build/2017081615/Music-Tag-0.4103-7/blib/lib
/home/cpansand/.cpan/build/2017081615/DateTimeX-Easy-0.089-0/blib/arch
/home/cpansand/.cpan/build/2017081615/DateTimeX-Easy-0.089-0/blib/lib
/home/cpansand/.cpan/build/2017081615/DateTime-Format-ICal-0.09-0/blib/arch
/home/cpansand/.cpan/build/2017081615/DateTime-Format-ICal-0.09-0/blib/lib
/home/cpansand/.cpan/build/2017081615/DateTime-Event-ICal-0.13-0/blib/arch
/home/cpansand/.cpan/build/2017081615/DateTime-Event-ICal-0.13-0/blib/lib
/home/cpansand/.cpan/build/2017081615/DateTime-Format-Flexible-0.28-0/blib/arch
/home/cpansand/.cpan/build/2017081615/DateTime-Format-Flexible-0.28-0/blib/lib
/home/cpansand/.cpan/build/2017081615/Config-Options-0.08-7/blib/arch
/home/cpansand/.cpan/build/2017081615/Config-Options-0.08-7/blib/lib
/opt/perl-5.26.0t/lib/site_perl/5.26.0/x86_64-linux-thread-multi
/opt/perl-5.26.0t/lib/site_perl/5.26.0
/opt/perl-5.26.0t/lib/5.26.0/x86_64-linux-thread-multi
/opt/perl-5.26.0t/lib/5.26.0
.