Report for Bio-MLST-Check-1.150910

Back
From: metabase:user:838e5b0a-2bb6-1016-a696-43a2537fa0c6
Subject: FAIL Bio-MLST-Check-1.150910 v5.18.1 
Date: 2015-04-02T19:04:00Z

This distribution has been tested as part of the CPAN Testers
project, supporting the Perl programming language.  See
http://wiki.cpantesters.org/ for more information or email
questions to cpan-testers-discuss@perl.org


--
Dear Andrew Page,

This is a computer-generated report for Bio-MLST-Check-1.150910
on perl 5.18.1, created by CPAN-Reporter-1.2011.

Thank you for uploading your work to CPAN.  However, there was a problem
testing your distribution.

If you think this report is invalid, please consult the CPAN Testers Wiki
for suggestions on how to avoid getting FAIL reports for missing library
or binary dependencies, unsupported operating systems, and so on:

http://wiki.cpantesters.org/wiki/CPANAuthorNotes

Sections of this report:

    * Tester comments
    * Program output
    * Prerequisites
    * Environment and other context

------------------------------
TESTER COMMENTS
------------------------------

Additional comments from tester:

this report is from an automated smoke testing program
and was not reviewed by a human for accuracy

------------------------------
PROGRAM OUTPUT
------------------------------

Output from 'C:\strawberry\c\bin\dmake.exe test':

C:\strawberry\perl\bin\perl.exe "-MExtUtils::Command::MM" "-MTest::Harness" "-e" "undef *Test::Harness::Switches; test_harness(0, 'blib\lib', 'blib\arch')" t/*.t t/Blast/*.t t/CDC/*.t t/Download/*.t t/Input/*.t t/Output/*.t t/Overall/*.t t/SequenceTypes/*.t t/Settings/*.t
Attribute (exec) does not pass the type constraint because: Validation failed for 'Bio::MLST::Executable' with value "makeblastdb" at C:\strawberry\perl\site\lib\Moose\Exception.pm line 37
	Moose::Exception::_build_trace('Moose::Exception::ValidationFailedForInlineTypeConstraint=HASH(0x440ce18)') called at reader Moose::Exception::trace (defined at C:\strawberry\perl\site\lib\Moose\Exception.pm line 9) line 7
	Moose::Exception::trace('Moose::Exception::ValidationFailedForInlineTypeConstraint=HASH(0x440ce18)') called at C:\strawberry\perl\site\lib\Moose\Exception.pm line 49
	Moose::Exception::BUILD('Moose::Exception::ValidationFailedForInlineTypeConstraint=HASH(0x440ce18)', 'HASH(0x440d3a0)') called at C:\strawberry\perl\site\lib\Class\MOP\Method.pm line 128
	Class::MOP::Method::execute('Moose::Meta::Method=HASH(0x4575b08)', 'Moose::Exception::ValidationFailedForInlineTypeConstraint=HASH(0x440ce18)', 'HASH(0x440d3a0)') called at C:\strawberry\perl\site\lib\Moose\Object.pm line 56
	Moose::Object::BUILDALL('Moose::Exception::ValidationFailedForInlineTypeConstraint=HASH(0x440ce18)', 'HASH(0x440d3a0)') called at C:\strawberry\perl\site\lib\Moose\Meta\Class.pm line 282
	Moose::Meta::Class::new_object('Moose::Meta::Class=HASH(0x441fa90)', 'HASH(0x440d3a0)') called at C:\strawberry\perl\site\lib\Moose\Object.pm line 27
	Moose::Object::new('Moose::Exception::ValidationFailedForInlineTypeConstraint', 'type_constraint_message', 'Validation failed for \'Bio::MLST::Executable\' with value "makeblastdb"', 'class_name', 'Bio::MLST::Blast::Database', 'attribute_name', 'exec', 'value', 'makeblastdb') called at C:\strawberry\perl\site\lib\Moose\Util.pm line 51
	Moose::Util::throw_exception('ValidationFailedForInlineTypeConstraint', 'type_constraint_message', 'Validation failed for \'Bio::MLST::Executable\' with value "makeblastdb"', 'class_name', 'Bio::MLST::Blast::Database', 'attribute_name', 'exec', 'value', 'makeblastdb') called at constructor Bio::MLST::Blast::Database::new (defined at lib\Bio\MLST\Blast\Database.pm line 32) line 52
	Bio::MLST::Blast::Database::new('Bio::MLST::Blast::Database', 'fasta_file', 't/data/contigs.fa') called at t\Blast\BlastN.t line 14
# Tests were run but no plan was declared and done_testing() was not seen.
# Looks like your test exited with 255 just after 1.
t/Blast/BlastN.t .................... 
Dubious, test returned 255 (wstat 65280, 0xff00)
All 1 subtests passed 
Attribute (exec) does not pass the type constraint because: Validation failed for 'Bio::MLST::Executable' with value "makeblastdb" at C:\strawberry\perl\site\lib\Moose\Exception.pm line 37
	Moose::Exception::_build_trace('Moose::Exception::ValidationFailedForInlineTypeConstraint=HASH(0x3ef00a0)') called at reader Moose::Exception::trace (defined at C:\strawberry\perl\site\lib\Moose\Exception.pm line 9) line 7
	Moose::Exception::trace('Moose::Exception::ValidationFailedForInlineTypeConstraint=HASH(0x3ef00a0)') called at C:\strawberry\perl\site\lib\Moose\Exception.pm line 49
	Moose::Exception::BUILD('Moose::Exception::ValidationFailedForInlineTypeConstraint=HASH(0x3ef00a0)', 'HASH(0x3f03c58)') called at C:\strawberry\perl\site\lib\Class\MOP\Method.pm line 128
	Class::MOP::Method::execute('Moose::Meta::Method=HASH(0x41a1d58)', 'Moose::Exception::ValidationFailedForInlineTypeConstraint=HASH(0x3ef00a0)', 'HASH(0x3f03c58)') called at C:\strawberry\perl\site\lib\Moose\Object.pm line 56
	Moose::Object::BUILDALL('Moose::Exception::ValidationFailedForInlineTypeConstraint=HASH(0x3ef00a0)', 'HASH(0x3f03c58)') called at C:\strawberry\perl\site\lib\Moose\Meta\Class.pm line 282
	Moose::Meta::Class::new_object('Moose::Meta::Class=HASH(0x40588c8)', 'HASH(0x3f03c58)') called at C:\strawberry\perl\site\lib\Moose\Object.pm line 27
	Moose::Object::new('Moose::Exception::ValidationFailedForInlineTypeConstraint', 'type_constraint_message', 'Validation failed for \'Bio::MLST::Executable\' with value "makeblastdb"', 'class_name', 'Bio::MLST::Blast::Database', 'attribute_name', 'exec', 'value', 'makeblastdb') called at C:\strawberry\perl\site\lib\Moose\Util.pm line 51
	Moose::Util::throw_exception('ValidationFailedForInlineTypeConstraint', 'type_constraint_message', 'Validation failed for \'Bio::MLST::Executable\' with value "makeblastdb"', 'class_name', 'Bio::MLST::Blast::Database', 'attribute_name', 'exec', 'value', 'makeblastdb') called at constructor Bio::MLST::Blast::Database::new (defined at lib\Bio\MLST\Blast\Database.pm line 32) line 52
	Bio::MLST::Blast::Database::new('Bio::MLST::Blast::Database', 'fasta_file', 't/data/contigs.fa') called at t\Blast\Database.t line 12
# Tests were run but no plan was declared and done_testing() was not seen.
# Looks like your test exited with 255 just after 1.
t/Blast/Database.t .................. 
Dubious, test returned 255 (wstat 65280, 0xff00)
All 1 subtests passed 
Attribute (exec) does not pass the type constraint because: Validation failed for 'Bio::MLST::Executable' with value "makeblastdb" at C:\strawberry\perl\site\lib\Moose\Exception.pm line 37
	Moose::Exception::_build_trace('Moose::Exception::ValidationFailedForInlineTypeConstraint=HASH(0x722b100)') called at reader Moose::Exception::trace (defined at C:\strawberry\perl\site\lib\Moose\Exception.pm line 9) line 7
	Moose::Exception::trace('Moose::Exception::ValidationFailedForInlineTypeConstraint=HASH(0x722b100)') called at C:\strawberry\perl\site\lib\Moose\Exception.pm line 49
	Moose::Exception::BUILD('Moose::Exception::ValidationFailedForInlineTypeConstraint=HASH(0x722b100)', 'HASH(0x722b0a0)') called at C:\strawberry\perl\site\lib\Class\MOP\Method.pm line 128
	Class::MOP::Method::execute('Moose::Meta::Method=HASH(0x5944868)', 'Moose::Exception::ValidationFailedForInlineTypeConstraint=HASH(0x722b100)', 'HASH(0x722b0a0)') called at C:\strawberry\perl\site\lib\Moose\Object.pm line 56
	Moose::Object::BUILDALL('Moose::Exception::ValidationFailedForInlineTypeConstraint=HASH(0x722b100)', 'HASH(0x722b0a0)') called at C:\strawberry\perl\site\lib\Moose\Meta\Class.pm line 282
	Moose::Meta::Class::new_object('Moose::Meta::Class=HASH(0x5912cc8)', 'HASH(0x722b0a0)') called at C:\strawberry\perl\site\lib\Moose\Object.pm line 27
	Moose::Object::new('Moose::Exception::ValidationFailedForInlineTypeConstraint', 'type_constraint_message', 'Validation failed for \'Bio::MLST::Executable\' with value "makeblastdb"', 'class_name', 'Bio::MLST::Blast::Database', 'attribute_name', 'exec', 'value', 'makeblastdb') called at C:\strawberry\perl\site\lib\Moose\Util.pm line 51
	Moose::Util::throw_exception('ValidationFailedForInlineTypeConstraint', 'type_constraint_message', 'Validation failed for \'Bio::MLST::Executable\' with value "makeblastdb"', 'class_name', 'Bio::MLST::Blast::Database', 'attribute_name', 'exec', 'value', 'makeblastdb') called at constructor Bio::MLST::Blast::Database::new (defined at lib\Bio\MLST\Blast\Database.pm line 32) line 45
	Bio::MLST::Blast::Database::new('Bio::MLST::Blast::Database', 'fasta_file', 't/data/Streptococcus_pyogenes_emmST_contigs.fa', 'exec', 'makeblastdb') called at lib\Bio\MLST\CompareAlleles.pm line 42
	Bio::MLST::CompareAlleles::_build__blast_db_location_obj('Bio::MLST::CompareAlleles=HASH(0x722a830)') called at reader Bio::MLST::CompareAlleles::_blast_db_location_obj (defined at lib\Bio\MLST\CompareAlleles.pm line 21) line 7
	Bio::MLST::CompareAlleles::_blast_db_location_obj('Bio::MLST::CompareAlleles=HASH(0x722a830)') called at lib\Bio\MLST\CompareAlleles.pm line 36
	Bio::MLST::CompareAlleles::_build__blast_db_location('Bio::MLST::CompareAlleles=HASH(0x722a830)') called at reader Bio::MLST::CompareAlleles::_blast_db_location (defined at lib\Bio\MLST\CompareAlleles.pm line 22) line 7
	Bio::MLST::CompareAlleles::_blast_db_location('Bio::MLST::CompareAlleles=HASH(0x722a830)') called at lib\Bio\MLST\CompareAlleles.pm line 110
	Bio::MLST::CompareAlleles::_build_matching_sequences('Bio::MLST::CompareAlleles=HASH(0x722a830)') called at reader Bio::MLST::CompareAlleles::matching_sequences (defined at lib\Bio\MLST\CompareAlleles.pm line 24) line 7
	Bio::MLST::CompareAlleles::matching_sequences('Bio::MLST::CompareAlleles=HASH(0x722a830)') called at lib\Bio\MLST\ProcessFasta.pm line 52
	Bio::MLST::ProcessFasta::_build__compare_alleles('Bio::MLST::ProcessFasta=HASH(0x722a8f0)') called at reader Bio::MLST::ProcessFasta::_compare_alleles (defined at lib\Bio\MLST\ProcessFasta.pm line 25) line 7
	Bio::MLST::ProcessFasta::_compare_alleles('Bio::MLST::ProcessFasta=HASH(0x722a8f0)') called at lib\Bio\MLST\ProcessFasta.pm line 67
	Bio::MLST::ProcessFasta::_build__sequence_type_obj('Bio::MLST::ProcessFasta=HASH(0x722a8f0)') called at reader Bio::MLST::ProcessFasta::_sequence_type_obj (defined at lib\Bio\MLST\ProcessFasta.pm line 26) line 7
	Bio::MLST::ProcessFasta::_sequence_type_obj('Bio::MLST::ProcessFasta=HASH(0x722a8f0)') called at lib\Bio\MLST\ProcessFasta.pm line 77
	Bio::MLST::ProcessFasta::_build__spreadsheet_row_obj('Bio::MLST::ProcessFasta=HASH(0x722a8f0)') called at reader Bio::MLST::ProcessFasta::_spreadsheet_row_obj (defined at lib\Bio\MLST\ProcessFasta.pm line 27) line 7
	Bio::MLST::ProcessFasta::_spreadsheet_row_obj('Bio::MLST::ProcessFasta=HASH(0x722a8f0)') called at lib\Bio\MLST\Check.pm line 82
	Bio::MLST::Check::_generate_spreadsheet_rows('Bio::MLST::Check=HASH(0x6a63828)') called at lib\Bio\MLST\Check.pm line 104
	Bio::MLST::Check::create_result_files('Bio::MLST::Check=HASH(0x6a63828)') called at t\CDC\Convert.t line 49
Attribute (header) does not pass the type constraint because: Validation failed for 'ArrayRef' with value undef at C:\strawberry\perl\site\lib\Moose\Exception.pm line 37
	Moose::Exception::_build_trace('Moose::Exception::ValidationFailedForInlineTypeConstraint=HASH(0x5844918)') called at reader Moose::Exception::trace (defined at C:\strawberry\perl\site\lib\Moose\Exception.pm line 9) line 7
	Moose::Exception::trace('Moose::Exception::ValidationFailedForInlineTypeConstraint=HASH(0x5844918)') called at C:\strawberry\perl\site\lib\Moose\Exception.pm line 49
	Moose::Exception::BUILD('Moose::Exception::ValidationFailedForInlineTypeConstraint=HASH(0x5844918)', 'HASH(0x57806f8)') called at C:\strawberry\perl\site\lib\Class\MOP\Method.pm line 128
	Class::MOP::Method::execute('Moose::Meta::Method=HASH(0x6e5c110)', 'Moose::Exception::ValidationFailedForInlineTypeConstraint=HASH(0x5844918)', 'HASH(0x57806f8)') called at C:\strawberry\perl\site\lib\Moose\Object.pm line 56
	Moose::Object::BUILDALL('Moose::Exception::ValidationFailedForInlineTypeConstraint=HASH(0x5844918)', 'HASH(0x57806f8)') called at C:\strawberry\perl\site\lib\Moose\Meta\Class.pm line 282
	Moose::Meta::Class::new_object('Moose::Meta::Class=HASH(0x5851718)', 'HASH(0x57806f8)') called at C:\strawberry\perl\site\lib\Moose\Object.pm line 27
	Moose::Object::new('Moose::Exception::ValidationFailedForInlineTypeConstraint', 'type_constraint_message', 'Validation failed for \'ArrayRef\' with value undef', 'class_name', 'Bio::MLST::Spreadsheet::File', 'attribute_name', 'header', 'value', undef) called at C:\strawberry\perl\site\lib\Moose\Util.pm line 51
	Moose::Util::throw_exception('ValidationFailedForInlineTypeConstraint', 'type_constraint_message', 'Validation failed for \'ArrayRef\' with value undef', 'class_name', 'Bio::MLST::Spreadsheet::File', 'attribute_name', 'header', 'value', undef) called at constructor Bio::MLST::Spreadsheet::File::new (defined at lib\Bio\MLST\Spreadsheet\File.pm line 48) line 34
	Bio::MLST::Spreadsheet::File::new('Bio::MLST::Spreadsheet::File', 'header', undef, 'spreadsheet_allele_numbers_rows', 'ARRAY(0x5780680)', 'spreadsheet_genomic_rows', 'ARRAY(0x577fee0)', 'output_directory', 'C:\strawberry\cpan\build\Bio-MLST-Check-1.150910-ZYg34B\Wa0BzwJELU', 'spreadsheet_basename', 'mlst_results') called at lib\Bio\MLST\Check.pm line 107
	Bio::MLST::Check::create_result_files('Bio::MLST::Check=HASH(0x57801d0)') called at t\CDC\Convert.t line 49
cannot unlink file for C:\strawberry\cpan\build\Bio-MLST-Check-1.150910-ZYg34B\m5d2ZcRhQP\Streptococcus_pyogenes_emmST\profiles\Streptococcus_pyogenes_emmST.txt: Permission denied at C:/strawberry/perl/site/lib/File/Temp.pm line 1616.
cannot remove directory for C:\strawberry\cpan\build\Bio-MLST-Check-1.150910-ZYg34B\m5d2ZcRhQP\Streptococcus_pyogenes_emmST\profiles: Directory not empty at C:/strawberry/perl/site/lib/File/Temp.pm line 1616.
cannot remove directory for C:\strawberry\cpan\build\Bio-MLST-Check-1.150910-ZYg34B\m5d2ZcRhQP\Streptococcus_pyogenes_emmST: Directory not empty at C:/strawberry/perl/site/lib/File/Temp.pm line 1616.
cannot remove directory for C:/strawberry/cpan/build/Bio-MLST-Check-1.150910-ZYg34B/m5d2ZcRhQP: Directory not empty at C:/strawberry/perl/site/lib/File/Temp.pm line 1616.
# Tests were run but no plan was declared and done_testing() was not seen.
# Looks like your test exited with 255 just after 13.
t/CDC/Convert.t ..................... 
Dubious, test returned 255 (wstat 65280, 0xff00)
All 13 subtests passed 
t/Download/Database.t ............... ok
t/Download/Databases.t .............. ok
t/Input/NormaliseFasta.t ............ ok
t/Output/Databases.t ................ ok
Attribute (exec) does not pass the type constraint because: Validation failed for 'Bio::MLST::Executable' with value "makeblastdb" at C:\strawberry\perl\site\lib\Moose\Exception.pm line 37
	Moose::Exception::_build_trace('Moose::Exception::ValidationFailedForInlineTypeConstraint=HASH(0x6e1af08)') called at reader Moose::Exception::trace (defined at C:\strawberry\perl\site\lib\Moose\Exception.pm line 9) line 7
	Moose::Exception::trace('Moose::Exception::ValidationFailedForInlineTypeConstraint=HASH(0x6e1af08)') called at C:\strawberry\perl\site\lib\Moose\Exception.pm line 49
	Moose::Exception::BUILD('Moose::Exception::ValidationFailedForInlineTypeConstraint=HASH(0x6e1af08)', 'HASH(0x6e1afe0)') called at C:\strawberry\perl\site\lib\Class\MOP\Method.pm line 128
	Class::MOP::Method::execute('Moose::Meta::Method=HASH(0x573d4c0)', 'Moose::Exception::ValidationFailedForInlineTypeConstraint=HASH(0x6e1af08)', 'HASH(0x6e1afe0)') called at C:\strawberry\perl\site\lib\Moose\Object.pm line 56
	Moose::Object::BUILDALL('Moose::Exception::ValidationFailedForInlineTypeConstraint=HASH(0x6e1af08)', 'HASH(0x6e1afe0)') called at C:\strawberry\perl\site\lib\Moose\Meta\Class.pm line 282
	Moose::Meta::Class::new_object('Moose::Meta::Class=HASH(0x6e2aee8)', 'HASH(0x6e1afe0)') called at C:\strawberry\perl\site\lib\Moose\Object.pm line 27
	Moose::Object::new('Moose::Exception::ValidationFailedForInlineTypeConstraint', 'type_constraint_message', 'Validation failed for \'Bio::MLST::Executable\' with value "makeblastdb"', 'class_name', 'Bio::MLST::Blast::Database', 'attribute_name', 'exec', 'value', 'makeblastdb') called at C:\strawberry\perl\site\lib\Moose\Util.pm line 51
	Moose::Util::throw_exception('ValidationFailedForInlineTypeConstraint', 'type_constraint_message', 'Validation failed for \'Bio::MLST::Executable\' with value "makeblastdb"', 'class_name', 'Bio::MLST::Blast::Database', 'attribute_name', 'exec', 'value', 'makeblastdb') called at constructor Bio::MLST::Blast::Database::new (defined at lib\Bio\MLST\Blast\Database.pm line 32) line 45
	Bio::MLST::Blast::Database::new('Bio::MLST::Blast::Database', 'fasta_file', 't/data/contigs.fa', 'exec', 'makeblastdb') called at lib\Bio\MLST\CompareAlleles.pm line 42
	Bio::MLST::CompareAlleles::_build__blast_db_location_obj('Bio::MLST::CompareAlleles=HASH(0x6e1a3f0)') called at reader Bio::MLST::CompareAlleles::_blast_db_location_obj (defined at lib\Bio\MLST\CompareAlleles.pm line 21) line 7
	Bio::MLST::CompareAlleles::_blast_db_location_obj('Bio::MLST::CompareAlleles=HASH(0x6e1a3f0)') called at lib\Bio\MLST\CompareAlleles.pm line 36
	Bio::MLST::CompareAlleles::_build__blast_db_location('Bio::MLST::CompareAlleles=HASH(0x6e1a3f0)') called at reader Bio::MLST::CompareAlleles::_blast_db_location (defined at lib\Bio\MLST\CompareAlleles.pm line 22) line 7
	Bio::MLST::CompareAlleles::_blast_db_location('Bio::MLST::CompareAlleles=HASH(0x6e1a3f0)') called at lib\Bio\MLST\CompareAlleles.pm line 110
	Bio::MLST::CompareAlleles::_build_matching_sequences('Bio::MLST::CompareAlleles=HASH(0x6e1a3f0)') called at reader Bio::MLST::CompareAlleles::matching_sequences (defined at lib\Bio\MLST\CompareAlleles.pm line 24) line 7
	Bio::MLST::CompareAlleles::matching_sequences('Bio::MLST::CompareAlleles=HASH(0x6e1a3f0)') called at lib\Bio\MLST\ProcessFasta.pm line 52
	Bio::MLST::ProcessFasta::_build__compare_alleles('Bio::MLST::ProcessFasta=HASH(0x6e1a8a0)') called at reader Bio::MLST::ProcessFasta::_compare_alleles (defined at lib\Bio\MLST\ProcessFasta.pm line 25) line 7
	Bio::MLST::ProcessFasta::_compare_alleles('Bio::MLST::ProcessFasta=HASH(0x6e1a8a0)') called at lib\Bio\MLST\ProcessFasta.pm line 67
	Bio::MLST::ProcessFasta::_build__sequence_type_obj('Bio::MLST::ProcessFasta=HASH(0x6e1a8a0)') called at reader Bio::MLST::ProcessFasta::_sequence_type_obj (defined at lib\Bio\MLST\ProcessFasta.pm line 26) line 7
	Bio::MLST::ProcessFasta::_sequence_type_obj('Bio::MLST::ProcessFasta=HASH(0x6e1a8a0)') called at lib\Bio\MLST\ProcessFasta.pm line 77
	Bio::MLST::ProcessFasta::_build__spreadsheet_row_obj('Bio::MLST::ProcessFasta=HASH(0x6e1a8a0)') called at reader Bio::MLST::ProcessFasta::_spreadsheet_row_obj (defined at lib\Bio\MLST\ProcessFasta.pm line 27) line 7
	Bio::MLST::ProcessFasta::_spreadsheet_row_obj('Bio::MLST::ProcessFasta=HASH(0x6e1a8a0)') called at lib\Bio\MLST\Check.pm line 82
	Bio::MLST::Check::_generate_spreadsheet_rows('Bio::MLST::Check=HASH(0x643b998)') called at lib\Bio\MLST\Check.pm line 104
	Bio::MLST::Check::create_result_files('Bio::MLST::Check=HASH(0x643b998)') called at t\Output\MultipleFastas.t line 30
Attribute (header) does not pass the type constraint because: Validation failed for 'ArrayRef' with value undef at C:\strawberry\perl\site\lib\Moose\Exception.pm line 37
	Moose::Exception::_build_trace('Moose::Exception::ValidationFailedForInlineTypeConstraint=HASH(0x5536158)') called at reader Moose::Exception::trace (defined at C:\strawberry\perl\site\lib\Moose\Exception.pm line 9) line 7
	Moose::Exception::trace('Moose::Exception::ValidationFailedForInlineTypeConstraint=HASH(0x5536158)') called at C:\strawberry\perl\site\lib\Moose\Exception.pm line 49
	Moose::Exception::BUILD('Moose::Exception::ValidationFailedForInlineTypeConstraint=HASH(0x5536158)', 'HASH(0x55360e0)') called at C:\strawberry\perl\site\lib\Class\MOP\Method.pm line 128
	Class::MOP::Method::execute('Moose::Meta::Method=HASH(0x6a235e0)', 'Moose::Exception::ValidationFailedForInlineTypeConstraint=HASH(0x5536158)', 'HASH(0x55360e0)') called at C:\strawberry\perl\site\lib\Moose\Object.pm line 56
	Moose::Object::BUILDALL('Moose::Exception::ValidationFailedForInlineTypeConstraint=HASH(0x5536158)', 'HASH(0x55360e0)') called at C:\strawberry\perl\site\lib\Moose\Meta\Class.pm line 282
	Moose::Meta::Class::new_object('Moose::Meta::Class=HASH(0x5543390)', 'HASH(0x55360e0)') called at C:\strawberry\perl\site\lib\Moose\Object.pm line 27
	Moose::Object::new('Moose::Exception::ValidationFailedForInlineTypeConstraint', 'type_constraint_message', 'Validation failed for \'ArrayRef\' with value undef', 'class_name', 'Bio::MLST::Spreadsheet::File', 'attribute_name', 'header', 'value', undef) called at C:\strawberry\perl\site\lib\Moose\Util.pm line 51
	Moose::Util::throw_exception('ValidationFailedForInlineTypeConstraint', 'type_constraint_message', 'Validation failed for \'ArrayRef\' with value undef', 'class_name', 'Bio::MLST::Spreadsheet::File', 'attribute_name', 'header', 'value', undef) called at constructor Bio::MLST::Spreadsheet::File::new (defined at lib\Bio\MLST\Spreadsheet\File.pm line 48) line 34
	Bio::MLST::Spreadsheet::File::new('Bio::MLST::Spreadsheet::File', 'header', undef, 'spreadsheet_allele_numbers_rows', 'ARRAY(0x528d7a0)', 'spreadsheet_genomic_rows', 'ARRAY(0x528d800)', 'output_directory', 'C:\strawberry\cpan\build\Bio-MLST-Check-1.150910-ZYg34B\0YdrJgX9GI', 'spreadsheet_basename', 'mlst_results') called at lib\Bio\MLST\Check.pm line 107
	Bio::MLST::Check::create_result_files('Bio::MLST::Check=HASH(0x528d830)') called at t\Output\MultipleFastas.t line 30
# Tests were run but no plan was declared and done_testing() was not seen.
# Looks like your test exited with 255 just after 2.
t/Output/MultipleFastas.t ........... 
Dubious, test returned 255 (wstat 65280, 0xff00)
All 2 subtests passed 
Attribute (exec) does not pass the type constraint because: Validation failed for 'Bio::MLST::Executable' with value "makeblastdb" at C:\strawberry\perl\site\lib\Moose\Exception.pm line 37
	Moose::Exception::_build_trace('Moose::Exception::ValidationFailedForInlineTypeConstraint=HASH(0x5630380)') called at reader Moose::Exception::trace (defined at C:\strawberry\perl\site\lib\Moose\Exception.pm line 9) line 7
	Moose::Exception::trace('Moose::Exception::ValidationFailedForInlineTypeConstraint=HASH(0x5630380)') called at C:\strawberry\perl\site\lib\Moose\Exception.pm line 49
	Moose::Exception::BUILD('Moose::Exception::ValidationFailedForInlineTypeConstraint=HASH(0x5630380)', 'HASH(0x56302d8)') called at C:\strawberry\perl\site\lib\Class\MOP\Method.pm line 128
	Class::MOP::Method::execute('Moose::Meta::Method=HASH(0x69c8398)', 'Moose::Exception::ValidationFailedForInlineTypeConstraint=HASH(0x5630380)', 'HASH(0x56302d8)') called at C:\strawberry\perl\site\lib\Moose\Object.pm line 56
	Moose::Object::BUILDALL('Moose::Exception::ValidationFailedForInlineTypeConstraint=HASH(0x5630380)', 'HASH(0x56302d8)') called at C:\strawberry\perl\site\lib\Moose\Meta\Class.pm line 282
	Moose::Meta::Class::new_object('Moose::Meta::Class=HASH(0xa17d380)', 'HASH(0x56302d8)') called at C:\strawberry\perl\site\lib\Moose\Object.pm line 27
	Moose::Object::new('Moose::Exception::ValidationFailedForInlineTypeConstraint', 'type_constraint_message', 'Validation failed for \'Bio::MLST::Executable\' with value "makeblastdb"', 'class_name', 'Bio::MLST::Blast::Database', 'attribute_name', 'exec', 'value', 'makeblastdb') called at C:\strawberry\perl\site\lib\Moose\Util.pm line 51
	Moose::Util::throw_exception('ValidationFailedForInlineTypeConstraint', 'type_constraint_message', 'Validation failed for \'Bio::MLST::Executable\' with value "makeblastdb"', 'class_name', 'Bio::MLST::Blast::Database', 'attribute_name', 'exec', 'value', 'makeblastdb') called at constructor Bio::MLST::Blast::Database::new (defined at lib\Bio\MLST\Blast\Database.pm line 32) line 45
	Bio::MLST::Blast::Database::new('Bio::MLST::Blast::Database', 'fasta_file', 't/data/contigs.fa', 'exec', 'makeblastdb') called at lib\Bio\MLST\CompareAlleles.pm line 42
	Bio::MLST::CompareAlleles::_build__blast_db_location_obj('Bio::MLST::CompareAlleles=HASH(0x9f361a0)') called at reader Bio::MLST::CompareAlleles::_blast_db_location_obj (defined at lib\Bio\MLST\CompareAlleles.pm line 21) line 7
	Bio::MLST::CompareAlleles::_blast_db_location_obj('Bio::MLST::CompareAlleles=HASH(0x9f361a0)') called at lib\Bio\MLST\CompareAlleles.pm line 36
	Bio::MLST::CompareAlleles::_build__blast_db_location('Bio::MLST::CompareAlleles=HASH(0x9f361a0)') called at reader Bio::MLST::CompareAlleles::_blast_db_location (defined at lib\Bio\MLST\CompareAlleles.pm line 22) line 7
	Bio::MLST::CompareAlleles::_blast_db_location('Bio::MLST::CompareAlleles=HASH(0x9f361a0)') called at lib\Bio\MLST\CompareAlleles.pm line 110
	Bio::MLST::CompareAlleles::_build_matching_sequences('Bio::MLST::CompareAlleles=HASH(0x9f361a0)') called at reader Bio::MLST::CompareAlleles::matching_sequences (defined at lib\Bio\MLST\CompareAlleles.pm line 24) line 7
	Bio::MLST::CompareAlleles::matching_sequences('Bio::MLST::CompareAlleles=HASH(0x9f361a0)') called at lib\Bio\MLST\ProcessFasta.pm line 52
	Bio::MLST::ProcessFasta::_build__compare_alleles('Bio::MLST::ProcessFasta=HASH(0x9e7e468)') called at reader Bio::MLST::ProcessFasta::_compare_alleles (defined at lib\Bio\MLST\ProcessFasta.pm line 25) line 7
	Bio::MLST::ProcessFasta::_compare_alleles('Bio::MLST::ProcessFasta=HASH(0x9e7e468)') called at lib\Bio\MLST\ProcessFasta.pm line 67
	Bio::MLST::ProcessFasta::_build__sequence_type_obj('Bio::MLST::ProcessFasta=HASH(0x9e7e468)') called at reader Bio::MLST::ProcessFasta::_sequence_type_obj (defined at lib\Bio\MLST\ProcessFasta.pm line 26) line 7
	Bio::MLST::ProcessFasta::_sequence_type_obj('Bio::MLST::ProcessFasta=HASH(0x9e7e468)') called at lib\Bio\MLST\ProcessFasta.pm line 77
	Bio::MLST::ProcessFasta::_build__spreadsheet_row_obj('Bio::MLST::ProcessFasta=HASH(0x9e7e468)') called at reader Bio::MLST::ProcessFasta::_spreadsheet_row_obj (defined at lib\Bio\MLST\ProcessFasta.pm line 27) line 7
	Bio::MLST::ProcessFasta::_spreadsheet_row_obj('Bio::MLST::ProcessFasta=HASH(0x9e7e468)') called at lib\Bio\MLST\Check.pm line 82
	Bio::MLST::Check::_generate_spreadsheet_rows('Bio::MLST::Check=HASH(0x78be448)') called at lib\Bio\MLST\Check.pm line 104
	Bio::MLST::Check::create_result_files('Bio::MLST::Check=HASH(0x78be448)') called at lib\Bio\MLST\CheckMultipleSpecies.pm line 115
	Bio::MLST::CheckMultipleSpecies::_run_mlst_for_species_list('Bio::MLST::CheckMultipleSpecies=HASH(0x7896618)') called at lib\Bio\MLST\CheckMultipleSpecies.pm line 232
	Bio::MLST::CheckMultipleSpecies::create_result_files('Bio::MLST::CheckMultipleSpecies=HASH(0x7896618)') called at t\Output\MultipleSpecies.t line 28
Attribute (exec) does not pass the type constraint because: Validation failed for 'Bio::MLST::Executable' with value "makeblastdb" at C:\strawberry\perl\site\lib\Moose\Exception.pm line 37
	Moose::Exception::_build_trace('Moose::Exception::ValidationFailedForInlineTypeConstraint=HASH(0x66b6f40)') called at reader Moose::Exception::trace (defined at C:\strawberry\perl\site\lib\Moose\Exception.pm line 9) line 7
	Moose::Exception::trace('Moose::Exception::ValidationFailedForInlineTypeConstraint=HASH(0x66b6f40)') called at C:\strawberry\perl\site\lib\Moose\Exception.pm line 49
	Moose::Exception::BUILD('Moose::Exception::ValidationFailedForInlineTypeConstraint=HASH(0x66b6f40)', 'HASH(0x66b6e20)') called at C:\strawberry\perl\site\lib\Class\MOP\Method.pm line 128
	Class::MOP::Method::execute('Moose::Meta::Method=HASH(0x66d0c58)', 'Moose::Exception::ValidationFailedForInlineTypeConstraint=HASH(0x66b6f40)', 'HASH(0x66b6e20)') called at C:\strawberry\perl\site\lib\Moose\Object.pm line 56
	Moose::Object::BUILDALL('Moose::Exception::ValidationFailedForInlineTypeConstraint=HASH(0x66b6f40)', 'HASH(0x66b6e20)') called at C:\strawberry\perl\site\lib\Moose\Meta\Class.pm line 282
	Moose::Meta::Class::new_object('Moose::Meta::Class=HASH(0x66c5dc0)', 'HASH(0x66b6e20)') called at C:\strawberry\perl\site\lib\Moose\Object.pm line 27
	Moose::Object::new('Moose::Exception::ValidationFailedForInlineTypeConstraint', 'type_constraint_message', 'Validation failed for \'Bio::MLST::Executable\' with value "makeblastdb"', 'class_name', 'Bio::MLST::Blast::Database', 'attribute_name', 'exec', 'value', 'makeblastdb') called at C:\strawberry\perl\site\lib\Moose\Util.pm line 51
	Moose::Util::throw_exception('ValidationFailedForInlineTypeConstraint', 'type_constraint_message', 'Validation failed for \'Bio::MLST::Executable\' with value "makeblastdb"', 'class_name', 'Bio::MLST::Blast::Database', 'attribute_name', 'exec', 'value', 'makeblastdb') called at constructor Bio::MLST::Blast::Database::new (defined at lib\Bio\MLST\Blast\Database.pm line 32) line 45
	Bio::MLST::Blast::Database::new('Bio::MLST::Blast::Database', 'fasta_file', 't/data/contigs.fa', 'exec', 'makeblastdb') called at lib\Bio\MLST\CompareAlleles.pm line 42
	Bio::MLST::CompareAlleles::_build__blast_db_location_obj('Bio::MLST::CompareAlleles=HASH(0x66b42e8)') called at reader Bio::MLST::CompareAlleles::_blast_db_location_obj (defined at lib\Bio\MLST\CompareAlleles.pm line 21) line 7
	Bio::MLST::CompareAlleles::_blast_db_location_obj('Bio::MLST::CompareAlleles=HASH(0x66b42e8)') called at lib\Bio\MLST\CompareAlleles.pm line 36
	Bio::MLST::CompareAlleles::_build__blast_db_location('Bio::MLST::CompareAlleles=HASH(0x66b42e8)') called at reader Bio::MLST::CompareAlleles::_blast_db_location (defined at lib\Bio\MLST\CompareAlleles.pm line 22) line 7
	Bio::MLST::CompareAlleles::_blast_db_location('Bio::MLST::CompareAlleles=HASH(0x66b42e8)') called at lib\Bio\MLST\CompareAlleles.pm line 110
	Bio::MLST::CompareAlleles::_build_matching_sequences('Bio::MLST::CompareAlleles=HASH(0x66b42e8)') called at reader Bio::MLST::CompareAlleles::matching_sequences (defined at lib\Bio\MLST\CompareAlleles.pm line 24) line 7
	Bio::MLST::CompareAlleles::matching_sequences('Bio::MLST::CompareAlleles=HASH(0x66b42e8)') called at lib\Bio\MLST\ProcessFasta.pm line 52
	Bio::MLST::ProcessFasta::_build__compare_alleles('Bio::MLST::ProcessFasta=HASH(0xb14b0e0)') called at reader Bio::MLST::ProcessFasta::_compare_alleles (defined at lib\Bio\MLST\ProcessFasta.pm line 25) line 7
	Bio::MLST::ProcessFasta::_compare_alleles('Bio::MLST::ProcessFasta=HASH(0xb14b0e0)') called at lib\Bio\MLST\ProcessFasta.pm line 67
	Bio::MLST::ProcessFasta::_build__sequence_type_obj('Bio::MLST::ProcessFasta=HASH(0xb14b0e0)') called at reader Bio::MLST::ProcessFasta::_sequence_type_obj (defined at lib\Bio\MLST\ProcessFasta.pm line 26) line 7
	Bio::MLST::ProcessFasta::_sequence_type_obj('Bio::MLST::ProcessFasta=HASH(0xb14b0e0)') called at lib\Bio\MLST\ProcessFasta.pm line 77
	Bio::MLST::ProcessFasta::_build__spreadsheet_row_obj('Bio::MLST::ProcessFasta=HASH(0xb14b0e0)') called at reader Bio::MLST::ProcessFasta::_spreadsheet_row_obj (defined at lib\Bio\MLST\ProcessFasta.pm line 27) line 7
	Bio::MLST::ProcessFasta::_spreadsheet_row_obj('Bio::MLST::ProcessFasta=HASH(0xb14b0e0)') called at lib\Bio\MLST\Check.pm line 82
	Bio::MLST::Check::_generate_spreadsheet_rows('Bio::MLST::Check=HASH(0x6792e20)') called at lib\Bio\MLST\Check.pm line 104
	Bio::MLST::Check::create_result_files('Bio::MLST::Check=HASH(0x6792e20)') called at lib\Bio\MLST\CheckMultipleSpecies.pm line 115
	Bio::MLST::CheckMultipleSpecies::_run_mlst_for_species_list('Bio::MLST::CheckMultipleSpecies=HASH(0x6791628)') called at lib\Bio\MLST\CheckMultipleSpecies.pm line 232
	Bio::MLST::CheckMultipleSpecies::create_result_files('Bio::MLST::CheckMultipleSpecies=HASH(0x6791628)') called at t\Output\MultipleSpecies.t line 28
Attribute (header) does not pass the type constraint because: Validation failed for 'ArrayRef' with value undef at C:\strawberry\perl\site\lib\Moose\Exception.pm line 37
	Moose::Exception::_build_trace('Moose::Exception::ValidationFailedForInlineTypeConstraint=HASH(0x7068940)') called at reader Moose::Exception::trace (defined at C:\strawberry\perl\site\lib\Moose\Exception.pm line 9) line 7
	Moose::Exception::trace('Moose::Exception::ValidationFailedForInlineTypeConstraint=HASH(0x7068940)') called at C:\strawberry\perl\site\lib\Moose\Exception.pm line 49
	Moose::Exception::BUILD('Moose::Exception::ValidationFailedForInlineTypeConstraint=HASH(0x7068940)', 'HASH(0x7068898)') called at C:\strawberry\perl\site\lib\Class\MOP\Method.pm line 128
	Class::MOP::Method::execute('Moose::Meta::Method=HASH(0xad43ad0)', 'Moose::Exception::ValidationFailedForInlineTypeConstraint=HASH(0x7068940)', 'HASH(0x7068898)') called at C:\strawberry\perl\site\lib\Moose\Object.pm line 56
	Moose::Object::BUILDALL('Moose::Exception::ValidationFailedForInlineTypeConstraint=HASH(0x7068940)', 'HASH(0x7068898)') called at C:\strawberry\perl\site\lib\Moose\Meta\Class.pm line 282
	Moose::Meta::Class::new_object('Moose::Meta::Class=HASH(0xa8d0fa0)', 'HASH(0x7068898)') called at C:\strawberry\perl\site\lib\Moose\Object.pm line 27
	Moose::Object::new('Moose::Exception::ValidationFailedForInlineTypeConstraint', 'type_constraint_message', 'Validation failed for \'ArrayRef\' with value undef', 'class_name', 'Bio::MLST::Spreadsheet::File', 'attribute_name', 'header', 'value', undef) called at C:\strawberry\perl\site\lib\Moose\Util.pm line 51
	Moose::Util::throw_exception('ValidationFailedForInlineTypeConstraint', 'type_constraint_message', 'Validation failed for \'ArrayRef\' with value undef', 'class_name', 'Bio::MLST::Spreadsheet::File', 'attribute_name', 'header', 'value', undef) called at constructor Bio::MLST::Spreadsheet::File::new (defined at lib\Bio\MLST\Spreadsheet\File.pm line 48) line 34
	Bio::MLST::Spreadsheet::File::new('Bio::MLST::Spreadsheet::File', 'header', undef, 'spreadsheet_allele_numbers_rows', 'ARRAY(0x70662e8)', 'spreadsheet_genomic_rows', 'ARRAY(0x7066318)', 'output_directory', 'C:\strawberry\cpan\build\Bio-MLST-Check-1.150910-ZYg34B\8SGSDj0uKK', 'spreadsheet_basename', 0001) called at lib\Bio\MLST\Check.pm line 107
	Bio::MLST::Check::create_result_files('Bio::MLST::Check=HASH(0x7066270)') called at lib\Bio\MLST\CheckMultipleSpecies.pm line 115
	Bio::MLST::CheckMultipleSpecies::_run_mlst_for_species_list('Bio::MLST::CheckMultipleSpecies=HASH(0x606ca18)') called at lib\Bio\MLST\CheckMultipleSpecies.pm line 232
	Bio::MLST::CheckMultipleSpecies::create_result_files('Bio::MLST::CheckMultipleSpecies=HASH(0x606ca18)') called at t\Output\MultipleSpecies.t line 28
Attribute (header) does not pass the type constraint because: Validation failed for 'ArrayRef' with value undef at C:\strawberry\perl\site\lib\Moose\Exception.pm line 37
	Moose::Exception::_build_trace('Moose::Exception::ValidationFailedForInlineTypeConstraint=HASH(0x5632328)') called at reader Moose::Exception::trace (defined at C:\strawberry\perl\site\lib\Moose\Exception.pm line 9) line 7
	Moose::Exception::trace('Moose::Exception::ValidationFailedForInlineTypeConstraint=HASH(0x5632328)') called at C:\strawberry\perl\site\lib\Moose\Exception.pm line 49
	Moose::Exception::BUILD('Moose::Exception::ValidationFailedForInlineTypeConstraint=HASH(0x5632328)', 'HASH(0x5632280)') called at C:\strawberry\perl\site\lib\Class\MOP\Method.pm line 128
	Class::MOP::Method::execute('Moose::Meta::Method=HASH(0x9e70d48)', 'Moose::Exception::ValidationFailedForInlineTypeConstraint=HASH(0x5632328)', 'HASH(0x5632280)') called at C:\strawberry\perl\site\lib\Moose\Object.pm line 56
	Moose::Object::BUILDALL('Moose::Exception::ValidationFailedForInlineTypeConstraint=HASH(0x5632328)', 'HASH(0x5632280)') called at C:\strawberry\perl\site\lib\Moose\Meta\Class.pm line 282
	Moose::Meta::Class::new_object('Moose::Meta::Class=HASH(0xa17a228)', 'HASH(0x5632280)') called at C:\strawberry\perl\site\lib\Moose\Object.pm line 27
	Moose::Object::new('Moose::Exception::ValidationFailedForInlineTypeConstraint', 'type_constraint_message', 'Validation failed for \'ArrayRef\' with value undef', 'class_name', 'Bio::MLST::Spreadsheet::File', 'attribute_name', 'header', 'value', undef) called at C:\strawberry\perl\site\lib\Moose\Util.pm line 51
	Moose::Util::throw_exception('ValidationFailedForInlineTypeConstraint', 'type_constraint_message', 'Validation failed for \'ArrayRef\' with value undef', 'class_name', 'Bio::MLST::Spreadsheet::File', 'attribute_name', 'header', 'value', undef) called at constructor Bio::MLST::Spreadsheet::File::new (defined at lib\Bio\MLST\Spreadsheet\File.pm line 48) line 34
	Bio::MLST::Spreadsheet::File::new('Bio::MLST::Spreadsheet::File', 'header', undef, 'spreadsheet_allele_numbers_rows', 'ARRAY(0xa16de50)', 'spreadsheet_genomic_rows', 'ARRAY(0xa16de80)', 'output_directory', 'C:\strawberry\cpan\build\Bio-MLST-Check-1.150910-ZYg34B\8SGSDj0uKK', 'spreadsheet_basename', 0002) called at lib\Bio\MLST\Check.pm line 107
	Bio::MLST::Check::create_result_files('Bio::MLST::Check=HASH(0xa16ddd8)') called at lib\Bio\MLST\CheckMultipleSpecies.pm line 115
	Bio::MLST::CheckMultipleSpecies::_run_mlst_for_species_list('Bio::MLST::CheckMultipleSpecies=HASH(0x7d67df0)') called at lib\Bio\MLST\CheckMultipleSpecies.pm line 232
	Bio::MLST::CheckMultipleSpecies::create_result_files('Bio::MLST::CheckMultipleSpecies=HASH(0x7d67df0)') called at t\Output\MultipleSpecies.t line 28
readline() on closed filehandle $fh_in at lib/Bio/MLST/CheckMultipleSpecies.pm line 159.
readline() on closed filehandle $fh_in at lib/Bio/MLST/CheckMultipleSpecies.pm line 159.
readline() on closed filehandle $fh_in at lib/Bio/MLST/CheckMultipleSpecies.pm line 159.
readline() on closed filehandle $fh_in at lib/Bio/MLST/CheckMultipleSpecies.pm line 159.

#   Failed test 'results content matches expected content'
#   at t/Output/MultipleSpecies.t line 79.
#     Structures begin differing at:
#          $got->[0] = 'E.coli	"matched 1 of 1 files"'
#     $expected->[0] = '"No matches found"
'

#   Failed test 'results content matches expected content'
#   at t/Output/MultipleSpecies.t line 79.
#     Structures begin differing at:
#          $got->[0] = 'E.coli	"matched 1 of 1 files"'
#     $expected->[0] = '"No matches found"
'
cannot unlink file for C:\Users\SOLIMA~1\AppData\Local\Temp\0HLbMiWbAZ\multi_mlst_results.genomic.csv: Permission denied at C:/strawberry/perl/site/lib/File/Temp.pm line 1616.
cannot remove directory for C:/Users/SOLIMA~1/AppData/Local/Temp/0HLbMiWbAZ: Directory not empty at C:/strawberry/perl/site/lib/File/Temp.pm line 1616.
# Looks like you failed 2 tests of 13.
t/Output/MultipleSpecies.t .......... 
Dubious, test returned 2 (wstat 512, 0x200)
Failed 2/13 subtests 
t/Output/OutputFasta.t .............. ok
Attribute (exec) does not pass the type constraint because: Validation failed for 'Bio::MLST::Executable' with value "makeblastdb" at C:\strawberry\perl\site\lib\Moose\Exception.pm line 37
	Moose::Exception::_build_trace('Moose::Exception::ValidationFailedForInlineTypeConstraint=HASH(0x4a5ea08)') called at reader Moose::Exception::trace (defined at C:\strawberry\perl\site\lib\Moose\Exception.pm line 9) line 7
	Moose::Exception::trace('Moose::Exception::ValidationFailedForInlineTypeConstraint=HASH(0x4a5ea08)') called at C:\strawberry\perl\site\lib\Moose\Exception.pm line 49
	Moose::Exception::BUILD('Moose::Exception::ValidationFailedForInlineTypeConstraint=HASH(0x4a5ea08)', 'HASH(0x4ced3f0)') called at C:\strawberry\perl\site\lib\Class\MOP\Method.pm line 128
	Class::MOP::Method::execute('Moose::Meta::Method=HASH(0x503ebe8)', 'Moose::Exception::ValidationFailedForInlineTypeConstraint=HASH(0x4a5ea08)', 'HASH(0x4ced3f0)') called at C:\strawberry\perl\site\lib\Moose\Object.pm line 56
	Moose::Object::BUILDALL('Moose::Exception::ValidationFailedForInlineTypeConstraint=HASH(0x4a5ea08)', 'HASH(0x4ced3f0)') called at C:\strawberry\perl\site\lib\Moose\Meta\Class.pm line 282
	Moose::Meta::Class::new_object('Moose::Meta::Class=HASH(0x5016b18)', 'HASH(0x4ced3f0)') called at C:\strawberry\perl\site\lib\Moose\Object.pm line 27
	Moose::Object::new('Moose::Exception::ValidationFailedForInlineTypeConstraint', 'type_constraint_message', 'Validation failed for \'Bio::MLST::Executable\' with value "makeblastdb"', 'class_name', 'Bio::MLST::Blast::Database', 'attribute_name', 'exec', 'value', 'makeblastdb') called at C:\strawberry\perl\site\lib\Moose\Util.pm line 51
	Moose::Util::throw_exception('ValidationFailedForInlineTypeConstraint', 'type_constraint_message', 'Validation failed for \'Bio::MLST::Executable\' with value "makeblastdb"', 'class_name', 'Bio::MLST::Blast::Database', 'attribute_name', 'exec', 'value', 'makeblastdb') called at constructor Bio::MLST::Blast::Database::new (defined at lib\Bio\MLST\Blast\Database.pm line 32) line 45
	Bio::MLST::Blast::Database::new('Bio::MLST::Blast::Database', 'fasta_file', 't/data/contigs.fa', 'exec', 'makeblastdb') called at lib\Bio\MLST\CompareAlleles.pm line 42
	Bio::MLST::CompareAlleles::_build__blast_db_location_obj('Bio::MLST::CompareAlleles=HASH(0x470c68)') called at reader Bio::MLST::CompareAlleles::_blast_db_location_obj (defined at lib\Bio\MLST\CompareAlleles.pm line 21) line 7
	Bio::MLST::CompareAlleles::_blast_db_location_obj('Bio::MLST::CompareAlleles=HASH(0x470c68)') called at lib\Bio\MLST\CompareAlleles.pm line 36
	Bio::MLST::CompareAlleles::_build__blast_db_location('Bio::MLST::CompareAlleles=HASH(0x470c68)') called at reader Bio::MLST::CompareAlleles::_blast_db_location (defined at lib\Bio\MLST\CompareAlleles.pm line 22) line 7
	Bio::MLST::CompareAlleles::_blast_db_location('Bio::MLST::CompareAlleles=HASH(0x470c68)') called at lib\Bio\MLST\CompareAlleles.pm line 110
	Bio::MLST::CompareAlleles::_build_matching_sequences('Bio::MLST::CompareAlleles=HASH(0x470c68)') called at reader Bio::MLST::CompareAlleles::matching_sequences (defined at lib\Bio\MLST\CompareAlleles.pm line 24) line 7
	Bio::MLST::CompareAlleles::matching_sequences('Bio::MLST::CompareAlleles=HASH(0x470c68)') called at lib\Bio\MLST\CompareAlleles.pm line 61
	Bio::MLST::CompareAlleles::found_sequence_names('Bio::MLST::CompareAlleles=HASH(0x470c68)') called at t\Output\SpreadsheetRow.t line 20
# Tests were run but no plan was declared and done_testing() was not seen.
# Looks like your test exited with 255 just after 1.
t/Output/SpreadsheetRow.t ........... 
Dubious, test returned 255 (wstat 65280, 0xff00)
All 1 subtests passed 
'awk' is not recognized as an internal or external command,
operable program or batch file.
# No tests run!
t/Overall/CheckAllModulesCompile.t .. skipped: (no reason given)

#   Failed test 'blastn in PATH'
#   at t/requires_external.t line 8.

#   Failed test 'makeblastdb in PATH'
#   at t/requires_external.t line 8.
# Looks like you failed 2 tests of 2.
t/requires_external.t ............... 
Dubious, test returned 2 (wstat 512, 0x200)
Failed 2/2 subtests 
Attribute (exec) does not pass the type constraint because: Validation failed for 'Bio::MLST::Executable' with value "makeblastdb" at C:\strawberry\perl\site\lib\Moose\Exception.pm line 37
	Moose::Exception::_build_trace('Moose::Exception::ValidationFailedForInlineTypeConstraint=HASH(0x4bb85b0)') called at reader Moose::Exception::trace (defined at C:\strawberry\perl\site\lib\Moose\Exception.pm line 9) line 7
	Moose::Exception::trace('Moose::Exception::ValidationFailedForInlineTypeConstraint=HASH(0x4bb85b0)') called at C:\strawberry\perl\site\lib\Moose\Exception.pm line 49
	Moose::Exception::BUILD('Moose::Exception::ValidationFailedForInlineTypeConstraint=HASH(0x4bb85b0)', 'HASH(0x45646f0)') called at C:\strawberry\perl\site\lib\Class\MOP\Method.pm line 128
	Class::MOP::Method::execute('Moose::Meta::Method=HASH(0x50d2978)', 'Moose::Exception::ValidationFailedForInlineTypeConstraint=HASH(0x4bb85b0)', 'HASH(0x45646f0)') called at C:\strawberry\perl\site\lib\Moose\Object.pm line 56
	Moose::Object::BUILDALL('Moose::Exception::ValidationFailedForInlineTypeConstraint=HASH(0x4bb85b0)', 'HASH(0x45646f0)') called at C:\strawberry\perl\site\lib\Moose\Meta\Class.pm line 282
	Moose::Meta::Class::new_object('Moose::Meta::Class=HASH(0x4e80f48)', 'HASH(0x45646f0)') called at C:\strawberry\perl\site\lib\Moose\Object.pm line 27
	Moose::Object::new('Moose::Exception::ValidationFailedForInlineTypeConstraint', 'type_constraint_message', 'Validation failed for \'Bio::MLST::Executable\' with value "makeblastdb"', 'class_name', 'Bio::MLST::Blast::Database', 'attribute_name', 'exec', 'value', 'makeblastdb') called at C:\strawberry\perl\site\lib\Moose\Util.pm line 51
	Moose::Util::throw_exception('ValidationFailedForInlineTypeConstraint', 'type_constraint_message', 'Validation failed for \'Bio::MLST::Executable\' with value "makeblastdb"', 'class_name', 'Bio::MLST::Blast::Database', 'attribute_name', 'exec', 'value', 'makeblastdb') called at constructor Bio::MLST::Blast::Database::new (defined at lib\Bio\MLST\Blast\Database.pm line 32) line 45
	Bio::MLST::Blast::Database::new('Bio::MLST::Blast::Database', 'fasta_file', 't/data/contigs.fa', 'exec', 'makeblastdb') called at lib\Bio\MLST\CompareAlleles.pm line 42
	Bio::MLST::CompareAlleles::_build__blast_db_location_obj('Bio::MLST::CompareAlleles=HASH(0x470c10)') called at reader Bio::MLST::CompareAlleles::_blast_db_location_obj (defined at lib\Bio\MLST\CompareAlleles.pm line 21) line 7
	Bio::MLST::CompareAlleles::_blast_db_location_obj('Bio::MLST::CompareAlleles=HASH(0x470c10)') called at lib\Bio\MLST\CompareAlleles.pm line 36
	Bio::MLST::CompareAlleles::_build__blast_db_location('Bio::MLST::CompareAlleles=HASH(0x470c10)') called at reader Bio::MLST::CompareAlleles::_blast_db_location (defined at lib\Bio\MLST\CompareAlleles.pm line 22) line 7
	Bio::MLST::CompareAlleles::_blast_db_location('Bio::MLST::CompareAlleles=HASH(0x470c10)') called at lib\Bio\MLST\CompareAlleles.pm line 110
	Bio::MLST::CompareAlleles::_build_matching_sequences('Bio::MLST::CompareAlleles=HASH(0x470c10)') called at reader Bio::MLST::CompareAlleles::matching_sequences (defined at lib\Bio\MLST\CompareAlleles.pm line 24) line 7
	Bio::MLST::CompareAlleles::matching_sequences('Bio::MLST::CompareAlleles=HASH(0x470c10)') called at lib\Bio\MLST\CompareAlleles.pm line 61
	Bio::MLST::CompareAlleles::found_sequence_names('Bio::MLST::CompareAlleles=HASH(0x470c10)') called at t\SequenceTypes\CompareAlleles.t line 17
# Tests were run but no plan was declared and done_testing() was not seen.
# Looks like your test exited with 255 just after 2.
t/SequenceTypes/CompareAlleles.t .... 
Dubious, test returned 255 (wstat 65280, 0xff00)
All 2 subtests passed 
t/SequenceTypes/SearchForFiles.t .... ok
t/SequenceTypes/SequenceType.t ...... ok
t/Settings/DatabaseSettings.t ....... ok

Test Summary Report
-------------------
t/Blast/BlastN.t                  (Wstat: 65280 Tests: 1 Failed: 0)
  Non-zero exit status: 255
  Parse errors: No plan found in TAP output
t/Blast/Database.t                (Wstat: 65280 Tests: 1 Failed: 0)
  Non-zero exit status: 255
  Parse errors: No plan found in TAP output
t/CDC/Convert.t                   (Wstat: 65280 Tests: 13 Failed: 0)
  Non-zero exit status: 255
  Parse errors: No plan found in TAP output
t/Output/MultipleFastas.t         (Wstat: 65280 Tests: 2 Failed: 0)
  Non-zero exit status: 255
  Parse errors: No plan found in TAP output
t/Output/MultipleSpecies.t        (Wstat: 512 Tests: 13 Failed: 2)
  Failed tests:  6, 9
  Non-zero exit status: 2
t/Output/SpreadsheetRow.t         (Wstat: 65280 Tests: 1 Failed: 0)
  Non-zero exit status: 255
  Parse errors: No plan found in TAP output
t/Overall/CheckAllModulesCompile.t (Wstat: 65280 Tests: 0 Failed: 0)
  Non-zero exit status: 255
t/requires_external.t             (Wstat: 512 Tests: 2 Failed: 2)
  Failed tests:  1-2
  Non-zero exit status: 2
t/SequenceTypes/CompareAlleles.t  (Wstat: 65280 Tests: 2 Failed: 0)
  Non-zero exit status: 255
  Parse errors: No plan found in TAP output
Files=17, Tests=140, 29 wallclock secs ( 0.11 usr +  0.08 sys =  0.19 CPU)
Result: FAIL
Failed 9/17 test programs. 4/140 subtests failed.
dmake.exe:  Error code 255, while making 'test_dynamic'

------------------------------
PREREQUISITES
------------------------------

Prerequisite modules loaded:

requires:

    Module                       Need Have      
    ---------------------------- ---- ----------
    Bio::AlignIO                 0    0         
    Bio::Perl                    0    0         
    Bio::PrimarySeq              0    0         
    Bio::SeqIO                   0    0         
    Bio::SimpleAlign             0    0         
    Cwd                          0    3.40      
    Data::Dumper                 0    2.145     
    File::Basename               0    2.84      
    File::Copy                   0    2.26      
    File::Path                   2.06 2.09      
    File::Temp                   0    0.2304    
    File::Which                  0    1.09      
    Getopt::Long                 0    2.42      
    lib                          0    0.63      
    LWP::Simple                  0    6.00      
    Moose                        0    2.1202    
    Moose::Role                  0    2.1202    
    Moose::Util::TypeConstraints 0    2.1202    
    Parallel::ForkManager        0    1.12      
    Regexp::Common               0    2013031301
    Text::CSV                    0    1.33      
    XML::LibXML                  0    2.0106    

build_requires:

    Module                       Need Have      
    ---------------------------- ---- ----------
    Env::Path                    0    0.19      
    ExtUtils::MakeMaker          0    6.86      
    File::Slurp                  0    9999.19   
    strict                       0    1.07      
    String::Util                 0    1.24      
    Test::Most                   0    0.34      
    warnings                     0    1.18      

configure_requires:

    Module                       Need Have      
    ---------------------------- ---- ----------
    ExtUtils::MakeMaker          0    6.86      


------------------------------
ENVIRONMENT AND OTHER CONTEXT
------------------------------

Environment variables:

    AUTOMATED_TESTING = 1
    COMSPEC = C:\Windows\system32\cmd.exe
    LD_LIBRARY_PATH = /usr/lib/x86:/usr/X11R6/lib
    NUMBER_OF_PROCESSORS = 4
    PATH = C:\Windows\system32;C:\Windows;C:\Windows\System32\Wbem;C:\Windows\System32\WindowsPowerShell\v1.0\;C:\RV\BIN;C:\Program Files (x86)\GnuWin32\bin;C:\Windows\System32\Windows System Resource Manager\bin;C:\Windows\SUA\common\;C:\Windows\SUA\usr\lib\;C:\strawberry\c\bin;C:\strawberry\perl\site\bin;C:\strawberry\perl\bin;C:\Program Files (x86)\Git\cmd;C:\Program Files\Microsoft SQL Server\110\Tools\Binn\
    PERL5LIB = C:\strawberry\cpan\build\String-Util-1.24-tezHVb/blib/arch;C:\strawberry\cpan\build\String-Util-1.24-tezHVb/blib/lib;C:\strawberry\cpan\build\Number-Misc-1.2-uB0lqQ/blib/arch;C:\strawberry\cpan\build\Number-Misc-1.2-uB0lqQ/blib/lib;C:\strawberry\cpan\build\Parallel-ForkManager-1.12-Hq3yVf/blib/arch;C:\strawberry\cpan\build\Parallel-ForkManager-1.12-Hq3yVf/blib/lib;C:\strawberry\cpan\build\Test-Simple-1.001014-lVie_9/blib/arch;C:\strawberry\cpan\build\Test-Simple-1.001014-lVie_9/blib/lib;C:\strawberry\cpan\build\Env-Path-0.19-uxK_nq/blib/arch;C:\strawberry\cpan\build\Env-Path-0.19-uxK_nq/blib/lib;C:\strawberry\cpan\build\Text-CSV-1.33-G27TAA/blib/arch;C:\strawberry\cpan\build\Text-CSV-1.33-G27TAA/blib/lib;C:\strawberry\cpan\build\Regexp-Common-2013031301-oyArQu/blib/arch;C:\strawberry\cpan\build\Regexp-Common-2013031301-oyArQu/blib/lib;C:\strawberry\cpan\build\BioPerl-1.6.924-npAHXV/blib/arch;C:\strawberry\cpan\build\BioPerl-1.6.924-npAHXV/blib/lib;C:\strawberry\cpan\build\Data-Stag-0.14-XukS8m/blib/arch;C:\strawberry\cpan\build\Data-Stag-0.14-XukS8m/blib/lib;C:\strawberry\cpan\build\Test-Most-0.34-OiDTBx/blib/arch;C:\strawberry\cpan\build\Test-Most-0.34-OiDTBx/blib/lib;C:\strawberry\cpan\build\Exception-Class-1.39-NM_s0o/blib/arch;C:\strawberry\cpan\build\Exception-Class-1.39-NM_s0o/blib/lib;C:\strawberry\cpan\build\Devel-StackTrace-2.00-V0p4sV/blib/arch;C:\strawberry\cpan\build\Devel-StackTrace-2.00-V0p4sV/blib/lib;C:\strawberry\cpan\build\Class-Data-Inheritable-0.08-2zjVHW/blib/arch;C:\strawberry\cpan\build\Class-Data-Inheritable-0.08-2zjVHW/blib/lib
    PERL5OPT = 
    PERL5_CPANPLUS_IS_RUNNING = 2544
    PERL5_CPAN_IS_RUNNING = 2544
    PERL5_CPAN_IS_RUNNING_IN_RECURSION = 9132,2544
    PERL_CR_SMOKER_CURRENT = Bio-MLST-Check-1.150910
    PERL_EXTUTILS_AUTOINSTALL = --defaultdeps
    PERL_JSON_BACKEND = JSON::XS
    PERL_MM_USE_DEFAULT = 1
    PERL_YAML_BACKEND = YAML
    PROCESSOR_IDENTIFIER = Intel64 Family 6 Model 37 Stepping 1, GenuineIntel
    TEMP = C:\Users\SOLIMA~1\AppData\Local\Temp
    TERM = dumb

Perl special variables (and OS-specific diagnostics, for MSWin32):

    $^X = C:\strawberry\perl\bin\perl.exe
    $UID/$EUID = 0 / 0
    $GID = 0
    $EGID = 0
    Win32::GetOSName = Win2008
    Win32::GetOSVersion = Service Pack 1, 6, 1, 7601, 2, 1, 0, 272, 3
    Win32::FsType = NTFS
    Win32::IsAdminUser = 1

Perl module toolchain versions installed:

    Module              Have    
    ------------------- --------
    CPAN                2.05    
    CPAN::Meta          2.133380
    Cwd                 3.40    
    ExtUtils::CBuilder  0.280212
    ExtUtils::Command   1.18    
    ExtUtils::Install   1.59    
    ExtUtils::MakeMaker 6.86    
    ExtUtils::Manifest  1.63    
    ExtUtils::ParseXS   3.22    
    File::Spec          3.40    
    JSON                2.90    
    JSON::PP            2.27203 
    Module::Build       0.4204  
    Module::Signature   n/a     
    Parse::CPAN::Meta   1.4409  
    Test::Harness       3.30    
    Test::More          1.001014
    YAML                0.84    
    YAML::Syck          n/a     
    version             0.9904  


--

Summary of my perl5 (revision 5 version 18 subversion 1) configuration:
   
  Platform:
    osname=MSWin32, osvers=4.0, archname=MSWin32-x64-multi-thread
    uname='Win32 strawberry-perl 5.18.1.1 #1 Tue Aug 13 17:18:28 2013 x64'
    config_args='undef'
    hint=recommended, useposix=true, d_sigaction=undef
    useithreads=define, usemultiplicity=define
    useperlio=define, d_sfio=undef, uselargefiles=define, usesocks=undef
    use64bitint=define, use64bitall=undef, uselongdouble=undef
    usemymalloc=n, bincompat5005=undef
  Compiler:
    cc='gcc', ccflags =' -s -O2 -DWIN32 -DWIN64 -DCONSERVATIVE  -DPERL_TEXTMODE_SCRIPTS -DPERL_IMPLICIT_CONTEXT -DPERL_IMPLICIT_SYS -DUSE_PERLIO -fno-strict-aliasing -mms-bitfields',
    optimize='-s -O2',
    cppflags='-DWIN32'
    ccversion='', gccversion='4.7.3', gccosandvers=''
    intsize=4, longsize=4, ptrsize=8, doublesize=8, byteorder=12345678
    d_longlong=define, longlongsize=8, d_longdbl=define, longdblsize=12
    ivtype='long long', ivsize=8, nvtype='double', nvsize=8, Off_t='long long', lseeksize=8
    alignbytes=8, prototype=define
  Linker and Libraries:
    ld='g++', ldflags ='-s -L"C:\strawberry\perl\lib\CORE" -L"C:\strawberry\c\lib"'
    libpth=C:\strawberry\c\lib C:\strawberry\c\x86_64-w64-mingw32\lib
    libs=-lmoldname -lkernel32 -luser32 -lgdi32 -lwinspool -lcomdlg32 -ladvapi32 -lshell32 -lole32 -loleaut32 -lnetapi32 -luuid -lws2_32 -lmpr -lwinmm -lversion -lodbc32 -lodbccp32 -lcomctl32
    perllibs=-lmoldname -lkernel32 -luser32 -lgdi32 -lwinspool -lcomdlg32 -ladvapi32 -lshell32 -lole32 -loleaut32 -lnetapi32 -luuid -lws2_32 -lmpr -lwinmm -lversion -lodbc32 -lodbccp32 -lcomctl32
    libc=, so=dll, useshrplib=true, libperl=libperl518.a
    gnulibc_version=''
  Dynamic Linking:
    dlsrc=dl_win32.xs, dlext=dll, d_dlsymun=undef, ccdlflags=' '
    cccdlflags=' ', lddlflags='-mdll -s -L"C:\strawberry\perl\lib\CORE" -L"C:\strawberry\c\lib"'


Characteristics of this binary (from libperl): 
  Compile-time options: HAS_TIMES HAVE_INTERP_INTERN MULTIPLICITY
                        PERLIO_LAYERS PERL_DONT_CREATE_GVSV
                        PERL_HASH_FUNC_ONE_AT_A_TIME_HARD
                        PERL_IMPLICIT_CONTEXT PERL_IMPLICIT_SYS
                        PERL_MALLOC_WRAP PERL_PRESERVE_IVUV PERL_SAWAMPERSAND
                        USE_64_BIT_INT USE_ITHREADS USE_LARGE_FILES
                        USE_LOCALE USE_LOCALE_COLLATE USE_LOCALE_CTYPE
                        USE_LOCALE_NUMERIC USE_PERLIO USE_PERL_ATOF
  Built under MSWin32
  Compiled at Aug 13 2013 17:23:34
  %ENV:
    PERL5LIB="C:\strawberry\cpan\build\String-Util-1.24-tezHVb/blib/arch;C:\strawberry\cpan\build\String-Util-1.24-tezHVb/blib/lib;C:\strawberry\cpan\build\Number-Misc-1.2-uB0lqQ/blib/arch;C:\strawberry\cpan\build\Number-Misc-1.2-uB0lqQ/blib/lib;C:\strawberry\cpan\build\Parallel-ForkManager-1.12-Hq3yVf/blib/arch;C:\strawberry\cpan\build\Parallel-ForkManager-1.12-Hq3yVf/blib/lib;C:\strawberry\cpan\build\Test-Simple-1.001014-lVie_9/blib/arch;C:\strawberry\cpan\build\Test-Simple-1.001014-lVie_9/blib/lib;C:\strawberry\cpan\build\Env-Path-0.19-uxK_nq/blib/arch;C:\strawberry\cpan\build\Env-Path-0.19-uxK_nq/blib/lib;C:\strawberry\cpan\build\Text-CSV-1.33-G27TAA/blib/arch;C:\strawberry\cpan\build\Text-CSV-1.33-G27TAA/blib/lib;C:\strawberry\cpan\build\Regexp-Common-2013031301-oyArQu/blib/arch;C:\strawberry\cpan\build\Regexp-Common-2013031301-oyArQu/blib/lib;C:\strawberry\cpan\build\BioPerl-1.6.924-npAHXV/blib/arch;C:\strawberry\cpan\build\BioPerl-1.6.924-npAHXV/blib/lib;C:\strawberry\cpan\build\Data-Stag-0.14-XukS8m/blib/arch;C:\strawberry\cpan\build\Data-Stag-0.14-XukS8m/blib/lib;C:\strawberry\cpan\build\Test-Most-0.34-OiDTBx/blib/arch;C:\strawberry\cpan\build\Test-Most-0.34-OiDTBx/blib/lib;C:\strawberry\cpan\build\Exception-Class-1.39-NM_s0o/blib/arch;C:\strawberry\cpan\build\Exception-Class-1.39-NM_s0o/blib/lib;C:\strawberry\cpan\build\Devel-StackTrace-2.00-V0p4sV/blib/arch;C:\strawberry\cpan\build\Devel-StackTrace-2.00-V0p4sV/blib/lib;C:\strawberry\cpan\build\Class-Data-Inheritable-0.08-2zjVHW/blib/arch;C:\strawberry\cpan\build\Class-Data-Inheritable-0.08-2zjVHW/blib/lib"
    PERL5_CPANPLUS_IS_RUNNING="2544"
    PERL5_CPAN_IS_RUNNING="2544"
    PERL5_CPAN_IS_RUNNING_IN_RECURSION="9132,2544"
    PERL_CR_SMOKER_CURRENT="Bio-MLST-Check-1.150910"
    PERL_EXTUTILS_AUTOINSTALL="--defaultdeps"
    PERL_JSON_BACKEND="JSON::XS"
    PERL_MM_USE_DEFAULT="1"
    PERL_YAML_BACKEND="YAML"
  @INC:
    C:\strawberry\cpan\build\String-Util-1.24-tezHVb/blib/arch
    C:\strawberry\cpan\build\String-Util-1.24-tezHVb/blib/lib
    C:\strawberry\cpan\build\Number-Misc-1.2-uB0lqQ/blib/arch
    C:\strawberry\cpan\build\Number-Misc-1.2-uB0lqQ/blib/lib
    C:\strawberry\cpan\build\Parallel-ForkManager-1.12-Hq3yVf/blib/arch
    C:\strawberry\cpan\build\Parallel-ForkManager-1.12-Hq3yVf/blib/lib
    C:\strawberry\cpan\build\Test-Simple-1.001014-lVie_9/blib/arch
    C:\strawberry\cpan\build\Test-Simple-1.001014-lVie_9/blib/lib
    C:\strawberry\cpan\build\Env-Path-0.19-uxK_nq/blib/arch
    C:\strawberry\cpan\build\Env-Path-0.19-uxK_nq/blib/lib
    C:\strawberry\cpan\build\Text-CSV-1.33-G27TAA/blib/arch
    C:\strawberry\cpan\build\Text-CSV-1.33-G27TAA/blib/lib
    C:\strawberry\cpan\build\Regexp-Common-2013031301-oyArQu/blib/arch
    C:\strawberry\cpan\build\Regexp-Common-2013031301-oyArQu/blib/lib
    C:\strawberry\cpan\build\BioPerl-1.6.924-npAHXV/blib/arch
    C:\strawberry\cpan\build\BioPerl-1.6.924-npAHXV/blib/lib
    C:\strawberry\cpan\build\Data-Stag-0.14-XukS8m/blib/arch
    C:\strawberry\cpan\build\Data-Stag-0.14-XukS8m/blib/lib
    C:\strawberry\cpan\build\Test-Most-0.34-OiDTBx/blib/arch
    C:\strawberry\cpan\build\Test-Most-0.34-OiDTBx/blib/lib
    C:\strawberry\cpan\build\Exception-Class-1.39-NM_s0o/blib/arch
    C:\strawberry\cpan\build\Exception-Class-1.39-NM_s0o/blib/lib
    C:\strawberry\cpan\build\Devel-StackTrace-2.00-V0p4sV/blib/arch
    C:\strawberry\cpan\build\Devel-StackTrace-2.00-V0p4sV/blib/lib
    C:\strawberry\cpan\build\Class-Data-Inheritable-0.08-2zjVHW/blib/arch
    C:\strawberry\cpan\build\Class-Data-Inheritable-0.08-2zjVHW/blib/lib
    C:/strawberry/perl/site/lib
    C:/strawberry/perl/vendor/lib
    C:/strawberry/perl/lib
    .