Report for Bundle-PBib-2.08.01

Back
From: metabase:user:3198cbe2-2aae-11df-837a-5e0a49663a4f
Subject: FAIL Bundle-PBib-2.08.01 v5.16.3 GNU/Linux
Date: 2013-11-14T23:18:55Z

This distribution has been tested as part of the CPAN Testers
project, supporting the Perl programming language.  See
http://wiki.cpantesters.org/ for more information or email
questions to cpan-testers-discuss@perl.org


--
Dear Peter Tandler,

This is a computer-generated report for Bundle-PBib-2.08.01
on perl 5.16.3, created by CPAN-Reporter-1.2010.

Thank you for uploading your work to CPAN.  However, there was a problem
testing your distribution.

If you think this report is invalid, please consult the CPAN Testers Wiki
for suggestions on how to avoid getting FAIL reports for missing library
or binary dependencies, unsupported operating systems, and so on:

http://wiki.cpantesters.org/wiki/CPANAuthorNotes

Sections of this report:

    * Tester comments
    * Program output
    * Prerequisites
    * Environment and other context

------------------------------
TESTER COMMENTS
------------------------------

Additional comments from tester:

this report is from an automated smoke testing program
and was not reviewed by a human for accuracy

------------------------------
PROGRAM OUTPUT
------------------------------

Output from './Build test':

t/00-signature.t .... ok
t/10-pbib-config.t .. ok
defined(%hash) is deprecated at /home/graham/perls/caches/perl-5.16.3-thread/build/Bundle-PBib-2.08.01-ghtGi4/blib/lib/Biblio/bp/lib/bp-p-cs.pl line 115.
	(Maybe you should just omit the defined()?)
defined(%hash) is deprecated at /home/graham/perls/caches/perl-5.16.3-thread/build/Bundle-PBib-2.08.01-ghtGi4/blib/lib/Biblio/bp/lib/bp-p-cs.pl line 129.
	(Maybe you should just omit the defined()?)
Using bp, version 0.2.97 (19 Dec 96).
Reading: auto:auto  Writing: canon:8859-1

Use of uninitialized value $pattern in lc at /home/graham/perls/caches/perl-5.16.3-thread/build/Bundle-PBib-2.08.01-ghtGi4/blib/lib/Biblio/File.pm line 66.
storePaper not yet supported ...
t/20-biblio.t ....... ok
t/21-odbc.t ......... skipped: Cannot assume that there is a ODBC data source available
defined(%hash) is deprecated at /home/graham/perls/caches/perl-5.16.3-thread/build/Bundle-PBib-2.08.01-ghtGi4/blib/lib/Biblio/bp/lib/bp-p-cs.pl line 115.
	(Maybe you should just omit the defined()?)
defined(%hash) is deprecated at /home/graham/perls/caches/perl-5.16.3-thread/build/Bundle-PBib-2.08.01-ghtGi4/blib/lib/Biblio/bp/lib/bp-p-cs.pl line 129.
	(Maybe you should just omit the defined()?)
Using bp, version 0.2.97 (19 Dec 96).
Reading: auto:auto  Writing: canon:8859-1

"\c" is more clearly written simply as "\@" at /home/graham/perls/caches/perl-5.16.3-thread/build/Bundle-PBib-2.08.01-ghtGi4/blib/lib/PBib/ReferenceConverter.pm line 453.
Using bp, version 0.2.97 (19 Dec 96).
Reading: auto:auto  Writing: canon:8859-1

Use of uninitialized value $pattern in lc at /home/graham/perls/caches/perl-5.16.3-thread/build/Bundle-PBib-2.08.01-ghtGi4/blib/lib/Biblio/File.pm line 66.
# Converting t/sample.html ...
Undefined subroutine &PBib::PBib::Store called at /home/graham/perls/caches/perl-5.16.3-thread/build/Bundle-PBib-2.08.01-ghtGi4/blib/lib/PBib/PBib.pm line 589.
# Looks like you planned 25 tests but ran 12.
# Looks like your test exited with 255 just after 12.
t/30-pbib-module.t .. 
Dubious, test returned 255 (wstat 65280, 0xff00)
Failed 13/25 subtests 
# Converting t/sample.html ...
defined(%hash) is deprecated at /home/graham/perls/caches/perl-5.16.3-thread/build/Bundle-PBib-2.08.01-ghtGi4/bin/../lib/Biblio/bp/lib/bp-p-cs.pl line 115.
	(Maybe you should just omit the defined()?)
defined(%hash) is deprecated at /home/graham/perls/caches/perl-5.16.3-thread/build/Bundle-PBib-2.08.01-ghtGi4/bin/../lib/Biblio/bp/lib/bp-p-cs.pl line 129.
	(Maybe you should just omit the defined()?)
Using bp, version 0.2.97 (19 Dec 96).
Reading: auto:auto  Writing: canon:8859-1

"\c" is more clearly written simply as "\@" at /home/graham/perls/caches/perl-5.16.3-thread/build/Bundle-PBib-2.08.01-ghtGi4/bin/../lib/PBib/ReferenceConverter.pm line 453.
PBib version 2.14.
Using bp, version 0.2.97 (19 Dec 96).
Reading: auto:auto  Writing: canon:8859-1

Use of uninitialized value $pattern in lc at /home/graham/perls/caches/perl-5.16.3-thread/build/Bundle-PBib-2.08.01-ghtGi4/bin/../lib/Biblio/File.pm line 66.
Read t/sample.bib ...
66 records read from t/sample.bib.
Undefined subroutine &PBib::PBib::Store called at /home/graham/perls/caches/perl-5.16.3-thread/build/Bundle-PBib-2.08.01-ghtGi4/bin/../lib/PBib/PBib.pm line 589.

#   Failed test 'system(/home/graham/perls/perl5.16.3-thread/bin/perl, /home/graham/perls/caches/perl-5.16.3-thread/build/Bundle-PBib-2.08.01-ghtGi4/t/../bin/pbib.pl, t/sample.html)'
#   at t/31-pbib-script.t line 73.
#          got: '65280'
#     expected: '0'
# Converting t/sample.sxw ...
defined(%hash) is deprecated at /home/graham/perls/caches/perl-5.16.3-thread/build/Bundle-PBib-2.08.01-ghtGi4/bin/../lib/Biblio/bp/lib/bp-p-cs.pl line 115.
	(Maybe you should just omit the defined()?)
defined(%hash) is deprecated at /home/graham/perls/caches/perl-5.16.3-thread/build/Bundle-PBib-2.08.01-ghtGi4/bin/../lib/Biblio/bp/lib/bp-p-cs.pl line 129.
	(Maybe you should just omit the defined()?)
Using bp, version 0.2.97 (19 Dec 96).
Reading: auto:auto  Writing: canon:8859-1

"\c" is more clearly written simply as "\@" at /home/graham/perls/caches/perl-5.16.3-thread/build/Bundle-PBib-2.08.01-ghtGi4/bin/../lib/PBib/ReferenceConverter.pm line 453.
PBib version 2.14.
Using bp, version 0.2.97 (19 Dec 96).
Reading: auto:auto  Writing: canon:8859-1

Use of uninitialized value $pattern in lc at /home/graham/perls/caches/perl-5.16.3-thread/build/Bundle-PBib-2.08.01-ghtGi4/bin/../lib/Biblio/File.pm line 66.
Read t/sample.bib ...
66 records read from t/sample.bib.
Wide character in Compress::Raw::Zlib::crc32 at /home/graham/perls/perl5.16.3-thread/lib/site_perl/5.16.3/Archive/Zip.pm line 300.

#   Failed test 'system(/home/graham/perls/perl5.16.3-thread/bin/perl, /home/graham/perls/caches/perl-5.16.3-thread/build/Bundle-PBib-2.08.01-ghtGi4/t/../bin/pbib.pl, t/sample.sxw)'
#   at t/31-pbib-script.t line 73.
#          got: '65280'
#     expected: '0'
# Converting t/sample.txt ...
defined(%hash) is deprecated at /home/graham/perls/caches/perl-5.16.3-thread/build/Bundle-PBib-2.08.01-ghtGi4/bin/../lib/Biblio/bp/lib/bp-p-cs.pl line 115.
	(Maybe you should just omit the defined()?)
defined(%hash) is deprecated at /home/graham/perls/caches/perl-5.16.3-thread/build/Bundle-PBib-2.08.01-ghtGi4/bin/../lib/Biblio/bp/lib/bp-p-cs.pl line 129.
	(Maybe you should just omit the defined()?)
Using bp, version 0.2.97 (19 Dec 96).
Reading: auto:auto  Writing: canon:8859-1

"\c" is more clearly written simply as "\@" at /home/graham/perls/caches/perl-5.16.3-thread/build/Bundle-PBib-2.08.01-ghtGi4/bin/../lib/PBib/ReferenceConverter.pm line 453.
PBib version 2.14.
Using bp, version 0.2.97 (19 Dec 96).
Reading: auto:auto  Writing: canon:8859-1

Use of uninitialized value $pattern in lc at /home/graham/perls/caches/perl-5.16.3-thread/build/Bundle-PBib-2.08.01-ghtGi4/bin/../lib/Biblio/File.pm line 66.
Read t/sample.bib ...
66 records read from t/sample.bib.
Undefined subroutine &PBib::PBib::Store called at /home/graham/perls/caches/perl-5.16.3-thread/build/Bundle-PBib-2.08.01-ghtGi4/bin/../lib/PBib/PBib.pm line 589.

#   Failed test 'system(/home/graham/perls/perl5.16.3-thread/bin/perl, /home/graham/perls/caches/perl-5.16.3-thread/build/Bundle-PBib-2.08.01-ghtGi4/t/../bin/pbib.pl, t/sample.txt)'
#   at t/31-pbib-script.t line 73.
#          got: '65280'
#     expected: '0'
# Converting t/sample.xml ...
defined(%hash) is deprecated at /home/graham/perls/caches/perl-5.16.3-thread/build/Bundle-PBib-2.08.01-ghtGi4/bin/../lib/Biblio/bp/lib/bp-p-cs.pl line 115.
	(Maybe you should just omit the defined()?)
defined(%hash) is deprecated at /home/graham/perls/caches/perl-5.16.3-thread/build/Bundle-PBib-2.08.01-ghtGi4/bin/../lib/Biblio/bp/lib/bp-p-cs.pl line 129.
	(Maybe you should just omit the defined()?)
Using bp, version 0.2.97 (19 Dec 96).
Reading: auto:auto  Writing: canon:8859-1

"\c" is more clearly written simply as "\@" at /home/graham/perls/caches/perl-5.16.3-thread/build/Bundle-PBib-2.08.01-ghtGi4/bin/../lib/PBib/ReferenceConverter.pm line 453.
PBib version 2.14.
Using bp, version 0.2.97 (19 Dec 96).
Reading: auto:auto  Writing: canon:8859-1

Use of uninitialized value $pattern in lc at /home/graham/perls/caches/perl-5.16.3-thread/build/Bundle-PBib-2.08.01-ghtGi4/bin/../lib/Biblio/File.pm line 66.
Read t/sample.bib ...
66 records read from t/sample.bib.
Undefined subroutine &PBib::PBib::Store called at /home/graham/perls/caches/perl-5.16.3-thread/build/Bundle-PBib-2.08.01-ghtGi4/bin/../lib/PBib/PBib.pm line 589.

#   Failed test 'system(/home/graham/perls/perl5.16.3-thread/bin/perl, /home/graham/perls/caches/perl-5.16.3-thread/build/Bundle-PBib-2.08.01-ghtGi4/t/../bin/pbib.pl, t/sample.xml)'
#   at t/31-pbib-script.t line 73.
#          got: '65280'
#     expected: '0'
# Looks like you failed 4 tests of 23.
t/31-pbib-script.t .. 
Dubious, test returned 4 (wstat 1024, 0x400)
Failed 4/23 subtests 
	(less 8 skipped subtests: 11 okay)

Test Summary Report
-------------------
t/30-pbib-module.t (Wstat: 65280 Tests: 12 Failed: 0)
  Non-zero exit status: 255
  Parse errors: Bad plan.  You planned 25 tests but ran 12.
t/31-pbib-script.t (Wstat: 1024 Tests: 23 Failed: 4)
  Failed tests:  6, 14, 18, 22
  Non-zero exit status: 4
Files=6, Tests=48,  3 wallclock secs ( 0.04 usr  0.01 sys +  1.99 cusr  0.14 csys =  2.18 CPU)
Result: FAIL
Failed 2/6 test programs. 4/48 subtests failed.

------------------------------
PREREQUISITES
------------------------------

Prerequisite modules loaded:

requires:

    Module          Need   Have     
    --------------- ------ ---------
    Bundle::DBI     11.02  12.008696
    Config::General 2.18   2.52     
    Cwd             2.06   3.40     
    Data::Dumper    2.12   2.145    
    Module::Build   0.2604 0.4200   
    perl            v5.6.1 5.016003 

build_requires:

    Module          Need   Have     
    --------------- ------ ---------
    Test::More      0      1.001002 


------------------------------
ENVIRONMENT AND OTHER CONTEXT
------------------------------

Environment variables:

    AUTOMATED_TESTING = 1
    LANG = en_GB.UTF-8
    LC_ADDRESS = en_GB.UTF-8
    LC_COLLATE = en_GB.UTF-8
    LC_CTYPE = en_GB.UTF-8
    LC_IDENTIFICATION = en_GB.UTF-8
    LC_MEASUREMENT = en_GB.UTF-8
    LC_MESSAGES = en_GB.UTF-8
    LC_MONETARY = en_GB.UTF-8
    LC_NAME = en_GB.UTF-8
    LC_NUMERIC = en_GB.UTF-8
    LC_PAPER = en_GB.UTF-8
    LC_TELEPHONE = en_GB.UTF-8
    LC_TIME = en_GB.UTF-8
    PATH = /home/graham/perls/perl5.16.3-thread/bin:/home/graham/perls/perl5.16.3-thread/bin:/usr/local/sbin:/usr/local/bin:/usr/bin:/usr/bin/core_perl
    PERL5LIB = 
    PERL5OPT = 
    PERL5_CPANPLUS_IS_RUNNING = 13947
    PERL5_CPAN_IS_RUNNING = 13947
    PERL5_CPAN_IS_RUNNING_IN_RECURSION = 7910,13947
    PERL_CR_SMOKER_CURRENT = Bundle-PBib-2.08.01
    PERL_EXTUTILS_AUTOINSTALL = --defaultdeps
    PERL_MM_USE_DEFAULT = 1
    SHELL = /bin/bash
    TERM = xterm

Perl special variables (and OS-specific diagnostics, for MSWin32):

    $^X = /home/graham/perls/perl5.16.3-thread/bin/perl
    $UID/$EUID = 1000 / 1000
    $GID = 100 10 100
    $EGID = 100 10 100

Perl module toolchain versions installed:

    Module              Have    
    ------------------- --------
    CPAN                1.9402  
    CPAN::Meta          2.132830
    Cwd                 3.40    
    ExtUtils::CBuilder  0.280212
    ExtUtils::Command   1.18    
    ExtUtils::Install   1.58    
    ExtUtils::MakeMaker 6.83_02 
    ExtUtils::Manifest  1.63    
    ExtUtils::ParseXS   3.22    
    File::Spec          3.40    
    JSON                2.90    
    JSON::PP            2.27203 
    Module::Build       0.4200  
    Module::Signature   n/a     
    Parse::CPAN::Meta   1.4409  
    Test::Harness       3.30    
    Test::More          1.001002
    YAML                0.84    
    YAML::Syck          1.27    
    version             0.9904  


--

Summary of my perl5 (revision 5 version 16 subversion 3) configuration:
   
  Platform:
    osname=linux, osvers=3.11.6-1-arch, archname=x86_64-linux-thread-multi
    uname='linux arch002 3.11.6-1-arch #1 smp preempt fri oct 18 23:22:36 cest 2013 x86_64 gnulinux '
    config_args=''
    hint=recommended, useposix=true, d_sigaction=define
    useithreads=define, usemultiplicity=define
    useperlio=define, d_sfio=undef, uselargefiles=define, usesocks=undef
    use64bitint=define, use64bitall=define, uselongdouble=undef
    usemymalloc=n, bincompat5005=undef
  Compiler:
    cc='cc', ccflags ='-D_REENTRANT -D_GNU_SOURCE -fno-strict-aliasing -pipe -fstack-protector -I/usr/local/include -D_LARGEFILE_SOURCE -D_FILE_OFFSET_BITS=64',
    optimize='-O2',
    cppflags='-D_REENTRANT -D_GNU_SOURCE -fno-strict-aliasing -pipe -fstack-protector -I/usr/local/include'
    ccversion='', gccversion='4.8.2', gccosandvers=''
    intsize=4, longsize=8, ptrsize=8, doublesize=8, byteorder=12345678
    d_longlong=define, longlongsize=8, d_longdbl=define, longdblsize=16
    ivtype='long', ivsize=8, nvtype='double', nvsize=8, Off_t='off_t', lseeksize=8
    alignbytes=8, prototype=define
  Linker and Libraries:
    ld='cc', ldflags =' -fstack-protector -L/usr/local/lib'
    libpth=/usr/local/lib /lib/../lib /usr/lib/../lib /lib /usr/lib /lib64 /usr/lib64
    libs=-lnsl -lgdbm -ldb -ldl -lm -lcrypt -lutil -lpthread -lc -lgdbm_compat
    perllibs=-lnsl -ldl -lm -lcrypt -lutil -lpthread -lc
    libc=/lib/libc-2.18.so, so=so, useshrplib=false, libperl=libperl.a
    gnulibc_version='2.18'
  Dynamic Linking:
    dlsrc=dl_dlopen.xs, dlext=so, d_dlsymun=undef, ccdlflags='-Wl,-E'
    cccdlflags='-fPIC', lddlflags='-shared -O2 -L/usr/local/lib -fstack-protector'


Characteristics of this binary (from libperl): 
  Compile-time options: HAS_TIMES MULTIPLICITY PERLIO_LAYERS
                        PERL_DONT_CREATE_GVSV PERL_IMPLICIT_CONTEXT
                        PERL_MALLOC_WRAP PERL_PRESERVE_IVUV USE_64_BIT_ALL
                        USE_64_BIT_INT USE_ITHREADS USE_LARGE_FILES
                        USE_LOCALE USE_LOCALE_COLLATE USE_LOCALE_CTYPE
                        USE_LOCALE_NUMERIC USE_PERLIO USE_PERL_ATOF
                        USE_REENTRANT_API
  Built under linux
  Compiled at Nov  3 2013 12:08:50
  %ENV:
    PERL5LIB=""
    PERL5OPT=""
    PERL5_CPANPLUS_IS_RUNNING="13947"
    PERL5_CPAN_IS_RUNNING="13947"
    PERL5_CPAN_IS_RUNNING_IN_RECURSION="7910,13947"
    PERL_CR_SMOKER_CURRENT="Bundle-PBib-2.08.01"
    PERL_EXTUTILS_AUTOINSTALL="--defaultdeps"
    PERL_MM_USE_DEFAULT="1"
  @INC:
    /home/graham/perls/perl5.16.3-thread/lib/site_perl/5.16.3/x86_64-linux-thread-multi
    /home/graham/perls/perl5.16.3-thread/lib/site_perl/5.16.3
    /home/graham/perls/perl5.16.3-thread/lib/5.16.3/x86_64-linux-thread-multi
    /home/graham/perls/perl5.16.3-thread/lib/5.16.3
    .