Report for MooseX-WithCache-0.01002

Back
From: metabase:user:320bfe00-2aae-11df-837a-5e0a49663a4f
Subject: FAIL MooseX-WithCache-0.01002 v5.13.8 GNU/Linux
Date: 2010-12-23T14:15:44Z

This distribution has been tested as part of the CPAN Testers
project, supporting the Perl programming language.  See
http://wiki.cpantesters.org/ for more information or email
questions to cpan-testers-discuss@perl.org


--
Dear Daisuke Maki,

This is a computer-generated report for MooseX-WithCache-0.01002
on perl 5.13.8, created by CPAN-Reporter-1.1803.

Thank you for uploading your work to CPAN.  However, there was a problem
testing your distribution.

If you think this report is invalid, please consult the CPAN Testers Wiki
for suggestions on how to avoid getting FAIL reports for missing library
or binary dependencies, unsupported operating systems, and so on:

http://wiki.cpantesters.org/wiki/CPANAuthorNotes

Sections of this report:

    * Tester comments
    * Program output
    * Prerequisites
    * Environment and other context

------------------------------
TESTER COMMENTS
------------------------------

Additional comments from tester:

none provided

------------------------------
PROGRAM OUTPUT
------------------------------

Output from '/usr/bin/make test':

make[1]: Entering directory `/home/sand/.cpan/build/MooseX-WithCache-0.01002-v4Df3F'
PERL_DL_NONLAZY=1 /home/src/perl/repoperls/installed-perls/perl/v5.13.8-30-g98df743/bin/perl "-MExtUtils::Command::MM" "-e" "test_harness(0, 'inc', 'blib/lib', 'blib/arch')" t/*.t t/*/*.t
t/00_compile.t ............... ok
Use of qw(...) as parentheses is deprecated at t/02_memcached.t line 25.
# found Cache::Memcached...
# found Cache::Memcached::Fast...
Use of qw(...) as parentheses is deprecated at t/02_memcached.t line 49.
# testig with Cache::Memcached...
Use of qw(...) as parentheses is deprecated at /home/sand/.cpan/build/MooseX-WithCache-0.01002-v4Df3F/blib/lib/MooseX/WithCache/Backend/Cache/Memcached.pm line 8.
# Specifying with memcached object...
# Specifying with hashref ...
# testig with Cache::Memcached::Fast...
# Specifying with memcached object...
# Specifying with hashref ...
t/02_memcached.t ............. ok
t/03_chi.t ................... skipped: CHI not available
t/04_fastmmap.t .............. ok
t/deprecated/00_compile.t .... ok
Use of qw(...) as parentheses is deprecated at t/deprecated/02_memcached.t line 20.
# found Cache::Memcached...
# found Cache::Memcached::Fast...
# testig with Cache::Memcached...

#   Failed test 'Correct deprecation warning'
#   at t/deprecated/02_memcached.t line 46.
#                   'Use of qw(...) as parentheses is deprecated at /home/sand/.cpan/build/MooseX-WithCache-0.01002-v4Df3F/blib/lib/MooseX/WithCache/Backend/Cache/Memcached.pm line 8.
# '
#     doesn't match '(?^:^use of with_cache for MooseX::WithCache is now deprecated\. Use parameterized roles directly)'
# testig with Cache::Memcached::Fast...
# Looks like you planned 56 tests but ran 57.
# Looks like you failed 1 test of 57 run.
t/deprecated/02_memcached.t .. 
Dubious, test returned 1 (wstat 256, 0x100)
Failed 1/56 subtests 
t/deprecated/03_chi.t ........ skipped: CHI not available
t/deprecated/04_fastmmap.t ... ok

Test Summary Report
-------------------
t/deprecated/02_memcached.t (Wstat: 256 Tests: 57 Failed: 2)
  Failed tests:  2, 57
  Non-zero exit status: 1
  Parse errors: Bad plan.  You planned 56 tests but ran 57.
Files=8, Tests=208,  3 wallclock secs ( 0.07 usr  0.02 sys +  2.12 cusr  0.22 csys =  2.43 CPU)
Result: FAIL
Failed 1/8 test programs. 2/208 subtests failed.
make[1]: *** [test_dynamic] Error 255
make[1]: Leaving directory `/home/sand/.cpan/build/MooseX-WithCache-0.01002-v4Df3F'

------------------------------
PREREQUISITES
------------------------------

Prerequisite modules loaded:

requires:

    Module                      Need  Have    
    --------------------------- ----- --------
    Cache::Memcached            0     1.29    
    Data::Dumper                0     2.130_02
    Digest::MD5                 0     2.51    
    Moose                       0.59  1.21    
    MooseX::Role::Parameterized 0     0.22    
    perl                        5.008 5.013008

build_requires:

    Module                      Need  Have    
    --------------------------- ----- --------
    ExtUtils::MakeMaker         6.42  6.57_05 
    IO::Socket::INET            0     1.31    
    Test::Exception             0     0.31    
    Test::More                  0     0.97_01 

configure_requires:

    Module                      Need  Have    
    --------------------------- ----- --------
    ExtUtils::MakeMaker         6.42  6.57_05 


------------------------------
ENVIRONMENT AND OTHER CONTEXT
------------------------------

Environment variables:

    LANG = en_US.UTF-8
    PATH = /home/sand/bin:/usr/local/bin:/usr/bin:/bin:/usr/bin/X11:/usr/games:/usr/local/perl/bin:/usr/X11/bin:/sbin:/usr/sbin
    PERL5LIB = /home/sand/.cpan/build/ProjectBuilder-0.9.10-rZn7fS/blib/arch:/home/sand/.cpan/build/ProjectBuilder-0.9.10-rZn7fS/blib/lib
    PERL5OPT = 
    PERL5_CPANPLUS_IS_RUNNING = 23463
    PERL5_CPAN_IS_RUNNING = 23463
    SHELL = /usr/bin/zsh
    TERM = screen

Perl special variables (and OS-specific diagnostics, for MSWin32):

    $^X = /home/src/perl/repoperls/installed-perls/perl/v5.13.8-30-g98df743/bin/perl
    $UID/$EUID = 1001 / 1001
    $GID = 1001 1001
    $EGID = 1001 1001

Perl module toolchain versions installed:

    Module              Have    
    ------------------- --------
    CPAN                1.94_62 
    Cwd                 3.35    
    ExtUtils::CBuilder  0.280201
    ExtUtils::Command   1.16    
    ExtUtils::Install   1.55    
    ExtUtils::MakeMaker 6.57_05 
    ExtUtils::Manifest  1.58    
    ExtUtils::ParseXS   2.2208  
    File::Spec          3.33    
    Module::Build       0.3607  
    Module::Signature   0.66    
    Test::Harness       3.22    
    Test::More          0.97_01 
    YAML                0.72    
    YAML::Syck          1.17    
    version             0.88    


--

Summary of my perl5 (revision 5 version 13 subversion 8) configuration:
  Commit id: 98df743aa286b8ac6160b72feb1c2fadf7320d98
  Platform:
    osname=linux, osvers=2.6.32-5-xen-amd64, archname=x86_64-linux
    uname='linux k81 2.6.32-5-xen-amd64 #1 smp thu nov 25 20:08:32 utc 2010 x86_64 gnulinux '
    config_args='-Dprefix=/home/src/perl/repoperls/installed-perls/perl/v5.13.8-30-g98df743 -Dinstallusrbinperl=n -Uversiononly -Dusedevel -des -Ui_db -Uuseithreads -Uuselongdouble'
    hint=recommended, useposix=true, d_sigaction=define
    useithreads=undef, usemultiplicity=undef
    useperlio=define, d_sfio=undef, uselargefiles=define, usesocks=undef
    use64bitint=define, use64bitall=define, uselongdouble=undef
    usemymalloc=n, bincompat5005=undef
  Compiler:
    cc='cc', ccflags ='-fno-strict-aliasing -pipe -fstack-protector -I/usr/local/include -D_LARGEFILE_SOURCE -D_FILE_OFFSET_BITS=64',
    optimize='-O2',
    cppflags='-fno-strict-aliasing -pipe -fstack-protector -I/usr/local/include'
    ccversion='', gccversion='4.4.5', gccosandvers=''
    intsize=4, longsize=8, ptrsize=8, doublesize=8, byteorder=12345678
    d_longlong=define, longlongsize=8, d_longdbl=define, longdblsize=16
    ivtype='long', ivsize=8, nvtype='double', nvsize=8, Off_t='off_t', lseeksize=8
    alignbytes=8, prototype=define
  Linker and Libraries:
    ld='cc', ldflags =' -fstack-protector -L/usr/local/lib'
    libpth=/usr/local/lib /lib /usr/lib /lib64 /usr/lib64
    libs=-lnsl -lgdbm -ldb -ldl -lm -lcrypt -lutil -lc -lgdbm_compat
    perllibs=-lnsl -ldl -lm -lcrypt -lutil -lc
    libc=/lib/libc-2.11.2.so, so=so, useshrplib=false, libperl=libperl.a
    gnulibc_version='2.11.2'
  Dynamic Linking:
    dlsrc=dl_dlopen.xs, dlext=so, d_dlsymun=undef, ccdlflags='-Wl,-E'
    cccdlflags='-fPIC', lddlflags='-shared -O2 -L/usr/local/lib -fstack-protector'


Characteristics of this binary (from libperl): 
  Compile-time options: PERL_DONT_CREATE_GVSV PERL_MALLOC_WRAP PERL_USE_DEVEL
                        USE_64_BIT_ALL USE_64_BIT_INT USE_LARGE_FILES
                        USE_PERLIO USE_PERL_ATOF
  Built under linux
  Compiled at Dec 23 2010 04:29:11
  %ENV:
    PERL5LIB="/home/sand/.cpan/build/ProjectBuilder-0.9.10-rZn7fS/blib/arch:/home/sand/.cpan/build/ProjectBuilder-0.9.10-rZn7fS/blib/lib"
    PERL5OPT=""
    PERL5_CPANPLUS_IS_RUNNING="23463"
    PERL5_CPAN_IS_RUNNING="23463"
  @INC:
    /home/sand/.cpan/build/ProjectBuilder-0.9.10-rZn7fS/blib/arch
    /home/sand/.cpan/build/ProjectBuilder-0.9.10-rZn7fS/blib/lib
    /home/src/perl/repoperls/installed-perls/perl/v5.13.8-30-g98df743/lib/site_perl/5.13.8/x86_64-linux
    /home/src/perl/repoperls/installed-perls/perl/v5.13.8-30-g98df743/lib/site_perl/5.13.8
    /home/src/perl/repoperls/installed-perls/perl/v5.13.8-30-g98df743/lib/5.13.8/x86_64-linux
    /home/src/perl/repoperls/installed-perls/perl/v5.13.8-30-g98df743/lib/5.13.8
    .