Test-Class-Moose v0.92 Perl 5 v5.16.3 armv6l-linux-thread-multi

Status
Fail
From
Nigel Horne
Dist
Test-Class-Moose v0.92
Platform
Perl 5 v5.16.3 armv6l-linux-thread-multi
Date
2018-04-02 15:33:02
ID
2189d36c-368b-11e8-91ce-d3e3deac0b3f
This distribution has been tested as part of the CPAN Testers
project, supporting the Perl programming language.  See
http://wiki.cpantesters.org/ for more information or email
questions to cpan-testers-discuss@perl.org


--
Dear Dave Rolsky,

This is a computer-generated report for Test-Class-Moose-0.92
on perl 5.16.3, created by CPAN-Reporter-1.2018.

Thank you for uploading your work to CPAN.  However, there was a problem
testing your distribution.

If you think this report is invalid, please consult the CPAN Testers Wiki
for suggestions on how to avoid getting FAIL reports for missing library
or binary dependencies, unsupported operating systems, and so on:

http://wiki.cpantesters.org/wiki/CPANAuthorNotes

Sections of this report:

    * Tester comments
    * Program output
    * Prerequisites
    * Environment and other context

------------------------------
TESTER COMMENTS
------------------------------

Additional comments from tester:

none provided

------------------------------
PROGRAM OUTPUT
------------------------------

Output from '/usr/bin/make test':

PERL_DL_NONLAZY=1 "/mnt/nas/home/pi2/njh/perl5/perlbrew/perls/perl-5.16.3/bin/perl" "-MExtUtils::Command::MM" "-MTest::Harness" "-e" "undef *Test::Harness::Switches; test_harness(0, 'blib/lib', 'blib/arch')" t/*.t
# 
# Versions for all modules listed in MYMETA.json (including optional ones):
# 
# === Configure Requires ===
# 
#     Module              Want Have
#     ------------------- ---- ----
#     ExtUtils::MakeMaker  any 7.30
# 
# === Build Requires ===
# 
#     Module              Want Have
#     ------------------- ---- ----
#     ExtUtils::MakeMaker  any 7.30
# 
# === Test Requires ===
# 
#     Module                    Want     Have
#     --------------------- -------- --------
#     ExtUtils::MakeMaker        any     7.30
#     File::Spec                 any     3.47
#     File::Temp                 any   0.2304
#     Test2::Tools::Basic        any 0.000111
#     Test2::Tools::Class        any 0.000111
#     Test2::Tools::Compare      any 0.000111
#     Test2::Tools::Subtest      any 0.000111
#     Test2::V0                  any 0.000111
#     Test::Builder              any 1.302135
#     Test::More            1.302015 1.302135
#     Test::Requires             any     0.06
#     Test::Warnings             any    0.026
#     lib                        any     0.63
# 
# === Test Recommends ===
# 
#     Module           Want     Have
#     ------------ -------- --------
#     CPAN::Meta   2.120900 2.150005
#     Test::Output   0.0005    1.031
# 
# === Runtime Requires ===
# 
#     Module                            Want     Have
#     ---------------------------- --------- --------
#     Benchmark                          any     1.13
#     Carp                               any     1.26
#     Class::MOP                         any   2.1005
#     Exporter                           any     5.68
#     File::Find                         any     1.20
#     File::Spec                         any     3.47
#     Import::Into                       any 1.002000
#     JSON                               any     2.90
#     List::SomeUtils                    any     0.56
#     List::Util                         any     1.47
#     Module::Runtime                    any    0.013
#     Module::Util                       any     1.09
#     Moose                           2.0000   2.1005
#     Moose::Role                     2.0000   2.1005
#     Moose::Util                        any   2.1005
#     Moose::Util::TypeConstraints       any   2.1005
#     MooseX::Getopt                    0.71     0.71
#     MooseX::Getopt::Dashes             any     0.71
#     Package::DeprecationManager       0.16     0.17
#     Parallel::ForkManager              any     1.19
#     Scalar::Util                       any     1.47
#     Sub::Attribute                     any     0.06
#     TAP::Formatter::Color             3.29     3.39
#     Test2                        1.1302118 1.302135
#     Test2::API                         any 1.302135
#     Test2::AsyncSubtest           0.000018 0.000111
#     Test2::IPC                         any 1.302135
#     Test2::Tools::AsyncSubtest         any 0.000111
#     Test::Most                         any     0.35
#     Try::Tiny                          any     0.12
#     namespace::autoclean               any     0.28
#     strict                             any     1.07
#     warnings                           any     1.13
# 
# === Runtime Recommends ===
# 
#     Module                  Want Have
#     --------------------- ------ ----
#     Parallel::ForkManager v0.7.6 1.19
# 
t/00-report-prereqs.t .......... ok
t/bare.t ....................... ok
t/autouse.t .................... ok
t/environment.t ................ ok
t/basic.t ...................... ok
t/executor_roles.t ............. ok
t/cli.t ........................ ok
t/load.t ....................... ok
t/include_classes.t ............ ok
t/include_exclude.t ............ ok
t/no_tests_run.t ............... ok
t/non_randomize_classes.t ...... ok
......................XX..t/plans.t ...................... ok
t/process_name.t ............... ok
t/parameterized.t .............. ok
You can only consume roles, TestsFor::Basic::Role is not a Moose role at /home/njh/perl5/perlbrew/perls/perl-5.16.3/lib/site_perl/5.16.3/armv6l-linux-thread-multi/Moose/Util.pm line 138.
	Moose::Util::_apply_all_roles('Moose::Meta::Class=HASH(0x1ffcf60)', undef, 'TestsFor::Basic::Role') called at /home/njh/perl5/perlbrew/perls/perl-5.16.3/lib/site_perl/5.16.3/armv6l-linux-thread-multi/Moose/Util.pm line 99
	Moose::Util::apply_all_roles('Moose::Meta::Class=HASH(0x1ffcf60)', 'TestsFor::Basic::Role') called at /home/njh/perl5/perlbrew/perls/perl-5.16.3/lib/site_perl/5.16.3/armv6l-linux-thread-multi/Moose.pm line 66
	Moose::with('Moose::Meta::Class=HASH(0x1ffcf60)', 'TestsFor::Basic::Role') called at /home/njh/perl5/perlbrew/perls/perl-5.16.3/lib/site_perl/5.16.3/armv6l-linux-thread-multi/Moose/Exporter.pm line 409
	Moose::with('TestsFor::Basic::Role') called at t/taglib/TestsFor/Basic/WithRole.pm line 4
	require TestsFor/Basic/WithRole.pm called at (eval 380) line 2
	Test::Class::Moose::Load::BEGIN() called at t/taglib/TestsFor/Basic/WithRole.pm line 0
	eval {...} called at t/taglib/TestsFor/Basic/WithRole.pm line 0
	eval 'use TestsFor::Basic::WithRole ()
;' called at lib/Test/Class/Moose/Load.pm line 54
	Test::Class::Moose::Load::_load('Test::Class::Moose::Load', 't/taglib/TestsFor/Basic/WithRole.pm', 't/taglib') called at lib/Test/Class/Moose/Load.pm line 68
	Test::Class::Moose::Load::__ANON__() called at /home/njh/perl5/perlbrew/perls/perl-5.16.3/lib/5.16.3/File/Find.pm line 749
	File::Find::_find_dir('HASH(0x1cf0020)', 't/taglib', 3) called at /home/njh/perl5/perlbrew/perls/perl-5.16.3/lib/5.16.3/File/Find.pm line 569
	File::Find::_find_opt('HASH(0x1cf0020)', 't/taglib') called at /home/njh/perl5/perlbrew/perls/perl-5.16.3/lib/5.16.3/File/Find.pm line 1070
	File::Find::find('HASH(0x1cf0020)', 't/taglib') called at lib/Test/Class/Moose/Load.pm line 73
	Test::Class::Moose::Load::import('Test::Class::Moose::Load', 't/taglib') called at t/tags.t line 8
	main::BEGIN() called at t/taglib/TestsFor/Basic/WithRole.pm line 0
	eval {...} called at t/taglib/TestsFor/Basic/WithRole.pm line 0
Compilation failed in require at (eval 380) line 2.
BEGIN failed--compilation aborted at (eval 380) line 2.
BEGIN failed--compilation aborted at t/tags.t line 8.
# Seeded srand with seed '20180402' from local date.
t/tags.t ....................... 
Dubious, test returned 255 (wstat 65280, 0xff00)
No subtests run 
t/reportpassed.t ............... ok
t/skip.t ....................... ok
t/test_class_is_not_loaded.t ... ok
t/parallel.t ................... ok
t/test_control_methods.t ....... ok
t/test_control_methods_skip.t .. ok
t/timing.t ..................... ok
t/todo.t ....................... ok

Test Summary Report
-------------------
t/tags.t                     (Wstat: 65280 Tests: 0 Failed: 0)
  Non-zero exit status: 255
  Parse errors: No plan found in TAP output
Files=24, Tests=203, 48 wallclock secs ( 3.14 usr  0.65 sys + 135.80 cusr 15.40 csys = 154.99 CPU)
Result: FAIL
Failed 1/24 test programs. 0/203 subtests failed.
Makefile:1027: recipe for target 'test_dynamic' failed
make: *** [test_dynamic] Error 255

------------------------------
PREREQUISITES
------------------------------

Prerequisite modules loaded:

requires:

    Module                       Need      Have    
    ---------------------------- --------- --------
    Benchmark                    0         1.13    
    Carp                         0         1.26    
    Class::MOP                   0         2.1005  
    Exporter                     0         5.68    
    File::Find                   0         1.20    
    File::Spec                   0         3.47    
    Import::Into                 0         1.002000
    JSON                         0         2.90    
    List::SomeUtils              0         0.56    
    List::Util                   0         1.47    
    Module::Runtime              0         0.013   
    Module::Util                 0         1.09    
    Moose                        2.0000    2.1005  
    Moose::Role                  2.0000    2.1005  
    Moose::Util                  0         2.1005  
    Moose::Util::TypeConstraints 0         2.1005  
    MooseX::Getopt               0.71      0.71    
    MooseX::Getopt::Dashes       0         0.71    
    namespace::autoclean         0         0.28    
    Package::DeprecationManager  0.16      0.17    
    Parallel::ForkManager        0         1.19    
    perl                         5.010000  5.016003
    Scalar::Util                 0         1.47    
    strict                       0         1.07    
    Sub::Attribute               0         0.06    
    TAP::Formatter::Color        3.29      3.39    
    Test2                        1.1302118 1.302135
    Test2::API                   0         1.302135
    Test2::AsyncSubtest          0.000018  0.000111
    Test2::IPC                   0         1.302135
    Test2::Tools::AsyncSubtest   0         0.000111
    Test::Most                   0         0.35    
    Try::Tiny                    0         0.12    
    warnings                     0         1.13    

build_requires:

    Module                       Need      Have    
    ---------------------------- --------- --------
    ExtUtils::MakeMaker          0         7.30    
    File::Spec                   0         3.47    
    File::Temp                   0         0.2304  
    lib                          0         0.63    
    Test2::Tools::Basic          0         0.000111
    Test2::Tools::Class          0         0.000111
    Test2::Tools::Compare        0         0.000111
    Test2::Tools::Subtest        0         0.000111
    Test2::V0                    0         0.000111
    Test::Builder                0         1.302135
    Test::More                   1.302015  1.302135
    Test::Requires               0         0.06    
    Test::Warnings               0         0.026   

configure_requires:

    Module                       Need      Have    
    ---------------------------- --------- --------
    ExtUtils::MakeMaker          0         7.30    


------------------------------
ENVIRONMENT AND OTHER CONTEXT
------------------------------

Environment variables:

    HARNESS_OPTIONS = j4:c
    LANG = en_GB.UTF-8
    LD_LIBRARY_PATH = /usr/local/lib:
    PATH = /home/njh/perl5/perlbrew/bin:/home/njh/perl5/perlbrew/perls/perl-5.16.3/bin::/home/njh/bin:/usr/local/sbin:/usr/local/bin:/usr/sbin:/usr/bin:/sbin:/bin:/usr/local/games:/usr/games:/mnt/nas/export/bin
    PERL5LIB = 
    PERL5OPT = 
    PERL5_CPANPLUS_IS_RUNNING = 3021
    PERL5_CPAN_IS_RUNNING = 3021
    PERLBREW_BASHRC_VERSION = 0.80
    PERLBREW_HOME = /home/njh/.perlbrew
    PERLBREW_MANPATH = /home/njh/perl5/perlbrew/perls/perl-5.16.3/man
    PERLBREW_PATH = /home/njh/perl5/perlbrew/bin:/home/njh/perl5/perlbrew/perls/perl-5.16.3/bin
    PERLBREW_PERL = perl-5.16.3
    PERLBREW_ROOT = /home/njh/perl5/perlbrew
    PERLBREW_VERSION = 0.80
    SHELL = /bin/bash
    TERM = xterm
    TMPDIR = /home/njh/tmp

Perl special variables (and OS-specific diagnostics, for MSWin32):

    $^X = /mnt/nas/home/pi2/njh/perl5/perlbrew/perls/perl-5.16.3/bin/perl
    $UID/$EUID = 1000 / 1000
    $GID = 1000 4 20 24 25 27 29 30 44 46 60 100 101 108 997 998 999 1000
    $EGID = 1000 4 20 24 25 27 29 30 44 46 60 100 101 108 997 998 999 1000

Perl module toolchain versions installed:

    Module              Have    
    ------------------- --------
    CPAN                2.16    
    CPAN::Meta          2.150005
    Cwd                 3.47    
    ExtUtils::CBuilder  0.280216
    ExtUtils::Command   7.30    
    ExtUtils::Install   2.06    
    ExtUtils::MakeMaker 7.30    
    ExtUtils::Manifest  1.70    
    ExtUtils::ParseXS   3.18    
    File::Spec          3.47    
    JSON                2.90    
    JSON::PP            2.27400 
    Module::Build       0.4205  
    Module::Signature   n/a     
    Parse::CPAN::Meta   1.4422  
    Test::Harness       3.39    
    Test::More          1.302135
    YAML                1.24    
    YAML::Syck          1.30    
    version             0.9902  


--

Summary of my perl5 (revision 5 version 16 subversion 3) configuration:
   
  Platform:
    osname=linux, osvers=3.6.11+, archname=armv6l-linux-thread-multi
    uname='linux pi 3.6.11+ #371 preempt thu feb 7 16:31:35 gmt 2013 armv6l gnulinux '
    config_args='-de -Dprefix=/home/njh/perl5/perlbrew/perls/perl-5.16.3 -Duseithreads -Dusemultiplicity -Accflags=-Os -W -Wformat=2 -Wswitch -Wshadow -Wwrite-strings -Wuninitialized -Wall -pipe -fomit-frame-pointer -pedantic -D_FORTIFY_SOURCE=2 -Wpointer-arith -Wstrict-prototypes -fstack-protector -Wstack-protector -Wextra -Wbad-function-cast -Wcast-align -Wcast-qual -Wdisabled-optimization -Wendif-labels -Wfloat-equal -Wformat-nonliteral -Winline -Wmissing-declarations -Wmissing-prototypes -Wnested-externs -Wpointer-arith -Wundef -Wformat-security -march=armv6zk -mcpu=arm1176jzf-s -mtune=arm1176jzf-s -mfpu=vfp -mfloat-abi=hard -Aeval:scriptdir=/home/njh/perl5/perlbrew/perls/perl-5.16.3/bin'
    hint=recommended, useposix=true, d_sigaction=define
    useithreads=define, usemultiplicity=define
    useperlio=define, d_sfio=undef, uselargefiles=define, usesocks=undef
    use64bitint=undef, use64bitall=undef, uselongdouble=undef
    usemymalloc=n, bincompat5005=undef
  Compiler:
    cc='cc', ccflags ='-D_REENTRANT -D_GNU_SOURCE -Os -W -Wformat=2 -Wswitch -Wshadow -Wwrite-strings -Wuninitialized -Wall -pipe -fomit-frame-pointer -pedantic -D_FORTIFY_SOURCE=2 -Wpointer-arith -Wstrict-prototypes -fstack-protector -Wstack-protector -Wextra -Wbad-function-cast -Wcast-align -Wcast-qual -Wdisabled-optimization -Wendif-labels -Wfloat-equal -Wformat-nonliteral -Winline -Wmissing-declarations -Wmissing-prototypes -Wnested-externs -Wpointer-arith -Wundef -Wformat-security -march=armv6zk -mcpu=arm1176jzf-s -mtune=arm1176jzf-s -mfpu=vfp -mfloat-abi=hard -fno-strict-aliasing -I/usr/local/include -D_LARGEFILE_SOURCE -D_FILE_OFFSET_BITS=64',
    optimize='-O2',
    cppflags='-D_REENTRANT -D_GNU_SOURCE -Os -W -Wformat=2 -Wswitch -Wshadow -Wwrite-strings -Wuninitialized -Wall -pipe -fomit-frame-pointer -pedantic -D_FORTIFY_SOURCE=2 -Wpointer-arith -Wstrict-prototypes -fstack-protector -Wstack-protector -Wextra -Wbad-function-cast -Wcast-align -Wcast-qual -Wdisabled-optimization -Wendif-labels -Wfloat-equal -Wformat-nonliteral -Winline -Wmissing-declarations -Wmissing-prototypes -Wnested-externs -Wpointer-arith -Wundef -Wformat-security -march=armv6zk -mcpu=arm1176jzf-s -mtune=arm1176jzf-s -mfpu=vfp -mfloat-abi=hard -fno-strict-aliasing -I/usr/local/include'
    ccversion='', gccversion='4.6.3', gccosandvers=''
    intsize=4, longsize=4, ptrsize=4, doublesize=8, byteorder=1234
    d_longlong=define, longlongsize=8, d_longdbl=define, longdblsize=8
    ivtype='long', ivsize=4, nvtype='double', nvsize=8, Off_t='off_t', lseeksize=8
    alignbytes=8, prototype=define
  Linker and Libraries:
    ld='cc', ldflags =' -fstack-protector -L/usr/local/lib'
    libpth=/usr/local/lib /lib/arm-linux-gnueabihf /lib /usr/lib/arm-linux-gnueabihf /usr/lib
    libs=-lnsl -lgdbm -ldb -ldl -lm -lcrypt -lutil -lpthread -lc -lgdbm_compat
    perllibs=-lnsl -ldl -lm -lcrypt -lutil -lpthread -lc
    libc=, so=so, useshrplib=false, libperl=libperl.a
    gnulibc_version='2.13'
  Dynamic Linking:
    dlsrc=dl_dlopen.xs, dlext=so, d_dlsymun=undef, ccdlflags='-Wl,-E'
    cccdlflags='-fPIC', lddlflags='-shared -O2 -L/usr/local/lib -fstack-protector'


Characteristics of this binary (from libperl): 
  Compile-time options: HAS_TIMES MULTIPLICITY PERLIO_LAYERS
                        PERL_DONT_CREATE_GVSV PERL_IMPLICIT_CONTEXT
                        PERL_MALLOC_WRAP PERL_PRESERVE_IVUV USE_ITHREADS
                        USE_LARGE_FILES USE_LOCALE USE_LOCALE_COLLATE
                        USE_LOCALE_CTYPE USE_LOCALE_NUMERIC USE_PERLIO
                        USE_PERL_ATOF USE_REENTRANT_API
  Built under linux
  Compiled at Mar 22 2013 09:22:45
  %ENV:
    PERL5LIB=""
    PERL5OPT=""
    PERL5_CPANPLUS_IS_RUNNING="3021"
    PERL5_CPAN_IS_RUNNING="3021"
    PERLBREW_BASHRC_VERSION="0.80"
    PERLBREW_HOME="/home/njh/.perlbrew"
    PERLBREW_MANPATH="/home/njh/perl5/perlbrew/perls/perl-5.16.3/man"
    PERLBREW_PATH="/home/njh/perl5/perlbrew/bin:/home/njh/perl5/perlbrew/perls/perl-5.16.3/bin"
    PERLBREW_PERL="perl-5.16.3"
    PERLBREW_ROOT="/home/njh/perl5/perlbrew"
    PERLBREW_VERSION="0.80"
  @INC:
    /home/njh/perl5/perlbrew/perls/perl-5.16.3/lib/site_perl/5.16.3/armv6l-linux-thread-multi
    /home/njh/perl5/perlbrew/perls/perl-5.16.3/lib/site_perl/5.16.3
    /home/njh/perl5/perlbrew/perls/perl-5.16.3/lib/5.16.3/armv6l-linux-thread-multi
    /home/njh/perl5/perlbrew/perls/perl-5.16.3/lib/5.16.3
    .