PayProp-API-Public-Client v0.04 Perl 5 v5.24.0 x86_64-linux

Status
Fail
From
Slaven Rezić
Dist
PayProp-API-Public-Client v0.04
Platform
Perl 5 v5.24.0 x86_64-linux
Date
2023-12-09 07:46:57
ID
214a37e2-9667-11ee-a88c-3afe6d8775ea
This distribution has been tested as part of the CPAN Testers
project, supporting the Perl programming language.  See
http://wiki.cpantesters.org/ for more information or email
questions to cpan-testers-discuss@perl.org


--
Dear Yanga Kandeni,

This is a computer-generated report for PayProp-API-Public-Client-0.04
on perl 5.24.0, created by CPAN-Reporter-1.2018.

Thank you for uploading your work to CPAN.  However, there was a problem
testing your distribution.

If you think this report is invalid, please consult the CPAN Testers Wiki
for suggestions on how to avoid getting FAIL reports for missing library
or binary dependencies, unsupported operating systems, and so on:

http://wiki.cpantesters.org/wiki/CPANAuthorNotes

Sections of this report:

    * Tester comments
    * Program output
    * Prerequisites
    * Environment and other context

------------------------------
TESTER COMMENTS
------------------------------

Additional comments from tester:

none provided

------------------------------
PROGRAM OUTPUT
------------------------------

Output from './Build test':

t/author-pod-syntax.t ............................................... skipped: these tests are for testing by the author
t/basic.t ........................................................... ok
t/payprop/api/public/client.t ....................................... ok
t/payprop/api/public/client/authorization/apikey.t .................. ok

#   Failed test 'use Test::Authorization;'
#   at t/payprop/api/public/client/authorization/base.t line 20.
#     Tried to use 'Test::Authorization'.
#     Error:  Can't locate Test/Authorization.pm in @INC (you may need to install the Test::Authorization module) (@INC contains: /home/cpansand/.cpan/build/2023120709/PayProp-API-Public-Client-0.04-2/blib/arch /home/cpansand/.cpan/build/2023120709/PayProp-API-Public-Client-0.04-2/blib/lib /home/cpansand/.cpan/build/2023120709/Mojolicious-9.35-2/blib/arch /home/cpansand/.cpan/build/2023120709/Mojolicious-9.35-2/blib/lib /opt/perl-5.24.0/lib/site_perl/5.24.0/x86_64-linux /opt/perl-5.24.0/lib/site_perl/5.24.0 /opt/perl-5.24.0/lib/5.24.0/x86_64-linux /opt/perl-5.24.0/lib/5.24.0 .) at t/payprop/api/public/client/authorization/base.t line 20.
# BEGIN failed--compilation aborted at t/payprop/api/public/client/authorization/base.t line 20.
# Looks like you failed 1 test of 4.
t/payprop/api/public/client/authorization/base.t .................... 
Dubious, test returned 1 (wstat 256, 0x100)
Failed 1/4 subtests 
[2023-12-07 09:30:52.93920] [14538] [info] Listening at "http://*:6487"
t/payprop/api/public/client/authorization/clientcredentials.t ....... ok
t/payprop/api/public/client/authorization/storage/local.t ........... ok
Unhandled rejected promise: ping failed at t/payprop/api/public/client/authorization/storage/memcached.t line 68.
t/payprop/api/public/client/authorization/storage/memcached.t ....... ok
t/payprop/api/public/client/error/authorization.t ................... ok
t/payprop/api/public/client/error/response.t ........................ ok
t/payprop/api/public/client/exception/authorization.t ............... ok
t/payprop/api/public/client/exception/base.t ........................ ok
t/payprop/api/public/client/exception/connection.t .................. ok
t/payprop/api/public/client/exception/response.t .................... ok
t/payprop/api/public/client/exception/storage.t ..................... ok
t/payprop/api/public/client/request/entity.t ........................ ok
[2023-12-07 09:30:54.67041] [14550] [info] Listening at "http://*:6499"
Unhandled rejected promise: Can't locate object method "rethrow" via package "Attribute (has_invoice_period) does not pass the type constraint because: Validation failed for 'Bool' with value JSON::PP::Boolean=SCALAR(0xecc428) at /opt/perl-5.24.0/lib/site_perl/5.24.0/x86_64-linux/Mouse/Util.pm line 386.
	Mouse::Util::throw_error(Mouse::Meta::Attribute=HASH(0x2b94c98), "Attribute (has_invoice_period) does not pass the type constra"..., "data", JSON::PP::Boolean=SCALAR(0xecc428), "depth", -1) called at /home/cpansand/.cpan/build/2023120709/PayProp-API-Public-Client-0.04-2/blib/lib/PayProp/API/Public/Client/Request/Entity/Invoice.pm line 95
	PayProp::API::Public::Client::Request::Entity::Invoice::_get_invoice(PayProp::API::Public::Client::Request::Entity::Invoice=HASH(0x2bd37f8), HASH(0x29d01f0)) called at /home/cpansand/.cpan/build/2023120709/PayProp-API-Public-Client-0.04-2/blib/lib/PayProp/API/Public/Client/Request/Entity/Invoice.pm line 32
	PayProp::API::Public::Client::Request::Entity::Invoice::__ANON__(HASH(0x29d01f0)) called at /home/cpansand/.cpan/build/2023120709/PayProp-API-Public-Client-0.04-2/blib/lib/PayProp/API/Public/Client/Role/APIRequest.pm line 90
	PayProp::API::Public::Client::Role::APIRequest::__ANON__(HASH(0x29d01f0)) called at /home/cpansand/.cpan/build/2023120709/Mojolicious-9.35-2/blib/lib/Mojo/Promise.pm line 248
	eval {...} called at /home/cpansand/.cpan/build/2023120709/Mojolicious-9.35-2/blib/lib/Mojo/Promise.pm line 248
	Mojo::Promise::_then_cb(Mojo::Promise=HASH(0x2caafd8), CODE(0x30a4450), "resolve", HASH(0x29d01f0)) called at /home/cpansand/.cpan/build/2023120709/Mojolicious-9.35-2/blib/lib/Mojo/Promise.pm line 104
	Mojo::Promise::__ANON__(HASH(0x29d01f0)) called at /home/cpansand/.cpan/build/2023120709/Mojolicious-9.35-2/blib/lib/Mojo/Promise.pm line 194
	Mojo::Promise::__ANON__(Mojo::IOLoop=HASH(0x2a38e90)) called at /home/cpansand/.cpan/build/2023120709/Mojolicious-9.35-2/blib/lib/Mojo/IOLoop.pm line 72
	Mojo::IOLoop::__ANON__(Mojo::Reactor::Poll=HASH(0x23d73f0)) called at /home/cpansand/.cpan/build/2023120709/Mojolicious-9.35-2/blib/lib/Mojo/Reactor/Poll.pm line 129
	Mojo::Reactor::Poll::_next(Mojo::Reactor::Poll=HASH(0x23d73f0)) called at /home/cpansand/.cpan/build/2023120709/Mojolicious-9.35-2/blib/lib/Mojo/Reactor/Poll.pm line 141
	eval {...} called at /home/cpansand/.cpan/build/2023120709/Mojolicious-9.35-2/blib/lib/Mojo/Reactor/Poll.pm line 141
	Mojo::Reactor::Poll::_try(Mojo::Reactor::Poll=HASH(0x23d73f0), "Timer", CODE(0x2a330e0)) called at /home/cpansand/.cpan/build/2023120709/Mojolicious-9.35-2/blib/lib/Mojo/Reactor/Poll.pm line 83
	Mojo::Reactor::Poll::one_tick(Mojo::Reactor::Poll=HASH(0x23d73f0)) called at /home/cpansand/.cpan/build/2023120709/Mojolicious-9.35-2/blib/lib/Mojo/Reactor/Poll.pm line 101
	Mojo::Reactor::Poll::start(Mojo::Reactor::Poll=HASH(0x23d73f0)) called at /home/cpansand/.cpan/build/2023120709/Mojolicious-9.35-2/blib/lib/Mojo/IOLoop.pm line 134
	Mojo::IOLoop::start(Mojo::IOLoop=HASH(0x2a38e90)) called at /home/cpansand/.cpan/build/2023120709/Mojolicious-9.35-2/blib/lib/Mojo/Promise.pm line 120
	Mojo::Promise::wait(Mojo::Promise=HASH(0x30a4510)) called at t/payprop/api/public/client/request/entity/invoice.t line 51
	main::__ANON__() called at /opt/perl-5.24.0/lib/site_perl/5.24.0/Test/Builder.pm line 300
	eval {...} called at /opt/perl-5.24.0/lib/site_perl/5.24.0/Test/Builder.pm line 300
	Test::Builder::subtest(Test::Builder=HASH(0xecca58), "->list_p", CODE(0x2b648e8)) called at /opt/perl-5.24.0/lib/site_perl/5.24.0/Test/More.pm line 801
	Test::More::subtest("->list_p", CODE(0x2b648e8)) called at t/payprop/api/public/client/request/entity/invoice.t line 56
" (perhaps you forgot to load "Attribute (has_invoice_period) does not pass the type constraint because: Validation failed for 'Bool' with value JSON::PP::Boolean=SCALAR(0xecc428) at /opt/perl-5.24.0/lib/site_perl/5.24.0/x86_64-linux/Mouse/Util.pm line 386.
	Mouse::Util::throw_error(Mouse::Meta::Attribute=HASH(0x2b94c98), "Attribute (has_invoice_period) does not pass the type constra"..., "data", JSON::PP::Boolean=SCALAR(0xecc428), "depth", -1) called at /home/cpansand/.cpan/build/2023120709/PayProp-API-Public-Client-0.04-2/blib/lib/PayProp/API/Public/Client/Request/Entity/Invoice.pm line 95
	PayProp::API::Public::Client::Request::Entity::Invoice::_get_invoice(PayProp::API::Public::Client::Request::Entity::Invoice=HASH(0x2bd37f8), HASH(0x29d01f0)) called at /home/cpansand/.cpan/build/2023120709/PayProp-API-Public-Client-0.04-2/blib/lib/PayProp/API/Public/Client/Request/Entity/Invoice.pm line 32
	PayProp::API::Public::Client::Request::Entity::Invoice::__ANON__(HASH(0x29d01f0)) called at /home/cpansand/.cpan/build/2023120709/PayProp-API-Public-Client-0.04-2/blib/lib/PayProp/API/Public/Client/Role/APIRequest.pm line 90
	PayProp::API::Public::Client::Role::APIRequest::__ANON__(HASH(0x29d01f0)) called at /home/cpansand/.cpan/build/2023120709/Mojolicious-9.35-2/blib/lib/Mojo/Promise.pm line 248
	eval {...} called at /home/cpansand/.cpan/build/2023120709/Mojolicious-9.35-2/blib/lib/Mojo/Promise.pm line 248
	Mojo::Promise::_then_cb(Mojo::Promise=HASH(0x2caafd8), CODE(0x30a4450), "resolve", HASH(0x29d01f0)) called at /home/cpansand/.cpan/build/2023120709/Mojolicious-9.35-2/blib/lib/Mojo/Promise.pm line 104
	Mojo::Promise::__ANON__(HASH(0x29d01f0)) called at /home/cpansand/.cpan/build/2023120709/Mojolicious-9.35-2/blib/lib/Mojo/Promise.pm line 194
	Mojo::Promise::__ANON__(Mojo::IOLoop=HASH(0x2a38e90)) called at /home/cpansand/.cpan/build/2023120709/Mojolicious-9.35-2/blib/lib/Mojo/IOLoop.pm line 72
	Mojo::IOLoop::__ANON__(Mojo::Reactor::Poll=HASH(0x23d73f0)) called at /home/cpansand/.cpan/build/2023120709/Mojolicious-9.35-2/blib/lib/Mojo/Reactor/Poll.pm line 129
	Mojo::Reactor::Poll::_next(Mojo::Reactor::Poll=HASH(0x23d73f0)) called at /home/cpansand/.cpan/build/2023120709/Mojolicious-9.35-2/blib/lib/Mojo/Reactor/Poll.pm line 141
	eval {...} called at /home/cpansand/.cpan/build/2023120709/Mojolicious-9.35-2/blib/lib/Mojo/Reactor/Poll.pm line 141
	Mojo::Reactor::Poll::_try(Mojo::Reactor::Poll=HASH(0x23d73f0), "Timer", CODE(0x2a330e0)) called at /home/cpansand/.cpan/build/2023120709/Mojolicious-9.35-2/blib/lib/Mojo/Reactor/Poll.pm line 83
	Mojo::Reactor::Poll::one_tick(Mojo::Reactor::Poll=HASH(0x23d73f0)) called at /home/cpansand/.cpan/build/2023120709/Mojolicious-9.35-2/blib/lib/Mojo/Reactor/Poll.pm line 101
	Mojo::Reactor::Poll::start(Mojo::Reactor::Poll=HASH(0x23d73f0)) called at /home/cpansand/.cpan/build/2023120709/Mojolicious-9.35-2/blib/lib/Mojo/IOLoop.pm line 134
	Mojo::IOLoop::start(Mojo::IOLoop=HASH(0x2a38e90)) called at /home/cpansand/.cpan/build/2023120709/Mojolicious-9.35-2/blib/lib/Mojo/Promise.pm line 120
	Mojo::Promise::wait(Mojo::Promise=HASH(0x30a4510)) called at t/payprop/api/public/client/request/entity/invoice.t line 51
	main::__ANON__() called at /opt/perl-5.24.0/lib/site_perl/5.24.0/Test/Builder.pm line 300
	eval {...} called at /opt/perl-5.24.0/lib/site_perl/5.24.0/Test/Builder.pm line 300
	Test::Builder::subtest(Test::Builder=HASH(0xecca58), "->list_p", CODE(0x2b648e8)) called at /opt/perl-5.24.0/lib/site_perl/5.24.0/Test/More.pm line 801
	Test::More::subtest("->list_p", CODE(0x2b648e8)) called at t/payprop/api/public/client/request/entity/invoice.t line 56
"?) at /home/cpansand/.cpan/build/2023120709/PayProp-API-Public-Client-0.04-2/blib/lib/PayProp/API/Public/Client/Role/APIRequest.pm line 30.
 at t/payprop/api/public/client/request/entity/invoice.t line 54.
    # No tests run!

#   Failed test 'No tests run for subtest "->list_p"'
#   at t/payprop/api/public/client/request/entity/invoice.t line 56.
[2023-12-07 09:30:55.18977] [14551] [info] Listening at "http://*:6499"
Unhandled rejected promise: Can't locate object method "rethrow" via package "Attribute (has_invoice_period) does not pass the type constraint because: Validation failed for 'Bool' with value JSON::PP::Boolean=SCALAR(0xecc428) at /opt/perl-5.24.0/lib/site_perl/5.24.0/x86_64-linux/Mouse/Util.pm line 386.
	Mouse::Util::throw_error(Mouse::Meta::Attribute=HASH(0x2b94c98), "Attribute (has_invoice_period) does not pass the type constra"..., "data", JSON::PP::Boolean=SCALAR(0xecc428), "depth", -1) called at /home/cpansand/.cpan/build/2023120709/PayProp-API-Public-Client-0.04-2/blib/lib/PayProp/API/Public/Client/Request/Entity/Invoice.pm line 95
	PayProp::API::Public::Client::Request::Entity::Invoice::_get_invoice(PayProp::API::Public::Client::Request::Entity::Invoice=HASH(0x2bd37f8), HASH(0x30c2370)) called at /home/cpansand/.cpan/build/2023120709/PayProp-API-Public-Client-0.04-2/blib/lib/PayProp/API/Public/Client/Request/Entity/Invoice.pm line 47
	PayProp::API::Public::Client::Request::Entity::Invoice::__ANON__(HASH(0x30c2370)) called at /home/cpansand/.cpan/build/2023120709/PayProp-API-Public-Client-0.04-2/blib/lib/PayProp/API/Public/Client/Role/APIRequest.pm line 90
	PayProp::API::Public::Client::Role::APIRequest::__ANON__(HASH(0x30c2370)) called at /home/cpansand/.cpan/build/2023120709/Mojolicious-9.35-2/blib/lib/Mojo/Promise.pm line 248
	eval {...} called at /home/cpansand/.cpan/build/2023120709/Mojolicious-9.35-2/blib/lib/Mojo/Promise.pm line 248
	Mojo::Promise::_then_cb(Mojo::Promise=HASH(0x30a8fc0), CODE(0x30a4eb8), "resolve", HASH(0x30c2370)) called at /home/cpansand/.cpan/build/2023120709/Mojolicious-9.35-2/blib/lib/Mojo/Promise.pm line 104
	Mojo::Promise::__ANON__(HASH(0x30c2370)) called at /home/cpansand/.cpan/build/2023120709/Mojolicious-9.35-2/blib/lib/Mojo/Promise.pm line 194
	Mojo::Promise::__ANON__(Mojo::IOLoop=HASH(0x2a38e90)) called at /home/cpansand/.cpan/build/2023120709/Mojolicious-9.35-2/blib/lib/Mojo/IOLoop.pm line 72
	Mojo::IOLoop::__ANON__(Mojo::Reactor::Poll=HASH(0x23d73f0)) called at /home/cpansand/.cpan/build/2023120709/Mojolicious-9.35-2/blib/lib/Mojo/Reactor/Poll.pm line 129
	Mojo::Reactor::Poll::_next(Mojo::Reactor::Poll=HASH(0x23d73f0)) called at /home/cpansand/.cpan/build/2023120709/Mojolicious-9.35-2/blib/lib/Mojo/Reactor/Poll.pm line 141
	eval {...} called at /home/cpansand/.cpan/build/2023120709/Mojolicious-9.35-2/blib/lib/Mojo/Reactor/Poll.pm line 141
	Mojo::Reactor::Poll::_try(Mojo::Reactor::Poll=HASH(0x23d73f0), "Timer", CODE(0x2a330e0)) called at /home/cpansand/.cpan/build/2023120709/Mojolicious-9.35-2/blib/lib/Mojo/Reactor/Poll.pm line 83
	Mojo::Reactor::Poll::one_tick(Mojo::Reactor::Poll=HASH(0x23d73f0)) called at /home/cpansand/.cpan/build/2023120709/Mojolicious-9.35-2/blib/lib/Mojo/Reactor/Poll.pm line 101
	Mojo::Reactor::Poll::start(Mojo::Reactor::Poll=HASH(0x23d73f0)) called at /home/cpansand/.cpan/build/2023120709/Mojolicious-9.35-2/blib/lib/Mojo/IOLoop.pm line 134
	Mojo::IOLoop::start(Mojo::IOLoop=HASH(0x2a38e90)) called at /home/cpansand/.cpan/build/2023120709/Mojolicious-9.35-2/blib/lib/Mojo/Promise.pm line 120
	Mojo::Promise::wait(Mojo::Promise=HASH(0x30a48d0)) called at t/payprop/api/public/client/request/entity/invoice.t line 80
	main::__ANON__() called at /opt/perl-5.24.0/lib/site_perl/5.24.0/Test/Builder.pm line 300
	eval {...} called at /opt/perl-5.24.0/lib/site_perl/5.24.0/Test/Builder.pm line 300
	Test::Builder::subtest(Test::Builder=HASH(0xecca58), "->create_p", CODE(0x2b648e8)) called at /opt/perl-5.24.0/lib/site_perl/5.24.0/Test/More.pm line 801
	Test::More::subtest("->create_p", CODE(0x2b648e8)) called at t/payprop/api/public/client/request/entity/invoice.t line 85
" (perhaps you forgot to load "Attribute (has_invoice_period) does not pass the type constraint because: Validation failed for 'Bool' with value JSON::PP::Boolean=SCALAR(0xecc428) at /opt/perl-5.24.0/lib/site_perl/5.24.0/x86_64-linux/Mouse/Util.pm line 386.
	Mouse::Util::throw_error(Mouse::Meta::Attribute=HASH(0x2b94c98), "Attribute (has_invoice_period) does not pass the type constra"..., "data", JSON::PP::Boolean=SCALAR(0xecc428), "depth", -1) called at /home/cpansand/.cpan/build/2023120709/PayProp-API-Public-Client-0.04-2/blib/lib/PayProp/API/Public/Client/Request/Entity/Invoice.pm line 95
	PayProp::API::Public::Client::Request::Entity::Invoice::_get_invoice(PayProp::API::Public::Client::Request::Entity::Invoice=HASH(0x2bd37f8), HASH(0x30c2370)) called at /home/cpansand/.cpan/build/2023120709/PayProp-API-Public-Client-0.04-2/blib/lib/PayProp/API/Public/Client/Request/Entity/Invoice.pm line 47
	PayProp::API::Public::Client::Request::Entity::Invoice::__ANON__(HASH(0x30c2370)) called at /home/cpansand/.cpan/build/2023120709/PayProp-API-Public-Client-0.04-2/blib/lib/PayProp/API/Public/Client/Role/APIRequest.pm line 90
	PayProp::API::Public::Client::Role::APIRequest::__ANON__(HASH(0x30c2370)) called at /home/cpansand/.cpan/build/2023120709/Mojolicious-9.35-2/blib/lib/Mojo/Promise.pm line 248
	eval {...} called at /home/cpansand/.cpan/build/2023120709/Mojolicious-9.35-2/blib/lib/Mojo/Promise.pm line 248
	Mojo::Promise::_then_cb(Mojo::Promise=HASH(0x30a8fc0), CODE(0x30a4eb8), "resolve", HASH(0x30c2370)) called at /home/cpansand/.cpan/build/2023120709/Mojolicious-9.35-2/blib/lib/Mojo/Promise.pm line 104
	Mojo::Promise::__ANON__(HASH(0x30c2370)) called at /home/cpansand/.cpan/build/2023120709/Mojolicious-9.35-2/blib/lib/Mojo/Promise.pm line 194
	Mojo::Promise::__ANON__(Mojo::IOLoop=HASH(0x2a38e90)) called at /home/cpansand/.cpan/build/2023120709/Mojolicious-9.35-2/blib/lib/Mojo/IOLoop.pm line 72
	Mojo::IOLoop::__ANON__(Mojo::Reactor::Poll=HASH(0x23d73f0)) called at /home/cpansand/.cpan/build/2023120709/Mojolicious-9.35-2/blib/lib/Mojo/Reactor/Poll.pm line 129
	Mojo::Reactor::Poll::_next(Mojo::Reactor::Poll=HASH(0x23d73f0)) called at /home/cpansand/.cpan/build/2023120709/Mojolicious-9.35-2/blib/lib/Mojo/Reactor/Poll.pm line 141
	eval {...} called at /home/cpansand/.cpan/build/2023120709/Mojolicious-9.35-2/blib/lib/Mojo/Reactor/Poll.pm line 141
	Mojo::Reactor::Poll::_try(Mojo::Reactor::Poll=HASH(0x23d73f0), "Timer", CODE(0x2a330e0)) called at /home/cpansand/.cpan/build/2023120709/Mojolicious-9.35-2/blib/lib/Mojo/Reactor/Poll.pm line 83
	Mojo::Reactor::Poll::one_tick(Mojo::Reactor::Poll=HASH(0x23d73f0)) called at /home/cpansand/.cpan/build/2023120709/Mojolicious-9.35-2/blib/lib/Mojo/Reactor/Poll.pm line 101
	Mojo::Reactor::Poll::start(Mojo::Reactor::Poll=HASH(0x23d73f0)) called at /home/cpansand/.cpan/build/2023120709/Mojolicious-9.35-2/blib/lib/Mojo/IOLoop.pm line 134
	Mojo::IOLoop::start(Mojo::IOLoop=HASH(0x2a38e90)) called at /home/cpansand/.cpan/build/2023120709/Mojolicious-9.35-2/blib/lib/Mojo/Promise.pm line 120
	Mojo::Promise::wait(Mojo::Promise=HASH(0x30a48d0)) called at t/payprop/api/public/client/request/entity/invoice.t line 80
	main::__ANON__() called at /opt/perl-5.24.0/lib/site_perl/5.24.0/Test/Builder.pm line 300
	eval {...} called at /opt/perl-5.24.0/lib/site_perl/5.24.0/Test/Builder.pm line 300
	Test::Builder::subtest(Test::Builder=HASH(0xecca58), "->create_p", CODE(0x2b648e8)) called at /opt/perl-5.24.0/lib/site_perl/5.24.0/Test/More.pm line 801
	Test::More::subtest("->create_p", CODE(0x2b648e8)) called at t/payprop/api/public/client/request/entity/invoice.t line 85
"?) at /home/cpansand/.cpan/build/2023120709/PayProp-API-Public-Client-0.04-2/blib/lib/PayProp/API/Public/Client/Role/APIRequest.pm line 30.
 at t/payprop/api/public/client/request/entity/invoice.t line 83.
    # No tests run!

#   Failed test 'No tests run for subtest "->create_p"'
#   at t/payprop/api/public/client/request/entity/invoice.t line 85.
[2023-12-07 09:30:55.70592] [14552] [info] Listening at "http://*:6499"
Unhandled rejected promise: Can't locate object method "rethrow" via package "Attribute (has_invoice_period) does not pass the type constraint because: Validation failed for 'Bool' with value JSON::PP::Boolean=SCALAR(0xecc428) at /opt/perl-5.24.0/lib/site_perl/5.24.0/x86_64-linux/Mouse/Util.pm line 386.
	Mouse::Util::throw_error(Mouse::Meta::Attribute=HASH(0x2b94c98), "Attribute (has_invoice_period) does not pass the type constra"..., "data", JSON::PP::Boolean=SCALAR(0xecc428), "depth", -1) called at /home/cpansand/.cpan/build/2023120709/PayProp-API-Public-Client-0.04-2/blib/lib/PayProp/API/Public/Client/Request/Entity/Invoice.pm line 95
	PayProp::API::Public::Client::Request::Entity::Invoice::_get_invoice(PayProp::API::Public::Client::Request::Entity::Invoice=HASH(0x2bd37f8), HASH(0x30a4dc8)) called at /home/cpansand/.cpan/build/2023120709/PayProp-API-Public-Client-0.04-2/blib/lib/PayProp/API/Public/Client/Request/Entity/Invoice.pm line 69
	PayProp::API::Public::Client::Request::Entity::Invoice::__ANON__(HASH(0x30a4dc8)) called at /home/cpansand/.cpan/build/2023120709/PayProp-API-Public-Client-0.04-2/blib/lib/PayProp/API/Public/Client/Role/APIRequest.pm line 90
	PayProp::API::Public::Client::Role::APIRequest::__ANON__(HASH(0x30a4dc8)) called at /home/cpansand/.cpan/build/2023120709/Mojolicious-9.35-2/blib/lib/Mojo/Promise.pm line 248
	eval {...} called at /home/cpansand/.cpan/build/2023120709/Mojolicious-9.35-2/blib/lib/Mojo/Promise.pm line 248
	Mojo::Promise::_then_cb(Mojo::Promise=HASH(0x30e9360), CODE(0x30c2478), "resolve", HASH(0x30a4dc8)) called at /home/cpansand/.cpan/build/2023120709/Mojolicious-9.35-2/blib/lib/Mojo/Promise.pm line 104
	Mojo::Promise::__ANON__(HASH(0x30a4dc8)) called at /home/cpansand/.cpan/build/2023120709/Mojolicious-9.35-2/blib/lib/Mojo/Promise.pm line 194
	Mojo::Promise::__ANON__(Mojo::IOLoop=HASH(0x2a38e90)) called at /home/cpansand/.cpan/build/2023120709/Mojolicious-9.35-2/blib/lib/Mojo/IOLoop.pm line 72
	Mojo::IOLoop::__ANON__(Mojo::Reactor::Poll=HASH(0x23d73f0)) called at /home/cpansand/.cpan/build/2023120709/Mojolicious-9.35-2/blib/lib/Mojo/Reactor/Poll.pm line 129
	Mojo::Reactor::Poll::_next(Mojo::Reactor::Poll=HASH(0x23d73f0)) called at /home/cpansand/.cpan/build/2023120709/Mojolicious-9.35-2/blib/lib/Mojo/Reactor/Poll.pm line 141
	eval {...} called at /home/cpansand/.cpan/build/2023120709/Mojolicious-9.35-2/blib/lib/Mojo/Reactor/Poll.pm line 141
	Mojo::Reactor::Poll::_try(Mojo::Reactor::Poll=HASH(0x23d73f0), "Timer", CODE(0x2a330e0)) called at /home/cpansand/.cpan/build/2023120709/Mojolicious-9.35-2/blib/lib/Mojo/Reactor/Poll.pm line 83
	Mojo::Reactor::Poll::one_tick(Mojo::Reactor::Poll=HASH(0x23d73f0)) called at /home/cpansand/.cpan/build/2023120709/Mojolicious-9.35-2/blib/lib/Mojo/Reactor/Poll.pm line 101
	Mojo::Reactor::Poll::start(Mojo::Reactor::Poll=HASH(0x23d73f0)) called at /home/cpansand/.cpan/build/2023120709/Mojolicious-9.35-2/blib/lib/Mojo/IOLoop.pm line 134
	Mojo::IOLoop::start(Mojo::IOLoop=HASH(0x2a38e90)) called at /home/cpansand/.cpan/build/2023120709/Mojolicious-9.35-2/blib/lib/Mojo/Promise.pm line 120
	Mojo::Promise::wait(Mojo::Promise=HASH(0x30c2418)) called at t/payprop/api/public/client/request/entity/invoice.t line 100
	main::__ANON__() called at /opt/perl-5.24.0/lib/site_perl/5.24.0/Test/Builder.pm line 300
	eval {...} called at /opt/perl-5.24.0/lib/site_perl/5.24.0/Test/Builder.pm line 300
	Test::Builder::subtest(Test::Builder=HASH(0xecca58), "->update_p", CODE(0x2b648e8)) called at /opt/perl-5.24.0/lib/site_perl/5.24.0/Test/More.pm line 801
	Test::More::subtest("->update_p", CODE(0x2b648e8)) called at t/payprop/api/public/client/request/entity/invoice.t line 105
" (perhaps you forgot to load "Attribute (has_invoice_period) does not pass the type constraint because: Validation failed for 'Bool' with value JSON::PP::Boolean=SCALAR(0xecc428) at /opt/perl-5.24.0/lib/site_perl/5.24.0/x86_64-linux/Mouse/Util.pm line 386.
	Mouse::Util::throw_error(Mouse::Meta::Attribute=HASH(0x2b94c98), "Attribute (has_invoice_period) does not pass the type constra"..., "data", JSON::PP::Boolean=SCALAR(0xecc428), "depth", -1) called at /home/cpansand/.cpan/build/2023120709/PayProp-API-Public-Client-0.04-2/blib/lib/PayProp/API/Public/Client/Request/Entity/Invoice.pm line 95
	PayProp::API::Public::Client::Request::Entity::Invoice::_get_invoice(PayProp::API::Public::Client::Request::Entity::Invoice=HASH(0x2bd37f8), HASH(0x30a4dc8)) called at /home/cpansand/.cpan/build/2023120709/PayProp-API-Public-Client-0.04-2/blib/lib/PayProp/API/Public/Client/Request/Entity/Invoice.pm line 69
	PayProp::API::Public::Client::Request::Entity::Invoice::__ANON__(HASH(0x30a4dc8)) called at /home/cpansand/.cpan/build/2023120709/PayProp-API-Public-Client-0.04-2/blib/lib/PayProp/API/Public/Client/Role/APIRequest.pm line 90
	PayProp::API::Public::Client::Role::APIRequest::__ANON__(HASH(0x30a4dc8)) called at /home/cpansand/.cpan/build/2023120709/Mojolicious-9.35-2/blib/lib/Mojo/Promise.pm line 248
	eval {...} called at /home/cpansand/.cpan/build/2023120709/Mojolicious-9.35-2/blib/lib/Mojo/Promise.pm line 248
	Mojo::Promise::_then_cb(Mojo::Promise=HASH(0x30e9360), CODE(0x30c2478), "resolve", HASH(0x30a4dc8)) called at /home/cpansand/.cpan/build/2023120709/Mojolicious-9.35-2/blib/lib/Mojo/Promise.pm line 104
	Mojo::Promise::__ANON__(HASH(0x30a4dc8)) called at /home/cpansand/.cpan/build/2023120709/Mojolicious-9.35-2/blib/lib/Mojo/Promise.pm line 194
	Mojo::Promise::__ANON__(Mojo::IOLoop=HASH(0x2a38e90)) called at /home/cpansand/.cpan/build/2023120709/Mojolicious-9.35-2/blib/lib/Mojo/IOLoop.pm line 72
	Mojo::IOLoop::__ANON__(Mojo::Reactor::Poll=HASH(0x23d73f0)) called at /home/cpansand/.cpan/build/2023120709/Mojolicious-9.35-2/blib/lib/Mojo/Reactor/Poll.pm line 129
	Mojo::Reactor::Poll::_next(Mojo::Reactor::Poll=HASH(0x23d73f0)) called at /home/cpansand/.cpan/build/2023120709/Mojolicious-9.35-2/blib/lib/Mojo/Reactor/Poll.pm line 141
	eval {...} called at /home/cpansand/.cpan/build/2023120709/Mojolicious-9.35-2/blib/lib/Mojo/Reactor/Poll.pm line 141
	Mojo::Reactor::Poll::_try(Mojo::Reactor::Poll=HASH(0x23d73f0), "Timer", CODE(0x2a330e0)) called at /home/cpansand/.cpan/build/2023120709/Mojolicious-9.35-2/blib/lib/Mojo/Reactor/Poll.pm line 83
	Mojo::Reactor::Poll::one_tick(Mojo::Reactor::Poll=HASH(0x23d73f0)) called at /home/cpansand/.cpan/build/2023120709/Mojolicious-9.35-2/blib/lib/Mojo/Reactor/Poll.pm line 101
	Mojo::Reactor::Poll::start(Mojo::Reactor::Poll=HASH(0x23d73f0)) called at /home/cpansand/.cpan/build/2023120709/Mojolicious-9.35-2/blib/lib/Mojo/IOLoop.pm line 134
	Mojo::IOLoop::start(Mojo::IOLoop=HASH(0x2a38e90)) called at /home/cpansand/.cpan/build/2023120709/Mojolicious-9.35-2/blib/lib/Mojo/Promise.pm line 120
	Mojo::Promise::wait(Mojo::Promise=HASH(0x30c2418)) called at t/payprop/api/public/client/request/entity/invoice.t line 100
	main::__ANON__() called at /opt/perl-5.24.0/lib/site_perl/5.24.0/Test/Builder.pm line 300
	eval {...} called at /opt/perl-5.24.0/lib/site_perl/5.24.0/Test/Builder.pm line 300
	Test::Builder::subtest(Test::Builder=HASH(0xecca58), "->update_p", CODE(0x2b648e8)) called at /opt/perl-5.24.0/lib/site_perl/5.24.0/Test/More.pm line 801
	Test::More::subtest("->update_p", CODE(0x2b648e8)) called at t/payprop/api/public/client/request/entity/invoice.t line 105
"?) at /home/cpansand/.cpan/build/2023120709/PayProp-API-Public-Client-0.04-2/blib/lib/PayProp/API/Public/Client/Role/APIRequest.pm line 30.
 at t/payprop/api/public/client/request/entity/invoice.t line 103.
    # No tests run!

#   Failed test 'No tests run for subtest "->update_p"'
#   at t/payprop/api/public/client/request/entity/invoice.t line 105.
# Looks like you failed 3 tests of 6.
t/payprop/api/public/client/request/entity/invoice.t ................ 
Dubious, test returned 3 (wstat 768, 0x300)
Failed 3/6 subtests 
[2023-12-07 09:30:56.45744] [14572] [info] Listening at "http://*:6514"
Unhandled rejected promise: Can't locate object method "rethrow" via package "Attribute (enabled) does not pass the type constraint because: Validation failed for 'Bool' with value JSON::PP::Boolean=SCALAR(0x21b7468) at /opt/perl-5.24.0/lib/site_perl/5.24.0/x86_64-linux/Mouse/Util.pm line 386.
	Mouse::Util::throw_error(Mouse::Meta::Attribute=HASH(0x3e73768), "Attribute (enabled) does not pass the type constraint because"..., "data", JSON::PP::Boolean=SCALAR(0x21b7468), "depth", -1) called at /home/cpansand/.cpan/build/2023120709/PayProp-API-Public-Client-0.04-2/blib/lib/PayProp/API/Public/Client/Request/Entity/Payment.pm line 100
	PayProp::API::Public::Client::Request::Entity::Payment::_get_payment(PayProp::API::Public::Client::Request::Entity::Payment=HASH(0x3e5d288), HASH(0x3cbb178)) called at /home/cpansand/.cpan/build/2023120709/PayProp-API-Public-Client-0.04-2/blib/lib/PayProp/API/Public/Client/Request/Entity/Payment.pm line 32
	PayProp::API::Public::Client::Request::Entity::Payment::__ANON__(HASH(0x3cbb178)) called at /home/cpansand/.cpan/build/2023120709/PayProp-API-Public-Client-0.04-2/blib/lib/PayProp/API/Public/Client/Role/APIRequest.pm line 90
	PayProp::API::Public::Client::Role::APIRequest::__ANON__(HASH(0x3cbb178)) called at /home/cpansand/.cpan/build/2023120709/Mojolicious-9.35-2/blib/lib/Mojo/Promise.pm line 248
	eval {...} called at /home/cpansand/.cpan/build/2023120709/Mojolicious-9.35-2/blib/lib/Mojo/Promise.pm line 248
	Mojo::Promise::_then_cb(Mojo::Promise=HASH(0x3f7f1a0), CODE(0x4394ec0), "resolve", HASH(0x3cbb178)) called at /home/cpansand/.cpan/build/2023120709/Mojolicious-9.35-2/blib/lib/Mojo/Promise.pm line 104
	Mojo::Promise::__ANON__(HASH(0x3cbb178)) called at /home/cpansand/.cpan/build/2023120709/Mojolicious-9.35-2/blib/lib/Mojo/Promise.pm line 194
	Mojo::Promise::__ANON__(Mojo::IOLoop=HASH(0x3d24720)) called at /home/cpansand/.cpan/build/2023120709/Mojolicious-9.35-2/blib/lib/Mojo/IOLoop.pm line 72
	Mojo::IOLoop::__ANON__(Mojo::Reactor::Poll=HASH(0x3bd15c0)) called at /home/cpansand/.cpan/build/2023120709/Mojolicious-9.35-2/blib/lib/Mojo/Reactor/Poll.pm line 129
	Mojo::Reactor::Poll::_next(Mojo::Reactor::Poll=HASH(0x3bd15c0)) called at /home/cpansand/.cpan/build/2023120709/Mojolicious-9.35-2/blib/lib/Mojo/Reactor/Poll.pm line 141
	eval {...} called at /home/cpansand/.cpan/build/2023120709/Mojolicious-9.35-2/blib/lib/Mojo/Reactor/Poll.pm line 141
	Mojo::Reactor::Poll::_try(Mojo::Reactor::Poll=HASH(0x3bd15c0), "Timer", CODE(0x3d1ebe0)) called at /home/cpansand/.cpan/build/2023120709/Mojolicious-9.35-2/blib/lib/Mojo/Reactor/Poll.pm line 83
	Mojo::Reactor::Poll::one_tick(Mojo::Reactor::Poll=HASH(0x3bd15c0)) called at /home/cpansand/.cpan/build/2023120709/Mojolicious-9.35-2/blib/lib/Mojo/Reactor/Poll.pm line 101
	Mojo::Reactor::Poll::start(Mojo::Reactor::Poll=HASH(0x3bd15c0)) called at /home/cpansand/.cpan/build/2023120709/Mojolicious-9.35-2/blib/lib/Mojo/IOLoop.pm line 134
	Mojo::IOLoop::start(Mojo::IOLoop=HASH(0x3d24720)) called at /home/cpansand/.cpan/build/2023120709/Mojolicious-9.35-2/blib/lib/Mojo/Promise.pm line 120
	Mojo::Promise::wait(Mojo::Promise=HASH(0x4394f80)) called at t/payprop/api/public/client/request/entity/payment.t line 49
	main::__ANON__() called at /opt/perl-5.24.0/lib/site_perl/5.24.0/Test/Builder.pm line 300
	eval {...} called at /opt/perl-5.24.0/lib/site_perl/5.24.0/Test/Builder.pm line 300
	Test::Builder::subtest(Test::Builder=HASH(0x21fbcd0), "->list_p", CODE(0x3e50058)) called at /opt/perl-5.24.0/lib/site_perl/5.24.0/Test/More.pm line 801
	Test::More::subtest("->list_p", CODE(0x3e50058)) called at t/payprop/api/public/client/request/entity/payment.t line 54
" (perhaps you forgot to load "Attribute (enabled) does not pass the type constraint because: Validation failed for 'Bool' with value JSON::PP::Boolean=SCALAR(0x21b7468) at /opt/perl-5.24.0/lib/site_perl/5.24.0/x86_64-linux/Mouse/Util.pm line 386.
	Mouse::Util::throw_error(Mouse::Meta::Attribute=HASH(0x3e73768), "Attribute (enabled) does not pass the type constraint because"..., "data", JSON::PP::Boolean=SCALAR(0x21b7468), "depth", -1) called at /home/cpansand/.cpan/build/2023120709/PayProp-API-Public-Client-0.04-2/blib/lib/PayProp/API/Public/Client/Request/Entity/Payment.pm line 100
	PayProp::API::Public::Client::Request::Entity::Payment::_get_payment(PayProp::API::Public::Client::Request::Entity::Payment=HASH(0x3e5d288), HASH(0x3cbb178)) called at /home/cpansand/.cpan/build/2023120709/PayProp-API-Public-Client-0.04-2/blib/lib/PayProp/API/Public/Client/Request/Entity/Payment.pm line 32
	PayProp::API::Public::Client::Request::Entity::Payment::__ANON__(HASH(0x3cbb178)) called at /home/cpansand/.cpan/build/2023120709/PayProp-API-Public-Client-0.04-2/blib/lib/PayProp/API/Public/Client/Role/APIRequest.pm line 90
	PayProp::API::Public::Client::Role::APIRequest::__ANON__(HASH(0x3cbb178)) called at /home/cpansand/.cpan/build/2023120709/Mojolicious-9.35-2/blib/lib/Mojo/Promise.pm line 248
	eval {...} called at /home/cpansand/.cpan/build/2023120709/Mojolicious-9.35-2/blib/lib/Mojo/Promise.pm line 248
	Mojo::Promise::_then_cb(Mojo::Promise=HASH(0x3f7f1a0), CODE(0x4394ec0), "resolve", HASH(0x3cbb178)) called at /home/cpansand/.cpan/build/2023120709/Mojolicious-9.35-2/blib/lib/Mojo/Promise.pm line 104
	Mojo::Promise::__ANON__(HASH(0x3cbb178)) called at /home/cpansand/.cpan/build/2023120709/Mojolicious-9.35-2/blib/lib/Mojo/Promise.pm line 194
	Mojo::Promise::__ANON__(Mojo::IOLoop=HASH(0x3d24720)) called at /home/cpansand/.cpan/build/2023120709/Mojolicious-9.35-2/blib/lib/Mojo/IOLoop.pm line 72
	Mojo::IOLoop::__ANON__(Mojo::Reactor::Poll=HASH(0x3bd15c0)) called at /home/cpansand/.cpan/build/2023120709/Mojolicious-9.35-2/blib/lib/Mojo/Reactor/Poll.pm line 129
	Mojo::Reactor::Poll::_next(Mojo::Reactor::Poll=HASH(0x3bd15c0)) called at /home/cpansand/.cpan/build/2023120709/Mojolicious-9.35-2/blib/lib/Mojo/Reactor/Poll.pm line 141
	eval {...} called at /home/cpansand/.cpan/build/2023120709/Mojolicious-9.35-2/blib/lib/Mojo/Reactor/Poll.pm line 141
	Mojo::Reactor::Poll::_try(Mojo::Reactor::Poll=HASH(0x3bd15c0), "Timer", CODE(0x3d1ebe0)) called at /home/cpansand/.cpan/build/2023120709/Mojolicious-9.35-2/blib/lib/Mojo/Reactor/Poll.pm line 83
	Mojo::Reactor::Poll::one_tick(Mojo::Reactor::Poll=HASH(0x3bd15c0)) called at /home/cpansand/.cpan/build/2023120709/Mojolicious-9.35-2/blib/lib/Mojo/Reactor/Poll.pm line 101
	Mojo::Reactor::Poll::start(Mojo::Reactor::Poll=HASH(0x3bd15c0)) called at /home/cpansand/.cpan/build/2023120709/Mojolicious-9.35-2/blib/lib/Mojo/IOLoop.pm line 134
	Mojo::IOLoop::start(Mojo::IOLoop=HASH(0x3d24720)) called at /home/cpansand/.cpan/build/2023120709/Mojolicious-9.35-2/blib/lib/Mojo/Promise.pm line 120
	Mojo::Promise::wait(Mojo::Promise=HASH(0x4394f80)) called at t/payprop/api/public/client/request/entity/payment.t line 49
	main::__ANON__() called at /opt/perl-5.24.0/lib/site_perl/5.24.0/Test/Builder.pm line 300
	eval {...} called at /opt/perl-5.24.0/lib/site_perl/5.24.0/Test/Builder.pm line 300
	Test::Builder::subtest(Test::Builder=HASH(0x21fbcd0), "->list_p", CODE(0x3e50058)) called at /opt/perl-5.24.0/lib/site_perl/5.24.0/Test/More.pm line 801
	Test::More::subtest("->list_p", CODE(0x3e50058)) called at t/payprop/api/public/client/request/entity/payment.t line 54
"?) at /home/cpansand/.cpan/build/2023120709/PayProp-API-Public-Client-0.04-2/blib/lib/PayProp/API/Public/Client/Role/APIRequest.pm line 30.
 at t/payprop/api/public/client/request/entity/payment.t line 52.
    # No tests run!

#   Failed test 'No tests run for subtest "->list_p"'
#   at t/payprop/api/public/client/request/entity/payment.t line 54.
[2023-12-07 09:30:56.98906] [14573] [info] Listening at "http://*:6514"
Unhandled rejected promise: Can't locate object method "rethrow" via package "Attribute (enabled) does not pass the type constraint because: Validation failed for 'Bool' with value JSON::PP::Boolean=SCALAR(0x21b7468) at /opt/perl-5.24.0/lib/site_perl/5.24.0/x86_64-linux/Mouse/Util.pm line 386.
	Mouse::Util::throw_error(Mouse::Meta::Attribute=HASH(0x3e73768), "Attribute (enabled) does not pass the type constraint because"..., "data", JSON::PP::Boolean=SCALAR(0x21b7468), "depth", -1) called at /home/cpansand/.cpan/build/2023120709/PayProp-API-Public-Client-0.04-2/blib/lib/PayProp/API/Public/Client/Request/Entity/Payment.pm line 100
	PayProp::API::Public::Client::Request::Entity::Payment::_get_payment(PayProp::API::Public::Client::Request::Entity::Payment=HASH(0x3e5d288), HASH(0x43b1ba0)) called at /home/cpansand/.cpan/build/2023120709/PayProp-API-Public-Client-0.04-2/blib/lib/PayProp/API/Public/Client/Request/Entity/Payment.pm line 47
	PayProp::API::Public::Client::Request::Entity::Payment::__ANON__(HASH(0x43b1ba0)) called at /home/cpansand/.cpan/build/2023120709/PayProp-API-Public-Client-0.04-2/blib/lib/PayProp/API/Public/Client/Role/APIRequest.pm line 90
	PayProp::API::Public::Client::Role::APIRequest::__ANON__(HASH(0x43b1ba0)) called at /home/cpansand/.cpan/build/2023120709/Mojolicious-9.35-2/blib/lib/Mojo/Promise.pm line 248
	eval {...} called at /home/cpansand/.cpan/build/2023120709/Mojolicious-9.35-2/blib/lib/Mojo/Promise.pm line 248
	Mojo::Promise::_then_cb(Mojo::Promise=HASH(0x43a5670), CODE(0x4395718), "resolve", HASH(0x43b1ba0)) called at /home/cpansand/.cpan/build/2023120709/Mojolicious-9.35-2/blib/lib/Mojo/Promise.pm line 104
	Mojo::Promise::__ANON__(HASH(0x43b1ba0)) called at /home/cpansand/.cpan/build/2023120709/Mojolicious-9.35-2/blib/lib/Mojo/Promise.pm line 194
	Mojo::Promise::__ANON__(Mojo::IOLoop=HASH(0x3d24720)) called at /home/cpansand/.cpan/build/2023120709/Mojolicious-9.35-2/blib/lib/Mojo/IOLoop.pm line 72
	Mojo::IOLoop::__ANON__(Mojo::Reactor::Poll=HASH(0x3bd15c0)) called at /home/cpansand/.cpan/build/2023120709/Mojolicious-9.35-2/blib/lib/Mojo/Reactor/Poll.pm line 129
	Mojo::Reactor::Poll::_next(Mojo::Reactor::Poll=HASH(0x3bd15c0)) called at /home/cpansand/.cpan/build/2023120709/Mojolicious-9.35-2/blib/lib/Mojo/Reactor/Poll.pm line 141
	eval {...} called at /home/cpansand/.cpan/build/2023120709/Mojolicious-9.35-2/blib/lib/Mojo/Reactor/Poll.pm line 141
	Mojo::Reactor::Poll::_try(Mojo::Reactor::Poll=HASH(0x3bd15c0), "Timer", CODE(0x3d1ebe0)) called at /home/cpansand/.cpan/build/2023120709/Mojolicious-9.35-2/blib/lib/Mojo/Reactor/Poll.pm line 83
	Mojo::Reactor::Poll::one_tick(Mojo::Reactor::Poll=HASH(0x3bd15c0)) called at /home/cpansand/.cpan/build/2023120709/Mojolicious-9.35-2/blib/lib/Mojo/Reactor/Poll.pm line 101
	Mojo::Reactor::Poll::start(Mojo::Reactor::Poll=HASH(0x3bd15c0)) called at /home/cpansand/.cpan/build/2023120709/Mojolicious-9.35-2/blib/lib/Mojo/IOLoop.pm line 134
	Mojo::IOLoop::start(Mojo::IOLoop=HASH(0x3d24720)) called at /home/cpansand/.cpan/build/2023120709/Mojolicious-9.35-2/blib/lib/Mojo/Promise.pm line 120
	Mojo::Promise::wait(Mojo::Promise=HASH(0x4395268)) called at t/payprop/api/public/client/request/entity/payment.t line 80
	main::__ANON__() called at /opt/perl-5.24.0/lib/site_perl/5.24.0/Test/Builder.pm line 300
	eval {...} called at /opt/perl-5.24.0/lib/site_perl/5.24.0/Test/Builder.pm line 300
	Test::Builder::subtest(Test::Builder=HASH(0x21fbcd0), "->create_p", CODE(0x3e50058)) called at /opt/perl-5.24.0/lib/site_perl/5.24.0/Test/More.pm line 801
	Test::More::subtest("->create_p", CODE(0x3e50058)) called at t/payprop/api/public/client/request/entity/payment.t line 85
" (perhaps you forgot to load "Attribute (enabled) does not pass the type constraint because: Validation failed for 'Bool' with value JSON::PP::Boolean=SCALAR(0x21b7468) at /opt/perl-5.24.0/lib/site_perl/5.24.0/x86_64-linux/Mouse/Util.pm line 386.
	Mouse::Util::throw_error(Mouse::Meta::Attribute=HASH(0x3e73768), "Attribute (enabled) does not pass the type constraint because"..., "data", JSON::PP::Boolean=SCALAR(0x21b7468), "depth", -1) called at /home/cpansand/.cpan/build/2023120709/PayProp-API-Public-Client-0.04-2/blib/lib/PayProp/API/Public/Client/Request/Entity/Payment.pm line 100
	PayProp::API::Public::Client::Request::Entity::Payment::_get_payment(PayProp::API::Public::Client::Request::Entity::Payment=HASH(0x3e5d288), HASH(0x43b1ba0)) called at /home/cpansand/.cpan/build/2023120709/PayProp-API-Public-Client-0.04-2/blib/lib/PayProp/API/Public/Client/Request/Entity/Payment.pm line 47
	PayProp::API::Public::Client::Request::Entity::Payment::__ANON__(HASH(0x43b1ba0)) called at /home/cpansand/.cpan/build/2023120709/PayProp-API-Public-Client-0.04-2/blib/lib/PayProp/API/Public/Client/Role/APIRequest.pm line 90
	PayProp::API::Public::Client::Role::APIRequest::__ANON__(HASH(0x43b1ba0)) called at /home/cpansand/.cpan/build/2023120709/Mojolicious-9.35-2/blib/lib/Mojo/Promise.pm line 248
	eval {...} called at /home/cpansand/.cpan/build/2023120709/Mojolicious-9.35-2/blib/lib/Mojo/Promise.pm line 248
	Mojo::Promise::_then_cb(Mojo::Promise=HASH(0x43a5670), CODE(0x4395718), "resolve", HASH(0x43b1ba0)) called at /home/cpansand/.cpan/build/2023120709/Mojolicious-9.35-2/blib/lib/Mojo/Promise.pm line 104
	Mojo::Promise::__ANON__(HASH(0x43b1ba0)) called at /home/cpansand/.cpan/build/2023120709/Mojolicious-9.35-2/blib/lib/Mojo/Promise.pm line 194
	Mojo::Promise::__ANON__(Mojo::IOLoop=HASH(0x3d24720)) called at /home/cpansand/.cpan/build/2023120709/Mojolicious-9.35-2/blib/lib/Mojo/IOLoop.pm line 72
	Mojo::IOLoop::__ANON__(Mojo::Reactor::Poll=HASH(0x3bd15c0)) called at /home/cpansand/.cpan/build/2023120709/Mojolicious-9.35-2/blib/lib/Mojo/Reactor/Poll.pm line 129
	Mojo::Reactor::Poll::_next(Mojo::Reactor::Poll=HASH(0x3bd15c0)) called at /home/cpansand/.cpan/build/2023120709/Mojolicious-9.35-2/blib/lib/Mojo/Reactor/Poll.pm line 141
	eval {...} called at /home/cpansand/.cpan/build/2023120709/Mojolicious-9.35-2/blib/lib/Mojo/Reactor/Poll.pm line 141
	Mojo::Reactor::Poll::_try(Mojo::Reactor::Poll=HASH(0x3bd15c0), "Timer", CODE(0x3d1ebe0)) called at /home/cpansand/.cpan/build/2023120709/Mojolicious-9.35-2/blib/lib/Mojo/Reactor/Poll.pm line 83
	Mojo::Reactor::Poll::one_tick(Mojo::Reactor::Poll=HASH(0x3bd15c0)) called at /home/cpansand/.cpan/build/2023120709/Mojolicious-9.35-2/blib/lib/Mojo/Reactor/Poll.pm line 101
	Mojo::Reactor::Poll::start(Mojo::Reactor::Poll=HASH(0x3bd15c0)) called at /home/cpansand/.cpan/build/2023120709/Mojolicious-9.35-2/blib/lib/Mojo/IOLoop.pm line 134
	Mojo::IOLoop::start(Mojo::IOLoop=HASH(0x3d24720)) called at /home/cpansand/.cpan/build/2023120709/Mojolicious-9.35-2/blib/lib/Mojo/Promise.pm line 120
	Mojo::Promise::wait(Mojo::Promise=HASH(0x4395268)) called at t/payprop/api/public/client/request/entity/payment.t line 80
	main::__ANON__() called at /opt/perl-5.24.0/lib/site_perl/5.24.0/Test/Builder.pm line 300
	eval {...} called at /opt/perl-5.24.0/lib/site_perl/5.24.0/Test/Builder.pm line 300
	Test::Builder::subtest(Test::Builder=HASH(0x21fbcd0), "->create_p", CODE(0x3e50058)) called at /opt/perl-5.24.0/lib/site_perl/5.24.0/Test/More.pm line 801
	Test::More::subtest("->create_p", CODE(0x3e50058)) called at t/payprop/api/public/client/request/entity/payment.t line 85
"?) at /home/cpansand/.cpan/build/2023120709/PayProp-API-Public-Client-0.04-2/blib/lib/PayProp/API/Public/Client/Role/APIRequest.pm line 30.
 at t/payprop/api/public/client/request/entity/payment.t line 83.
    # No tests run!

#   Failed test 'No tests run for subtest "->create_p"'
#   at t/payprop/api/public/client/request/entity/payment.t line 85.
[2023-12-07 09:30:57.49988] [14574] [info] Listening at "http://*:6514"
Unhandled rejected promise: Can't locate object method "rethrow" via package "Attribute (enabled) does not pass the type constraint because: Validation failed for 'Bool' with value JSON::PP::Boolean=SCALAR(0x21b7468) at /opt/perl-5.24.0/lib/site_perl/5.24.0/x86_64-linux/Mouse/Util.pm line 386.
	Mouse::Util::throw_error(Mouse::Meta::Attribute=HASH(0x3e73768), "Attribute (enabled) does not pass the type constraint because"..., "data", JSON::PP::Boolean=SCALAR(0x21b7468), "depth", -1) called at /home/cpansand/.cpan/build/2023120709/PayProp-API-Public-Client-0.04-2/blib/lib/PayProp/API/Public/Client/Request/Entity/Payment.pm line 100
	PayProp::API::Public::Client::Request::Entity::Payment::_get_payment(PayProp::API::Public::Client::Request::Entity::Payment=HASH(0x3e5d288), HASH(0x43b18d0)) called at /home/cpansand/.cpan/build/2023120709/PayProp-API-Public-Client-0.04-2/blib/lib/PayProp/API/Public/Client/Request/Entity/Payment.pm line 68
	PayProp::API::Public::Client::Request::Entity::Payment::__ANON__(HASH(0x43b18d0)) called at /home/cpansand/.cpan/build/2023120709/PayProp-API-Public-Client-0.04-2/blib/lib/PayProp/API/Public/Client/Role/APIRequest.pm line 90
	PayProp::API::Public::Client::Role::APIRequest::__ANON__(HASH(0x43b18d0)) called at /home/cpansand/.cpan/build/2023120709/Mojolicious-9.35-2/blib/lib/Mojo/Promise.pm line 248
	eval {...} called at /home/cpansand/.cpan/build/2023120709/Mojolicious-9.35-2/blib/lib/Mojo/Promise.pm line 248
	Mojo::Promise::_then_cb(Mojo::Promise=HASH(0x43d9300), CODE(0x3e024c0), "resolve", HASH(0x43b18d0)) called at /home/cpansand/.cpan/build/2023120709/Mojolicious-9.35-2/blib/lib/Mojo/Promise.pm line 104
	Mojo::Promise::__ANON__(HASH(0x43b18d0)) called at /home/cpansand/.cpan/build/2023120709/Mojolicious-9.35-2/blib/lib/Mojo/Promise.pm line 194
	Mojo::Promise::__ANON__(Mojo::IOLoop=HASH(0x3d24720)) called at /home/cpansand/.cpan/build/2023120709/Mojolicious-9.35-2/blib/lib/Mojo/IOLoop.pm line 72
	Mojo::IOLoop::__ANON__(Mojo::Reactor::Poll=HASH(0x3bd15c0)) called at /home/cpansand/.cpan/build/2023120709/Mojolicious-9.35-2/blib/lib/Mojo/Reactor/Poll.pm line 129
	Mojo::Reactor::Poll::_next(Mojo::Reactor::Poll=HASH(0x3bd15c0)) called at /home/cpansand/.cpan/build/2023120709/Mojolicious-9.35-2/blib/lib/Mojo/Reactor/Poll.pm line 141
	eval {...} called at /home/cpansand/.cpan/build/2023120709/Mojolicious-9.35-2/blib/lib/Mojo/Reactor/Poll.pm line 141
	Mojo::Reactor::Poll::_try(Mojo::Reactor::Poll=HASH(0x3bd15c0), "Timer", CODE(0x3d1ebe0)) called at /home/cpansand/.cpan/build/2023120709/Mojolicious-9.35-2/blib/lib/Mojo/Reactor/Poll.pm line 83
	Mojo::Reactor::Poll::one_tick(Mojo::Reactor::Poll=HASH(0x3bd15c0)) called at /home/cpansand/.cpan/build/2023120709/Mojolicious-9.35-2/blib/lib/Mojo/Reactor/Poll.pm line 101
	Mojo::Reactor::Poll::start(Mojo::Reactor::Poll=HASH(0x3bd15c0)) called at /home/cpansand/.cpan/build/2023120709/Mojolicious-9.35-2/blib/lib/Mojo/IOLoop.pm line 134
	Mojo::IOLoop::start(Mojo::IOLoop=HASH(0x3d24720)) called at /home/cpansand/.cpan/build/2023120709/Mojolicious-9.35-2/blib/lib/Mojo/Promise.pm line 120
	Mojo::Promise::wait(Mojo::Promise=HASH(0x43d8d48)) called at t/payprop/api/public/client/request/entity/payment.t line 100
	main::__ANON__() called at /opt/perl-5.24.0/lib/site_perl/5.24.0/Test/Builder.pm line 300
	eval {...} called at /opt/perl-5.24.0/lib/site_perl/5.24.0/Test/Builder.pm line 300
	Test::Builder::subtest(Test::Builder=HASH(0x21fbcd0), "->update_p", CODE(0x3e50058)) called at /opt/perl-5.24.0/lib/site_perl/5.24.0/Test/More.pm line 801
	Test::More::subtest("->update_p", CODE(0x3e50058)) called at t/payprop/api/public/client/request/entity/payment.t line 105
" (perhaps you forgot to load "Attribute (enabled) does not pass the type constraint because: Validation failed for 'Bool' with value JSON::PP::Boolean=SCALAR(0x21b7468) at /opt/perl-5.24.0/lib/site_perl/5.24.0/x86_64-linux/Mouse/Util.pm line 386.
	Mouse::Util::throw_error(Mouse::Meta::Attribute=HASH(0x3e73768), "Attribute (enabled) does not pass the type constraint because"..., "data", JSON::PP::Boolean=SCALAR(0x21b7468), "depth", -1) called at /home/cpansand/.cpan/build/2023120709/PayProp-API-Public-Client-0.04-2/blib/lib/PayProp/API/Public/Client/Request/Entity/Payment.pm line 100
	PayProp::API::Public::Client::Request::Entity::Payment::_get_payment(PayProp::API::Public::Client::Request::Entity::Payment=HASH(0x3e5d288), HASH(0x43b18d0)) called at /home/cpansand/.cpan/build/2023120709/PayProp-API-Public-Client-0.04-2/blib/lib/PayProp/API/Public/Client/Request/Entity/Payment.pm line 68
	PayProp::API::Public::Client::Request::Entity::Payment::__ANON__(HASH(0x43b18d0)) called at /home/cpansand/.cpan/build/2023120709/PayProp-API-Public-Client-0.04-2/blib/lib/PayProp/API/Public/Client/Role/APIRequest.pm line 90
	PayProp::API::Public::Client::Role::APIRequest::__ANON__(HASH(0x43b18d0)) called at /home/cpansand/.cpan/build/2023120709/Mojolicious-9.35-2/blib/lib/Mojo/Promise.pm line 248
	eval {...} called at /home/cpansand/.cpan/build/2023120709/Mojolicious-9.35-2/blib/lib/Mojo/Promise.pm line 248
	Mojo::Promise::_then_cb(Mojo::Promise=HASH(0x43d9300), CODE(0x3e024c0), "resolve", HASH(0x43b18d0)) called at /home/cpansand/.cpan/build/2023120709/Mojolicious-9.35-2/blib/lib/Mojo/Promise.pm line 104
	Mojo::Promise::__ANON__(HASH(0x43b18d0)) called at /home/cpansand/.cpan/build/2023120709/Mojolicious-9.35-2/blib/lib/Mojo/Promise.pm line 194
	Mojo::Promise::__ANON__(Mojo::IOLoop=HASH(0x3d24720)) called at /home/cpansand/.cpan/build/2023120709/Mojolicious-9.35-2/blib/lib/Mojo/IOLoop.pm line 72
	Mojo::IOLoop::__ANON__(Mojo::Reactor::Poll=HASH(0x3bd15c0)) called at /home/cpansand/.cpan/build/2023120709/Mojolicious-9.35-2/blib/lib/Mojo/Reactor/Poll.pm line 129
	Mojo::Reactor::Poll::_next(Mojo::Reactor::Poll=HASH(0x3bd15c0)) called at /home/cpansand/.cpan/build/2023120709/Mojolicious-9.35-2/blib/lib/Mojo/Reactor/Poll.pm line 141
	eval {...} called at /home/cpansand/.cpan/build/2023120709/Mojolicious-9.35-2/blib/lib/Mojo/Reactor/Poll.pm line 141
	Mojo::Reactor::Poll::_try(Mojo::Reactor::Poll=HASH(0x3bd15c0), "Timer", CODE(0x3d1ebe0)) called at /home/cpansand/.cpan/build/2023120709/Mojolicious-9.35-2/blib/lib/Mojo/Reactor/Poll.pm line 83
	Mojo::Reactor::Poll::one_tick(Mojo::Reactor::Poll=HASH(0x3bd15c0)) called at /home/cpansand/.cpan/build/2023120709/Mojolicious-9.35-2/blib/lib/Mojo/Reactor/Poll.pm line 101
	Mojo::Reactor::Poll::start(Mojo::Reactor::Poll=HASH(0x3bd15c0)) called at /home/cpansand/.cpan/build/2023120709/Mojolicious-9.35-2/blib/lib/Mojo/IOLoop.pm line 134
	Mojo::IOLoop::start(Mojo::IOLoop=HASH(0x3d24720)) called at /home/cpansand/.cpan/build/2023120709/Mojolicious-9.35-2/blib/lib/Mojo/Promise.pm line 120
	Mojo::Promise::wait(Mojo::Promise=HASH(0x43d8d48)) called at t/payprop/api/public/client/request/entity/payment.t line 100
	main::__ANON__() called at /opt/perl-5.24.0/lib/site_perl/5.24.0/Test/Builder.pm line 300
	eval {...} called at /opt/perl-5.24.0/lib/site_perl/5.24.0/Test/Builder.pm line 300
	Test::Builder::subtest(Test::Builder=HASH(0x21fbcd0), "->update_p", CODE(0x3e50058)) called at /opt/perl-5.24.0/lib/site_perl/5.24.0/Test/More.pm line 801
	Test::More::subtest("->update_p", CODE(0x3e50058)) called at t/payprop/api/public/client/request/entity/payment.t line 105
"?) at /home/cpansand/.cpan/build/2023120709/PayProp-API-Public-Client-0.04-2/blib/lib/PayProp/API/Public/Client/Role/APIRequest.pm line 30.
 at t/payprop/api/public/client/request/entity/payment.t line 103.
    # No tests run!

#   Failed test 'No tests run for subtest "->update_p"'
#   at t/payprop/api/public/client/request/entity/payment.t line 105.
# Looks like you failed 3 tests of 6.
t/payprop/api/public/client/request/entity/payment.t ................ 
Dubious, test returned 3 (wstat 768, 0x300)
Failed 3/6 subtests 
t/payprop/api/public/client/request/export.t ........................ ok
[2023-12-07 09:30:58.46806] [14577] [info] Listening at "http://*:6526"
Unhandled rejected promise: Can't locate object method "rethrow" via package "Attribute (allow_payments) does not pass the type constraint because: Validation failed for 'Bool' with value JSON::PP::Boolean=SCALAR(0x1098228) at /opt/perl-5.24.0/lib/site_perl/5.24.0/x86_64-linux/Mouse/Util.pm line 386.
	Mouse::Util::throw_error(Mouse::Meta::Attribute=HASH(0x2d655b0), "Attribute (allow_payments) does not pass the type constraint "..., "data", JSON::PP::Boolean=SCALAR(0x1098228), "depth", -1) called at /home/cpansand/.cpan/build/2023120709/PayProp-API-Public-Client-0.04-2/blib/lib/PayProp/API/Public/Client/Request/Export/Beneficiaries.pm line 96
	PayProp::API::Public::Client::Request::Export::Beneficiaries::_build_properties(PayProp::API::Public::Client::Request::Export::Beneficiaries=HASH(0x2d7a3e0), ARRAY(0x32c3588)) called at /home/cpansand/.cpan/build/2023120709/PayProp-API-Public-Client-0.04-2/blib/lib/PayProp/API/Public/Client/Request/Export/Beneficiaries.pm line 63
	PayProp::API::Public::Client::Request::Export::Beneficiaries::_get_beneficiaries(PayProp::API::Public::Client::Request::Export::Beneficiaries=HASH(0x2d7a3e0), HASH(0x2b9b380)) called at /home/cpansand/.cpan/build/2023120709/PayProp-API-Public-Client-0.04-2/blib/lib/PayProp/API/Public/Client/Request/Export/Beneficiaries.pm line 31
	PayProp::API::Public::Client::Request::Export::Beneficiaries::__ANON__(HASH(0x2b9b380)) called at /home/cpansand/.cpan/build/2023120709/PayProp-API-Public-Client-0.04-2/blib/lib/PayProp/API/Public/Client/Role/APIRequest.pm line 90
	PayProp::API::Public::Client::Role::APIRequest::__ANON__(HASH(0x2b9b380)) called at /home/cpansand/.cpan/build/2023120709/Mojolicious-9.35-2/blib/lib/Mojo/Promise.pm line 248
	eval {...} called at /home/cpansand/.cpan/build/2023120709/Mojolicious-9.35-2/blib/lib/Mojo/Promise.pm line 248
	Mojo::Promise::_then_cb(Mojo::Promise=HASH(0x2d2fb70), CODE(0x32832d8), "resolve", HASH(0x2b9b380)) called at /home/cpansand/.cpan/build/2023120709/Mojolicious-9.35-2/blib/lib/Mojo/Promise.pm line 104
	Mojo::Promise::__ANON__(HASH(0x2b9b380)) called at /home/cpansand/.cpan/build/2023120709/Mojolicious-9.35-2/blib/lib/Mojo/Promise.pm line 194
	Mojo::Promise::__ANON__(Mojo::IOLoop=HASH(0x2c046b0)) called at /home/cpansand/.cpan/build/2023120709/Mojolicious-9.35-2/blib/lib/Mojo/IOLoop.pm line 72
	Mojo::IOLoop::__ANON__(Mojo::Reactor::Poll=HASH(0x2b57420)) called at /home/cpansand/.cpan/build/2023120709/Mojolicious-9.35-2/blib/lib/Mojo/Reactor/Poll.pm line 129
	Mojo::Reactor::Poll::_next(Mojo::Reactor::Poll=HASH(0x2b57420)) called at /home/cpansand/.cpan/build/2023120709/Mojolicious-9.35-2/blib/lib/Mojo/Reactor/Poll.pm line 141
	eval {...} called at /home/cpansand/.cpan/build/2023120709/Mojolicious-9.35-2/blib/lib/Mojo/Reactor/Poll.pm line 141
	Mojo::Reactor::Poll::_try(Mojo::Reactor::Poll=HASH(0x2b57420), "Timer", CODE(0x2bf0180)) called at /home/cpansand/.cpan/build/2023120709/Mojolicious-9.35-2/blib/lib/Mojo/Reactor/Poll.pm line 83
	Mojo::Reactor::Poll::one_tick(Mojo::Reactor::Poll=HASH(0x2b57420)) called at /home/cpansand/.cpan/build/2023120709/Mojolicious-9.35-2/blib/lib/Mojo/Reactor/Poll.pm line 101
	Mojo::Reactor::Poll::start(Mojo::Reactor::Poll=HASH(0x2b57420)) called at /home/cpansand/.cpan/build/2023120709/Mojolicious-9.35-2/blib/lib/Mojo/IOLoop.pm line 134
	Mojo::IOLoop::start(Mojo::IOLoop=HASH(0x2c046b0)) called at /home/cpansand/.cpan/build/2023120709/Mojolicious-9.35-2/blib/lib/Mojo/Promise.pm line 120
	Mojo::Promise::wait(Mojo::Promise=HASH(0x3283398)) called at t/payprop/api/public/client/request/export/beneficiaries.t line 62
	main::__ANON__() called at /opt/perl-5.24.0/lib/site_perl/5.24.0/Test/Builder.pm line 300
	eval {...} called at /opt/perl-5.24.0/lib/site_perl/5.24.0/Test/Builder.pm line 300
	Test::Builder::subtest(Test::Builder=HASH(0x10984c8), "->list_p", CODE(0x2d300f8)) called at /opt/perl-5.24.0/lib/site_perl/5.24.0/Test/More.pm line 801
	Test::More::subtest("->list_p", CODE(0x2d300f8)) called at t/payprop/api/public/client/request/export/beneficiaries.t line 67
" (perhaps you forgot to load "Attribute (allow_payments) does not pass the type constraint because: Validation failed for 'Bool' with value JSON::PP::Boolean=SCALAR(0x1098228) at /opt/perl-5.24.0/lib/site_perl/5.24.0/x86_64-linux/Mouse/Util.pm line 386.
	Mouse::Util::throw_error(Mouse::Meta::Attribute=HASH(0x2d655b0), "Attribute (allow_payments) does not pass the type constraint "..., "data", JSON::PP::Boolean=SCALAR(0x1098228), "depth", -1) called at /home/cpansand/.cpan/build/2023120709/PayProp-API-Public-Client-0.04-2/blib/lib/PayProp/API/Public/Client/Request/Export/Beneficiaries.pm line 96
	PayProp::API::Public::Client::Request::Export::Beneficiaries::_build_properties(PayProp::API::Public::Client::Request::Export::Beneficiaries=HASH(0x2d7a3e0), ARRAY(0x32c3588)) called at /home/cpansand/.cpan/build/2023120709/PayProp-API-Public-Client-0.04-2/blib/lib/PayProp/API/Public/Client/Request/Export/Beneficiaries.pm line 63
	PayProp::API::Public::Client::Request::Export::Beneficiaries::_get_beneficiaries(PayProp::API::Public::Client::Request::Export::Beneficiaries=HASH(0x2d7a3e0), HASH(0x2b9b380)) called at /home/cpansand/.cpan/build/2023120709/PayProp-API-Public-Client-0.04-2/blib/lib/PayProp/API/Public/Client/Request/Export/Beneficiaries.pm line 31
	PayProp::API::Public::Client::Request::Export::Beneficiaries::__ANON__(HASH(0x2b9b380)) called at /home/cpansand/.cpan/build/2023120709/PayProp-API-Public-Client-0.04-2/blib/lib/PayProp/API/Public/Client/Role/APIRequest.pm line 90
	PayProp::API::Public::Client::Role::APIRequest::__ANON__(HASH(0x2b9b380)) called at /home/cpansand/.cpan/build/2023120709/Mojolicious-9.35-2/blib/lib/Mojo/Promise.pm line 248
	eval {...} called at /home/cpansand/.cpan/build/2023120709/Mojolicious-9.35-2/blib/lib/Mojo/Promise.pm line 248
	Mojo::Promise::_then_cb(Mojo::Promise=HASH(0x2d2fb70), CODE(0x32832d8), "resolve", HASH(0x2b9b380)) called at /home/cpansand/.cpan/build/2023120709/Mojolicious-9.35-2/blib/lib/Mojo/Promise.pm line 104
	Mojo::Promise::__ANON__(HASH(0x2b9b380)) called at /home/cpansand/.cpan/build/2023120709/Mojolicious-9.35-2/blib/lib/Mojo/Promise.pm line 194
	Mojo::Promise::__ANON__(Mojo::IOLoop=HASH(0x2c046b0)) called at /home/cpansand/.cpan/build/2023120709/Mojolicious-9.35-2/blib/lib/Mojo/IOLoop.pm line 72
	Mojo::IOLoop::__ANON__(Mojo::Reactor::Poll=HASH(0x2b57420)) called at /home/cpansand/.cpan/build/2023120709/Mojolicious-9.35-2/blib/lib/Mojo/Reactor/Poll.pm line 129
	Mojo::Reactor::Poll::_next(Mojo::Reactor::Poll=HASH(0x2b57420)) called at /home/cpansand/.cpan/build/2023120709/Mojolicious-9.35-2/blib/lib/Mojo/Reactor/Poll.pm line 141
	eval {...} called at /home/cpansand/.cpan/build/2023120709/Mojolicious-9.35-2/blib/lib/Mojo/Reactor/Poll.pm line 141
	Mojo::Reactor::Poll::_try(Mojo::Reactor::Poll=HASH(0x2b57420), "Timer", CODE(0x2bf0180)) called at /home/cpansand/.cpan/build/2023120709/Mojolicious-9.35-2/blib/lib/Mojo/Reactor/Poll.pm line 83
	Mojo::Reactor::Poll::one_tick(Mojo::Reactor::Poll=HASH(0x2b57420)) called at /home/cpansand/.cpan/build/2023120709/Mojolicious-9.35-2/blib/lib/Mojo/Reactor/Poll.pm line 101
	Mojo::Reactor::Poll::start(Mojo::Reactor::Poll=HASH(0x2b57420)) called at /home/cpansand/.cpan/build/2023120709/Mojolicious-9.35-2/blib/lib/Mojo/IOLoop.pm line 134
	Mojo::IOLoop::start(Mojo::IOLoop=HASH(0x2c046b0)) called at /home/cpansand/.cpan/build/2023120709/Mojolicious-9.35-2/blib/lib/Mojo/Promise.pm line 120
	Mojo::Promise::wait(Mojo::Promise=HASH(0x3283398)) called at t/payprop/api/public/client/request/export/beneficiaries.t line 62
	main::__ANON__() called at /opt/perl-5.24.0/lib/site_perl/5.24.0/Test/Builder.pm line 300
	eval {...} called at /opt/perl-5.24.0/lib/site_perl/5.24.0/Test/Builder.pm line 300
	Test::Builder::subtest(Test::Builder=HASH(0x10984c8), "->list_p", CODE(0x2d300f8)) called at /opt/perl-5.24.0/lib/site_perl/5.24.0/Test/More.pm line 801
	Test::More::subtest("->list_p", CODE(0x2d300f8)) called at t/payprop/api/public/client/request/export/beneficiaries.t line 67
"?) at /home/cpansand/.cpan/build/2023120709/PayProp-API-Public-Client-0.04-2/blib/lib/PayProp/API/Public/Client/Role/APIRequest.pm line 30.
 at t/payprop/api/public/client/request/export/beneficiaries.t line 65.
    # No tests run!

#   Failed test 'No tests run for subtest "->list_p"'
#   at t/payprop/api/public/client/request/export/beneficiaries.t line 67.
# Looks like you failed 1 test of 4.
t/payprop/api/public/client/request/export/beneficiaries.t .......... 
Dubious, test returned 1 (wstat 256, 0x100)
Failed 1/4 subtests 
[2023-12-07 09:30:59.20773] [14579] [info] Listening at "http://*:6528"
Unhandled rejected promise: Can't locate object method "rethrow" via package "Attribute (notify_sms) does not pass the type constraint because: Validation failed for 'Bool' with value JSON::PP::Boolean=SCALAR(0x1969178) at /opt/perl-5.24.0/lib/site_perl/5.24.0/x86_64-linux/Mouse/Util.pm line 386.
	Mouse::Util::throw_error(Mouse::Meta::Attribute=HASH(0x3621f70), "Attribute (notify_sms) does not pass the type constraint beca"..., "data", JSON::PP::Boolean=SCALAR(0x1969178), "depth", -1) called at /home/cpansand/.cpan/build/2023120709/PayProp-API-Public-Client-0.04-2/blib/lib/PayProp/API/Public/Client/Request/Export/Tenants.pm line 64
	PayProp::API::Public::Client::Request::Export::Tenants::_get_tenants(PayProp::API::Public::Client::Request::Export::Tenants=HASH(0x3648638), HASH(0x346c8b8)) called at /home/cpansand/.cpan/build/2023120709/PayProp-API-Public-Client-0.04-2/blib/lib/PayProp/API/Public/Client/Request/Export/Tenants.pm line 31
	PayProp::API::Public::Client::Request::Export::Tenants::__ANON__(HASH(0x346c8b8)) called at /home/cpansand/.cpan/build/2023120709/PayProp-API-Public-Client-0.04-2/blib/lib/PayProp/API/Public/Client/Role/APIRequest.pm line 90
	PayProp::API::Public::Client::Role::APIRequest::__ANON__(HASH(0x346c8b8)) called at /home/cpansand/.cpan/build/2023120709/Mojolicious-9.35-2/blib/lib/Mojo/Promise.pm line 248
	eval {...} called at /home/cpansand/.cpan/build/2023120709/Mojolicious-9.35-2/blib/lib/Mojo/Promise.pm line 248
	Mojo::Promise::_then_cb(Mojo::Promise=HASH(0x2559a68), CODE(0x3b559f0), "resolve", HASH(0x346c8b8)) called at /home/cpansand/.cpan/build/2023120709/Mojolicious-9.35-2/blib/lib/Mojo/Promise.pm line 104
	Mojo::Promise::__ANON__(HASH(0x346c8b8)) called at /home/cpansand/.cpan/build/2023120709/Mojolicious-9.35-2/blib/lib/Mojo/Promise.pm line 194
	Mojo::Promise::__ANON__(Mojo::IOLoop=HASH(0x34d5c08)) called at /home/cpansand/.cpan/build/2023120709/Mojolicious-9.35-2/blib/lib/Mojo/IOLoop.pm line 72
	Mojo::IOLoop::__ANON__(Mojo::Reactor::Poll=HASH(0x2f2b2e0)) called at /home/cpansand/.cpan/build/2023120709/Mojolicious-9.35-2/blib/lib/Mojo/Reactor/Poll.pm line 129
	Mojo::Reactor::Poll::_next(Mojo::Reactor::Poll=HASH(0x2f2b2e0)) called at /home/cpansand/.cpan/build/2023120709/Mojolicious-9.35-2/blib/lib/Mojo/Reactor/Poll.pm line 141
	eval {...} called at /home/cpansand/.cpan/build/2023120709/Mojolicious-9.35-2/blib/lib/Mojo/Reactor/Poll.pm line 141
	Mojo::Reactor::Poll::_try(Mojo::Reactor::Poll=HASH(0x2f2b2e0), "Timer", CODE(0x34c1548)) called at /home/cpansand/.cpan/build/2023120709/Mojolicious-9.35-2/blib/lib/Mojo/Reactor/Poll.pm line 83
	Mojo::Reactor::Poll::one_tick(Mojo::Reactor::Poll=HASH(0x2f2b2e0)) called at /home/cpansand/.cpan/build/2023120709/Mojolicious-9.35-2/blib/lib/Mojo/Reactor/Poll.pm line 101
	Mojo::Reactor::Poll::start(Mojo::Reactor::Poll=HASH(0x2f2b2e0)) called at /home/cpansand/.cpan/build/2023120709/Mojolicious-9.35-2/blib/lib/Mojo/IOLoop.pm line 134
	Mojo::IOLoop::start(Mojo::IOLoop=HASH(0x34d5c08)) called at /home/cpansand/.cpan/build/2023120709/Mojolicious-9.35-2/blib/lib/Mojo/Promise.pm line 120
	Mojo::Promise::wait(Mojo::Promise=HASH(0x3b55ab0)) called at t/payprop/api/public/client/request/export/tenants.t line 62
	main::__ANON__() called at /opt/perl-5.24.0/lib/site_perl/5.24.0/Test/Builder.pm line 300
	eval {...} called at /opt/perl-5.24.0/lib/site_perl/5.24.0/Test/Builder.pm line 300
	Test::Builder::subtest(Test::Builder=HASH(0x1969418), "->list_p", CODE(0x36016c0)) called at /opt/perl-5.24.0/lib/site_perl/5.24.0/Test/More.pm line 801
	Test::More::subtest("->list_p", CODE(0x36016c0)) called at t/payprop/api/public/client/request/export/tenants.t line 67
" (perhaps you forgot to load "Attribute (notify_sms) does not pass the type constraint because: Validation failed for 'Bool' with value JSON::PP::Boolean=SCALAR(0x1969178) at /opt/perl-5.24.0/lib/site_perl/5.24.0/x86_64-linux/Mouse/Util.pm line 386.
	Mouse::Util::throw_error(Mouse::Meta::Attribute=HASH(0x3621f70), "Attribute (notify_sms) does not pass the type constraint beca"..., "data", JSON::PP::Boolean=SCALAR(0x1969178), "depth", -1) called at /home/cpansand/.cpan/build/2023120709/PayProp-API-Public-Client-0.04-2/blib/lib/PayProp/API/Public/Client/Request/Export/Tenants.pm line 64
	PayProp::API::Public::Client::Request::Export::Tenants::_get_tenants(PayProp::API::Public::Client::Request::Export::Tenants=HASH(0x3648638), HASH(0x346c8b8)) called at /home/cpansand/.cpan/build/2023120709/PayProp-API-Public-Client-0.04-2/blib/lib/PayProp/API/Public/Client/Request/Export/Tenants.pm line 31
	PayProp::API::Public::Client::Request::Export::Tenants::__ANON__(HASH(0x346c8b8)) called at /home/cpansand/.cpan/build/2023120709/PayProp-API-Public-Client-0.04-2/blib/lib/PayProp/API/Public/Client/Role/APIRequest.pm line 90
	PayProp::API::Public::Client::Role::APIRequest::__ANON__(HASH(0x346c8b8)) called at /home/cpansand/.cpan/build/2023120709/Mojolicious-9.35-2/blib/lib/Mojo/Promise.pm line 248
	eval {...} called at /home/cpansand/.cpan/build/2023120709/Mojolicious-9.35-2/blib/lib/Mojo/Promise.pm line 248
	Mojo::Promise::_then_cb(Mojo::Promise=HASH(0x2559a68), CODE(0x3b559f0), "resolve", HASH(0x346c8b8)) called at /home/cpansand/.cpan/build/2023120709/Mojolicious-9.35-2/blib/lib/Mojo/Promise.pm line 104
	Mojo::Promise::__ANON__(HASH(0x346c8b8)) called at /home/cpansand/.cpan/build/2023120709/Mojolicious-9.35-2/blib/lib/Mojo/Promise.pm line 194
	Mojo::Promise::__ANON__(Mojo::IOLoop=HASH(0x34d5c08)) called at /home/cpansand/.cpan/build/2023120709/Mojolicious-9.35-2/blib/lib/Mojo/IOLoop.pm line 72
	Mojo::IOLoop::__ANON__(Mojo::Reactor::Poll=HASH(0x2f2b2e0)) called at /home/cpansand/.cpan/build/2023120709/Mojolicious-9.35-2/blib/lib/Mojo/Reactor/Poll.pm line 129
	Mojo::Reactor::Poll::_next(Mojo::Reactor::Poll=HASH(0x2f2b2e0)) called at /home/cpansand/.cpan/build/2023120709/Mojolicious-9.35-2/blib/lib/Mojo/Reactor/Poll.pm line 141
	eval {...} called at /home/cpansand/.cpan/build/2023120709/Mojolicious-9.35-2/blib/lib/Mojo/Reactor/Poll.pm line 141
	Mojo::Reactor::Poll::_try(Mojo::Reactor::Poll=HASH(0x2f2b2e0), "Timer", CODE(0x34c1548)) called at /home/cpansand/.cpan/build/2023120709/Mojolicious-9.35-2/blib/lib/Mojo/Reactor/Poll.pm line 83
	Mojo::Reactor::Poll::one_tick(Mojo::Reactor::Poll=HASH(0x2f2b2e0)) called at /home/cpansand/.cpan/build/2023120709/Mojolicious-9.35-2/blib/lib/Mojo/Reactor/Poll.pm line 101
	Mojo::Reactor::Poll::start(Mojo::Reactor::Poll=HASH(0x2f2b2e0)) called at /home/cpansand/.cpan/build/2023120709/Mojolicious-9.35-2/blib/lib/Mojo/IOLoop.pm line 134
	Mojo::IOLoop::start(Mojo::IOLoop=HASH(0x34d5c08)) called at /home/cpansand/.cpan/build/2023120709/Mojolicious-9.35-2/blib/lib/Mojo/Promise.pm line 120
	Mojo::Promise::wait(Mojo::Promise=HASH(0x3b55ab0)) called at t/payprop/api/public/client/request/export/tenants.t line 62
	main::__ANON__() called at /opt/perl-5.24.0/lib/site_perl/5.24.0/Test/Builder.pm line 300
	eval {...} called at /opt/perl-5.24.0/lib/site_perl/5.24.0/Test/Builder.pm line 300
	Test::Builder::subtest(Test::Builder=HASH(0x1969418), "->list_p", CODE(0x36016c0)) called at /opt/perl-5.24.0/lib/site_perl/5.24.0/Test/More.pm line 801
	Test::More::subtest("->list_p", CODE(0x36016c0)) called at t/payprop/api/public/client/request/export/tenants.t line 67
"?) at /home/cpansand/.cpan/build/2023120709/PayProp-API-Public-Client-0.04-2/blib/lib/PayProp/API/Public/Client/Role/APIRequest.pm line 30.
 at t/payprop/api/public/client/request/export/tenants.t line 65.
    # No tests run!

#   Failed test 'No tests run for subtest "->list_p"'
#   at t/payprop/api/public/client/request/export/tenants.t line 67.
# Looks like you failed 1 test of 4.
t/payprop/api/public/client/request/export/tenants.t ................ 
Dubious, test returned 1 (wstat 256, 0x100)
Failed 1/4 subtests 
[2023-12-07 09:30:59.95020] [14581] [info] Listening at "http://*:6530"
[2023-12-07 09:31:00.46624] [14582] [info] Listening at "http://*:6530"
[2023-12-07 09:31:00.97371] [14583] [info] Listening at "http://*:6530"
[2023-12-07 09:31:01.49923] [14584] [info] Listening at "http://*:6530"
[2023-12-07 09:31:02.01704] [14585] [info] Listening at "http://*:6530"
[2023-12-07 09:31:02.54276] [14586] [info] Listening at "http://*:6530"
[2023-12-07 09:31:03.05003] [14587] [info] Listening at "http://*:6530"
t/payprop/api/public/client/request/tags.t .......................... ok
t/payprop/api/public/client/response/entity/invoice.t ............... ok
t/payprop/api/public/client/response/entity/payment.t ............... ok
t/payprop/api/public/client/response/export/beneficiary.t ........... ok
t/payprop/api/public/client/response/export/beneficiary/address.t ... ok
t/payprop/api/public/client/response/export/beneficiary/property.t .. ok
t/payprop/api/public/client/response/export/tenant.t ................ ok
t/payprop/api/public/client/response/export/tenant/address.t ........ ok
t/payprop/api/public/client/response/export/tenant/property.t ....... ok
t/payprop/api/public/client/response/tag.t .......................... ok
t/payprop/api/public/client/role/apirequest.t ....................... ok
t/payprop/api/public/client/role/attribute/apiversion.t ............. ok
t/payprop/api/public/client/role/attribute/authorization.t .......... ok
t/payprop/api/public/client/role/attribute/domain.t ................. ok
t/payprop/api/public/client/role/attribute/storage.t ................ ok
t/payprop/api/public/client/role/attribute/token.t .................. ok
t/payprop/api/public/client/role/attribute/ua.t ..................... ok
t/payprop/api/public/client/role/encrypt.t .......................... ok

#   Failed test 'use Test::Two::PayProp::API::Public::Client::Response;'
#   at t/payprop/api/public/client/role/json.t line 57.
#     Tried to use 'Test::Two::PayProp::API::Public::Client::Response'.
#     Error:  Can't locate Test/Two/PayProp/API/Public/Client/Response.pm in @INC (you may need to install the Test::Two::PayProp::API::Public::Client::Response module) (@INC contains: /home/cpansand/.cpan/build/2023120709/PayProp-API-Public-Client-0.04-2/blib/arch /home/cpansand/.cpan/build/2023120709/PayProp-API-Public-Client-0.04-2/blib/lib /home/cpansand/.cpan/build/2023120709/Mojolicious-9.35-2/blib/arch /home/cpansand/.cpan/build/2023120709/Mojolicious-9.35-2/blib/lib /opt/perl-5.24.0/lib/site_perl/5.24.0/x86_64-linux /opt/perl-5.24.0/lib/site_perl/5.24.0 /opt/perl-5.24.0/lib/5.24.0/x86_64-linux /opt/perl-5.24.0/lib/5.24.0 .) at t/payprop/api/public/client/role/json.t line 57.
# BEGIN failed--compilation aborted at t/payprop/api/public/client/role/json.t line 57.
# Looks like you failed 1 test of 3.
t/payprop/api/public/client/role/json.t ............................. 
Dubious, test returned 1 (wstat 256, 0x100)
Failed 1/3 subtests 
t/payprop/api/public/client/role/request.t .......................... ok
t/payprop/api/public/client/role/storage.t .......................... ok
t/payprop/api/public/client/util/apirequest.t ....................... ok
t/payprop/api/public/client/util/request.t .......................... ok

Test Summary Report
-------------------
t/payprop/api/public/client/authorization/base.t                  (Wstat: 256 Tests: 4 Failed: 1)
  Failed test:  1
  Non-zero exit status: 1
t/payprop/api/public/client/request/entity/invoice.t              (Wstat: 768 Tests: 6 Failed: 3)
  Failed tests:  4-6
  Non-zero exit status: 3
t/payprop/api/public/client/request/entity/payment.t              (Wstat: 768 Tests: 6 Failed: 3)
  Failed tests:  4-6
  Non-zero exit status: 3
t/payprop/api/public/client/request/export/beneficiaries.t        (Wstat: 256 Tests: 4 Failed: 1)
  Failed test:  4
  Non-zero exit status: 1
t/payprop/api/public/client/request/export/tenants.t              (Wstat: 256 Tests: 4 Failed: 1)
  Failed test:  4
  Non-zero exit status: 1
t/payprop/api/public/client/role/json.t                           (Wstat: 256 Tests: 3 Failed: 1)
  Failed test:  1
  Non-zero exit status: 1
Files=44, Tests=147, 14 wallclock secs ( 0.07 usr  0.04 sys +  6.03 cusr  0.85 csys =  6.99 CPU)
Result: FAIL

------------------------------
PREREQUISITES
------------------------------

Prerequisite modules loaded:

requires:

    Module                       Need  Have   
    ---------------------------- ----- -------
    Cache::Memcached             0     1.30   
    Crypt::CBC                   0     2.33   
    IO::Socket::INET             0     1.35   
    MIME::Base64                 0     3.15   
    Module::Load                 0     0.32   
    Mojo::Promise                0     0      
    Mojo::URL                    0     0      
    Mojo::UserAgent              0     0      
    Mojolicious                  0     9.35   
    Mouse                        0     v2.4.5 
    Mouse::Role                  0     v2.4.5 
    Mouse::Util::TypeConstraints 0     0      
    Parallel::ForkManager        0     1.19   
    parent                       0     0.234  
    POSIX                        0     1.65   
    strict                       0     1.11   
    Time::HiRes                  0     1.9739 
    warnings                     0     1.36   

build_requires:

    Module                       Need  Have   
    ---------------------------- ----- -------
    FindBin                      0     1.51   
    JSON::PP                     0     2.27300
    lib                          0     0.63   
    Test::Most                   0     0.34   

configure_requires:

    Module                       Need  Have   
    ---------------------------- ----- -------
    Module::Build::Tiny          0.034 0.039  


------------------------------
ENVIRONMENT AND OTHER CONTEXT
------------------------------

Environment variables:

    LANG = en_US.UTF-8
    LANGUAGE = en_US:en
    LC_ALL = en_US.UTF-8
    PATH = /usr/local/bin:/usr/bin:/bin:/usr/local/sbin:/usr/sbin:/sbin:/home/cpansand/bin/linux-gnu:/home/cpansand/bin/sh:/home/cpansand/bin:/usr/games:/home/cpansand/devel:/home/eserte/src/srezic-misc/scripts
    PERL5LIB = /home/cpansand/.cpan/build/2023120709/Mojolicious-9.35-2/blib/arch:/home/cpansand/.cpan/build/2023120709/Mojolicious-9.35-2/blib/lib
    PERL5OPT = 
    PERL5_CPANPLUS_IS_RUNNING = 14139
    PERL5_CPAN_IS_RUNNING = 14139
    PERL5_CPAN_IS_RUNNING_IN_RECURSION = 30022,14139
    PERLDOC = -MPod::Perldoc::ToTextOverstrike
    PERL_BATCH = yes
    PERL_CANARY_STABILITY_NOPROMPT = 1
    PERL_CPAN_REPORTER_CONFIG = /var/tmp/cpansmoker-1023/2023120709/cpanreporter_000_config.ini
    PERL_EXTUTILS_AUTOINSTALL = --defaultdeps
    PERL_USE_UNSAFE_INC = 1
    SHELL = /bin/zsh
    TERM = screen
    TMPDIR = /var/tmp/cpansmoker-1023/2023120709

Perl special variables (and OS-specific diagnostics, for MSWin32):

    $^X = /opt/perl-5.24.0/bin/perl
    $UID/$EUID = 1023 / 1023
    $GID = 1023 1023
    $EGID = 1023 1023

Perl module toolchain versions installed:

    Module              Have    
    ------------------- --------
    CPAN                2.28    
    CPAN::Meta          2.150010
    Cwd                 3.63    
    ExtUtils::CBuilder  0.280225
    ExtUtils::Command   7.24    
    ExtUtils::Install   2.04    
    ExtUtils::MakeMaker 7.24    
    ExtUtils::Manifest  1.70    
    ExtUtils::ParseXS   3.31    
    File::Spec          3.63    
    JSON                2.90    
    JSON::PP            2.27300 
    Module::Build       0.4220  
    Module::Signature   0.80    
    Parse::CPAN::Meta   2.150010
    Test::Harness       3.36    
    Test::More          1.302052
    YAML                1.17    
    YAML::Syck          1.29    
    version             0.9916  


--

Summary of my perl5 (revision 5 version 24 subversion 0) configuration:
   
  Platform:
    osname=linux, osvers=3.2.0-4-amd64, archname=x86_64-linux
    uname='linux cvrsnica-wheezy 3.2.0-4-amd64 #1 smp debian 3.2.54-2 x86_64 gnulinux '
    config_args='-ds -e -Dprefix=/opt/perl-5.24.0 -Dcf_email=srezic@cpan.org'
    hint=recommended, useposix=true, d_sigaction=define
    useithreads=undef, usemultiplicity=undef
    use64bitint=define, use64bitall=define, uselongdouble=undef
    usemymalloc=n, bincompat5005=undef
  Compiler:
    cc='cc', ccflags ='-fwrapv -fno-strict-aliasing -pipe -fstack-protector -I/usr/local/include -D_LARGEFILE_SOURCE -D_FILE_OFFSET_BITS=64 -D_FORTIFY_SOURCE=2',
    optimize='-O2',
    cppflags='-fwrapv -fno-strict-aliasing -pipe -fstack-protector -I/usr/local/include'
    ccversion='', gccversion='4.7.2', gccosandvers=''
    intsize=4, longsize=8, ptrsize=8, doublesize=8, byteorder=12345678, doublekind=3
    d_longlong=define, longlongsize=8, d_longdbl=define, longdblsize=16, longdblkind=3
    ivtype='long', ivsize=8, nvtype='double', nvsize=8, Off_t='off_t', lseeksize=8
    alignbytes=8, prototype=define
  Linker and Libraries:
    ld='cc', ldflags =' -fstack-protector -L/usr/local/lib'
    libpth=/usr/local/lib /usr/lib/gcc/x86_64-linux-gnu/4.7/include-fixed /usr/include/x86_64-linux-gnu /usr/lib /lib/x86_64-linux-gnu /lib/../lib /usr/lib/x86_64-linux-gnu /usr/lib/../lib /lib
    libs=-lpthread -lnsl -ldb -ldl -lm -lcrypt -lutil -lc
    perllibs=-lpthread -lnsl -ldl -lm -lcrypt -lutil -lc
    libc=libc-2.13.so, so=so, useshrplib=false, libperl=libperl.a
    gnulibc_version='2.13'
  Dynamic Linking:
    dlsrc=dl_dlopen.xs, dlext=so, d_dlsymun=undef, ccdlflags='-Wl,-E'
    cccdlflags='-fPIC', lddlflags='-shared -O2 -L/usr/local/lib -fstack-protector'


Characteristics of this binary (from libperl): 
  Compile-time options: HAS_TIMES PERLIO_LAYERS PERL_COPY_ON_WRITE
                        PERL_DONT_CREATE_GVSV
                        PERL_HASH_FUNC_ONE_AT_A_TIME_HARD PERL_MALLOC_WRAP
                        PERL_PRESERVE_IVUV USE_64_BIT_ALL USE_64_BIT_INT
                        USE_LARGE_FILES USE_LOCALE USE_LOCALE_COLLATE
                        USE_LOCALE_CTYPE USE_LOCALE_NUMERIC USE_LOCALE_TIME
                        USE_PERLIO USE_PERL_ATOF
  Built under linux
  Compiled at May 30 2016 08:43:25
  %ENV:
    PERL5LIB="/home/cpansand/.cpan/build/2023120709/Mojolicious-9.35-2/blib/arch:/home/cpansand/.cpan/build/2023120709/Mojolicious-9.35-2/blib/lib"
    PERL5OPT=""
    PERL5_CPANPLUS_IS_RUNNING="14139"
    PERL5_CPAN_IS_RUNNING="14139"
    PERL5_CPAN_IS_RUNNING_IN_RECURSION="30022,14139"
    PERLDOC="-MPod::Perldoc::ToTextOverstrike"
    PERL_BATCH="yes"
    PERL_CANARY_STABILITY_NOPROMPT="1"
    PERL_CPAN_REPORTER_CONFIG="/var/tmp/cpansmoker-1023/2023120709/cpanreporter_000_config.ini"
    PERL_EXTUTILS_AUTOINSTALL="--defaultdeps"
    PERL_USE_UNSAFE_INC="1"
  @INC:
    /home/cpansand/.cpan/build/2023120709/Mojolicious-9.35-2/blib/arch
    /home/cpansand/.cpan/build/2023120709/Mojolicious-9.35-2/blib/lib
    /opt/perl-5.24.0/lib/site_perl/5.24.0/x86_64-linux
    /opt/perl-5.24.0/lib/site_perl/5.24.0
    /opt/perl-5.24.0/lib/5.24.0/x86_64-linux
    /opt/perl-5.24.0/lib/5.24.0
    .