Report for Sledge-View-0.08

Back
From: metabase:user:314402c4-2aae-11df-837a-5e0a49663a4f
Subject: FAIL Sledge-View-0.08 v5.12.2 RC1 FreeBSD
Date: 2010-09-05T06:37:59Z

This distribution has been tested as part of the CPAN Testers
project, supporting the Perl programming language.  See
http://wiki.cpantesters.org/ for more information or email
questions to cpan-testers-discuss@perl.org


--
Dear Tokuhiro Matsuno,

This is a computer-generated report for Sledge-View-0.08
on perl 5.12.2, created by CPAN-Reporter-1.18.

Thank you for uploading your work to CPAN.  However, there was a problem
testing your distribution.

If you think this report is invalid, please consult the CPAN Testers Wiki
for suggestions on how to avoid getting FAIL reports for missing library
or binary dependencies, unsupported operating systems, and so on:

http://wiki.cpantesters.org/wiki/CPANAuthorNotes

Sections of this report:

    * Tester comments
    * Program output
    * Prerequisites
    * Environment and other context

------------------------------
TESTER COMMENTS
------------------------------

Additional comments from tester:

none provided

------------------------------
PROGRAM OUTPUT
------------------------------

Output from '/usr/bin/make test':

/usr/home/cpansand/var/ctps/5122_rc1/install/perl-5.12.2-RC1/bin/perl5.12.2 "-Iinc" Makefile.PL --config= --installdeps=Sledge::Plugin::Stash,0
Cannot determine perl version info from lib/Sledge/View.pm
PERL_DL_NONLAZY=1 /usr/home/cpansand/var/ctps/5122_rc1/install/perl-5.12.2-RC1/bin/perl5.12.2 "-MExtUtils::Command::MM" "-e" "test_harness(0, 'inc', 'blib/lib', 'blib/arch')" t/00.load.t t/01.base.t t/02.abstract.t t/03.csv.t t/04.tt.t t/dependencies.t t/perlcritic.t t/pod-coverage.t t/pod.t t/spelling.t
t/00.load.t ....... skipped: Sledge::Exceptions required for testing base: Can't locate Sledge/Exceptions.pm in @INC (@INC contains: /var/tmp/CPAN-build/Sledge-View-0.08-1nIiyY/inc /var/tmp/CPAN-build/Sledge-View-0.08-1nIiyY/blib/lib /var/tmp/CPAN-build/Sledge-View-0.08-1nIiyY/blib/arch /home/cpansand/var/ctps/5122_rc1/install/perl-5.12.2-RC1/lib/site_perl/5.12.2/i386-freebsd /home/cpansand/var/ctps/5122_rc1/install/perl-5.12.2-RC1/lib/site_perl/5.12.2 /home/cpansand/var/ctps/5122_rc1/install/perl-5.12.2-RC1/lib/5.12.2/i386-freebsd /home/cpansand/var/ctps/5122_rc1/install/perl-5.12.2-RC1/lib/5.12.2 .) at (eval 3) line 2.
t/01.base.t ....... skipped: t::TestPages required for testing base: Can't locate Sledge/Exceptions.pm in @INC (@INC contains: /var/tmp/CPAN-build/Sledge-View-0.08-1nIiyY/inc /var/tmp/CPAN-build/Sledge-View-0.08-1nIiyY/blib/lib /var/tmp/CPAN-build/Sledge-View-0.08-1nIiyY/blib/arch /home/cpansand/var/ctps/5122_rc1/install/perl-5.12.2-RC1/lib/site_perl/5.12.2/i386-freebsd /home/cpansand/var/ctps/5122_rc1/install/perl-5.12.2-RC1/lib/site_perl/5.12.2 /home/cpansand/var/ctps/5122_rc1/install/perl-5.12.2-RC1/lib/5.12.2/i386-freebsd /home/cpansand/var/ctps/5122_rc1/install/perl-5.12.2-RC1/lib/5.12.2 .) at /var/tmp/CPAN-build/Sledge-View-0.08-1nIiyY/blib/lib/Sledge/View.pm line 5.
Can't locate Sledge/Exceptions.pm in @INC (@INC contains: /var/tmp/CPAN-build/Sledge-View-0.08-1nIiyY/inc /var/tmp/CPAN-build/Sledge-View-0.08-1nIiyY/blib/lib /var/tmp/CPAN-build/Sledge-View-0.08-1nIiyY/blib/arch /home/cpansand/var/ctps/5122_rc1/install/perl-5.12.2-RC1/lib/site_perl/5.12.2/i386-freebsd /home/cpansand/var/ctps/5122_rc1/install/perl-5.12.2-RC1/lib/site_perl/5.12.2 /home/cpansand/var/ctps/5122_rc1/install/perl-5.12.2-RC1/lib/5.12.2/i386-freebsd /home/cpansand/var/ctps/5122_rc1/install/perl-5.12.2-RC1/lib/5.12.2 .) at /var/tmp/CPAN-build/Sledge-View-0.08-1nIiyY/blib/lib/Sledge/View.pm line 5.
BEGIN failed--compilation aborted at /var/tmp/CPAN-build/Sledge-View-0.08-1nIiyY/blib/lib/Sledge/View.pm line 5.
Compilation failed in require at t/02.abstract.t line 4.
BEGIN failed--compilation aborted at t/02.abstract.t line 4.
t/02.abstract.t ... 
Dubious, test returned 2 (wstat 512, 0x200)
No subtests run 
t/03.csv.t ........ skipped: Test::Base, t::TestPages required for testing base: Can't locate Sledge/Exceptions.pm in @INC (@INC contains: /var/tmp/CPAN-build/Sledge-View-0.08-1nIiyY/inc /var/tmp/CPAN-build/Sledge-View-0.08-1nIiyY/blib/lib /var/tmp/CPAN-build/Sledge-View-0.08-1nIiyY/blib/arch /home/cpansand/var/ctps/5122_rc1/install/perl-5.12.2-RC1/lib/site_perl/5.12.2/i386-freebsd /home/cpansand/var/ctps/5122_rc1/install/perl-5.12.2-RC1/lib/site_perl/5.12.2 /home/cpansand/var/ctps/5122_rc1/install/perl-5.12.2-RC1/lib/5.12.2/i386-freebsd /home/cpansand/var/ctps/5122_rc1/install/perl-5.12.2-RC1/lib/5.12.2 .) at /var/tmp/CPAN-build/Sledge-View-0.08-1nIiyY/blib/lib/Sledge/View.pm line 5.
t/04.tt.t ......... skipped: t::TestPages required for testing base: Can't locate Sledge/Exceptions.pm in @INC (@INC contains: /var/tmp/CPAN-build/Sledge-View-0.08-1nIiyY/inc /var/tmp/CPAN-build/Sledge-View-0.08-1nIiyY/blib/lib /var/tmp/CPAN-build/Sledge-View-0.08-1nIiyY/blib/arch /home/cpansand/var/ctps/5122_rc1/install/perl-5.12.2-RC1/lib/site_perl/5.12.2/i386-freebsd /home/cpansand/var/ctps/5122_rc1/install/perl-5.12.2-RC1/lib/site_perl/5.12.2 /home/cpansand/var/ctps/5122_rc1/install/perl-5.12.2-RC1/lib/5.12.2/i386-freebsd /home/cpansand/var/ctps/5122_rc1/install/perl-5.12.2-RC1/lib/5.12.2 .) at /var/tmp/CPAN-build/Sledge-View-0.08-1nIiyY/blib/lib/Sledge/View.pm line 5.
Could not determine modules used in 'lib/Sledge/Plugin/View.pm' at /home/cpansand/var/ctps/5122_rc1/install/perl-5.12.2-RC1/lib/site_perl/5.12.2/Test/Dependencies.pm line 157.
# Looks like your test died before it could output anything.
t/dependencies.t .. 
Dubious, test returned 255 (wstat 65280, 0xff00)
No subtests run 

#   Failed test 'Test::Perl::Critic for "blib/lib/Sledge/View/CSV.pm"'
#   in /home/cpansand/var/ctps/5122_rc1/install/perl-5.12.2-RC1/lib/site_perl/5.12.2/Test/Perl/Critic.pm at line 110.
# 
# Perl::Critic found these violations in "blib/lib/Sledge/View/CSV.pm":
# Private Member Data shouldn't be accessed directly at line 50, column 34.  Accessing an objects data directly breaks encapsulation and should be avoided.  Example: $object->{ some_key }.  (Severity: 5)

#   Failed test 'Test::Perl::Critic for "blib/lib/Sledge/View/TT.pm"'
#   in /home/cpansand/var/ctps/5122_rc1/install/perl-5.12.2-RC1/lib/site_perl/5.12.2/Test/Perl/Critic.pm at line 110.
# 
# Perl::Critic found these violations in "blib/lib/Sledge/View/TT.pm":
# Private Member Data shouldn't be accessed directly at line 40, column 17.  Accessing an objects data directly breaks encapsulation and should be avoided.  Example: $object->{ some_key }.  (Severity: 5)
# Looks like you failed 2 tests of 6.
t/perlcritic.t .... 
Dubious, test returned 2 (wstat 512, 0x200)
Failed 2/6 subtests 
t/pod-coverage.t .. ok
t/pod.t ........... ok

#   Failed test 'POD spelling for blib/lib/Sledge/View.pm'
#   in /home/cpansand/var/ctps/5122_rc1/install/perl-5.12.2-RC1/lib/site_perl/5.12.2/Test/Spelling.pm at line 80.
# Errors:
#     LICENCE

#   Failed test 'POD spelling for blib/lib/Sledge/Response.pm'
#   in /home/cpansand/var/ctps/5122_rc1/install/perl-5.12.2-RC1/lib/site_perl/5.12.2/Test/Spelling.pm at line 80.
# Errors:
#     LICENCE

#   Failed test 'POD spelling for blib/lib/Sledge/View/Template.pm'
#   in /home/cpansand/var/ctps/5122_rc1/install/perl-5.12.2-RC1/lib/site_perl/5.12.2/Test/Spelling.pm at line 80.
# Errors:
#     LICENCE

#   Failed test 'POD spelling for blib/lib/Sledge/View/TT.pm'
#   in /home/cpansand/var/ctps/5122_rc1/install/perl-5.12.2-RC1/lib/site_perl/5.12.2/Test/Spelling.pm at line 80.
# Errors:
#     LICENCE

#   Failed test 'POD spelling for blib/lib/Sledge/View/CSV.pm'
#   in /home/cpansand/var/ctps/5122_rc1/install/perl-5.12.2-RC1/lib/site_perl/5.12.2/Test/Spelling.pm at line 80.
# Errors:
#     LICENCE

#   Failed test 'POD spelling for blib/lib/Sledge/Plugin/View.pm'
#   in /home/cpansand/var/ctps/5122_rc1/install/perl-5.12.2-RC1/lib/site_perl/5.12.2/Test/Spelling.pm at line 80.
# Errors:
#     LICENCE
# Looks like you failed 6 tests of 6.
t/spelling.t ...... 
Dubious, test returned 6 (wstat 1536, 0x600)
Failed 6/6 subtests 

Test Summary Report
-------------------
t/02.abstract.t (Wstat: 512 Tests: 0 Failed: 0)
  Non-zero exit status: 2
  Parse errors: No plan found in TAP output
t/dependencies.t (Wstat: 65280 Tests: 0 Failed: 0)
  Non-zero exit status: 255
  Parse errors: No plan found in TAP output
t/perlcritic.t  (Wstat: 512 Tests: 6 Failed: 2)
  Failed tests:  4-5
  Non-zero exit status: 2
t/spelling.t    (Wstat: 1536 Tests: 6 Failed: 6)
  Failed tests:  1-6
  Non-zero exit status: 6
Files=10, Tests=24,  9 wallclock secs ( 0.05 usr  0.03 sys +  3.96 cusr  1.05 csys =  5.10 CPU)
Result: FAIL
Failed 4/10 test programs. 8/24 subtests failed.
*** Error code 6

Stop in /var/tmp/CPAN-build/Sledge-View-0.08-1nIiyY.

------------------------------
PREREQUISITES
------------------------------

Prerequisite modules loaded:

requires:

    Module                      Need Have 
    --------------------------- ---- -----
    Class::Accessor::Fast       0    0.34 
    Class::Trigger              0    0.14 
    HTTP::Headers               0    5.835
    Sledge::Plugin::Stash       0    0.02 
    Template                    0    2.22 
    Template::Stash::EscapeHTML 0    0.02 
    Test::Base                  0    0.59 
    Text::CSV_XS                0    0.73 
    UNIVERSAL::require          0    0.13 


------------------------------
ENVIRONMENT AND OTHER CONTEXT
------------------------------

Environment variables:

    DBIC_NO_WARN_BAD_PERL = 1
    PATH = /usr/local/bin:/usr/X11R6/bin:/usr/X11/bin:/usr/perl5.8.0/bin:/usr/bin:/bin:/usr/local/sbin:/usr/sbin:/sbin:/usr/local/pilot/bin:/home/cpansand/bin/freebsd8.0:/home/cpansand/bin/sh:/home/cpansand/bin:/usr/X386/bin:/usr/games:/home/cpansand/devel:/usr/home/e/eserte/src/perl/CPAN-Testers-ParallelSmoker/utils
    PERL5LIB = 
    PERL5OPT = 
    PERL5_CPANPLUS_IS_RUNNING = 77584
    PERL5_CPAN_IS_RUNNING = 77584
    PERL5_CPAN_IS_RUNNING_IN_RECURSION = 44767,77584
    PERL_BATCH = yes
    PERL_CPAN_REPORTER_DIR = /home/cpansand/var/ctps/5122_rc1/config/perl-5.12.2-RC1/cpanreporter
    PERL_EXTUTILS_AUTOINSTALL = --defaultdeps
    PERL_HTML_DISPLAY_CLASS = HTML::Display::Mozilla
    SHELL = /usr/local/bin/zsh
    TERM = xterm
    TMPDIR = /tmp/cpansmoker-1023

Perl special variables (and OS-specific diagnostics, for MSWin32):

    $^X = /usr/home/cpansand/var/ctps/5122_rc1/install/perl-5.12.2-RC1/bin/perl5.12.2
    $UID/$EUID = 1023 / 1023
    $GID = 1023 1023
    $EGID = 1023 1023

Perl module toolchain versions installed:

    Module              Have   
    ------------------- -------
    CPAN                1.94_56
    Cwd                 3.31   
    ExtUtils::CBuilder  0.2703 
    ExtUtils::Command   1.16   
    ExtUtils::Install   1.55   
    ExtUtils::MakeMaker 6.56   
    ExtUtils::Manifest  1.58   
    ExtUtils::ParseXS   2.2206 
    File::Spec          3.31   
    Module::Build       0.3607 
    Module::Signature   0.65   
    Test::Harness       3.22   
    Test::More          0.96   
    YAML                0.72   
    YAML::Syck          1.14   
    version             0.82   


--

Summary of my perl5 (revision 5 version 12 subversion 2) configuration:
   
  Platform:
    osname=freebsd, osvers=8.0-release, archname=i386-freebsd
    uname='freebsd biokovo.herceg.de 8.0-release freebsd 8.0-release #0: sat nov 21 15:48:17 utc 2009 root@almeida.cse.buffalo.edu:usrobjusrsrcsysgeneric i386 '
    config_args='-ds -e -Dprefix=/home/cpansand/var/ctps/5122_rc1/install/perl-5.12.2-RC1'
    hint=recommended, useposix=true, d_sigaction=define
    useithreads=undef, usemultiplicity=undef
    useperlio=define, d_sfio=undef, uselargefiles=define, usesocks=undef
    use64bitint=undef, use64bitall=undef, uselongdouble=undef
    usemymalloc=n, bincompat5005=undef
  Compiler:
    cc='cc', ccflags ='-DHAS_FPSETMASK -DHAS_FLOATINGPOINT_H -fno-strict-aliasing -pipe -fstack-protector -I/usr/local/include',
    optimize='-O',
    cppflags='-DHAS_FPSETMASK -DHAS_FLOATINGPOINT_H -fno-strict-aliasing -pipe -fstack-protector -I/usr/local/include'
    ccversion='', gccversion='4.2.1 20070719  [FreeBSD]', gccosandvers=''
    intsize=4, longsize=4, ptrsize=4, doublesize=8, byteorder=1234
    d_longlong=define, longlongsize=8, d_longdbl=define, longdblsize=12
    ivtype='long', ivsize=4, nvtype='double', nvsize=8, Off_t='off_t', lseeksize=8
    alignbytes=4, prototype=define
  Linker and Libraries:
    ld='cc', ldflags ='-Wl,-E  -fstack-protector -L/usr/local/lib'
    libpth=/usr/lib /usr/local/lib
    libs=-lgdbm -lm -lcrypt -lutil -lc
    perllibs=-lm -lcrypt -lutil -lc
    libc=, so=so, useshrplib=false, libperl=libperl.a
    gnulibc_version=''
  Dynamic Linking:
    dlsrc=dl_dlopen.xs, dlext=so, d_dlsymun=undef, ccdlflags=' '
    cccdlflags='-DPIC -fPIC', lddlflags='-shared  -L/usr/local/lib -fstack-protector'


Characteristics of this binary (from libperl): 
  Compile-time options: PERL_DONT_CREATE_GVSV PERL_MALLOC_WRAP
                        USE_LARGE_FILES USE_PERLIO USE_PERL_ATOF
  Locally applied patches:
	RC1
  Built under freebsd
  Compiled at Aug 31 2010 23:29:55
  %ENV:
    PERL5LIB=""
    PERL5OPT=""
    PERL5_CPANPLUS_IS_RUNNING="77584"
    PERL5_CPAN_IS_RUNNING="77584"
    PERL5_CPAN_IS_RUNNING_IN_RECURSION="44767,77584"
    PERL_BATCH="yes"
    PERL_CPAN_REPORTER_DIR="/home/cpansand/var/ctps/5122_rc1/config/perl-5.12.2-RC1/cpanreporter"
    PERL_EXTUTILS_AUTOINSTALL="--defaultdeps"
    PERL_HTML_DISPLAY_CLASS="HTML::Display::Mozilla"
  @INC:
    /home/cpansand/var/ctps/5122_rc1/install/perl-5.12.2-RC1/lib/site_perl/5.12.2/i386-freebsd
    /home/cpansand/var/ctps/5122_rc1/install/perl-5.12.2-RC1/lib/site_perl/5.12.2
    /home/cpansand/var/ctps/5122_rc1/install/perl-5.12.2-RC1/lib/5.12.2/i386-freebsd
    /home/cpansand/var/ctps/5122_rc1/install/perl-5.12.2-RC1/lib/5.12.2
    .