Report for App-Services-0.002

Back
From: metabase:user:314402c4-2aae-11df-837a-5e0a49663a4f
Subject: FAIL App-Services-0.002 v5.19.11 GNU/Linux
Date: 2014-05-06T19:46:30Z

This distribution has been tested as part of the CPAN Testers
project, supporting the Perl programming language.  See
http://wiki.cpantesters.org/ for more information or email
questions to cpan-testers-discuss@perl.org


--
Dear Sean Blanton,

This is a computer-generated report for App-Services-0.002
on perl 5.19.11, created by CPAN-Reporter-1.2011.

Thank you for uploading your work to CPAN.  However, there was a problem
testing your distribution.

If you think this report is invalid, please consult the CPAN Testers Wiki
for suggestions on how to avoid getting FAIL reports for missing library
or binary dependencies, unsupported operating systems, and so on:

http://wiki.cpantesters.org/wiki/CPANAuthorNotes

Sections of this report:

    * Tester comments
    * Program output
    * Prerequisites
    * Environment and other context

------------------------------
TESTER COMMENTS
------------------------------

Additional comments from tester:

none provided

------------------------------
PROGRAM OUTPUT
------------------------------

Output from '/usr/bin/make test':

PERL_DL_NONLAZY=1 /bbbike/ctps/51911linux/install/perl-5.19.11/bin/perl "-MExtUtils::Command::MM" "-MTest::Harness" "-e" "undef *Test::Harness::Switches; test_harness(0, 'blib/lib', 'blib/arch')" t/App/Services/DB/*.t t/App/Services/Forker/*.t t/App/Services/Logger/*.t t/App/Services/ObjStore/*.t
App::Services::DB::Conn::Role is not a Moo::Role at /home/eserte/var/ctps/51911linux/install/perl-5.19.11/lib/site_perl/5.19.11/Moo/Role.pm line 239.
Compilation failed in require at /home/eserte/var/ctps/51911linux/install/perl-5.19.11/lib/site_perl/5.19.11/Module/Runtime.pm line 317.
# Looks like your test exited with 255 before it could output anything.
t/App/Services/DB/01_sqlite_container.t .......... 
Dubious, test returned 255 (wstat 65280, 0xff00)
No subtests run 
t/App/Services/Forker/01_forker.t ................ ok
t/App/Services/Forker/02_forker_container.t ...... ok
INFO - Log success!!
t/App/Services/Logger/01_logger.t ................ ok
INFO - Log success!!
t/App/Services/Logger/02_logger_container.t ...... ok
t/App/Services/ObjStore/01_objstore_service.t .... ok
t/App/Services/ObjStore/02_objstore_container.t .. ok
t/App/Services/ObjStore/03_objstore_fork.t ....... ok

Test Summary Report
-------------------
t/App/Services/DB/01_sqlite_container.t        (Wstat: 65280 Tests: 0 Failed: 0)
  Non-zero exit status: 255
  Parse errors: No plan found in TAP output
Files=8, Tests=43, 38 wallclock secs ( 0.05 usr  0.04 sys +  9.27 cusr  1.92 csys = 11.28 CPU)
Result: FAIL
Failed 1/8 test programs. 0/43 subtests failed.
make: *** [test_dynamic] Error 255

------------------------------
PREREQUISITES
------------------------------

Prerequisite modules loaded:

requires:

    Module                       Need Have    
    ---------------------------- ---- --------
    Bread::Board                 0    0.30    
    Bread::Board::Container      0    0.30    
    Carp                         0    1.3301  
    common::sense                0    3.72    
    DBI                          0    1.631   
    KiokuDB                      0    0.57    
    KiokuDB::Backend::DBI        0    1.23    
    Log::Dispatch::Screen        0    2.41    
    Log::Log4perl                0    1.43    
    Moo                          0    1.004002
    Moo::Role                    0    1.004002
    Moose                        0    2.1205  
    Moose::Role                  0    2.1205  
    MooX::Types::MooseLike::Base 0    0.25    
    Net::SMTP                    0    2.33    

build_requires:

    Module                       Need Have    
    ---------------------------- ---- --------
    POSIX                        0    1.38_03 
    Test::More                   0    1.001003

configure_requires:

    Module                       Need Have    
    ---------------------------- ---- --------
    ExtUtils::MakeMaker          6.30 6.98    


------------------------------
ENVIRONMENT AND OTHER CONTEXT
------------------------------

Environment variables:

    DBIC_NO_WARN_BAD_PERL = 1
    LANG = C
    PATH = /usr/local/bin:/usr/bin:/bin:/usr/local/sbin:/usr/sbin:/sbin:/home/eserte/bin/linux-gnu:/home/eserte/bin/sh:/home/eserte/bin:/usr/games:/home/eserte/devel:/home/eserte/src/cpan-testers-parallelsmoker/utils/synced
    PERL5LIB = 
    PERL5OPT = 
    PERL5_CPANPLUS_IS_RUNNING = 12113
    PERL5_CPAN_IS_RUNNING = 12113
    PERL5_CPAN_IS_RUNNING_IN_RECURSION = 582,12113
    PERLDOC = -MPod::Perldoc::ToTextOverstrike
    PERL_BATCH = yes
    PERL_CPAN_REPORTER_CONFIG = /var/tmp/cpansmoker-1001/LNZDaw6hbc_config.ini
    PERL_CPAN_REPORTER_DIR = /home/eserte/var/ctps/51911linux/config/perl-5.19.11/cpanreporter
    PERL_EXTUTILS_AUTOINSTALL = --defaultdeps
    PERL_HTML_DISPLAY_CLASS = HTML::Display::Mozilla
    PERL_PARALLEL_SMOKER = yes
    PERL_TEST_UNPATCHED = 1
    PERL_TEST_UNPATCHED = 1
    SHELL = /usr/bin/zsh
    TERM = xterm
    TMPDIR = /var/tmp/cpansmoker-1001

Perl special variables (and OS-specific diagnostics, for MSWin32):

    $^X = /bbbike/ctps/51911linux/install/perl-5.19.11/bin/perl
    $UID/$EUID = 1001 / 1001
    $GID = 1001 109 1001
    $EGID = 1001 109 1001

Perl module toolchain versions installed:

    Module              Have    
    ------------------- --------
    CPAN                2.05    
    CPAN::Meta          2.141170
    Cwd                 3.47    
    ExtUtils::CBuilder  0.280216
    ExtUtils::Command   1.18    
    ExtUtils::Install   1.67    
    ExtUtils::MakeMaker 6.98    
    ExtUtils::Manifest  1.63    
    ExtUtils::ParseXS   3.24    
    File::Spec          3.47    
    JSON                2.90    
    JSON::PP            2.27203 
    Module::Build       0.4205  
    Module::Signature   0.73    
    Parse::CPAN::Meta   1.4414  
    Test::Harness       3.30    
    Test::More          1.001003
    YAML                0.90    
    YAML::Syck          1.27    
    version             0.9908  


--

Summary of my perl5 (revision 5 version 19 subversion 11) configuration:
   
  Platform:
    osname=linux, osvers=2.6.32-5-xen-amd64, archname=x86_64-linux
    uname='linux eserte 2.6.32-5-xen-amd64 #1 smp mon sep 23 23:29:01 utc 2013 x86_64 gnulinux '
    config_args='-ds -e -Uversiononly -Dinstallusrbinperl=n -Dusedevel -Dprefix=/home/eserte/var/ctps/51911linux/install/perl-5.19.11'
    hint=recommended, useposix=true, d_sigaction=define
    useithreads=undef, usemultiplicity=undef
    use64bitint=define, use64bitall=define, uselongdouble=undef
    usemymalloc=n, bincompat5005=undef
  Compiler:
    cc='cc', ccflags ='-fwrapv -fno-strict-aliasing -pipe -fstack-protector -I/usr/local/include -D_LARGEFILE_SOURCE -D_FILE_OFFSET_BITS=64',
    optimize='-O2',
    cppflags='-fwrapv -fno-strict-aliasing -pipe -fstack-protector -I/usr/local/include'
    ccversion='', gccversion='4.4.5', gccosandvers=''
    intsize=4, longsize=8, ptrsize=8, doublesize=8, byteorder=12345678
    d_longlong=define, longlongsize=8, d_longdbl=define, longdblsize=16
    ivtype='long', ivsize=8, nvtype='double', nvsize=8, Off_t='off_t', lseeksize=8
    alignbytes=8, prototype=define
  Linker and Libraries:
    ld='cc', ldflags =' -fstack-protector -L/usr/local/lib'
    libpth=/usr/local/lib /usr/lib/gcc/x86_64-linux-gnu/4.4.5/include-fixed /usr/lib /lib/../lib /usr/lib/../lib /lib /lib64 /usr/lib64
    libs=-lnsl -ldb -ldl -lm -lcrypt -lutil -lc
    perllibs=-lnsl -ldl -lm -lcrypt -lutil -lc
    libc=libc-2.11.3.so, so=so, useshrplib=false, libperl=libperl.a
    gnulibc_version='2.11.3'
  Dynamic Linking:
    dlsrc=dl_dlopen.xs, dlext=so, d_dlsymun=undef, ccdlflags='-Wl,-E'
    cccdlflags='-fPIC', lddlflags='-shared -O2 -L/usr/local/lib -fstack-protector'


Characteristics of this binary (from libperl): 
  Compile-time options: HAS_TIMES PERLIO_LAYERS PERL_DONT_CREATE_GVSV
                        PERL_HASH_FUNC_ONE_AT_A_TIME_HARD PERL_MALLOC_WRAP
                        PERL_NEW_COPY_ON_WRITE PERL_PRESERVE_IVUV
                        PERL_USE_DEVEL USE_64_BIT_ALL USE_64_BIT_INT
                        USE_LARGE_FILES USE_LOCALE USE_LOCALE_COLLATE
                        USE_LOCALE_CTYPE USE_LOCALE_NUMERIC USE_PERLIO
                        USE_PERL_ATOF
  Built under linux
  Compiled at Apr 26 2014 15:05:12
  %ENV:
    PERL5LIB=""
    PERL5OPT=""
    PERL5_CPANPLUS_IS_RUNNING="12113"
    PERL5_CPAN_IS_RUNNING="12113"
    PERL5_CPAN_IS_RUNNING_IN_RECURSION="582,12113"
    PERLDOC="-MPod::Perldoc::ToTextOverstrike"
    PERL_BATCH="yes"
    PERL_CPAN_REPORTER_CONFIG="/var/tmp/cpansmoker-1001/LNZDaw6hbc_config.ini"
    PERL_CPAN_REPORTER_DIR="/home/eserte/var/ctps/51911linux/config/perl-5.19.11/cpanreporter"
    PERL_EXTUTILS_AUTOINSTALL="--defaultdeps"
    PERL_HTML_DISPLAY_CLASS="HTML::Display::Mozilla"
    PERL_PARALLEL_SMOKER="yes"
    PERL_TEST_UNPATCHED="1"
  @INC:
    /home/eserte/var/ctps/51911linux/install/perl-5.19.11/lib/site_perl/5.19.11/x86_64-linux
    /home/eserte/var/ctps/51911linux/install/perl-5.19.11/lib/site_perl/5.19.11
    /home/eserte/var/ctps/51911linux/install/perl-5.19.11/lib/5.19.11/x86_64-linux
    /home/eserte/var/ctps/51911linux/install/perl-5.19.11/lib/5.19.11
    .