Back
From: metabase:user:30f4dfbe-2aae-11df-837a-5e0a49663a4f
Subject: FAIL Test-Unit-0.25 v5.18.3 GNU/Linux
Date: 2017-07-31T00:28:04Z
This distribution has been tested as part of the CPAN Testers
project, supporting the Perl programming language. See
http://wiki.cpantesters.org/ for more information or email
questions to cpan-testers-discuss@perl.org
--
Dear Matthew Astley,
This is a computer-generated report for Test-Unit-0.25
on perl 5.18.3, created by CPAN-Reporter-1.2018.
Thank you for uploading your work to CPAN. However, there was a problem
testing your distribution.
If you think this report is invalid, please consult the CPAN Testers Wiki
for suggestions on how to avoid getting FAIL reports for missing library
or binary dependencies, unsupported operating systems, and so on:
http://wiki.cpantesters.org/wiki/CPANAuthorNotes
Sections of this report:
* Tester comments
* Program output
* Prerequisites
* Environment and other context
------------------------------
TESTER COMMENTS
------------------------------
Additional comments from tester:
this report is from an automated smoke testing program
and was not reviewed by a human for accuracy
------------------------------
PROGRAM OUTPUT
------------------------------
Output from '/usr/bin/make test':
PERL_DL_NONLAZY=1 "/home/njh/perl5/perlbrew/perls/perl-5.18.3/bin/perl" "-MExtUtils::Command::MM" "-MTest::Harness" "-e" "undef *Test::Harness::Switches; test_harness(0, 'blib/lib', 'blib/arch')" t/*.t
defined(@array) is deprecated at /home/njh/.cpan/build/Test-Unit-0.25-Zbj6Vq/blib/lib/Test/Unit/TestCase.pm line 106.
(Maybe you should just omit the defined()?)
defined(@array) is deprecated at /home/njh/.cpan/build/Test-Unit-0.25-Zbj6Vq/blib/lib/Test/Unit/TestCase.pm line 106.
(Maybe you should just omit the defined()?)
t/all_tests.t ..... ok
t/assert.t ........
Failed 2/40 subtests
# Test 1 got: "defined(@array) is deprecated at /home/njh/.cpan/build/Test-Unit-0.25-Zbj6Vq/blib/lib/Test/Unit/TestCase.pm line 106.\n# \t(Maybe you should just omit the defined()?)\n# Suite setup\n# TEST-RUN-SUMMARY\n# \n# TIME-SUMMARY\n# \n# !!!FAILURES!!!\n# Test Results:\n# Run: 2, Failures: 1, Errors: 0\n# \n# There was 1 failure:\n# 1) examples/fail_example.pm:19 - test_fail(fail_example)\n# Born to lose ...\n# \n# Test was not successful.\n# " (t/try_examples.t at line 106)
# Expected: "Suite setup\n# TEST-RUN-SUMMARY\n# \n# TIME-SUMMARY\n# \n# !!!FAILURES!!!\n# Test Results:\n# Run: 2, Failures: 1, Errors: 0\n# \n# There was 1 failure:\n# 1) examples/fail_example.pm:19 - test_fail(fail_example)\n# Born to lose ...\n# \n# Test was not successful.\n# "
# (Install the Algorithm::Diff module to have differences in multiline
# output explained. You might also set the PERL_TEST_DIFF environment
# variable to run a diff program on the output.)
# t/try_examples.t line 106 is: ok($out, $guru_checked{$e});
# Test 2 got: "defined(@array) is deprecated at /home/njh/.cpan/build/Test-Unit-0.25-Zbj6Vq/blib/lib/Test/Unit/TestCase.pm line 106.\n# \t(Maybe you should just omit the defined()?)\n# ...\n# TIME-SUMMARY\n# \n# OK (3 tests)\n# " (t/try_examples.t at line 106 fail #2)
# Expected: "...\n# TIME-SUMMARY\n# \n# OK (3 tests)\n# "
# Test 3 got: "defined(@array) is deprecated at /home/njh/.cpan/build/Test-Unit-0.25-Zbj6Vq/blib/lib/Test/Unit/TestCase.pm line 106.\n# \t(Maybe you should just omit the defined()?)\n# ...\n# TIME-SUMMARY\n# \n# OK (3 tests)\n# " (t/try_examples.t at line 106 fail #3)
# Expected: "...\n# TIME-SUMMARY\n# \n# OK (3 tests)\n# "
# Test 4 got: "defined(@array) is deprecated at /home/njh/.cpan/build/Test-Unit-0.25-Zbj6Vq/blib/lib/Test/Unit/TestCase.pm line 106.\n# \t(Maybe you should just omit the defined()?)\n# ...\n# TIME-SUMMARY\n# \n# OK (3 tests)\n# " (t/try_examples.t at line 106 fail #4)
# Expected: "...\n# TIME-SUMMARY\n# \n# OK (3 tests)\n# "
t/try_examples.t ..
Failed 4/4 subtests
Test Summary Report
-------------------
t/assert.t (Wstat: 0 Tests: 40 Failed: 2)
Failed tests: 38-39
t/try_examples.t (Wstat: 0 Tests: 4 Failed: 4)
Failed tests: 1-4
Files=3, Tests=89, 1 wallclock secs ( 0.05 usr 0.00 sys + 1.74 cusr 0.05 csys = 1.84 CPU)
Result: FAIL
Failed 2/3 test programs. 6/89 subtests failed.
Makefile:953: recipe for target 'test_dynamic' failed
make: *** [test_dynamic] Error 255
------------------------------
PREREQUISITES
------------------------------
Prerequisite modules loaded:
requires:
Module Need Have
------------------- ---- --------
base 1 2.18
Class::Inner 0 0.200001
Devel::Symdump 0 2.18
Error 0 0.17024
build_requires:
Module Need Have
------------------- ---- --------
ExtUtils::MakeMaker 0 7.30
------------------------------
ENVIRONMENT AND OTHER CONTEXT
------------------------------
Environment variables:
AUTOMATED_TESTING = 1
HARNESS_OPTIONS = j2
LANG = en_US.UTF-8
PATH = /home/njh/perl5/perlbrew/bin:/home/njh/perl5/perlbrew/perls/perl-5.18.3/bin:/home/njh/perl5/perlbrew/bin:/usr/bin:/bin
PERL5LIB = /home/njh/.cpan/build/Devel-Symdump-2.18-ytZ_Py/blib/arch:/home/njh/.cpan/build/Devel-Symdump-2.18-ytZ_Py/blib/lib:/home/njh/.cpan/build/Class-Inner-0.200001-GROOX4/blib/arch:/home/njh/.cpan/build/Class-Inner-0.200001-GROOX4/blib/lib:/home/njh/.cpan/build/Error-0.17024-eIr72w/blib/arch:/home/njh/.cpan/build/Error-0.17024-eIr72w/blib/lib
PERL5OPT =
PERL5_CPANPLUS_IS_RUNNING = 26056
PERL5_CPAN_IS_RUNNING = 26056
PERLBREW_BASHRC_VERSION = 0.73
PERLBREW_HOME = /home/njh/.perlbrew
PERLBREW_LIB =
PERLBREW_MANPATH = /home/njh/perl5/perlbrew/perls/perl-5.18.3/man
PERLBREW_PATH = /home/njh/perl5/perlbrew/bin:/home/njh/perl5/perlbrew/perls/perl-5.18.3/bin
PERLBREW_PERL = perl-5.18.3
PERLBREW_ROOT = /home/njh/perl5/perlbrew
PERLBREW_VERSION = 0.73
PERL_LOCAL_LIB_ROOT =
SHELL = /bin/sh
Perl special variables (and OS-specific diagnostics, for MSWin32):
$^X = /home/njh/perl5/perlbrew/perls/perl-5.18.3/bin/perl
$UID/$EUID = 1000 / 1000
$GID = 1000 4 24 25 29 30 44 46 108 1000
$EGID = 1000 4 24 25 29 30 44 46 108 1000
Perl module toolchain versions installed:
Module Have
------------------- --------
CPAN 2.00
CPAN::Meta 2.143240
Cwd 3.40
ExtUtils::CBuilder 0.280210
ExtUtils::Command 7.30
ExtUtils::Install 2.06
ExtUtils::MakeMaker 7.30
ExtUtils::Manifest 1.70
ExtUtils::ParseXS 3.18
File::Spec 3.40
JSON n/a
JSON::PP 2.27203
Module::Build 0.4003
Module::Signature n/a
Parse::CPAN::Meta 1.4414
Test::Harness 3.26
Test::More 0.98
YAML n/a
YAML::Syck n/a
version 0.9902
--
Summary of my perl5 (revision 5 version 18 subversion 3) configuration:
Platform:
osname=linux, osvers=4.3.0-1-686-pae, archname=i686-linux-thread-multi
uname='linux zack 4.3.0-1-686-pae #1 smp debian 4.3.5-1 (2016-02-06) i686 gnulinux '
config_args='-de -Dprefix=/home/njh/perl5/perlbrew/perls/perl-5.18.3 -Duseithreads -Dusemultiplicity -Dusedevel -Accflags= -Aeval:scriptdir=/home/njh/perl5/perlbrew/perls/perl-5.18.3/bin'
hint=recommended, useposix=true, d_sigaction=define
useithreads=define, usemultiplicity=define
useperlio=define, d_sfio=undef, uselargefiles=define, usesocks=undef
use64bitint=undef, use64bitall=undef, uselongdouble=undef
usemymalloc=n, bincompat5005=undef
Compiler:
cc='cc', ccflags ='-D_REENTRANT -D_GNU_SOURCE -fno-strict-aliasing -pipe -fstack-protector -I/usr/local/include -D_LARGEFILE_SOURCE -D_FILE_OFFSET_BITS=64',
optimize='-O2',
cppflags='-D_REENTRANT -D_GNU_SOURCE -fno-strict-aliasing -pipe -fstack-protector -I/usr/local/include'
ccversion='', gccversion='6.4.0 20170704', gccosandvers=''
intsize=4, longsize=4, ptrsize=4, doublesize=8, byteorder=1234
d_longlong=define, longlongsize=8, d_longdbl=define, longdblsize=12
ivtype='long', ivsize=4, nvtype='double', nvsize=8, Off_t='off_t', lseeksize=8
alignbytes=4, prototype=define
Linker and Libraries:
ld='cc', ldflags =' -fstack-protector -L/usr/local/lib'
libpth=/usr/local/lib /lib/i386-linux-gnu /lib/../lib /usr/lib/i386-linux-gnu /usr/lib/../lib /lib /usr/lib
libs=-lnsl -lgdbm -ldb -ldl -lm -lcrypt -lutil -lpthread -lc -lgdbm_compat
perllibs=-lnsl -ldl -lm -lcrypt -lutil -lpthread -lc
libc=libc-2.24.so, so=so, useshrplib=false, libperl=libperl.a
gnulibc_version='2.24'
Dynamic Linking:
dlsrc=dl_dlopen.xs, dlext=so, d_dlsymun=undef, ccdlflags='-Wl,-E'
cccdlflags='-fPIC', lddlflags='-shared -O2 -L/usr/local/lib -fstack-protector'
Characteristics of this binary (from libperl):
Compile-time options: HAS_TIMES MULTIPLICITY PERLIO_LAYERS
PERL_DONT_CREATE_GVSV
PERL_HASH_FUNC_ONE_AT_A_TIME_HARD
PERL_IMPLICIT_CONTEXT PERL_MALLOC_WRAP
PERL_PRESERVE_IVUV PERL_SAWAMPERSAND PERL_USE_DEVEL
USE_ITHREADS USE_LARGE_FILES USE_LOCALE
USE_LOCALE_COLLATE USE_LOCALE_CTYPE
USE_LOCALE_NUMERIC USE_PERLIO USE_PERL_ATOF
USE_REENTRANT_API
Locally applied patches:
Devel::PatchPerl 1.38
Built under linux
Compiled at Jul 27 2017 00:55:10
%ENV:
PERL5LIB="/home/njh/.cpan/build/Devel-Symdump-2.18-ytZ_Py/blib/arch:/home/njh/.cpan/build/Devel-Symdump-2.18-ytZ_Py/blib/lib:/home/njh/.cpan/build/Class-Inner-0.200001-GROOX4/blib/arch:/home/njh/.cpan/build/Class-Inner-0.200001-GROOX4/blib/lib:/home/njh/.cpan/build/Error-0.17024-eIr72w/blib/arch:/home/njh/.cpan/build/Error-0.17024-eIr72w/blib/lib"
PERL5OPT=""
PERL5_CPANPLUS_IS_RUNNING="26056"
PERL5_CPAN_IS_RUNNING="26056"
PERLBREW_BASHRC_VERSION="0.73"
PERLBREW_HOME="/home/njh/.perlbrew"
PERLBREW_LIB=""
PERLBREW_MANPATH="/home/njh/perl5/perlbrew/perls/perl-5.18.3/man"
PERLBREW_PATH="/home/njh/perl5/perlbrew/bin:/home/njh/perl5/perlbrew/perls/perl-5.18.3/bin"
PERLBREW_PERL="perl-5.18.3"
PERLBREW_ROOT="/home/njh/perl5/perlbrew"
PERLBREW_VERSION="0.73"
PERL_LOCAL_LIB_ROOT=""
@INC:
/home/njh/.cpan/build/Devel-Symdump-2.18-ytZ_Py/blib/arch
/home/njh/.cpan/build/Devel-Symdump-2.18-ytZ_Py/blib/lib
/home/njh/.cpan/build/Class-Inner-0.200001-GROOX4/blib/arch
/home/njh/.cpan/build/Class-Inner-0.200001-GROOX4/blib/lib
/home/njh/.cpan/build/Error-0.17024-eIr72w/blib/arch
/home/njh/.cpan/build/Error-0.17024-eIr72w/blib/lib
/home/njh/perl5/perlbrew/perls/perl-5.18.3/lib/site_perl/5.18.3/i686-linux-thread-multi
/home/njh/perl5/perlbrew/perls/perl-5.18.3/lib/site_perl/5.18.3
/home/njh/perl5/perlbrew/perls/perl-5.18.3/lib/5.18.3/i686-linux-thread-multi
/home/njh/perl5/perlbrew/perls/perl-5.18.3/lib/5.18.3
.