EO v0.96 Perl 5 v5.35.9 x86_64-linux-thread-multi-ld

Status
Fail
From
Andreas J. König (ANDK)
Dist
EO v0.96
Platform
Perl 5 v5.35.9 x86_64-linux-thread-multi-ld
Date
2022-02-28 05:05:59
ID
1e243c38-9854-11ec-82cf-b735e34e2aba
This distribution has been tested as part of the CPAN Testers
project, supporting the Perl programming language.  See
http://wiki.cpantesters.org/ for more information or email
questions to cpan-testers-discuss@perl.org


--
Dear James A. Duncan,

This is a computer-generated report for EO-0.96
on perl 5.35.9, created by CPAN-Reporter-1.2018.

Thank you for uploading your work to CPAN.  However, there was a problem
testing your distribution.

If you think this report is invalid, please consult the CPAN Testers Wiki
for suggestions on how to avoid getting FAIL reports for missing library
or binary dependencies, unsupported operating systems, and so on:

http://wiki.cpantesters.org/wiki/CPANAuthorNotes

Sections of this report:

    * Tester comments
    * Program output
    * Prerequisites
    * Environment and other context

------------------------------
TESTER COMMENTS
------------------------------

Additional comments from tester:

this report is from an automated smoke testing program
and was not reviewed by a human for accuracy

------------------------------
PROGRAM OUTPUT
------------------------------

Output from './Build test':

no_plan takes no arguments at t/001_array.t line 5.

#   Failed test 'The class (or class-like) 'Can't locate object method "throw" via package "EO::Error::InvalidParameters" (perhaps you forgot to load "EO::Error::InvalidParameters"?) at /tmp/loop_over_bdir-23447-q4XzrB/EO-0.96-0/blib/lib/EO/Array.pm line 40.
# ' isa 'EO::Error''
#   at t/001_array.t line 46.
#     The class (or class-like) 'Can't locate object method "throw" via package "EO::Error::InvalidParameters" (perhaps you forgot to load "EO::Error::InvalidParameters"?) at /tmp/loop_over_bdir-23447-q4XzrB/EO-0.96-0/blib/lib/EO/Array.pm line 40.
# ' isn't a 'EO::Error'

#   Failed test 'The class (or class-like) 'Can't locate object method "throw" via package "EO::Error::InvalidParameters" (perhaps you forgot to load "EO::Error::InvalidParameters"?) at /tmp/loop_over_bdir-23447-q4XzrB/EO-0.96-0/blib/lib/EO/Array.pm line 40.
# ' isa 'EO::Error::InvalidParameters''
#   at t/001_array.t line 47.
#     The class (or class-like) 'Can't locate object method "throw" via package "EO::Error::InvalidParameters" (perhaps you forgot to load "EO::Error::InvalidParameters"?) at /tmp/loop_over_bdir-23447-q4XzrB/EO-0.96-0/blib/lib/EO/Array.pm line 40.
# ' isn't a 'EO::Error::InvalidParameters'

#   Failed test 'The class (or class-like) 'Can't locate object method "throw" via package "EO::Error::InvalidParameters" (perhaps you forgot to load "EO::Error::InvalidParameters"?) at /tmp/loop_over_bdir-23447-q4XzrB/EO-0.96-0/blib/lib/EO/Array.pm line 107.
# ' isa 'EO::Error''
#   at t/001_array.t line 55.
#     The class (or class-like) 'Can't locate object method "throw" via package "EO::Error::InvalidParameters" (perhaps you forgot to load "EO::Error::InvalidParameters"?) at /tmp/loop_over_bdir-23447-q4XzrB/EO-0.96-0/blib/lib/EO/Array.pm line 107.
# ' isn't a 'EO::Error'

#   Failed test 'The class (or class-like) 'Can't locate object method "throw" via package "EO::Error::InvalidParameters" (perhaps you forgot to load "EO::Error::InvalidParameters"?) at /tmp/loop_over_bdir-23447-q4XzrB/EO-0.96-0/blib/lib/EO/Array.pm line 107.
# ' isa 'EO::Error::InvalidParameters''
#   at t/001_array.t line 56.
#     The class (or class-like) 'Can't locate object method "throw" via package "EO::Error::InvalidParameters" (perhaps you forgot to load "EO::Error::InvalidParameters"?) at /tmp/loop_over_bdir-23447-q4XzrB/EO-0.96-0/blib/lib/EO/Array.pm line 107.
# ' isn't a 'EO::Error::InvalidParameters'
# Looks like you failed 4 tests of 45.
t/001_array.t ............ 
Dubious, test returned 4 (wstat 1024, 0x400)
Failed 4/45 subtests 
no_plan takes no arguments at t/001_array_hierarchy.t line 5.
t/001_array_hierarchy.t .. ok
t/001_dataload.t ......... ok
no_plan takes no arguments at t/001_delegate_load.t line 5.
Can't locate object method "record" via package "EO::Error::Method::NotFound" (perhaps you forgot to load "EO::Error::Method::NotFound"?) at /tmp/loop_over_bdir-23447-q4XzrB/EO-0.96-0/blib/lib/EO/delegate.pm line 71.
# Looks like your test exited with 255 just after 4.
t/001_delegate_load.t .... 
Dubious, test returned 255 (wstat 65280, 0xff00)
All 4 subtests passed 

#   Failed test 'The class (or class-like) 'Can't locate object method "throw" via package "EO::Error::Method::Private" (perhaps you forgot to load "EO::Error::Method::Private"?) at /tmp/loop_over_bdir-23447-q4XzrB/EO-0.96-0/blib/lib/EO/Attributes.pm line 24.
# ' isa 'EO::Error''
#   at t/001_load.t line 50.
#     The class (or class-like) 'Can't locate object method "throw" via package "EO::Error::Method::Private" (perhaps you forgot to load "EO::Error::Method::Private"?) at /tmp/loop_over_bdir-23447-q4XzrB/EO-0.96-0/blib/lib/EO/Attributes.pm line 24.
# ' isn't a 'EO::Error'

#   Failed test 'The class (or class-like) 'Can't locate object method "throw" via package "EO::Error::Method::Private" (perhaps you forgot to load "EO::Error::Method::Private"?) at /tmp/loop_over_bdir-23447-q4XzrB/EO-0.96-0/blib/lib/EO/Attributes.pm line 24.
# ' isa 'EO::Error::Method::Private''
#   at t/001_load.t line 51.
#     The class (or class-like) 'Can't locate object method "throw" via package "EO::Error::Method::Private" (perhaps you forgot to load "EO::Error::Method::Private"?) at /tmp/loop_over_bdir-23447-q4XzrB/EO-0.96-0/blib/lib/EO/Attributes.pm line 24.
# ' isn't a 'EO::Error::Method::Private'

#   Failed test 'The class (or class-like) 'Can't locate object method "throw" via package "EO::Error::New" (perhaps you forgot to load "EO::Error::New"?) at /tmp/loop_over_bdir-23447-q4XzrB/EO-0.96-0/blib/lib/EO.pm line 31.
# ' isa 'EO::Error''
#   at t/001_load.t line 58.
#     The class (or class-like) 'Can't locate object method "throw" via package "EO::Error::New" (perhaps you forgot to load "EO::Error::New"?) at /tmp/loop_over_bdir-23447-q4XzrB/EO-0.96-0/blib/lib/EO.pm line 31.
# ' isn't a 'EO::Error'

#   Failed test ''What file the exception happend in' isa 'EO::Error::New''
#   at t/001_load.t line 63.
#     'What file the exception happend in' isn't a 'EO::Error::New'
Can't locate object method "file" via package "Can't locate object method "throw" via package "EO::Error::New" (perhaps you forgot to load "EO::Error::New"?) at /tmp/loop_over_bdir-23447-q4XzrB/EO-0.96-0/blib/lib/EO.pm line 31.
" (perhaps you forgot to load "Can't locate object method "throw" via package "EO::Error::New" (perhaps you forgot to load "EO::Error::New"?) at /tmp/loop_over_bdir-23447-q4XzrB/EO-0.96-0/blib/lib/EO.pm line 31.
"?) at t/001_load.t line 65.
# Looks like your test exited with 255 just after 16.
t/001_load.t ............. 
Dubious, test returned 255 (wstat 65280, 0xff00)
Failed 22/34 subtests 
Subroutine DESTROY redefined at /tmp/loop_over_bdir-23447-q4XzrB/EO-0.96-0/blib/lib/EO/File.pm line 168.

#   Failed test 'The class (or class-like) 'Can't locate object method "throw" via package "EO::Error::File::NotFound" (perhaps you forgot to load "EO::Error::File::NotFound"?) at /tmp/loop_over_bdir-23447-q4XzrB/EO-0.96-0/blib/lib/EO/File.pm line 68.
# ' isa 'EO::Error::File''
#   at t/002_basic.t line 14.
#     The class (or class-like) 'Can't locate object method "throw" via package "EO::Error::File::NotFound" (perhaps you forgot to load "EO::Error::File::NotFound"?) at /tmp/loop_over_bdir-23447-q4XzrB/EO-0.96-0/blib/lib/EO/File.pm line 68.
# ' isn't a 'EO::Error::File'

#   Failed test 'The class (or class-like) 'Can't locate object method "throw" via package "EO::Error::File::NotFound" (perhaps you forgot to load "EO::Error::File::NotFound"?) at /tmp/loop_over_bdir-23447-q4XzrB/EO-0.96-0/blib/lib/EO/File.pm line 68.
# ' isa 'EO::Error::File::NotFound''
#   at t/002_basic.t line 15.
#     The class (or class-like) 'Can't locate object method "throw" via package "EO::Error::File::NotFound" (perhaps you forgot to load "EO::Error::File::NotFound"?) at /tmp/loop_over_bdir-23447-q4XzrB/EO-0.96-0/blib/lib/EO/File.pm line 68.
# ' isn't a 'EO::Error::File::NotFound'

#   Failed test at t/002_basic.t line 16.
#                   'Can't locate object method "throw" via package "EO::Error::File::NotFound" (perhaps you forgot to load "EO::Error::File::NotFound"?) at /tmp/loop_over_bdir-23447-q4XzrB/EO-0.96-0/blib/lib/EO/File.pm line 68.
# '
#     doesn't match '(?^:file not found)'
Can't locate object method "filename" via package "Can't locate object method "throw" via package "EO::Error::File::NotFound" (perhaps you forgot to load "EO::Error::File::NotFound"?) at /tmp/loop_over_bdir-23447-q4XzrB/EO-0.96-0/blib/lib/EO/File.pm line 68.
" (perhaps you forgot to load "Can't locate object method "throw" via package "EO::Error::File::NotFound" (perhaps you forgot to load "EO::Error::File::NotFound"?) at /tmp/loop_over_bdir-23447-q4XzrB/EO-0.96-0/blib/lib/EO/File.pm line 68.
"?) at t/002_basic.t line 17.
# Looks like your test exited with 2 just after 4.
t/002_basic.t ............ 
Dubious, test returned 2 (wstat 512, 0x200)
Failed 11/12 subtests 
no_plan takes no arguments at t/002_hash.t line 5.

#   Failed test 'The class (or class-like) 'Can't locate object method "throw" via package "EO::Error::InvalidParameters" (perhaps you forgot to load "EO::Error::InvalidParameters"?) at /tmp/loop_over_bdir-23447-q4XzrB/EO-0.96-0/blib/lib/EO/Hash.pm line 46.
# ' isa 'EO::Error''
#   at t/002_hash.t line 41.
#     The class (or class-like) 'Can't locate object method "throw" via package "EO::Error::InvalidParameters" (perhaps you forgot to load "EO::Error::InvalidParameters"?) at /tmp/loop_over_bdir-23447-q4XzrB/EO-0.96-0/blib/lib/EO/Hash.pm line 46.
# ' isn't a 'EO::Error'

#   Failed test 'The class (or class-like) 'Can't locate object method "throw" via package "EO::Error::InvalidParameters" (perhaps you forgot to load "EO::Error::InvalidParameters"?) at /tmp/loop_over_bdir-23447-q4XzrB/EO-0.96-0/blib/lib/EO/Hash.pm line 46.
# ' isa 'EO::Error::InvalidParameters''
#   at t/002_hash.t line 42.
#     The class (or class-like) 'Can't locate object method "throw" via package "EO::Error::InvalidParameters" (perhaps you forgot to load "EO::Error::InvalidParameters"?) at /tmp/loop_over_bdir-23447-q4XzrB/EO-0.96-0/blib/lib/EO/Hash.pm line 46.
# ' isn't a 'EO::Error::InvalidParameters'

#   Failed test 'The class (or class-like) 'Can't locate object method "throw" via package "EO::Error::InvalidParameters" (perhaps you forgot to load "EO::Error::InvalidParameters"?) at /tmp/loop_over_bdir-23447-q4XzrB/EO-0.96-0/blib/lib/EO/Hash.pm line 135.
# ' isa 'EO::Error''
#   at t/002_hash.t line 49.
#     The class (or class-like) 'Can't locate object method "throw" via package "EO::Error::InvalidParameters" (perhaps you forgot to load "EO::Error::InvalidParameters"?) at /tmp/loop_over_bdir-23447-q4XzrB/EO-0.96-0/blib/lib/EO/Hash.pm line 135.
# ' isn't a 'EO::Error'

#   Failed test 'The class (or class-like) 'Can't locate object method "throw" via package "EO::Error::InvalidParameters" (perhaps you forgot to load "EO::Error::InvalidParameters"?) at /tmp/loop_over_bdir-23447-q4XzrB/EO-0.96-0/blib/lib/EO/Hash.pm line 135.
# ' isa 'EO::Error::InvalidParameters''
#   at t/002_hash.t line 50.
#     The class (or class-like) 'Can't locate object method "throw" via package "EO::Error::InvalidParameters" (perhaps you forgot to load "EO::Error::InvalidParameters"?) at /tmp/loop_over_bdir-23447-q4XzrB/EO-0.96-0/blib/lib/EO/Hash.pm line 135.
# ' isn't a 'EO::Error::InvalidParameters'

#   Failed test 'The class (or class-like) 'Can't locate object method "throw" via package "EO::Error::Method::Abstract" (perhaps you forgot to load "EO::Error::Method::Abstract"?) at /tmp/loop_over_bdir-23447-q4XzrB/EO-0.96-0/blib/lib/EO/Attributes.pm line 44.
# ' isa 'EO::Error''
#   at t/002_hash.t line 57.
#     The class (or class-like) 'Can't locate object method "throw" via package "EO::Error::Method::Abstract" (perhaps you forgot to load "EO::Error::Method::Abstract"?) at /tmp/loop_over_bdir-23447-q4XzrB/EO-0.96-0/blib/lib/EO/Attributes.pm line 44.
# ' isn't a 'EO::Error'

#   Failed test 'The class (or class-like) 'Can't locate object method "throw" via package "EO::Error::Method::Abstract" (perhaps you forgot to load "EO::Error::Method::Abstract"?) at /tmp/loop_over_bdir-23447-q4XzrB/EO-0.96-0/blib/lib/EO/Attributes.pm line 44.
# ' isa 'EO::Error::Method''
#   at t/002_hash.t line 58.
#     The class (or class-like) 'Can't locate object method "throw" via package "EO::Error::Method::Abstract" (perhaps you forgot to load "EO::Error::Method::Abstract"?) at /tmp/loop_over_bdir-23447-q4XzrB/EO-0.96-0/blib/lib/EO/Attributes.pm line 44.
# ' isn't a 'EO::Error::Method'

#   Failed test 'The class (or class-like) 'Can't locate object method "throw" via package "EO::Error::Method::Abstract" (perhaps you forgot to load "EO::Error::Method::Abstract"?) at /tmp/loop_over_bdir-23447-q4XzrB/EO-0.96-0/blib/lib/EO/Attributes.pm line 44.
# ' isa 'EO::Error::Method::Abstract''
#   at t/002_hash.t line 59.
#     The class (or class-like) 'Can't locate object method "throw" via package "EO::Error::Method::Abstract" (perhaps you forgot to load "EO::Error::Method::Abstract"?) at /tmp/loop_over_bdir-23447-q4XzrB/EO-0.96-0/blib/lib/EO/Attributes.pm line 44.
# ' isn't a 'EO::Error::Method::Abstract'

#   Failed test 'The class (or class-like) 'Can't locate object method "throw" via package "EO::Error::InvalidParameters" (perhaps you forgot to load "EO::Error::InvalidParameters"?) at /tmp/loop_over_bdir-23447-q4XzrB/EO-0.96-0/blib/lib/EO/Hash.pm line 120.
# ' isa 'EO::Error''
#   at t/002_hash.t line 98.
#     The class (or class-like) 'Can't locate object method "throw" via package "EO::Error::InvalidParameters" (perhaps you forgot to load "EO::Error::InvalidParameters"?) at /tmp/loop_over_bdir-23447-q4XzrB/EO-0.96-0/blib/lib/EO/Hash.pm line 120.
# ' isn't a 'EO::Error'
# Looks like you failed 8 tests of 47.
t/002_hash.t ............. 
Dubious, test returned 8 (wstat 2048, 0x800)
Failed 8/47 subtests 
no_plan takes no arguments at t/002_initwarning.t line 6.
t/002_initwarning.t ...... ok
no_plan takes no arguments at t/002_weakarray.t line 3.
t/002_weakarray.t ........ ok
no_plan takes no arguments at t/003_setoid.t line 6.

#   Failed test 'The class (or class-like) 'Can't locate object method "throw" via package "EO::Error::Method::Private" (perhaps you forgot to load "EO::Error::Method::Private"?) at /tmp/loop_over_bdir-23447-q4XzrB/EO-0.96-0/blib/lib/EO/Attributes.pm line 24.
# ' isa 'EO::Error''
#   at t/003_setoid.t line 12.
#     The class (or class-like) 'Can't locate object method "throw" via package "EO::Error::Method::Private" (perhaps you forgot to load "EO::Error::Method::Private"?) at /tmp/loop_over_bdir-23447-q4XzrB/EO-0.96-0/blib/lib/EO/Attributes.pm line 24.
# ' isn't a 'EO::Error'

#   Failed test 'The class (or class-like) 'Can't locate object method "throw" via package "EO::Error::Method::Private" (perhaps you forgot to load "EO::Error::Method::Private"?) at /tmp/loop_over_bdir-23447-q4XzrB/EO-0.96-0/blib/lib/EO/Attributes.pm line 24.
# ' isa 'EO::Error::Method''
#   at t/003_setoid.t line 13.
#     The class (or class-like) 'Can't locate object method "throw" via package "EO::Error::Method::Private" (perhaps you forgot to load "EO::Error::Method::Private"?) at /tmp/loop_over_bdir-23447-q4XzrB/EO-0.96-0/blib/lib/EO/Attributes.pm line 24.
# ' isn't a 'EO::Error::Method'

#   Failed test 'The class (or class-like) 'Can't locate object method "throw" via package "EO::Error::Method::Private" (perhaps you forgot to load "EO::Error::Method::Private"?) at /tmp/loop_over_bdir-23447-q4XzrB/EO-0.96-0/blib/lib/EO/Attributes.pm line 24.
# ' isa 'EO::Error::Method::Private''
#   at t/003_setoid.t line 14.
#     The class (or class-like) 'Can't locate object method "throw" via package "EO::Error::Method::Private" (perhaps you forgot to load "EO::Error::Method::Private"?) at /tmp/loop_over_bdir-23447-q4XzrB/EO-0.96-0/blib/lib/EO/Attributes.pm line 24.
# ' isn't a 'EO::Error::Method::Private'

#   Failed test 'The class (or class-like) 'Can't locate object method "throw" via package "EO::Error::Method::Private" (perhaps you forgot to load "EO::Error::Method::Private"?) at /tmp/loop_over_bdir-23447-q4XzrB/EO-0.96-0/blib/lib/EO/Attributes.pm line 24.
# ' isa 'EO::Error''
#   at t/003_setoid.t line 20.
#     The class (or class-like) 'Can't locate object method "throw" via package "EO::Error::Method::Private" (perhaps you forgot to load "EO::Error::Method::Private"?) at /tmp/loop_over_bdir-23447-q4XzrB/EO-0.96-0/blib/lib/EO/Attributes.pm line 24.
# ' isn't a 'EO::Error'

#   Failed test 'The class (or class-like) 'Can't locate object method "throw" via package "EO::Error::Method::Private" (perhaps you forgot to load "EO::Error::Method::Private"?) at /tmp/loop_over_bdir-23447-q4XzrB/EO-0.96-0/blib/lib/EO/Attributes.pm line 24.
# ' isa 'EO::Error::Method''
#   at t/003_setoid.t line 21.
#     The class (or class-like) 'Can't locate object method "throw" via package "EO::Error::Method::Private" (perhaps you forgot to load "EO::Error::Method::Private"?) at /tmp/loop_over_bdir-23447-q4XzrB/EO-0.96-0/blib/lib/EO/Attributes.pm line 24.
# ' isn't a 'EO::Error::Method'

#   Failed test 'The class (or class-like) 'Can't locate object method "throw" via package "EO::Error::Method::Private" (perhaps you forgot to load "EO::Error::Method::Private"?) at /tmp/loop_over_bdir-23447-q4XzrB/EO-0.96-0/blib/lib/EO/Attributes.pm line 24.
# ' isa 'EO::Error::Method::Private''
#   at t/003_setoid.t line 22.
#     The class (or class-like) 'Can't locate object method "throw" via package "EO::Error::Method::Private" (perhaps you forgot to load "EO::Error::Method::Private"?) at /tmp/loop_over_bdir-23447-q4XzrB/EO-0.96-0/blib/lib/EO/Attributes.pm line 24.
# ' isn't a 'EO::Error::Method::Private'
# Looks like you failed 6 tests of 9.
t/003_setoid.t ........... 
Dubious, test returned 6 (wstat 1536, 0x600)
Failed 6/9 subtests 
no_plan takes no arguments at t/003_weakarray.t line 5.

#   Failed test 'The class (or class-like) 'Can't locate object method "throw" via package "EO::Error::InvalidParameters" (perhaps you forgot to load "EO::Error::InvalidParameters"?) at /tmp/loop_over_bdir-23447-q4XzrB/EO-0.96-0/blib/lib/EO/Array.pm line 40.
# ' isa 'EO::Error''
#   at t/003_weakarray.t line 46.
#     The class (or class-like) 'Can't locate object method "throw" via package "EO::Error::InvalidParameters" (perhaps you forgot to load "EO::Error::InvalidParameters"?) at /tmp/loop_over_bdir-23447-q4XzrB/EO-0.96-0/blib/lib/EO/Array.pm line 40.
# ' isn't a 'EO::Error'

#   Failed test 'The class (or class-like) 'Can't locate object method "throw" via package "EO::Error::InvalidParameters" (perhaps you forgot to load "EO::Error::InvalidParameters"?) at /tmp/loop_over_bdir-23447-q4XzrB/EO-0.96-0/blib/lib/EO/Array.pm line 40.
# ' isa 'EO::Error::InvalidParameters''
#   at t/003_weakarray.t line 47.
#     The class (or class-like) 'Can't locate object method "throw" via package "EO::Error::InvalidParameters" (perhaps you forgot to load "EO::Error::InvalidParameters"?) at /tmp/loop_over_bdir-23447-q4XzrB/EO-0.96-0/blib/lib/EO/Array.pm line 40.
# ' isn't a 'EO::Error::InvalidParameters'

#   Failed test 'The class (or class-like) 'Can't locate object method "throw" via package "EO::Error::InvalidParameters" (perhaps you forgot to load "EO::Error::InvalidParameters"?) at /tmp/loop_over_bdir-23447-q4XzrB/EO-0.96-0/blib/lib/EO/Array.pm line 107.
# ' isa 'EO::Error''
#   at t/003_weakarray.t line 55.
#     The class (or class-like) 'Can't locate object method "throw" via package "EO::Error::InvalidParameters" (perhaps you forgot to load "EO::Error::InvalidParameters"?) at /tmp/loop_over_bdir-23447-q4XzrB/EO-0.96-0/blib/lib/EO/Array.pm line 107.
# ' isn't a 'EO::Error'

#   Failed test 'The class (or class-like) 'Can't locate object method "throw" via package "EO::Error::InvalidParameters" (perhaps you forgot to load "EO::Error::InvalidParameters"?) at /tmp/loop_over_bdir-23447-q4XzrB/EO-0.96-0/blib/lib/EO/Array.pm line 107.
# ' isa 'EO::Error::InvalidParameters''
#   at t/003_weakarray.t line 56.
#     The class (or class-like) 'Can't locate object method "throw" via package "EO::Error::InvalidParameters" (perhaps you forgot to load "EO::Error::InvalidParameters"?) at /tmp/loop_over_bdir-23447-q4XzrB/EO-0.96-0/blib/lib/EO/Array.pm line 107.
# ' isn't a 'EO::Error::InvalidParameters'
# Looks like you failed 4 tests of 45.
t/003_weakarray.t ........ 
Dubious, test returned 4 (wstat 1024, 0x400)
Failed 4/45 subtests 

#   Failed test 'The class (or class-like) 'Can't locate object method "throw" via package "EO::Error::Method::Private" (perhaps you forgot to load "EO::Error::Method::Private"?) at /tmp/loop_over_bdir-23447-q4XzrB/EO-0.96-0/blib/lib/EO/Attributes.pm line 24.
# ' isa 'EO::Error''
#   at t/004_natr.t line 50.
#     The class (or class-like) 'Can't locate object method "throw" via package "EO::Error::Method::Private" (perhaps you forgot to load "EO::Error::Method::Private"?) at /tmp/loop_over_bdir-23447-q4XzrB/EO-0.96-0/blib/lib/EO/Attributes.pm line 24.
# ' isn't a 'EO::Error'

#   Failed test 'The class (or class-like) 'Can't locate object method "throw" via package "EO::Error::Method::Private" (perhaps you forgot to load "EO::Error::Method::Private"?) at /tmp/loop_over_bdir-23447-q4XzrB/EO-0.96-0/blib/lib/EO/Attributes.pm line 24.
# ' isa 'EO::Error::Method::Private''
#   at t/004_natr.t line 51.
#     The class (or class-like) 'Can't locate object method "throw" via package "EO::Error::Method::Private" (perhaps you forgot to load "EO::Error::Method::Private"?) at /tmp/loop_over_bdir-23447-q4XzrB/EO-0.96-0/blib/lib/EO/Attributes.pm line 24.
# ' isn't a 'EO::Error::Method::Private'

#   Failed test 'The class (or class-like) 'Can't locate object method "throw" via package "EO::Error::New" (perhaps you forgot to load "EO::Error::New"?) at /tmp/loop_over_bdir-23447-q4XzrB/EO-0.96-0/blib/lib/EO.pm line 31.
# ' isa 'EO::Error''
#   at t/004_natr.t line 58.
#     The class (or class-like) 'Can't locate object method "throw" via package "EO::Error::New" (perhaps you forgot to load "EO::Error::New"?) at /tmp/loop_over_bdir-23447-q4XzrB/EO-0.96-0/blib/lib/EO.pm line 31.
# ' isn't a 'EO::Error'

#   Failed test ''What file the exception happend in' isa 'EO::Error::New''
#   at t/004_natr.t line 63.
#     'What file the exception happend in' isn't a 'EO::Error::New'
Can't locate object method "file" via package "Can't locate object method "throw" via package "EO::Error::New" (perhaps you forgot to load "EO::Error::New"?) at /tmp/loop_over_bdir-23447-q4XzrB/EO-0.96-0/blib/lib/EO.pm line 31.
" (perhaps you forgot to load "Can't locate object method "throw" via package "EO::Error::New" (perhaps you forgot to load "EO::Error::New"?) at /tmp/loop_over_bdir-23447-q4XzrB/EO-0.96-0/blib/lib/EO.pm line 31.
"?) at t/004_natr.t line 65.
# Looks like your test exited with 255 just after 16.
t/004_natr.t ............. 
Dubious, test returned 255 (wstat 65280, 0xff00)
Failed 22/34 subtests 
no_plan takes no arguments at t/00_basic.t line 7.
t/00_basic.t ............. ok
no_plan takes no arguments at t/00simple.t line 6.
Subroutine DESTROY redefined at /tmp/loop_over_bdir-23447-q4XzrB/EO-0.96-0/blib/lib/EO/File.pm line 168.

#   Failed test 'The class (or class-like) 'Can't locate object method "throw" via package "EO::Error::InvalidState" (perhaps you forgot to load "EO::Error::InvalidState"?) at /tmp/loop_over_bdir-23447-q4XzrB/EO-0.96-0/blib/lib/EO/Class.pm line 113.
# ' isa 'EO::Error''
#   at t/00simple.t line 40.
#     The class (or class-like) 'Can't locate object method "throw" via package "EO::Error::InvalidState" (perhaps you forgot to load "EO::Error::InvalidState"?) at /tmp/loop_over_bdir-23447-q4XzrB/EO-0.96-0/blib/lib/EO/Class.pm line 113.
# ' isn't a 'EO::Error'

#   Failed test 'The class (or class-like) 'Can't locate object method "throw" via package "EO::Error::InvalidState" (perhaps you forgot to load "EO::Error::InvalidState"?) at /tmp/loop_over_bdir-23447-q4XzrB/EO-0.96-0/blib/lib/EO/Class.pm line 113.
# ' isa 'EO::Error::InvalidState''
#   at t/00simple.t line 41.
#     The class (or class-like) 'Can't locate object method "throw" via package "EO::Error::InvalidState" (perhaps you forgot to load "EO::Error::InvalidState"?) at /tmp/loop_over_bdir-23447-q4XzrB/EO-0.96-0/blib/lib/EO/Class.pm line 113.
# ' isn't a 'EO::Error::InvalidState'
# Looks like you failed 2 tests of 33.
t/00simple.t ............. 
Dubious, test returned 2 (wstat 512, 0x200)
Failed 2/33 subtests 
no_plan takes no arguments at t/01_perlprops.t line 6.
t/01_perlprops.t ......... ok
no_plan takes no arguments at t/01parents.t line 6.
t/01parents.t ............ ok
no_plan takes no arguments at t/02_osprops.t line 6.
t/02_osprops.t ........... ok
no_plan takes no arguments at t/singleton.t line 1.
t/singleton.t ............ ok

Test Summary Report
-------------------
t/001_array.t          (Wstat: 1024 Tests: 45 Failed: 4)
  Failed tests:  31-32, 34-35
  Non-zero exit status: 4
t/001_delegate_load.t  (Wstat: 65280 Tests: 4 Failed: 0)
  Non-zero exit status: 255
t/001_load.t           (Wstat: 65280 Tests: 16 Failed: 4)
  Failed tests:  12-14, 16
  Non-zero exit status: 255
  Parse errors: Bad plan.  You planned 34 tests but ran 16.
t/002_basic.t          (Wstat: 512 Tests: 4 Failed: 3)
  Failed tests:  2-4
  Non-zero exit status: 2
  Parse errors: Bad plan.  You planned 12 tests but ran 4.
t/002_hash.t           (Wstat: 2048 Tests: 47 Failed: 8)
  Failed tests:  24-25, 27-28, 30-32, 45
  Non-zero exit status: 8
t/003_setoid.t         (Wstat: 1536 Tests: 9 Failed: 6)
  Failed tests:  2-4, 7-9
  Non-zero exit status: 6
t/003_weakarray.t      (Wstat: 1024 Tests: 45 Failed: 4)
  Failed tests:  31-32, 34-35
  Non-zero exit status: 4
t/004_natr.t           (Wstat: 65280 Tests: 16 Failed: 4)
  Failed tests:  12-14, 16
  Non-zero exit status: 255
  Parse errors: Bad plan.  You planned 34 tests but ran 16.
t/00simple.t           (Wstat: 512 Tests: 33 Failed: 2)
  Failed tests:  16-17
  Non-zero exit status: 2
Files=18, Tests=299,  1 wallclock secs ( 0.06 usr  0.10 sys +  1.23 cusr  0.39 csys =  1.78 CPU)
Result: FAIL
Failed 9/18 test programs. 35/299 subtests failed.

------------------------------
PREREQUISITES
------------------------------

Prerequisite modules loaded:

requires:

    Module                   Need  Have    
    ------------------------ ----- --------
    Attribute::Handlers      0.01  1.01    
    Class::Accessor::Chained 0     0.01    
    Clone                    0.01  0.45    
    Data::Structure::Util    0.06  0.16    
    Data::UUID               0.01  1.226   
    Error                    0.15  0.17029 
    Path::Class              0.01  0.37    
    perl                     5.008 5.035009
    Scalar::Util             1.02  1.61    

build_requires:

    Module                   Need  Have    
    ------------------------ ----- --------
    Test::More               0     1.302188


------------------------------
ENVIRONMENT AND OTHER CONTEXT
------------------------------

Environment variables:

    AUTOMATED_TESTING = 1
    LANG = en_US.utf8
    PATH = /home/sand/bin:/usr/local/bin:/usr/local/sbin:/usr/sbin:/usr/bin:/sbin:/bin:/usr/games:/usr/local/games:/snap/bin:/usr/local/perl/bin:/usr/X11/bin
    PERL5LIB = /tmp/loop_over_bdir-23447-q4XzrB/Debian-Packages-0.03-0/blib/arch:/tmp/loop_over_bdir-23447-q4XzrB/Debian-Packages-0.03-0/blib/lib:/tmp/loop_over_bdir-23447-q4XzrB/Lemonldap-NG-Cli-0.2-0/blib/arch:/tmp/loop_over_bdir-23447-q4XzrB/Lemonldap-NG-Cli-0.2-0/blib/lib:/tmp/loop_over_bdir-23447-q4XzrB/Devel-Required-0.16-0/blib/arch:/tmp/loop_over_bdir-23447-q4XzrB/Devel-Required-0.16-0/blib/lib:/tmp/loop_over_bdir-23447-q4XzrB/mmds-1.902-0/blib/arch:/tmp/loop_over_bdir-23447-q4XzrB/mmds-1.902-0/blib/lib:/tmp/loop_over_bdir-23447-q4XzrB/Lingua-YaTeA-0.626-0/blib/arch:/tmp/loop_over_bdir-23447-q4XzrB/Lingua-YaTeA-0.626-0/blib/lib:/tmp/loop_over_bdir-23447-q4XzrB/Net-ISP-Balance-1.31-0/blib/arch:/tmp/loop_over_bdir-23447-q4XzrB/Net-ISP-Balance-1.31-0/blib/lib:/tmp/loop_over_bdir-23447-q4XzrB/Linux-InitFS-0.2-0/blib/arch:/tmp/loop_over_bdir-23447-q4XzrB/Linux-InitFS-0.2-0/blib/lib:/tmp/loop_over_bdir-23447-q4XzrB/Dpkg-1.21.1-0/blib/arch:/tmp/loop_over_bdir-23447-q4XzrB/Dpkg-1.21.1-0/blib/lib:/tmp/loop_over_bdir-23447-q4XzrB/perl-Hardware-UPS-Perl-0.43-0/blib/arch:/tmp/loop_over_bdir-23447-q4XzrB/perl-Hardware-UPS-Perl-0.43-0/blib/lib:/tmp/loop_over_bdir-23447-q4XzrB/shishi-0.0.1-0/blib/arch:/tmp/loop_over_bdir-23447-q4XzrB/shishi-0.0.1-0/blib/lib:/tmp/loop_over_bdir-23447-q4XzrB/triceps-2.1.0-0/blib/arch:/tmp/loop_over_bdir-23447-q4XzrB/triceps-2.1.0-0/blib/lib
    PERL5OPT = 
    PERL5_CPANPLUS_IS_RUNNING = 23460
    PERL5_CPAN_IS_RUNNING = 23460
    PERL_CANARY_STABILITY_NOPROMPT = 1
    PERL_MM_USE_DEFAULT = 1
    PERL_USE_UNSAFE_INC = 1
    SHELL = /usr/bin/zsh
    TERM = screen

Perl special variables (and OS-specific diagnostics, for MSWin32):

    $^X = /tmp/basesmoker-reloperl-Ot1k/bin/perl
    $UID/$EUID = 1005 / 1005
    $GID = 1005 1005
    $EGID = 1005 1005

Perl module toolchain versions installed:

    Module              Have    
    ------------------- --------
    CPAN                2.33    
    CPAN::Meta          2.150010
    Cwd                 3.83    
    ExtUtils::CBuilder  0.280236
    ExtUtils::Command   7.64    
    ExtUtils::Install   2.20    
    ExtUtils::MakeMaker 7.64    
    ExtUtils::Manifest  1.73    
    ExtUtils::ParseXS   3.44    
    File::Spec          3.83    
    JSON                4.05    
    JSON::PP            4.07    
    Module::Build       0.4231  
    Module::Signature   0.88    
    Parse::CPAN::Meta   2.150010
    Test::Harness       3.43    
    Test::More          1.302188
    YAML                1.30    
    YAML::Syck          1.34    
    version             0.9929  


--

Summary of my perl5 (revision 5 version 35 subversion 9) configuration:
  Commit id: a4f7faaf7e7c49fceb79725d6853abbd83bc8bd9
  Platform:
    osname=linux
    osvers=4.15.0-167-generic
    archname=x86_64-linux-thread-multi-ld
    uname='linux k93bionic 4.15.0-167-generic #175-ubuntu smp wed jan 5 01:56:07 utc 2022 x86_64 x86_64 x86_64 gnulinux '
    config_args='-Dprefix=/home/sand/src/perl/repoperls/installed-perls/host/k93bionic/v5.35.9/ebf1 -Dmyhostname=k93bionic -Dinstallusrbinperl=n -Uversiononly -Dusedevel -des -Ui_db -Dlibswanted=cl pthread socket inet nsl gdbm dbm malloc dl ld sun m crypt sec util c cposix posix ucb BSD gdbm_compat -Duseithreads -Duselongdouble -DEBUGGING=-g'
    hint=recommended
    useposix=true
    d_sigaction=define
    useithreads=define
    usemultiplicity=define
    use64bitint=define
    use64bitall=define
    uselongdouble=define
    usemymalloc=n
    default_inc_excludes_dot=define
  Compiler:
    cc='cc'
    ccflags ='-D_REENTRANT -D_GNU_SOURCE -fwrapv -fno-strict-aliasing -pipe -fstack-protector-strong -I/usr/local/include -D_LARGEFILE_SOURCE -D_FILE_OFFSET_BITS=64'
    optimize='-O2 -g'
    cppflags='-D_REENTRANT -D_GNU_SOURCE -fwrapv -fno-strict-aliasing -pipe -fstack-protector-strong -I/usr/local/include'
    ccversion=''
    gccversion='7.5.0'
    gccosandvers=''
    intsize=4
    longsize=8
    ptrsize=8
    doublesize=8
    byteorder=12345678
    doublekind=3
    d_longlong=define
    longlongsize=8
    d_longdbl=define
    longdblsize=16
    longdblkind=3
    ivtype='long'
    ivsize=8
    nvtype='long double'
    nvsize=16
    Off_t='off_t'
    lseeksize=8
    alignbytes=16
    prototype=define
  Linker and Libraries:
    ld='cc'
    ldflags =' -fstack-protector-strong -L/usr/local/lib'
    libpth=/usr/local/lib /usr/lib/x86_64-linux-gnu /usr/lib /lib/x86_64-linux-gnu /lib
    libs=-lpthread -lnsl -ldl -lm -lcrypt -lutil -lc
    perllibs=-lpthread -lnsl -ldl -lm -lcrypt -lutil -lc
    libc=libc-2.27.so
    so=so
    useshrplib=false
    libperl=libperl.a
    gnulibc_version='2.27'
  Dynamic Linking:
    dlsrc=dl_dlopen.xs
    dlext=so
    d_dlsymun=undef
    ccdlflags='-Wl,-E'
    cccdlflags='-fPIC'
    lddlflags='-shared -O2 -g -L/usr/local/lib -fstack-protector-strong'


Characteristics of this binary (from libperl): 
  Compile-time options:
    HAS_TIMES
    MULTIPLICITY
    PERLIO_LAYERS
    PERL_COPY_ON_WRITE
    PERL_DONT_CREATE_GVSV
    PERL_MALLOC_WRAP
    PERL_OP_PARENT
    PERL_PRESERVE_IVUV
    PERL_USE_DEVEL
    USE_64_BIT_ALL
    USE_64_BIT_INT
    USE_ITHREADS
    USE_LARGE_FILES
    USE_LOCALE
    USE_LOCALE_COLLATE
    USE_LOCALE_CTYPE
    USE_LOCALE_NUMERIC
    USE_LOCALE_TIME
    USE_LONG_DOUBLE
    USE_PERLIO
    USE_PERL_ATOF
    USE_REENTRANT_API
    USE_THREAD_SAFE_LOCALE
  Built under linux
  Compiled at Feb 20 2022 18:17:14
  %ENV:
    PERL5LIB="/tmp/loop_over_bdir-23447-q4XzrB/Debian-Packages-0.03-0/blib/arch:/tmp/loop_over_bdir-23447-q4XzrB/Debian-Packages-0.03-0/blib/lib:/tmp/loop_over_bdir-23447-q4XzrB/Lemonldap-NG-Cli-0.2-0/blib/arch:/tmp/loop_over_bdir-23447-q4XzrB/Lemonldap-NG-Cli-0.2-0/blib/lib:/tmp/loop_over_bdir-23447-q4XzrB/Devel-Required-0.16-0/blib/arch:/tmp/loop_over_bdir-23447-q4XzrB/Devel-Required-0.16-0/blib/lib:/tmp/loop_over_bdir-23447-q4XzrB/mmds-1.902-0/blib/arch:/tmp/loop_over_bdir-23447-q4XzrB/mmds-1.902-0/blib/lib:/tmp/loop_over_bdir-23447-q4XzrB/Lingua-YaTeA-0.626-0/blib/arch:/tmp/loop_over_bdir-23447-q4XzrB/Lingua-YaTeA-0.626-0/blib/lib:/tmp/loop_over_bdir-23447-q4XzrB/Net-ISP-Balance-1.31-0/blib/arch:/tmp/loop_over_bdir-23447-q4XzrB/Net-ISP-Balance-1.31-0/blib/lib:/tmp/loop_over_bdir-23447-q4XzrB/Linux-InitFS-0.2-0/blib/arch:/tmp/loop_over_bdir-23447-q4XzrB/Linux-InitFS-0.2-0/blib/lib:/tmp/loop_over_bdir-23447-q4XzrB/Dpkg-1.21.1-0/blib/arch:/tmp/loop_over_bdir-23447-q4XzrB/Dpkg-1.21.1-0/blib/lib:/tmp/loop_over_bdir-23447-q4XzrB/perl-Hardware-UPS-Perl-0.43-0/blib/arch:/tmp/loop_over_bdir-23447-q4XzrB/perl-Hardware-UPS-Perl-0.43-0/blib/lib:/tmp/loop_over_bdir-23447-q4XzrB/shishi-0.0.1-0/blib/arch:/tmp/loop_over_bdir-23447-q4XzrB/shishi-0.0.1-0/blib/lib:/tmp/loop_over_bdir-23447-q4XzrB/triceps-2.1.0-0/blib/arch:/tmp/loop_over_bdir-23447-q4XzrB/triceps-2.1.0-0/blib/lib"
    PERL5OPT=""
    PERL5_CPANPLUS_IS_RUNNING="23460"
    PERL5_CPAN_IS_RUNNING="23460"
    PERL_CANARY_STABILITY_NOPROMPT="1"
    PERL_MM_USE_DEFAULT="1"
    PERL_USE_UNSAFE_INC="1"
  @INC:
    /tmp/loop_over_bdir-23447-q4XzrB/Debian-Packages-0.03-0/blib/arch
    /tmp/loop_over_bdir-23447-q4XzrB/Debian-Packages-0.03-0/blib/lib
    /tmp/loop_over_bdir-23447-q4XzrB/Lemonldap-NG-Cli-0.2-0/blib/arch
    /tmp/loop_over_bdir-23447-q4XzrB/Lemonldap-NG-Cli-0.2-0/blib/lib
    /tmp/loop_over_bdir-23447-q4XzrB/Devel-Required-0.16-0/blib/arch
    /tmp/loop_over_bdir-23447-q4XzrB/Devel-Required-0.16-0/blib/lib
    /tmp/loop_over_bdir-23447-q4XzrB/mmds-1.902-0/blib/arch
    /tmp/loop_over_bdir-23447-q4XzrB/mmds-1.902-0/blib/lib
    /tmp/loop_over_bdir-23447-q4XzrB/Lingua-YaTeA-0.626-0/blib/arch
    /tmp/loop_over_bdir-23447-q4XzrB/Lingua-YaTeA-0.626-0/blib/lib
    /tmp/loop_over_bdir-23447-q4XzrB/Net-ISP-Balance-1.31-0/blib/arch
    /tmp/loop_over_bdir-23447-q4XzrB/Net-ISP-Balance-1.31-0/blib/lib
    /tmp/loop_over_bdir-23447-q4XzrB/Linux-InitFS-0.2-0/blib/arch
    /tmp/loop_over_bdir-23447-q4XzrB/Linux-InitFS-0.2-0/blib/lib
    /tmp/loop_over_bdir-23447-q4XzrB/Dpkg-1.21.1-0/blib/arch
    /tmp/loop_over_bdir-23447-q4XzrB/Dpkg-1.21.1-0/blib/lib
    /tmp/loop_over_bdir-23447-q4XzrB/perl-Hardware-UPS-Perl-0.43-0/blib/arch
    /tmp/loop_over_bdir-23447-q4XzrB/perl-Hardware-UPS-Perl-0.43-0/blib/lib
    /tmp/loop_over_bdir-23447-q4XzrB/shishi-0.0.1-0/blib/arch
    /tmp/loop_over_bdir-23447-q4XzrB/shishi-0.0.1-0/blib/lib
    /tmp/loop_over_bdir-23447-q4XzrB/triceps-2.1.0-0/blib/arch
    /tmp/loop_over_bdir-23447-q4XzrB/triceps-2.1.0-0/blib/lib
    /home/sand/src/perl/repoperls/installed-perls/host/k93bionic/v5.35.9/ebf1/lib/site_perl/5.35.9/x86_64-linux-thread-multi-ld
    /home/sand/src/perl/repoperls/installed-perls/host/k93bionic/v5.35.9/ebf1/lib/site_perl/5.35.9
    /home/sand/src/perl/repoperls/installed-perls/host/k93bionic/v5.35.9/ebf1/lib/5.35.9/x86_64-linux-thread-multi-ld
    /home/sand/src/perl/repoperls/installed-perls/host/k93bionic/v5.35.9/ebf1/lib/5.35.9
    .