PathTools v3.75 Perl 5 v5.26.2 arm-freebsd
- Status
- Fail
- From
- Nigel Horne
- Dist
-
PathTools v3.75
- Platform
- Perl 5 v5.26.2 arm-freebsd
- Date
- 2018-12-27 15:00:14
- ID
- 1d7d7d56-09e8-11e9-afbf-aec3b07506ca
This distribution has been tested as part of the CPAN Testers
project, supporting the Perl programming language. See
http://wiki.cpantesters.org/ for more information or email
questions to cpan-testers-discuss@perl.org
--
Dear Sawyer X,
This is a computer-generated report for PathTools-3.75
on perl 5.26.2, created by CPAN-Reporter-1.2018.
Thank you for uploading your work to CPAN. However, there was a problem
testing your distribution.
If you think this report is invalid, please consult the CPAN Testers Wiki
for suggestions on how to avoid getting FAIL reports for missing library
or binary dependencies, unsupported operating systems, and so on:
http://wiki.cpantesters.org/wiki/CPANAuthorNotes
Sections of this report:
* Tester comments
* Program output
* Prerequisites
* Environment and other context
------------------------------
TESTER COMMENTS
------------------------------
Additional comments from tester:
this report is from an automated smoke testing program
and was not reviewed by a human for accuracy
------------------------------
PROGRAM OUTPUT
------------------------------
Output from '/usr/bin/make test':
"/mnt/nas/home/pi2b/njh/perl5/perlbrew/perls/perl-5.26.2/bin/perl" -MExtUtils::Command::MM -e 'cp_nonempty' -- Cwd.bs blib/arch/auto/Cwd/Cwd.bs 644
PERL_DL_NONLAZY=1 "/mnt/nas/home/pi2b/njh/perl5/perlbrew/perls/perl-5.26.2/bin/perl" "-MExtUtils::Command::MM" "-MTest::Harness" "-e" "undef *Test::Harness::Switches; test_harness(0, 'blib/lib', 'blib/arch')" t/*.t
Cwd.c: loadable library and perl binaries are mismatched (got handshake key 0x9400000, needed 0x8700000)
t/crossplatform.t ..
Dubious, test returned 1 (wstat 256, 0x100)
No subtests run
Cwd.c: loadable library and perl binaries are mismatched (got handshake key 0x9400000, needed 0x8700000)
t/cwd.t ............
Dubious, test returned 1 (wstat 256, 0x100)
No subtests run
Cwd.c: loadable library and perl binaries are mismatched (got handshake key 0x9400000, needed 0x8700000)
t/cwd_enoent.t .....
Dubious, test returned 1 (wstat 256, 0x100)
No subtests run
Cwd.c: loadable library and perl binaries are mismatched (got handshake key 0x9400000, needed 0x8700000)
t/rel2abs2rel.t ....
Dubious, test returned 1 (wstat 256, 0x100)
No subtests run
Cwd.c: loadable library and perl binaries are mismatched (got handshake key 0x9400000, needed 0x8700000)
t/Spec-taint.t .....
Dubious, test returned 1 (wstat 256, 0x100)
No subtests run
Cwd.c: loadable library and perl binaries are mismatched (got handshake key 0x9400000, needed 0x8700000)
t/taint.t ..........
Dubious, test returned 1 (wstat 256, 0x100)
No subtests run
Cwd.c: loadable library and perl binaries are mismatched (got handshake key 0x9400000, needed 0x8700000)
t/abs2rel.t ........
Dubious, test returned 1 (wstat 256, 0x100)
No subtests run
Cwd.c: loadable library and perl binaries are mismatched (got handshake key 0x9400000, needed 0x8700000)
t/Functions.t ......
Dubious, test returned 1 (wstat 256, 0x100)
Failed 15/15 subtests
Cwd.c: loadable library and perl binaries are mismatched (got handshake key 0x9400000, needed 0x8700000)
t/win32.t ..........
Dubious, test returned 1 (wstat 256, 0x100)
No subtests run
Cwd.c: loadable library and perl binaries are mismatched (got handshake key 0x9400000, needed 0x8700000)
t/Spec.t ...........
Dubious, test returned 1 (wstat 256, 0x100)
No subtests run
Cwd.c: loadable library and perl binaries are mismatched (got handshake key 0x9400000, needed 0x8700000)
t/tmpdir.t .........
Dubious, test returned 1 (wstat 256, 0x100)
Failed 8/8 subtests
Test Summary Report
-------------------
t/crossplatform.t (Wstat: 256 Tests: 0 Failed: 0)
Non-zero exit status: 1
Parse errors: No plan found in TAP output
t/cwd.t (Wstat: 256 Tests: 0 Failed: 0)
Non-zero exit status: 1
Parse errors: No plan found in TAP output
t/cwd_enoent.t (Wstat: 256 Tests: 0 Failed: 0)
Non-zero exit status: 1
Parse errors: No plan found in TAP output
t/rel2abs2rel.t (Wstat: 256 Tests: 0 Failed: 0)
Non-zero exit status: 1
Parse errors: No plan found in TAP output
t/Spec-taint.t (Wstat: 256 Tests: 0 Failed: 0)
Non-zero exit status: 1
Parse errors: No plan found in TAP output
t/taint.t (Wstat: 256 Tests: 0 Failed: 0)
Non-zero exit status: 1
Parse errors: No plan found in TAP output
t/abs2rel.t (Wstat: 256 Tests: 0 Failed: 0)
Non-zero exit status: 1
Parse errors: No plan found in TAP output
t/Functions.t (Wstat: 256 Tests: 0 Failed: 0)
Non-zero exit status: 1
Parse errors: Bad plan. You planned 15 tests but ran 0.
t/win32.t (Wstat: 256 Tests: 0 Failed: 0)
Non-zero exit status: 1
Parse errors: No plan found in TAP output
t/Spec.t (Wstat: 256 Tests: 0 Failed: 0)
Non-zero exit status: 1
Parse errors: No plan found in TAP output
t/tmpdir.t (Wstat: 256 Tests: 0 Failed: 0)
Non-zero exit status: 1
Parse errors: Bad plan. You planned 8 tests but ran 0.
Files=11, Tests=0, 4 wallclock secs ( 0.34 usr 0.16 sys + 3.63 cusr 1.27 csys = 5.41 CPU)
Result: FAIL
Failed 11/11 test programs. 0/0 subtests failed.
*** Error code 1
Stop.
make: stopped in /var/tmp/build/PathTools-3.75-2
------------------------------
PREREQUISITES
------------------------------
Prerequisite modules loaded:
requires:
Module Need Have
------------------- ---- --------
Carp 0 1.42
File::Basename 0 2.85
Scalar::Util 0 1.50
Test::More 0.88 1.302138
build_requires:
Module Need Have
------------------- ---- --------
ExtUtils::MakeMaker 0 7.34
configure_requires:
Module Need Have
------------------- ---- --------
ExtUtils::MakeMaker 0 7.34
------------------------------
ENVIRONMENT AND OTHER CONTEXT
------------------------------
Environment variables:
AUTOMATED_TESTING = 1
HARNESS_OPTIONS = j4
PATH = /home/njh/perl5/perlbrew/bin:/home/njh/perl5/perlbrew/perls/perl-5.26.2/bin:/usr/local/bin:/bin:/usr/bin:src/njh/smoker/bin
PERL5LIB =
PERL5OPT =
PERL5_CPANPLUS_IS_RUNNING = 65112
PERL5_CPAN_IS_RUNNING = 65112
PERLBREW_HOME = /home/njh/.perlbrew
PERLBREW_MANPATH = /home/njh/perl5/perlbrew/perls/perl-5.26.2/man
PERLBREW_PATH = /home/njh/perl5/perlbrew/bin:/home/njh/perl5/perlbrew/perls/perl-5.26.2/bin
PERLBREW_PERL = perl-5.26.2
PERLBREW_ROOT = /home/njh/perl5/perlbrew
PERLBREW_SHELLRC_VERSION = 0.84
PERLBREW_VERSION = 0.84
PERL_USE_UNSAFE_INC = 1
SHELL = /bin/sh
TMPDIR = /var/tmp/testwrapper.65099
Perl special variables (and OS-specific diagnostics, for MSWin32):
$^X = /mnt/nas/home/pi2b/njh/perl5/perlbrew/perls/perl-5.26.2/bin/perl
$UID/$EUID = 1000 / 1000
$GID = 1000 1000 0
$EGID = 1000 1000 0
Perl module toolchain versions installed:
Module Have
------------------- --------
CPAN 2.18
CPAN::Meta 2.150010
Cwd 3.74
ExtUtils::CBuilder 0.280230
ExtUtils::Command 7.34
ExtUtils::Install 2.14
ExtUtils::MakeMaker 7.34
ExtUtils::Manifest 1.71
ExtUtils::ParseXS 3.35
File::Spec 3.74
JSON 2.97001
JSON::PP 2.97001
Module::Build 0.4224
Module::Signature n/a
Parse::CPAN::Meta 2.150010
Test::Harness 3.42
Test::More 1.302138
YAML 1.27
YAML::Syck 1.30
version 0.9924
--
Summary of my perl5 (revision 5 version 26 subversion 2) configuration:
Platform:
osname=freebsd
osvers=11.1-stable
archname=arm-freebsd
uname='freebsd pi2b.bandsman.co.uk 11.1-stable freebsd 11.1-stable #0 r330605: wed mar 7 18:50:15 utc 2018 root@releng2.nyi.freebsd.org:usrobjarm.armv6usrsrcsysrpi2 arm '
config_args='-des'
hint=previous
useposix=true
d_sigaction=define
useithreads=undef
usemultiplicity=undef
use64bitint=undef
use64bitall=undef
uselongdouble=undef
usemymalloc=n
default_inc_excludes_dot=define
bincompat5005=undef
Compiler:
cc='cc'
ccflags ='-DHAS_FPSETMASK -DHAS_FLOATINGPOINT_H -fno-strict-aliasing -pipe -fstack-protector-strong -I/usr/local/include -D_FORTIFY_SOURCE=2'
optimize='-O'
cppflags='-DHAS_FPSETMASK -DHAS_FLOATINGPOINT_H -fno-strict-aliasing -pipe -fstack-protector-strong -I/usr/local/include'
ccversion=''
gccversion='4.2.1 Compatible FreeBSD Clang 5.0.1 (tags/RELEASE_501/final 320880)'
gccosandvers=''
intsize=4
longsize=4
ptrsize=4
doublesize=8
byteorder=1234
doublekind=3
d_longlong=define
longlongsize=8
d_longdbl=define
longdblsize=8
longdblkind=0
ivtype='long'
ivsize=4
nvtype='double'
nvsize=8
Off_t='off_t'
lseeksize=8
alignbytes=8
prototype=define
Linker and Libraries:
ld='cc'
ldflags ='-Wl,-E -fstack-protector-strong -L/usr/local/lib'
libpth=/usr/lib /usr/local/lib /usr/lib/clang/5.0.1/lib /usr/lib /usr/lib/clang/5.0.1/lib /usr/lib
libs=-lpthread -lm -lcrypt -lutil -lc
perllibs=-lpthread -lm -lcrypt -lutil -lc
libc=
so=so
useshrplib=false
libperl=libperl.a
gnulibc_version=''
Dynamic Linking:
dlsrc=dl_dlopen.xs
dlext=so
d_dlsymun=undef
ccdlflags=' '
cccdlflags='-DPIC -fPIC'
lddlflags='-shared -L/usr/local/lib -fstack-protector-strong'
Characteristics of this binary (from libperl):
Compile-time options:
HAS_TIMES
PERLIO_LAYERS
PERL_COPY_ON_WRITE
PERL_DONT_CREATE_GVSV
PERL_HASH_FUNC_ONE_AT_A_TIME_HARD
PERL_MALLOC_WRAP
PERL_OP_PARENT
PERL_PRESERVE_IVUV
USE_LARGE_FILES
USE_LOCALE
USE_LOCALE_COLLATE
USE_LOCALE_CTYPE
USE_LOCALE_NUMERIC
USE_LOCALE_TIME
USE_PERLIO
USE_PERL_ATOF
Locally applied patches:
Devel::PatchPerl 1.38
Built under freebsd
Compiled at May 31 2018 09:56:51
%ENV:
PERL5LIB=""
PERL5OPT=""
PERL5_CPANPLUS_IS_RUNNING="65112"
PERL5_CPAN_IS_RUNNING="65112"
PERLBREW_HOME="/home/njh/.perlbrew"
PERLBREW_MANPATH="/home/njh/perl5/perlbrew/perls/perl-5.26.2/man"
PERLBREW_PATH="/home/njh/perl5/perlbrew/bin:/home/njh/perl5/perlbrew/perls/perl-5.26.2/bin"
PERLBREW_PERL="perl-5.26.2"
PERLBREW_ROOT="/home/njh/perl5/perlbrew"
PERLBREW_SHELLRC_VERSION="0.84"
PERLBREW_VERSION="0.84"
PERL_USE_UNSAFE_INC="1"
@INC:
/home/njh/perl5/perlbrew/perls/perl-5.26.2/lib/site_perl/5.26.2/arm-freebsd
/home/njh/perl5/perlbrew/perls/perl-5.26.2/lib/site_perl/5.26.2
/home/njh/perl5/perlbrew/perls/perl-5.26.2/lib/5.26.2/arm-freebsd
/home/njh/perl5/perlbrew/perls/perl-5.26.2/lib/5.26.2
.