Back
From: metabase:user:320bfe00-2aae-11df-837a-5e0a49663a4f
Subject: FAIL Config-DB-0.2 v5.16.0 GNU/Linux
Date: 2012-09-15T09:24:13Z
This distribution has been tested as part of the CPAN Testers
project, supporting the Perl programming language. See
http://wiki.cpantesters.org/ for more information or email
questions to cpan-testers-discuss@perl.org
--
Dear Daniele Ricci,
This is a computer-generated report for Config-DB-0.2
on perl 5.16.0, created by CPAN-Reporter-1.2006.
Thank you for uploading your work to CPAN. However, there was a problem
testing your distribution.
If you think this report is invalid, please consult the CPAN Testers Wiki
for suggestions on how to avoid getting FAIL reports for missing library
or binary dependencies, unsupported operating systems, and so on:
http://wiki.cpantesters.org/wiki/CPANAuthorNotes
Sections of this report:
* Tester comments
* Program output
* Prerequisites
* Environment and other context
------------------------------
TESTER COMMENTS
------------------------------
Additional comments from tester:
this report is from an automated smoke testing program
and was not reviewed by a human for accuracy
------------------------------
PROGRAM OUTPUT
------------------------------
Output from '/usr/bin/make test':
PERL_DL_NONLAZY=1 /mnt/k75/homesand/src/perl/repoperls/installed-perls/perl/v5.16.0/127e/bin/perl "-MExtUtils::Command::MM" "-e" "test_harness(0, 'blib/lib', 'blib/arch')" t/*.t
# Failed test 'wrong new call - no parameters'
# at t/01_new.t line 9.
# 'Config::DB::new: wrong call at t/01_new.t line 8.
# '
# doesn't match '(?^:^Config::DB::new: wrong call at t/01_new.t line \d+\n$)'
# Failed test 'wrong new call - hack try 1'
# at t/01_new.t line 16.
# 'Config::DB::new: wrong call at t/01_new.t line 15.
# '
# doesn't match '(?^:^Config::DB::new: wrong call at t/01_new.t line \d+\n$)'
# Failed test 'wrong new call - hack try 2'
# at t/01_new.t line 23.
# 'Config::DB::new: 'NoOk' does not hinerit 'Config::DB' at t/01_new.t line 22.
# '
# doesn't match '(?^:^Config::DB::new: 'NoOk' does not hinerit 'Config::DB' at t/01_new.t line \d+\n$)'
# Failed test 'wrong new call - wrong class'
# at t/01_new.t line 30.
# 'Config::DB::new: 'Wrong::Class' does not hinerit 'Config::DB' at t/01_new.t line 29.
# '
# doesn't match '(?^:^Config::DB::new: 'Wrong::Class' does not hinerit 'Config::DB' at t/01_new.t line \d+\n$)'
# Failed test 'wrong new call - missing connect paramenter'
# at t/01_new.t line 37.
# 'Config::DB::new: missing 'connect' paramenter at t/01_new.t line 36.
# '
# doesn't match '(?^:^Config::DB::new: missing 'connect' paramenter at t/01_new.t line \d+\n$)'
# Failed test 'wrong new call - connect paramenter not array ref'
# at t/01_new.t line 44.
# 'Config::DB::new: 'connect' paramenter is not a reference to ARRAY at t/01_new.t line 43.
# '
# doesn't match '(?^:^Config::DB::new: 'connect' paramenter is not a reference to ARRAY at t/01_new.t line \d+\n$)'
# Failed test 'wrong new call - missing tables paramenter'
# at t/01_new.t line 51.
# 'Config::DB::new: missing 'tables' paramenter at t/01_new.t line 50.
# '
# doesn't match '(?^:^Config::DB::new: missing 'tables' paramenter at t/01_new.t line \d+\n$)'
# Failed test 'wrong new call - tables paramenter not array ref'
# at t/01_new.t line 58.
# 'Config::DB::new: 'tables' paramenter is not a reference to HASH at t/01_new.t line 57.
# '
# doesn't match '(?^:^Config::DB::new: 'tables' paramenter is not a reference to HASH at t/01_new.t line \d+\n$)'
# Failed test 'wrong new call - missing tables'
# at t/01_new.t line 65.
# 'Config::DB::new: no tables defined at t/01_new.t line 64.
# '
# doesn't match '(?^:^Config::DB::new: no tables defined at t/01_new.t line \d+\n$)'
# Looks like you failed 9 tests of 13.
t/01_new.t .....
Dubious, test returned 9 (wstat 2304, 0x900)
Failed 9/13 subtests
# Failed test 'connection error'
# at t/02_params.t line 18.
# 'Can't connect to data source 'DBI:NotInstalled' because I can't work out what driver to use (it doesn't seem to contain a 'dbi:driver:' prefix and the DBI_DRIVER env var is not set) at /tmp/loop_over_bdir-N_i52l/Config-DB-0.2-9Ovv9G/blib/lib/Config/DB.pm line 100.Config::DB::read: can't connect at t/02_params.t line 15.'
# doesn't match '(?^:^Can't connect to data source 'DBI:NotInstalled'.*Config::DB::read: can't connect at t/02_params.t line \d+$)'
# Failed test 'missing table'
# at t/02_params.t line 32.
# 'DBD::DBM::db selectall_hashref failed: Execution ERROR: Cannot open /tmp/loop_over_bdir-N_i52l/Config-DB-0.2-9Ovv9G/notable.lck: No such file or directory (2) at /home/src/perl/repoperls/installed-perls/perl/v5.16.0/127e/lib/site_perl/5.16.0/x86_64-linux-ld/DBD/File.pm line 730. called from /tmp/loop_over_bdir-N_i52l/Config-DB-0.2-9Ovv9G/blib/lib/Config/DB.pm at 107. at /home/src/perl/repoperls/installed-perls/perl/v5.16.0/127e/lib/site_perl/5.16.0/x86_64-linux-ld/DBI/DBD/SqlEngine.pm line 796. [for Statement "SELECT nofield AS dbcfg_key, notable.* FROM notable"] at /tmp/loop_over_bdir-N_i52l/Config-DB-0.2-9Ovv9G/blib/lib/Config/DB.pm line 107.Config::DB::read: reading 'notable' table at t/02_params.t line 29.'
# doesn't match '(?^:^DBD::DBM::db selectall_hashref failed.*Config::DB::read: reading 'notable' table at t/02_params.t line \d+$)'
# Failed test 'missing field'
# at t/02_params.t line 43.
# 'DBD::DBM::db selectall_hashref failed: Execution ERROR: No such column 'nofield' called from /home/src/perl/repoperls/installed-perls/perl/v5.16.0/127e/lib/site_perl/5.16.0/x86_64-linux-ld/DBI.pm at 1661. at /home/src/perl/repoperls/installed-perls/perl/v5.16.0/127e/lib/site_perl/5.16.0/x86_64-linux-ld/DBI/DBD/SqlEngine.pm line 796. [for Statement "SELECT nofield AS dbcfg_key, notable.* FROM notable"] at /tmp/loop_over_bdir-N_i52l/Config-DB-0.2-9Ovv9G/blib/lib/Config/DB.pm line 107.Config::DB::read: reading 'notable' table at t/02_params.t line 40.'
# doesn't match '(?^:^DBD::DBM::db selectall_hashref failed.*Config::DB::read: reading 'notable' table at t/02_params.t line \d+$)'
# Looks like you failed 3 tests of 6.
t/02_params.t ..
Dubious, test returned 3 (wstat 768, 0x300)
Failed 3/6 subtests
# Failed test 'missing table parameter'
# at t/03_get.t line 23.
# 'Config::DB::get: missing table parameter at t/03_get.t line 22.
# '
# doesn't match '(?^:^Config::DB::get: missing table parameter at t/03_get.t line \d+$)'
# Failed test 'missing table'
# at t/03_get.t line 32.
# 'Config::DB::get: unknown configuration table 'notable' at t/03_get.t line 31.
# '
# doesn't match '(?^:^Config::DB::get: unknown configuration table 'notable' at t/03_get.t line \d+$)'
# Failed test 'missing key'
# at t/03_get.t line 39.
# 'Config::DB::get: missing key '10' in configuration table 'cfg' at t/03_get.t line 38.
# '
# doesn't match '(?^:^Config::DB::get: missing key '10' in configuration table 'cfg' at t/03_get.t line \d+$)'
# Failed test 'missing field'
# at t/03_get.t line 46.
# 'Config::DB::get: unknown field 'nofield' for configuration table 'cfg' at t/03_get.t line 45.
# '
# doesn't match '(?^:^Config::DB::get: unknown field 'nofield' for configuration table 'cfg' at t/03_get.t line \d+$)'
# Failed test 'AUTOLOAD error'
# at t/03_get.t line 67.
# 'Can't locate object method "nomethod" via package "Config::DB" at t/03_get.t line 66.
# '
# doesn't match '(?^:^Can't locate object method "nomethod" via package "Config::DB" at t/03_get.t line \d+$)'
# Failed test 'AUTOLOAD missing table'
# at t/03_get.t line 74.
# 'Config::DB::get: unknown configuration table 'notable' at t/03_get.t line 73.
# '
# doesn't match '(?^:^Config::DB::get: unknown configuration table 'notable' at t/03_get.t line \d+$)'
# Failed test 'AUTOLOAD missing key'
# at t/03_get.t line 81.
# 'Config::DB::get: missing key '3000' in configuration table 'cfg' at t/03_get.t line 80.
# '
# doesn't match '(?^:^Config::DB::get: missing key '3000' in configuration table 'cfg' at t/03_get.t line \d+$)'
# Looks like you failed 7 tests of 28.
t/03_get.t .....
Dubious, test returned 7 (wstat 1792, 0x700)
Failed 7/28 subtests
Test Summary Report
-------------------
t/01_new.t (Wstat: 2304 Tests: 13 Failed: 9)
Failed tests: 3-11
Non-zero exit status: 9
t/02_params.t (Wstat: 768 Tests: 6 Failed: 3)
Failed tests: 3-5
Non-zero exit status: 3
t/03_get.t (Wstat: 1792 Tests: 28 Failed: 7)
Failed tests: 4, 6-8, 14-16
Non-zero exit status: 7
Files=3, Tests=47, 1 wallclock secs ( 0.03 usr 0.00 sys + 0.21 cusr 0.04 csys = 0.28 CPU)
Result: FAIL
Failed 3/3 test programs. 19/47 subtests failed.
make: *** [test_dynamic] Error 7
------------------------------
PREREQUISITES
------------------------------
Prerequisite modules loaded:
requires:
Module Need Have
------------------- ----- -------
DBI 1.616 1.622
build_requires:
Module Need Have
------------------- ----- -------
ExtUtils::MakeMaker 0 6.63_02
configure_requires:
Module Need Have
------------------- ----- -------
ExtUtils::MakeMaker 0 6.63_02
------------------------------
ENVIRONMENT AND OTHER CONTEXT
------------------------------
Environment variables:
AUTOMATED_TESTING = 1
LANG = en_US.UTF-8
LANGUAGE = en_US:en
PATH = /home/sand/bin:/usr/local/bin:/usr/bin:/bin:/usr/bin/X11:/usr/games:/usr/local/perl/bin:/usr/X11/bin:/sbin:/usr/sbin
PERL5LIB =
PERL5OPT =
PERL5_CPANPLUS_IS_RUNNING = 15622
PERL5_CPAN_IS_RUNNING = 15622
PERL_MM_USE_DEFAULT = 1
SHELL = /usr/bin/zsh
TERM = screen
Perl special variables (and OS-specific diagnostics, for MSWin32):
$^X = /mnt/k75/homesand/src/perl/repoperls/installed-perls/perl/v5.16.0/127e/bin/perl
$UID/$EUID = 1005 / 1005
$GID = 1005 1005
$EGID = 1005 1005
Perl module toolchain versions installed:
Module Have
------------------- --------
CPAN 1.9800
CPAN::Meta 2.120921
Cwd 3.39_01
ExtUtils::CBuilder 0.280206
ExtUtils::Command 1.17
ExtUtils::Install 1.54
ExtUtils::MakeMaker 6.63_02
ExtUtils::Manifest 1.61
ExtUtils::ParseXS 3.16
File::Spec 3.39_01
JSON 2.53
JSON::PP 2.27200
Module::Build 0.4003
Module::Signature 0.68
Parse::CPAN::Meta 1.4404
Test::Harness 3.25
Test::More 0.98_03
YAML 0.84
YAML::Syck 1.21_01
version 0.99
--
Summary of my perl5 (revision 5 version 16 subversion 0) configuration:
Commit id: 7a04c38f6a1f87cc07b6ab6c7778e2a56ca24902
Platform:
osname=linux, osvers=3.2.0-2-amd64, archname=x86_64-linux-ld
uname='linux k83 3.2.0-2-amd64 #1 smp mon apr 30 05:20:23 utc 2012 x86_64 gnulinux '
config_args='-Dprefix=/home/src/perl/repoperls/installed-perls/perl/v5.16.0/127e -Dmyhostname=k83 -Dinstallusrbinperl=n -Uversiononly -Dusedevel -des -Ui_db -Uuseithreads -Duselongdouble -DDEBUGGING=-g'
hint=recommended, useposix=true, d_sigaction=define
useithreads=undef, usemultiplicity=undef
useperlio=define, d_sfio=undef, uselargefiles=define, usesocks=undef
use64bitint=define, use64bitall=define, uselongdouble=define
usemymalloc=n, bincompat5005=undef
Compiler:
cc='cc', ccflags ='-fno-strict-aliasing -pipe -fstack-protector -I/usr/local/include -D_LARGEFILE_SOURCE -D_FILE_OFFSET_BITS=64',
optimize='-O2 -g',
cppflags='-fno-strict-aliasing -pipe -fstack-protector -I/usr/local/include'
ccversion='', gccversion='4.6.3', gccosandvers=''
intsize=4, longsize=8, ptrsize=8, doublesize=8, byteorder=12345678
d_longlong=define, longlongsize=8, d_longdbl=define, longdblsize=16
ivtype='long', ivsize=8, nvtype='long double', nvsize=16, Off_t='off_t', lseeksize=8
alignbytes=16, prototype=define
Linker and Libraries:
ld='cc', ldflags =' -fstack-protector -L/usr/local/lib'
libpth=/usr/local/lib /lib/x86_64-linux-gnu /lib/../lib /usr/lib/x86_64-linux-gnu /usr/lib/../lib /lib /usr/lib
libs=-lnsl -ldb -ldl -lm -lcrypt -lutil -lc
perllibs=-lnsl -ldl -lm -lcrypt -lutil -lc
libc=, so=so, useshrplib=false, libperl=libperl.a
gnulibc_version='2.13'
Dynamic Linking:
dlsrc=dl_dlopen.xs, dlext=so, d_dlsymun=undef, ccdlflags='-Wl,-E'
cccdlflags='-fPIC', lddlflags='-shared -O2 -g -L/usr/local/lib -fstack-protector'
Characteristics of this binary (from libperl):
Compile-time options: HAS_TIMES PERLIO_LAYERS PERL_DONT_CREATE_GVSV
PERL_MALLOC_WRAP PERL_PRESERVE_IVUV PERL_USE_DEVEL
USE_64_BIT_ALL USE_64_BIT_INT USE_LARGE_FILES
USE_LOCALE USE_LOCALE_COLLATE USE_LOCALE_CTYPE
USE_LOCALE_NUMERIC USE_LONG_DOUBLE USE_PERLIO
USE_PERL_ATOF
Built under linux
Compiled at May 23 2012 08:18:02
%ENV:
PERL5LIB=""
PERL5OPT=""
PERL5_CPANPLUS_IS_RUNNING="15622"
PERL5_CPAN_IS_RUNNING="15622"
PERL_MM_USE_DEFAULT="1"
@INC:
/home/src/perl/repoperls/installed-perls/perl/v5.16.0/127e/lib/site_perl/5.16.0/x86_64-linux-ld
/home/src/perl/repoperls/installed-perls/perl/v5.16.0/127e/lib/site_perl/5.16.0
/home/src/perl/repoperls/installed-perls/perl/v5.16.0/127e/lib/5.16.0/x86_64-linux-ld
/home/src/perl/repoperls/installed-perls/perl/v5.16.0/127e/lib/5.16.0
.