Test-Unit v0.25 Perl 5 v5.14.1 x86_64-linux

Status
Fail
From
Nigel Horne
Dist
Test-Unit v0.25
Platform
Perl 5 v5.14.1 x86_64-linux
Date
2018-07-06 12:00:02
ID
1d01a1fc-8114-11e8-8a7c-95ea96936435
This distribution has been tested as part of the CPAN Testers
project, supporting the Perl programming language.  See
http://wiki.cpantesters.org/ for more information or email
questions to cpan-testers-discuss@perl.org


--
Dear Matthew Astley,

This is a computer-generated report for Test-Unit-0.25
on perl 5.14.1, created by CPAN-Reporter-1.2018.

Thank you for uploading your work to CPAN.  However, there was a problem
testing your distribution.

If you think this report is invalid, please consult the CPAN Testers Wiki
for suggestions on how to avoid getting FAIL reports for missing library
or binary dependencies, unsupported operating systems, and so on:

http://wiki.cpantesters.org/wiki/CPANAuthorNotes

Sections of this report:

    * Tester comments
    * Program output
    * Prerequisites
    * Environment and other context

------------------------------
TESTER COMMENTS
------------------------------

Additional comments from tester:

this report is from an automated smoke testing program
and was not reviewed by a human for accuracy

------------------------------
PROGRAM OUTPUT
------------------------------

Output from '/usr/bin/make test':

PERL_DL_NONLAZY=1 "/home/njh/perl5/perlbrew/perls/perl-5.14.1/bin/perl" "-MExtUtils::Command::MM" "-MTest::Harness" "-e" "undef *Test::Harness::Switches; test_harness(0, 'blib/lib', 'blib/arch')" t/*.t
t/all_tests.t ..... ok
t/assert.t ........ 
Failed 2/40 subtests 
t/try_examples.t .. ok

Test Summary Report
-------------------
t/assert.t      (Wstat: 0 Tests: 40 Failed: 2)
  Failed tests:  26, 39
Files=3, Tests=89,  1 wallclock secs ( 0.04 usr  0.01 sys +  0.97 cusr  0.09 csys =  1.11 CPU)
Result: FAIL
Failed 1/3 test programs. 2/89 subtests failed.
Makefile:953: recipe for target 'test_dynamic' failed
make: *** [test_dynamic] Error 255

------------------------------
PREREQUISITES
------------------------------

Prerequisite modules loaded:

requires:

    Module              Need Have    
    ------------------- ---- --------
    base                1    2.16    
    Class::Inner        0    0.200001
    Devel::Symdump      0    2.18    
    Error               0    0.17026 

build_requires:

    Module              Need Have    
    ------------------- ---- --------
    ExtUtils::MakeMaker 0    7.30    


------------------------------
ENVIRONMENT AND OTHER CONTEXT
------------------------------

Environment variables:

    AUTOMATED_TESTING = 1
    HARNESS_OPTIONS = j2
    LANG = en_US.UTF-8
    PATH = /home/njh/perl5/perlbrew/bin:/home/njh/perl5/perlbrew/perls/perl-5.14.1/bin:src/njh/smoker/bin:/usr/bin:/bin
    PERL5LIB = /home/njh/.cpan/build/Error-0.17026-0/blib/arch:/home/njh/.cpan/build/Error-0.17026-0/blib/lib:/home/njh/.cpan/build/Devel-Symdump-2.18-0/blib/arch:/home/njh/.cpan/build/Devel-Symdump-2.18-0/blib/lib:/home/njh/.cpan/build/Class-Inner-0.200001-0/blib/arch:/home/njh/.cpan/build/Class-Inner-0.200001-0/blib/lib:/home/njh/.cpan/build/Spreadsheet-WriteExcel-2.40-0/blib/arch:/home/njh/.cpan/build/Spreadsheet-WriteExcel-2.40-0/blib/lib:/home/njh/.cpan/build/Parse-RecDescent-1.967015-0/blib/arch:/home/njh/.cpan/build/Parse-RecDescent-1.967015-0/blib/lib:/home/njh/.cpan/build/OLE-Storage_Lite-0.19-0/blib/arch:/home/njh/.cpan/build/OLE-Storage_Lite-0.19-0/blib/lib
    PERL5OPT = 
    PERL5_CPANPLUS_IS_RUNNING = 3080
    PERL5_CPAN_IS_RUNNING = 3080
    PERLBREW_HOME = /home/njh/.perlbrew
    PERLBREW_MANPATH = /home/njh/perl5/perlbrew/perls/perl-5.14.1/man
    PERLBREW_PATH = /home/njh/perl5/perlbrew/bin:/home/njh/perl5/perlbrew/perls/perl-5.14.1/bin
    PERLBREW_PERL = perl-5.14.1
    PERLBREW_ROOT = /home/njh/perl5/perlbrew
    PERLBREW_SHELLRC_VERSION = 0.82
    PERLBREW_VERSION = 0.82
    SHELL = /bin/sh
    TMPDIR = /tmp/testwrapper.3068

Perl special variables (and OS-specific diagnostics, for MSWin32):

    $^X = /home/njh/perl5/perlbrew/perls/perl-5.14.1/bin/perl
    $UID/$EUID = 1000 / 1000
    $GID = 1000 1000
    $EGID = 1000 1000

Perl module toolchain versions installed:

    Module              Have    
    ------------------- --------
    CPAN                2.16    
    CPAN::Meta          2.143240
    Cwd                 3.36    
    ExtUtils::CBuilder  0.280230
    ExtUtils::Command   7.30    
    ExtUtils::Install   2.06    
    ExtUtils::MakeMaker 7.30    
    ExtUtils::Manifest  1.70    
    ExtUtils::ParseXS   2.2210  
    File::Spec          3.33    
    JSON                2.97001 
    JSON::PP            2.97001 
    Module::Build       0.3800  
    Module::Signature   n/a     
    Parse::CPAN::Meta   1.4414  
    Test::Harness       3.41    
    Test::More          1.302122
    YAML                1.26    
    YAML::Syck          1.30    
    version             0.88    


--

Summary of my perl5 (revision 5 version 14 subversion 1) configuration:
   
  Platform:
    osname=linux, osvers=4.9.0-5-amd64, archname=x86_64-linux
    uname='linux dev0.teada.net 4.9.0-5-amd64 #1 smp debian 4.9.65-3+deb9u2 (2018-01-04) x86_64 gnulinux '
    config_args='-de -Dprefix=/home/njh/perl5/perlbrew/perls/perl-5.14.1 -Aeval:scriptdir=/home/njh/perl5/perlbrew/perls/perl-5.14.1/bin'
    hint=recommended, useposix=true, d_sigaction=define
    useithreads=undef, usemultiplicity=undef
    useperlio=define, d_sfio=undef, uselargefiles=define, usesocks=undef
    use64bitint=define, use64bitall=define, uselongdouble=undef
    usemymalloc=n, bincompat5005=undef
  Compiler:
    cc='cc', ccflags ='-fno-strict-aliasing -pipe -fstack-protector -I/usr/local/include -D_LARGEFILE_SOURCE -D_FILE_OFFSET_BITS=64',
    optimize='-O2',
    cppflags='-fno-strict-aliasing -pipe -fstack-protector -I/usr/local/include'
    ccversion='', gccversion='6.3.0 20170516', gccosandvers=''
    intsize=4, longsize=8, ptrsize=8, doublesize=8, byteorder=12345678
    d_longlong=define, longlongsize=8, d_longdbl=define, longdblsize=16
    ivtype='long', ivsize=8, nvtype='double', nvsize=8, Off_t='off_t', lseeksize=8
    alignbytes=8, prototype=define
  Linker and Libraries:
    ld='cc', ldflags =' -fstack-protector -L/usr/local/lib'
    libpth=/usr/local/lib /lib/x86_64-linux-gnu /lib/../lib /usr/lib/x86_64-linux-gnu /usr/lib/../lib /lib /usr/lib
    libs=-lnsl -ldl -lm -lcrypt -lutil -lc
    perllibs=-lnsl -ldl -lm -lcrypt -lutil -lc
    libc=libc-2.24.so, so=so, useshrplib=false, libperl=libperl.a
    gnulibc_version='2.24'
  Dynamic Linking:
    dlsrc=dl_dlopen.xs, dlext=so, d_dlsymun=undef, ccdlflags='-Wl,-E'
    cccdlflags='-fPIC', lddlflags='-shared -O2 -L/usr/local/lib -fstack-protector'


Characteristics of this binary (from libperl): 
  Compile-time options: PERL_DONT_CREATE_GVSV PERL_MALLOC_WRAP
                        PERL_PRESERVE_IVUV USE_64_BIT_ALL USE_64_BIT_INT
                        USE_LARGE_FILES USE_PERLIO USE_PERL_ATOF
  Locally applied patches:
	Devel::PatchPerl 1.48
  Built under linux
  Compiled at Feb 17 2018 09:12:45
  %ENV:
    PERL5LIB="/home/njh/.cpan/build/Error-0.17026-0/blib/arch:/home/njh/.cpan/build/Error-0.17026-0/blib/lib:/home/njh/.cpan/build/Devel-Symdump-2.18-0/blib/arch:/home/njh/.cpan/build/Devel-Symdump-2.18-0/blib/lib:/home/njh/.cpan/build/Class-Inner-0.200001-0/blib/arch:/home/njh/.cpan/build/Class-Inner-0.200001-0/blib/lib:/home/njh/.cpan/build/Spreadsheet-WriteExcel-2.40-0/blib/arch:/home/njh/.cpan/build/Spreadsheet-WriteExcel-2.40-0/blib/lib:/home/njh/.cpan/build/Parse-RecDescent-1.967015-0/blib/arch:/home/njh/.cpan/build/Parse-RecDescent-1.967015-0/blib/lib:/home/njh/.cpan/build/OLE-Storage_Lite-0.19-0/blib/arch:/home/njh/.cpan/build/OLE-Storage_Lite-0.19-0/blib/lib"
    PERL5OPT=""
    PERL5_CPANPLUS_IS_RUNNING="3080"
    PERL5_CPAN_IS_RUNNING="3080"
    PERLBREW_HOME="/home/njh/.perlbrew"
    PERLBREW_MANPATH="/home/njh/perl5/perlbrew/perls/perl-5.14.1/man"
    PERLBREW_PATH="/home/njh/perl5/perlbrew/bin:/home/njh/perl5/perlbrew/perls/perl-5.14.1/bin"
    PERLBREW_PERL="perl-5.14.1"
    PERLBREW_ROOT="/home/njh/perl5/perlbrew"
    PERLBREW_SHELLRC_VERSION="0.82"
    PERLBREW_VERSION="0.82"
  @INC:
    /home/njh/.cpan/build/Error-0.17026-0/blib/arch
    /home/njh/.cpan/build/Error-0.17026-0/blib/lib
    /home/njh/.cpan/build/Devel-Symdump-2.18-0/blib/arch
    /home/njh/.cpan/build/Devel-Symdump-2.18-0/blib/lib
    /home/njh/.cpan/build/Class-Inner-0.200001-0/blib/arch
    /home/njh/.cpan/build/Class-Inner-0.200001-0/blib/lib
    /home/njh/.cpan/build/Spreadsheet-WriteExcel-2.40-0/blib/arch
    /home/njh/.cpan/build/Spreadsheet-WriteExcel-2.40-0/blib/lib
    /home/njh/.cpan/build/Parse-RecDescent-1.967015-0/blib/arch
    /home/njh/.cpan/build/Parse-RecDescent-1.967015-0/blib/lib
    /home/njh/.cpan/build/OLE-Storage_Lite-0.19-0/blib/arch
    /home/njh/.cpan/build/OLE-Storage_Lite-0.19-0/blib/lib
    /home/njh/perl5/perlbrew/perls/perl-5.14.1/lib/site_perl/5.14.1/x86_64-linux
    /home/njh/perl5/perlbrew/perls/perl-5.14.1/lib/site_perl/5.14.1
    /home/njh/perl5/perlbrew/perls/perl-5.14.1/lib/5.14.1/x86_64-linux
    /home/njh/perl5/perlbrew/perls/perl-5.14.1/lib/5.14.1
    .