Report for SDL_Perl-v2.2.6

Back
From: metabase:user:3215efbe-2aae-11df-837a-5e0a49663a4f
Subject: FAIL SDL_Perl-v2.2.6 v5.14.1 GNU/Linux
Date: 2011-12-04T20:04:02Z

This distribution has been tested as part of the CPAN Testers
project, supporting the Perl programming language.  See
http://wiki.cpantesters.org/ for more information or email
questions to cpan-testers-discuss@perl.org


--
Dear Kartik Thakore,

This is a computer-generated report for SDL_Perl-v2.2.6
on perl 5.14.1, created by CPAN-Reporter-1.2002.

Thank you for uploading your work to CPAN.  However, there was a problem
testing your distribution.

If you think this report is invalid, please consult the CPAN Testers Wiki
for suggestions on how to avoid getting FAIL reports for missing library
or binary dependencies, unsupported operating systems, and so on:

http://wiki.cpantesters.org/wiki/CPANAuthorNotes

Sections of this report:

    * Tester comments
    * Program output
    * Prerequisites
    * Environment and other context

------------------------------
TESTER COMMENTS
------------------------------

Additional comments from tester:

this report is from an automated smoke testing program
and was not reviewed by a human for accuracy

------------------------------
PROGRAM OUTPUT
------------------------------

Output from './Build test':

t/apppm.t .......... ok
t/cdrompm.t ........ ok
t/colorpm.t ........ ok
t/cursorpm.t ....... ok
t/eventpm.t ........ ok
t/fontpm.t ......... ok
Duplicate file or mask \bBuild$ at /opt/perls/nothreads/perl-5.14.1/lib/site_perl/5.14.1/Test/DistManifest.pm line 81
# Distribution files are missing in MANIFEST:
# lib/SDL_perl.xs
# lib/SDL_perl.o
# lib/SDL_perl.c
# lib/SDL/SFont.xs
# lib/SDL/SFont.o
# lib/SDL/OpenGL.o
# lib/SDL/OpenGL.c
# lib/SDL/Config.pm
# lib/SDL/OpenGL.xs
# lib/SDL/SFont.c

#   Failed test 'All files are listed in MANIFEST or skipped'
#   at t/manifest.t line 33.
# 1 test of 4 failed.
t/manifest.t ....... 
Dubious, test returned 1 (wstat 256, 0x100)
Failed 1/4 subtests 
ALSA lib confmisc.c:768:(parse_card) cannot find card '0'
ALSA lib conf.c:4170:(_snd_config_evaluate) function snd_func_card_driver returned error: No such file or directory
ALSA lib confmisc.c:392:(snd_func_concat) error evaluating strings
ALSA lib conf.c:4170:(_snd_config_evaluate) function snd_func_concat returned error: No such file or directory
ALSA lib confmisc.c:1251:(snd_func_refer) error evaluating name
ALSA lib conf.c:4170:(_snd_config_evaluate) function snd_func_refer returned error: No such file or directory
ALSA lib conf.c:4649:(snd_config_expand) Evaluate error: No such file or directory
ALSA lib pcm.c:2190:(snd_pcm_open_noupdate) Unknown PCM default
No available audio device at t/mixerpm.t line 107
# 3 tests planned, but 2 ran.
# Looks like your test exited with 29 just after 2.
t/mixerpm.t ........ 
Dubious, test returned 29 (wstat 7424, 0x1d00)
Failed 1/3 subtests 
t/mpegpm.t ......... ok
t/musicpm.t ........ ok
t/opengl.t ......... ok
t/palettepm.t ...... ok
t/rectpm.t ......... ok
t/sdlgamerect.t .... ok
t/sdlpm.t .......... ok
t/soundpm.t ........ ok
t/surfaceML.t ...... skipped: No appropriate valgrind executable could be found
t/surfacepm.t ...... ok
t/timerpm.t ........ ok
t/toolfontpm.t ..... ok
t/toolgraphicpm.t .. ok
t/ttfontpm.t ....... ok
t/videopm.t ........ ok

Test Summary Report
-------------------
t/manifest.t     (Wstat: 256 Tests: 4 Failed: 1)
  Failed test:  2
  Non-zero exit status: 1
t/mixerpm.t      (Wstat: 7424 Tests: 2 Failed: 0)
  Non-zero exit status: 29
  Parse errors: Bad plan.  You planned 3 tests but ran 2.
Files=23, Tests=194, 35 wallclock secs ( 1.04 usr  0.10 sys + 32.24 cusr  1.12 csys = 34.50 CPU)
Result: FAIL
Failed 2/23 test programs. 1/194 subtests failed.

------------------------------
PREREQUISITES
------------------------------

Prerequisite modules loaded:

build_requires:

    Module             Need     Have        
    ------------------ -------- ------------
    ExtUtils::CBuilder 0        0.280202    
    Test::Simple       0.47     1.005000_002

configure_requires:

    Module             Need     Have        
    ------------------ -------- ------------
    Alien::SDL         v0.7.1   1.428       
    ExtUtils::CBuilder 0.260301 0.280202    
    Module::Build      0.35     0.39_01     
    YAML               0.68     0.73        


------------------------------
ENVIRONMENT AND OTHER CONTEXT
------------------------------

Environment variables:

    AUTOMATED_TESTING = 1
    LANG = C
    PATH = /opt/perls/nothreads/perl-5.14.1/bin:/usr/local/bin:/usr/bin:/bin:/usr/local/games:/usr/games
    PERL5LIB = 
    PERL5OPT = 
    PERL5_CPANPLUS_IS_RUNNING = 29258
    PERL5_CPAN_IS_RUNNING = 29258
    PERL5_CPAN_IS_RUNNING_IN_RECURSION = 936,29258
    PERL_CR_SMOKER_CURRENT = SDL_Perl-v2.2.6
    PERL_EXTUTILS_AUTOINSTALL = --defaultdeps
    PERL_MM_USE_DEFAULT = 1
    SHELL = /bin/bash
    TERM = xterm

Perl special variables (and OS-specific diagnostics, for MSWin32):

    $^X = /opt/perls/nothreads/perl-5.14.1/bin/perl
    $UID/$EUID = 1000 / 1000
    $GID = 1000 24 25 27 29 30 44 46 1000
    $EGID = 1000 24 25 27 29 30 44 46 1000

Perl module toolchain versions installed:

    Module              Have        
    ------------------- ------------
    CPAN                1.9800      
    CPAN::Meta          2.112621    
    Cwd                 3.33        
    ExtUtils::CBuilder  0.280202    
    ExtUtils::Command   1.17        
    ExtUtils::Install   1.56        
    ExtUtils::MakeMaker 6.63_02     
    ExtUtils::Manifest  1.60        
    ExtUtils::ParseXS   3.05        
    File::Spec          3.33        
    JSON                2.53        
    JSON::PP            2.27008     
    Module::Build       0.39_01     
    Module::Signature   0.68        
    Parse::CPAN::Meta   1.4401      
    Test::Harness       3.23        
    Test::More          1.005000_002
    YAML                0.73        
    YAML::Syck          1.19        
    version             0.95        


--

Summary of my perl5 (revision 5 version 14 subversion 1) configuration:
   
  Platform:
    osname=linux, osvers=2.6.32-5-kirkwood, archname=armv5tel-linux
    uname='linux plugpc 2.6.32-5-kirkwood #1 tue mar 8 10:56:14 utc 2011 armv5tel gnulinux '
    config_args='-des -Dprefix=/opt/perls/nothreads/perl-5.14.1'
    hint=recommended, useposix=true, d_sigaction=define
    useithreads=undef, usemultiplicity=undef
    useperlio=define, d_sfio=undef, uselargefiles=define, usesocks=undef
    use64bitint=undef, use64bitall=undef, uselongdouble=undef
    usemymalloc=n, bincompat5005=undef
  Compiler:
    cc='cc', ccflags ='-fno-strict-aliasing -pipe -fstack-protector -I/usr/local/include -D_LARGEFILE_SOURCE -D_FILE_OFFSET_BITS=64',
    optimize='-O2',
    cppflags='-fno-strict-aliasing -pipe -fstack-protector -I/usr/local/include'
    ccversion='', gccversion='4.4.5', gccosandvers=''
    intsize=4, longsize=4, ptrsize=4, doublesize=8, byteorder=1234
    d_longlong=define, longlongsize=8, d_longdbl=define, longdblsize=8
    ivtype='long', ivsize=4, nvtype='double', nvsize=8, Off_t='off_t', lseeksize=8
    alignbytes=8, prototype=define
  Linker and Libraries:
    ld='cc', ldflags =' -fstack-protector -L/usr/local/lib'
    libpth=/usr/local/lib /lib /usr/lib /usr/lib/arm-linux-gnueabi
    libs=-lnsl -lgdbm -ldb -ldl -lm -lcrypt -lutil -lc -lgdbm_compat
    perllibs=-lnsl -ldl -lm -lcrypt -lutil -lc
    libc=/lib/libc-2.11.2.so, so=so, useshrplib=false, libperl=libperl.a
    gnulibc_version='2.11.2'
  Dynamic Linking:
    dlsrc=dl_dlopen.xs, dlext=so, d_dlsymun=undef, ccdlflags='-Wl,-E'
    cccdlflags='-fPIC', lddlflags='-shared -O2 -L/usr/local/lib -fstack-protector'


Characteristics of this binary (from libperl): 
  Compile-time options: PERL_DONT_CREATE_GVSV PERL_MALLOC_WRAP
                        PERL_PRESERVE_IVUV USE_LARGE_FILES USE_PERLIO
                        USE_PERL_ATOF
  Built under linux
  Compiled at Aug 15 2011 20:41:16
  %ENV:
    PERL5LIB=""
    PERL5OPT=""
    PERL5_CPANPLUS_IS_RUNNING="29258"
    PERL5_CPAN_IS_RUNNING="29258"
    PERL5_CPAN_IS_RUNNING_IN_RECURSION="936,29258"
    PERL_CR_SMOKER_CURRENT="SDL_Perl-v2.2.6"
    PERL_EXTUTILS_AUTOINSTALL="--defaultdeps"
    PERL_MM_USE_DEFAULT="1"
  @INC:
    /opt/perls/nothreads/perl-5.14.1/lib/site_perl/5.14.1/armv5tel-linux
    /opt/perls/nothreads/perl-5.14.1/lib/site_perl/5.14.1
    /opt/perls/nothreads/perl-5.14.1/lib/5.14.1/armv5tel-linux
    /opt/perls/nothreads/perl-5.14.1/lib/5.14.1
    .